{"id":110,"date":"2025-06-29T13:40:34","date_gmt":"2025-06-29T11:40:34","guid":{"rendered":"https:\/\/nuestrosescritores.com\/yoannamojon\/?page_id=110"},"modified":"2025-06-29T13:49:11","modified_gmt":"2025-06-29T11:49:11","slug":"poesia","status":"publish","type":"page","link":"https:\/\/nuestrosescritores.com\/yoannamojon\/poesia\/","title":{"rendered":"POES\u00cdA"},"content":{"rendered":"<div class=\"wpb-content-wrapper\">[vc_row full_width=&#8221;stretch_row_content_no_spaces&#8221;][vc_column extend=&#8221;false&#8221;]<div class='gambit_parallax_row' data-bg-align='' data-direction='fixed' data-opacity='100' data-velocity='-0.3' data-mobile-enabled='' data-bg-height='1536' data-bg-width='1024' data-bg-image='https:\/\/nuestrosescritores.com\/yoannamojon\/wp-content\/uploads\/sites\/206\/2025\/06\/Una_nica_hoja_de_arce_en_proceso_de_transformaci-1748443972519_1.webp' data-bg-repeat='false' data-id='' style='display: none'><\/div><div class=\"gambit_fullheight_row\" data-content-location=\"center\" style=\"display: none\"><\/div>[\/vc_column][\/vc_row][vc_row][vc_column extend=&#8221;false&#8221;][vc_column_text css=&#8221;.vc_custom_1751197749481{padding: 15% !important;}&#8221;]\n<h1><a name=\"_Toc199329596\"><\/a>La noche es un poliedro, una larga soga<\/h1>\n<p>Cada amanecer fallo todas las letras y cae la trampilla<\/p>\n<p>No hay nadie m\u00e1s en mi cama<\/p>\n<p>Sonr\u00edo a casi todos, a veces porque quiero<\/p>\n<p>Recuerdo sentir que iba a parar el tiempo<\/p>\n<p>Que iba a romperse el plato, a explotarme el alma<\/p>\n<p>No es m\u00e1s que otro verano que se va<\/p>\n<p>&nbsp;<\/p>\n<p>&nbsp;<\/p>\n<span class='bctt-click-to-tweet'><span class='bctt-ctt-text'><a href='https:\/\/x.com\/intent\/tweet?url=https%3A%2F%2Fnuestrosescritores.com%2Fyoannamojon%2Fpoesia%2F&#038;text=La%20noche%20es%20un%20poliedro%C2%A0del%20libro%20ETERNO%20COLOR%20DE%20OTO%C3%91O%20de%20YOANNA%20MOJ%C3%93N&#038;via=poesiaerestu&#038;related=poesiaerestu' target='_blank'rel=\"noopener noreferrer\">La noche es un poliedro&nbsp;del libro ETERNO COLOR DE OTO\u00d1O de YOANNA MOJ\u00d3N <\/a><\/span><a href='https:\/\/x.com\/intent\/tweet?url=https%3A%2F%2Fnuestrosescritores.com%2Fyoannamojon%2Fpoesia%2F&#038;text=La%20noche%20es%20un%20poliedro%C2%A0del%20libro%20ETERNO%20COLOR%20DE%20OTO%C3%91O%20de%20YOANNA%20MOJ%C3%93N&#038;via=poesiaerestu&#038;related=poesiaerestu' target='_blank' class='bctt-ctt-btn'rel=\"noopener noreferrer\">Compartir en X<\/a><\/span>\n<p>&nbsp;[\/vc_column_text][\/vc_column][\/vc_row][vc_row full_width=&#8221;stretch_row_content_no_spaces&#8221;][vc_column extend=&#8221;false&#8221;]<div class='gambit_parallax_row' data-bg-align='' data-direction='fixed' data-opacity='100' data-velocity='-0.3' data-mobile-enabled='' data-bg-height='1699' data-bg-width='1280' data-bg-image='https:\/\/nuestrosescritores.com\/yoannamojon\/wp-content\/uploads\/sites\/206\/2025\/06\/An_impressionistic_painting_of_an_autumn_forest_wi-1748443693212.webp' data-bg-repeat='false' data-id='' style='display: none'><\/div><div class=\"gambit_fullheight_row\" data-content-location=\"center\" style=\"display: none\"><\/div>[\/vc_column][\/vc_row][vc_row][vc_column extend=&#8221;false&#8221;][vc_column_text css=&#8221;.vc_custom_1751197680847{padding: 15% !important;}&#8221;]\n<h1><a name=\"_Toc199329600\"><\/a>Yo soy la palabra, la poeta, la poes\u00eda<\/h1>\n<p>Soy la bala, el gatillo y el agujero<\/p>\n<p>El dedo y su mente, el segundo y su impulso<\/p>\n<p>Soy el cami\u00f3n de la basura recogiendo a todos los insomnes<\/p>\n<p>Si escribo la bala y disparo la poes\u00eda con el \u00edndice en blanco<\/p>\n<p>Si acuno ojeras y decoro verdades tal vez sea una poeta de palabra<\/p>\n<p>Un impulso que mata segundos a l\u00e1piz<\/p>\n<p>&nbsp;<\/p>\n<span class='bctt-click-to-tweet'><span class='bctt-ctt-text'><a href='https:\/\/x.com\/intent\/tweet?url=https%3A%2F%2Fnuestrosescritores.com%2Fyoannamojon%2Fpoesia%2F&#038;text=Yo%20soy%20la%20palabra%20del%20libro%20ETERNO%20COLOR%20DE%20OTO%C3%91O%20de%20YOANNA%20MOJ%C3%93N&#038;via=poesiaerestu&#038;related=poesiaerestu' target='_blank'rel=\"noopener noreferrer\">Yo soy la palabra del libro ETERNO COLOR DE OTO\u00d1O de YOANNA MOJ\u00d3N <\/a><\/span><a href='https:\/\/x.com\/intent\/tweet?url=https%3A%2F%2Fnuestrosescritores.com%2Fyoannamojon%2Fpoesia%2F&#038;text=Yo%20soy%20la%20palabra%20del%20libro%20ETERNO%20COLOR%20DE%20OTO%C3%91O%20de%20YOANNA%20MOJ%C3%93N&#038;via=poesiaerestu&#038;related=poesiaerestu' target='_blank' class='bctt-ctt-btn'rel=\"noopener noreferrer\">Compartir en X<\/a><\/span>\n<p>&nbsp;<\/p>\n<p>&nbsp;[\/vc_column_text][\/vc_column][\/vc_row][vc_row][vc_column extend=&#8221;false&#8221;]<div class='gambit_parallax_row' data-bg-align='' data-direction='fixed' data-opacity='100' data-velocity='-0.3' data-mobile-enabled='' data-bg-height='1536' data-bg-width='1024' data-bg-image='https:\/\/nuestrosescritores.com\/yoannamojon\/wp-content\/uploads\/sites\/206\/2025\/06\/Una_ventana_empaada_por_la_lluvia_otoal_a_trav-1748445374241.webp' data-bg-repeat='false' data-id='' style='display: none'><\/div><div class=\"gambit_fullheight_row\" data-content-location=\"center\" style=\"display: none\"><\/div>[\/vc_column][\/vc_row][vc_row][vc_column extend=&#8221;false&#8221;][vc_column_text css=&#8221;.vc_custom_1751197690767{padding: 15% !important;}&#8221;]\n<h1>&nbsp;<\/h1>\n<h1><a name=\"_Toc199329608\"><\/a>Habr\u00e9 roto el tiempo y cada minuto era expectativa<\/h1>\n<p>Que har\u00e9 sujetando la bola del mundo con mis yemas imprecisas<\/p>\n<p>La mentira con la nariz m\u00e1s larga si las primaveras no traen tu perfume, si no es primavera<\/p>\n<p>Nada se mueve, ni los piojos<\/p>\n<p>Hay otro escal\u00f3n o bajar cayendo hasta la realidad<\/p>\n<p>Que no es tan f\u00e1cil ni existe y aun as\u00ed me asusta quedarme aqu\u00ed subida<\/p>\n<p>&nbsp;<\/p>\n<p>&nbsp;<\/p>\n<p>&nbsp;<\/p>\n<p>&nbsp;<\/p>\n<p>&nbsp;<\/p>\n<span class='bctt-click-to-tweet'><span class='bctt-ctt-text'><a href='https:\/\/x.com\/intent\/tweet?url=https%3A%2F%2Fnuestrosescritores.com%2Fyoannamojon%2Fpoesia%2F&#038;text=Habr%C3%A9%20roto%20el%20tiempo%20del%20libro%20ETERNO%20COLOR%20DE%20OTO%C3%91O%20de%20YOANNA%20MOJ%C3%93N&#038;via=poesiaerestu&#038;related=poesiaerestu' target='_blank'rel=\"noopener noreferrer\">Habr\u00e9 roto el tiempo del libro ETERNO COLOR DE OTO\u00d1O de YOANNA MOJ\u00d3N <\/a><\/span><a href='https:\/\/x.com\/intent\/tweet?url=https%3A%2F%2Fnuestrosescritores.com%2Fyoannamojon%2Fpoesia%2F&#038;text=Habr%C3%A9%20roto%20el%20tiempo%20del%20libro%20ETERNO%20COLOR%20DE%20OTO%C3%91O%20de%20YOANNA%20MOJ%C3%93N&#038;via=poesiaerestu&#038;related=poesiaerestu' target='_blank' class='bctt-ctt-btn'rel=\"noopener noreferrer\">Compartir en X<\/a><\/span>[\/vc_column_text][\/vc_column][\/vc_row][vc_row][vc_column extend=&#8221;false&#8221;]<div class='gambit_parallax_row' data-bg-align='' data-direction='fixed' data-opacity='100' data-velocity='-0.3' data-mobile-enabled='' data-bg-height='1536' data-bg-width='1024' data-bg-image='https:\/\/nuestrosescritores.com\/yoannamojon\/wp-content\/uploads\/sites\/206\/2025\/06\/Un_reloj_antiguo_parcialmente_cubierto_por_hojas_s-1748445363830.webp' data-bg-repeat='false' data-id='' style='display: none'><\/div><div class=\"gambit_fullheight_row\" data-content-location=\"center\" style=\"display: none\"><\/div>[\/vc_column][\/vc_row][vc_row][vc_column extend=&#8221;false&#8221;][vc_column_text css=&#8221;.vc_custom_1751197701671{padding: 15% !important;}&#8221;]\n<h1><a name=\"_Toc50565535\"><\/a><\/h1>\n<h1><a name=\"_Toc199329658\"><\/a>Mu\u00f1eco roto, qui\u00e9n te habr\u00e1 dado patadas<\/h1>\n<p>Las aceras te rozaron la piel y bordillo a bordillo tus huesos se trituraban<\/p>\n<p>Y no pod\u00edas mover los brazos<\/p>\n<p>Y no pod\u00edas abrir la boca<\/p>\n<p>Ya no sirves para jugar, asustas a los ni\u00f1os<\/p>\n<p>Con tu cuerpo inerte, con el rostro sucio<\/p>\n<p>Por las noches tiritas en las calles desoladas<\/p>\n<p>En el delirio te convences de que parar\u00e1s de no latir y todo acabar\u00e1<\/p>\n<p>Pero no como imaginas<\/p>\n<p>El mundo es una mentira cada vez que crees entenderlo<\/p>\n<p>&nbsp;<\/p>\n<span class='bctt-click-to-tweet'><span class='bctt-ctt-text'><a href='https:\/\/x.com\/intent\/tweet?url=https%3A%2F%2Fnuestrosescritores.com%2Fyoannamojon%2Fpoesia%2F&#038;text=Mu%C3%B1eco%20roto%20del%20libro%20ETERNO%20COLOR%20DE%20OTO%C3%91O%20de%20YOANNA%20MOJ%C3%93N&#038;via=poesiaerestu&#038;related=poesiaerestu' target='_blank'rel=\"noopener noreferrer\">Mu\u00f1eco roto del libro ETERNO COLOR DE OTO\u00d1O de YOANNA MOJ\u00d3N <\/a><\/span><a href='https:\/\/x.com\/intent\/tweet?url=https%3A%2F%2Fnuestrosescritores.com%2Fyoannamojon%2Fpoesia%2F&#038;text=Mu%C3%B1eco%20roto%20del%20libro%20ETERNO%20COLOR%20DE%20OTO%C3%91O%20de%20YOANNA%20MOJ%C3%93N&#038;via=poesiaerestu&#038;related=poesiaerestu' target='_blank' class='bctt-ctt-btn'rel=\"noopener noreferrer\">Compartir en X<\/a><\/span>[\/vc_column_text][\/vc_column][\/vc_row][vc_row][vc_column extend=&#8221;false&#8221;]<div class='gambit_parallax_row' data-bg-align='' data-direction='fixed' data-opacity='100' data-velocity='-0.3' data-mobile-enabled='' data-bg-height='2014' data-bg-width='1528' data-bg-image='https:\/\/nuestrosescritores.com\/yoannamojon\/wp-content\/uploads\/sites\/206\/2025\/06\/Un_rbol_solitario_con_mitad_de_su_copa_llena_de_h-1748445399883Editor.webp' data-bg-repeat='false' data-id='' style='display: none'><\/div><div class=\"gambit_fullheight_row\" data-content-location=\"center\" style=\"display: none\"><\/div>[\/vc_column][\/vc_row][vc_row][vc_column extend=&#8221;false&#8221;][vc_column_text css=&#8221;.vc_custom_1751197711439{padding: 15% !important;}&#8221;]\n<h1><a name=\"_Toc199329667\"><\/a>Me enloquecen, me confunden y me angustian<\/h1>\n<p>Me empujan al peligro<\/p>\n<p>80 voces me hablan y las 80 son m\u00edas<\/p>\n<p>Tengo que acertar cual no me miente, debo escoger esa,<\/p>\n<p>la dif\u00edcil<\/p>\n<p>Me convencen, me amenazan, me acarician y se vuelven de u\u00f1as largas<\/p>\n<p>En mi mente truena cuando estoy callada<\/p>\n<p>Me mojo los pies en los charcos en todos los intentos de explicar mi nada a nadie<\/p>\n<p>80 voces me consumen y la ansiedad me parte en dos cada tres minutos y medio<\/p>\n<p>La realidad en la que vives es la pel\u00edcula que veo si me apago<\/p>\n<h1>&nbsp;<\/h1>\n<p>&nbsp;<\/p>\n<span class='bctt-click-to-tweet'><span class='bctt-ctt-text'><a href='https:\/\/x.com\/intent\/tweet?url=https%3A%2F%2Fnuestrosescritores.com%2Fyoannamojon%2Fpoesia%2F&#038;text=Me%20enloquecen%20del%20libro%20ETERNO%20COLOR%20DE%20OTO%C3%91O%20de%20YOANNA%20MOJ%C3%93N&#038;via=poesiaerestu&#038;related=poesiaerestu' target='_blank'rel=\"noopener noreferrer\">Me enloquecen del libro ETERNO COLOR DE OTO\u00d1O de YOANNA MOJ\u00d3N <\/a><\/span><a href='https:\/\/x.com\/intent\/tweet?url=https%3A%2F%2Fnuestrosescritores.com%2Fyoannamojon%2Fpoesia%2F&#038;text=Me%20enloquecen%20del%20libro%20ETERNO%20COLOR%20DE%20OTO%C3%91O%20de%20YOANNA%20MOJ%C3%93N&#038;via=poesiaerestu&#038;related=poesiaerestu' target='_blank' class='bctt-ctt-btn'rel=\"noopener noreferrer\">Compartir en X<\/a><\/span>[\/vc_column_text][\/vc_column][\/vc_row][vc_row][vc_column extend=&#8221;false&#8221;]<div class='gambit_parallax_row' data-bg-align='' data-direction='fixed' data-opacity='100' data-velocity='-0.3' data-mobile-enabled='' data-bg-height='896' data-bg-width='1280' data-bg-image='https:\/\/nuestrosescritores.com\/yoannamojon\/wp-content\/uploads\/sites\/206\/2025\/06\/An_impressionistic_painting_of_an_autumn_forest_wi-1748443693212_1.webp' data-bg-repeat='false' data-id='' style='display: none'><\/div><div class=\"gambit_fullheight_row\" data-content-location=\"center\" style=\"display: none\"><\/div>[vc_column_text css=&#8221;&#8221;]\n<p style=\"text-align: center;\"><a class=\"fasc-button fasc-size-xlarge fasc-type-glossy fasc-rounded-medium\" style=\"background-color: #33809e; color: #ffffff;\" href=\"https:\/\/librodepoesia.com\/libro\/eterno-color-de-otono-yoanna-mojon\/\">Comprar el libro<\/a><\/p>\n[\/vc_column_text][\/vc_column][\/vc_row]\n<\/div>","protected":false},"excerpt":{"rendered":"<p>[vc_row full_width=&#8221;stretch_row_content_no_spaces&#8221;][vc_column extend=&#8221;false&#8221;][\/vc_column][\/vc_row][vc_row][vc_column extend=&#8221;false&#8221;][vc_column_text css=&#8221;.vc_custom_1751197749481{padding: 15% !important;}&#8221;] La noche es un poliedro, una larga soga Cada amanecer fallo todas las letras y cae la trampilla No hay nadie m\u00e1s en mi cama Sonr\u00edo a casi todos, a veces porque quiero Recuerdo sentir que iba a parar el tiempo Que iba a romperse el plato, a [&hellip;]<\/p>\n","protected":false},"author":1,"featured_media":40,"parent":0,"menu_order":0,"comment_status":"closed","ping_status":"closed","template":"","meta":{"_acf_changed":false,"footnotes":""},"class_list":["post-110","page","type-page","status-publish","has-post-thumbnail","hentry"],"acf":[],"yoast_head":"<!-- This site is optimized with the Yoast SEO Premium plugin v24.7 (Yoast SEO v27.4) - https:\/\/yoast.com\/product\/yoast-seo-premium-wordpress\/ -->\n<title>POES\u00cdA - Yoanna Moj\u00f3n<\/title>\n<meta name=\"description\" content=\"Poes\u00eda del libro ETERNO COLOR DE OTO\u00d1O de Joanna Moj\u00f3n. La escritora nos da una muestra tras publicar un libro de poes\u00eda.\" \/>\n<meta name=\"robots\" content=\"index, follow, max-snippet:-1, max-image-preview:large, max-video-preview:-1\" \/>\n<link rel=\"canonical\" href=\"https:\/\/nuestrosescritores.com\/yoannamojon\/poesia\/\" \/>\n<meta property=\"og:locale\" content=\"es_ES\" \/>\n<meta property=\"og:type\" content=\"article\" \/>\n<meta property=\"og:title\" content=\"POES\u00cdA\" \/>\n<meta property=\"og:description\" content=\"Poes\u00eda del libro ETERNO COLOR DE OTO\u00d1O de Joanna Moj\u00f3n. La escritora nos da una muestra tras publicar un libro de poes\u00eda.\" \/>\n<meta property=\"og:url\" content=\"https:\/\/nuestrosescritores.com\/yoannamojon\/poesia\/\" \/>\n<meta property=\"og:site_name\" content=\"Yoanna Moj\u00f3n\" \/>\n<meta property=\"article:modified_time\" content=\"2025-06-29T11:49:11+00:00\" \/>\n<meta property=\"og:image\" content=\"http:\/\/nuestrosescritores.com\/yoannamojon\/wp-content\/uploads\/sites\/206\/2025\/06\/0_Portada_Eternocolordeotono.webp\" \/>\n\t<meta property=\"og:image:width\" content=\"559\" \/>\n\t<meta property=\"og:image:height\" content=\"794\" \/>\n\t<meta property=\"og:image:type\" content=\"image\/webp\" \/>\n<meta name=\"twitter:card\" content=\"summary_large_image\" \/>\n<meta name=\"twitter:label1\" content=\"Tiempo de lectura\" \/>\n\t<meta name=\"twitter:data1\" content=\"4 minutos\" \/>\n<script type=\"application\/ld+json\" class=\"yoast-schema-graph\">{\"@context\":\"https:\\\/\\\/schema.org\",\"@graph\":[{\"@type\":\"WebPage\",\"@id\":\"https:\\\/\\\/nuestrosescritores.com\\\/yoannamojon\\\/poesia\\\/\",\"url\":\"https:\\\/\\\/nuestrosescritores.com\\\/yoannamojon\\\/poesia\\\/\",\"name\":\"POES\u00cdA - Yoanna Moj\u00f3n\",\"isPartOf\":{\"@id\":\"https:\\\/\\\/nuestrosescritores.com\\\/yoannamojon\\\/#website\"},\"primaryImageOfPage\":{\"@id\":\"https:\\\/\\\/nuestrosescritores.com\\\/yoannamojon\\\/poesia\\\/#primaryimage\"},\"image\":{\"@id\":\"https:\\\/\\\/nuestrosescritores.com\\\/yoannamojon\\\/poesia\\\/#primaryimage\"},\"thumbnailUrl\":\"https:\\\/\\\/nuestrosescritores.com\\\/yoannamojon\\\/wp-content\\\/uploads\\\/sites\\\/206\\\/2025\\\/06\\\/0_Portada_Eternocolordeotono.webp\",\"datePublished\":\"2025-06-29T11:40:34+00:00\",\"dateModified\":\"2025-06-29T11:49:11+00:00\",\"description\":\"Poes\u00eda del libro ETERNO COLOR DE OTO\u00d1O de Joanna Moj\u00f3n. La escritora nos da una muestra tras publicar un libro de poes\u00eda.\",\"breadcrumb\":{\"@id\":\"https:\\\/\\\/nuestrosescritores.com\\\/yoannamojon\\\/poesia\\\/#breadcrumb\"},\"inLanguage\":\"es\",\"potentialAction\":[{\"@type\":\"ReadAction\",\"target\":[\"https:\\\/\\\/nuestrosescritores.com\\\/yoannamojon\\\/poesia\\\/\"]}]},{\"@type\":\"ImageObject\",\"inLanguage\":\"es\",\"@id\":\"https:\\\/\\\/nuestrosescritores.com\\\/yoannamojon\\\/poesia\\\/#primaryimage\",\"url\":\"https:\\\/\\\/nuestrosescritores.com\\\/yoannamojon\\\/wp-content\\\/uploads\\\/sites\\\/206\\\/2025\\\/06\\\/0_Portada_Eternocolordeotono.webp\",\"contentUrl\":\"https:\\\/\\\/nuestrosescritores.com\\\/yoannamojon\\\/wp-content\\\/uploads\\\/sites\\\/206\\\/2025\\\/06\\\/0_Portada_Eternocolordeotono.webp\",\"width\":559,\"height\":794},{\"@type\":\"BreadcrumbList\",\"@id\":\"https:\\\/\\\/nuestrosescritores.com\\\/yoannamojon\\\/poesia\\\/#breadcrumb\",\"itemListElement\":[{\"@type\":\"ListItem\",\"position\":1,\"name\":\"Portada\",\"item\":\"https:\\\/\\\/nuestrosescritores.com\\\/yoannamojon\\\/\"},{\"@type\":\"ListItem\",\"position\":2,\"name\":\"POES\u00cdA\"}]},{\"@type\":\"WebSite\",\"@id\":\"https:\\\/\\\/nuestrosescritores.com\\\/yoannamojon\\\/#website\",\"url\":\"https:\\\/\\\/nuestrosescritores.com\\\/yoannamojon\\\/\",\"name\":\"Yoanna Moj\u00f3n en Nuestros escritores\",\"description\":\"Escritora\",\"publisher\":{\"@id\":\"https:\\\/\\\/nuestrosescritores.com\\\/yoannamojon\\\/#organization\"},\"alternateName\":\"Yoanna Moj\u00f3n\",\"potentialAction\":[{\"@type\":\"SearchAction\",\"target\":{\"@type\":\"EntryPoint\",\"urlTemplate\":\"https:\\\/\\\/nuestrosescritores.com\\\/yoannamojon\\\/?s={search_term_string}\"},\"query-input\":{\"@type\":\"PropertyValueSpecification\",\"valueRequired\":true,\"valueName\":\"search_term_string\"}}],\"inLanguage\":\"es\"},{\"@type\":\"Organization\",\"@id\":\"https:\\\/\\\/nuestrosescritores.com\\\/yoannamojon\\\/#organization\",\"name\":\"Yoanna Moj\u00f3n\",\"url\":\"https:\\\/\\\/nuestrosescritores.com\\\/yoannamojon\\\/\",\"logo\":{\"@type\":\"ImageObject\",\"inLanguage\":\"es\",\"@id\":\"https:\\\/\\\/nuestrosescritores.com\\\/yoannamojon\\\/#\\\/schema\\\/logo\\\/image\\\/\",\"url\":\"https:\\\/\\\/nuestrosescritores.com\\\/yoannamojon\\\/wp-content\\\/uploads\\\/sites\\\/206\\\/2025\\\/06\\\/logorilkeparaweb.jpg\",\"contentUrl\":\"https:\\\/\\\/nuestrosescritores.com\\\/yoannamojon\\\/wp-content\\\/uploads\\\/sites\\\/206\\\/2025\\\/06\\\/logorilkeparaweb.jpg\",\"width\":775,\"height\":720,\"caption\":\"Yoanna Moj\u00f3n\"},\"image\":{\"@id\":\"https:\\\/\\\/nuestrosescritores.com\\\/yoannamojon\\\/#\\\/schema\\\/logo\\\/image\\\/\"}}]}<\/script>\n<!-- \/ Yoast SEO Premium plugin. -->","yoast_head_json":{"title":"POES\u00cdA - Yoanna Moj\u00f3n","description":"Poes\u00eda del libro ETERNO COLOR DE OTO\u00d1O de Joanna Moj\u00f3n. La escritora nos da una muestra tras publicar un libro de poes\u00eda.","robots":{"index":"index","follow":"follow","max-snippet":"max-snippet:-1","max-image-preview":"max-image-preview:large","max-video-preview":"max-video-preview:-1"},"canonical":"https:\/\/nuestrosescritores.com\/yoannamojon\/poesia\/","og_locale":"es_ES","og_type":"article","og_title":"POES\u00cdA","og_description":"Poes\u00eda del libro ETERNO COLOR DE OTO\u00d1O de Joanna Moj\u00f3n. La escritora nos da una muestra tras publicar un libro de poes\u00eda.","og_url":"https:\/\/nuestrosescritores.com\/yoannamojon\/poesia\/","og_site_name":"Yoanna Moj\u00f3n","article_modified_time":"2025-06-29T11:49:11+00:00","og_image":[{"width":559,"height":794,"url":"http:\/\/nuestrosescritores.com\/yoannamojon\/wp-content\/uploads\/sites\/206\/2025\/06\/0_Portada_Eternocolordeotono.webp","type":"image\/webp"}],"twitter_card":"summary_large_image","twitter_misc":{"Tiempo de lectura":"4 minutos"},"schema":{"@context":"https:\/\/schema.org","@graph":[{"@type":"WebPage","@id":"https:\/\/nuestrosescritores.com\/yoannamojon\/poesia\/","url":"https:\/\/nuestrosescritores.com\/yoannamojon\/poesia\/","name":"POES\u00cdA - Yoanna Moj\u00f3n","isPartOf":{"@id":"https:\/\/nuestrosescritores.com\/yoannamojon\/#website"},"primaryImageOfPage":{"@id":"https:\/\/nuestrosescritores.com\/yoannamojon\/poesia\/#primaryimage"},"image":{"@id":"https:\/\/nuestrosescritores.com\/yoannamojon\/poesia\/#primaryimage"},"thumbnailUrl":"https:\/\/nuestrosescritores.com\/yoannamojon\/wp-content\/uploads\/sites\/206\/2025\/06\/0_Portada_Eternocolordeotono.webp","datePublished":"2025-06-29T11:40:34+00:00","dateModified":"2025-06-29T11:49:11+00:00","description":"Poes\u00eda del libro ETERNO COLOR DE OTO\u00d1O de Joanna Moj\u00f3n. La escritora nos da una muestra tras publicar un libro de poes\u00eda.","breadcrumb":{"@id":"https:\/\/nuestrosescritores.com\/yoannamojon\/poesia\/#breadcrumb"},"inLanguage":"es","potentialAction":[{"@type":"ReadAction","target":["https:\/\/nuestrosescritores.com\/yoannamojon\/poesia\/"]}]},{"@type":"ImageObject","inLanguage":"es","@id":"https:\/\/nuestrosescritores.com\/yoannamojon\/poesia\/#primaryimage","url":"https:\/\/nuestrosescritores.com\/yoannamojon\/wp-content\/uploads\/sites\/206\/2025\/06\/0_Portada_Eternocolordeotono.webp","contentUrl":"https:\/\/nuestrosescritores.com\/yoannamojon\/wp-content\/uploads\/sites\/206\/2025\/06\/0_Portada_Eternocolordeotono.webp","width":559,"height":794},{"@type":"BreadcrumbList","@id":"https:\/\/nuestrosescritores.com\/yoannamojon\/poesia\/#breadcrumb","itemListElement":[{"@type":"ListItem","position":1,"name":"Portada","item":"https:\/\/nuestrosescritores.com\/yoannamojon\/"},{"@type":"ListItem","position":2,"name":"POES\u00cdA"}]},{"@type":"WebSite","@id":"https:\/\/nuestrosescritores.com\/yoannamojon\/#website","url":"https:\/\/nuestrosescritores.com\/yoannamojon\/","name":"Yoanna Moj\u00f3n en Nuestros escritores","description":"Escritora","publisher":{"@id":"https:\/\/nuestrosescritores.com\/yoannamojon\/#organization"},"alternateName":"Yoanna Moj\u00f3n","potentialAction":[{"@type":"SearchAction","target":{"@type":"EntryPoint","urlTemplate":"https:\/\/nuestrosescritores.com\/yoannamojon\/?s={search_term_string}"},"query-input":{"@type":"PropertyValueSpecification","valueRequired":true,"valueName":"search_term_string"}}],"inLanguage":"es"},{"@type":"Organization","@id":"https:\/\/nuestrosescritores.com\/yoannamojon\/#organization","name":"Yoanna Moj\u00f3n","url":"https:\/\/nuestrosescritores.com\/yoannamojon\/","logo":{"@type":"ImageObject","inLanguage":"es","@id":"https:\/\/nuestrosescritores.com\/yoannamojon\/#\/schema\/logo\/image\/","url":"https:\/\/nuestrosescritores.com\/yoannamojon\/wp-content\/uploads\/sites\/206\/2025\/06\/logorilkeparaweb.jpg","contentUrl":"https:\/\/nuestrosescritores.com\/yoannamojon\/wp-content\/uploads\/sites\/206\/2025\/06\/logorilkeparaweb.jpg","width":775,"height":720,"caption":"Yoanna Moj\u00f3n"},"image":{"@id":"https:\/\/nuestrosescritores.com\/yoannamojon\/#\/schema\/logo\/image\/"}}]}},"_links":{"self":[{"href":"https:\/\/nuestrosescritores.com\/yoannamojon\/wp-json\/wp\/v2\/pages\/110","targetHints":{"allow":["GET"]}}],"collection":[{"href":"https:\/\/nuestrosescritores.com\/yoannamojon\/wp-json\/wp\/v2\/pages"}],"about":[{"href":"https:\/\/nuestrosescritores.com\/yoannamojon\/wp-json\/wp\/v2\/types\/page"}],"author":[{"embeddable":true,"href":"https:\/\/nuestrosescritores.com\/yoannamojon\/wp-json\/wp\/v2\/users\/1"}],"replies":[{"embeddable":true,"href":"https:\/\/nuestrosescritores.com\/yoannamojon\/wp-json\/wp\/v2\/comments?post=110"}],"version-history":[{"count":0,"href":"https:\/\/nuestrosescritores.com\/yoannamojon\/wp-json\/wp\/v2\/pages\/110\/revisions"}],"wp:featuredmedia":[{"embeddable":true,"href":"https:\/\/nuestrosescritores.com\/yoannamojon\/wp-json\/wp\/v2\/media\/40"}],"wp:attachment":[{"href":"https:\/\/nuestrosescritores.com\/yoannamojon\/wp-json\/wp\/v2\/media?parent=110"}],"curies":[{"name":"wp","href":"https:\/\/api.w.org\/{rel}","templated":true}]}}