{"id":82,"date":"2020-05-10T16:06:00","date_gmt":"2020-05-10T16:06:00","guid":{"rendered":"https:\/\/nuestrosescritores.com\/sofiajoveregea\/?page_id=82"},"modified":"2020-05-10T16:10:37","modified_gmt":"2020-05-10T16:10:37","slug":"poesia","status":"publish","type":"page","link":"https:\/\/nuestrosescritores.com\/sofiajoveregea\/poesia\/","title":{"rendered":"Poes\u00eda"},"content":{"rendered":"<div class=\"wpb-content-wrapper\">[vc_row][vc_column extend=&#8221;false&#8221;][vc_column_text css=&#8221;.vc_custom_1582373099134{margin-top: -30000px !important;}&#8221;]\n<h1><strong><em><u>Poes\u00eda del libro ECHO de SOF\u00cdA JOVER EGEA. El escritor nos da una muestra tras publicar un libro.<\/u><\/em><\/strong><\/h1>\n<h2><strong><em><u><img fetchpriority=\"high\" decoding=\"async\" class=\"alignnone size-full wp-image-49\" src=\"https:\/\/nuestrosescritores.com\/sofiajoveregea\/wp-content\/uploads\/sites\/37\/2020\/05\/0PortadaEcho.jpg\" alt=\"\" width=\"559\" height=\"794\">Poes\u00eda del libro ECHO de SOF\u00cdA JOVER EGEA El poeta nos da una muestra tras publicar un libro.<\/u><\/em><\/strong><\/h2>\n<h3><strong><em><u>Poes\u00eda del libro ECHO de SOF\u00cdA JOVER EGEA El autor nos da una muestra tras publicar un libro.<\/u><\/em><\/strong><\/h3>\n<h4><strong><em><u>Poes\u00eda del libro ECHO de SOF\u00cdA JOVER EGEA El autor nos da una muestra tras publicar un libro.<\/u><\/em><\/strong><\/h4>\n<h5><strong><em><u>Poes\u00eda del libro ECHO de SOF\u00cdA JOVER EGEA El autor nos da una muestra tras publicar un libro.<\/u><\/em><\/strong><\/h5>\n[\/vc_column_text][\/vc_column][\/vc_row][vc_row full_width=&#8221;stretch_row_content_no_spaces&#8221;][vc_column extend=&#8221;false&#8221;]<div class='gambit_parallax_row' data-bg-align='' data-direction='fixed' data-opacity='100' data-velocity='-0.3' data-mobile-enabled='' data-bg-height='2560' data-bg-width='2026' data-bg-image='https:\/\/nuestrosescritores.com\/sofiajoveregea\/wp-content\/uploads\/sites\/37\/2020\/05\/ex-3whaihwg-scaled.jpg' data-bg-repeat='false' data-id='' style='display: none'><\/div><div class=\"gambit_fullheight_row\" data-content-location=\"center\" style=\"display: none\"><\/div>[\/vc_column][\/vc_row][vc_row][vc_column extend=&#8221;false&#8221;][vc_column_text]\n<h1><a name=\"_Toc36838521\"><\/a><\/h1>\n<h1><a name=\"_Toc36999381\"><\/a><strong>Introducci\u00f3n<\/strong><\/h1>\n<p>&nbsp;<\/p>\n<p><a name=\"_Toc36999382\"><\/a>Voy a desnudarme, vestida.<\/p>\n<p><a name=\"_Toc36999383\"><\/a>Impregnar\u00e9 estos folios albinos de tinta,<\/p>\n<p><a name=\"_Toc36999384\"><\/a>con pensamientos para los que no me sirve la voz.<\/p>\n<p><a name=\"_Toc36999385\"><\/a>Y mis \u00fanicos aliados ser\u00e1n el papel,<\/p>\n<p><a name=\"_Toc36999386\"><\/a>y la certeza de que alguien lo leer\u00e1,<\/p>\n<p><a name=\"_Toc36999387\"><\/a>armonizar\u00e1 con lo descrito,<\/p>\n<p><a name=\"_Toc36999388\"><\/a>y dejar\u00e1 de sentirse solo.<\/p>\n<p>&nbsp;<\/p>\n<p><a name=\"_Toc36999389\"><\/a>Gracias a toda la gente que me quiere.<\/p>\n<p>&nbsp;<\/p>\n<p><a name=\"_Toc36999390\"><\/a>En especial, a mi hermana Blanca.<\/p>\n<p><a name=\"_Toc36999391\"><\/a>Gracias por ser t\u00fa,<\/p>\n<p><a name=\"_Toc36999392\"><\/a>agarr\u00e1ndome muy fuerte,<\/p>\n<p><a name=\"_Toc36999393\"><\/a>aunque sea a 400km,<\/p>\n<p><a name=\"_Toc36999394\"><\/a>siempre conmigo.<\/p>\n<p><a name=\"_Toc36999395\"><\/a>Incondicional.<\/p>\n<p><a name=\"_Toc36999396\"><\/a>Mi hero\u00edna.<\/p>\n<p>&nbsp;<\/p>\n<p>&nbsp;<\/p>\n<span class='bctt-click-to-tweet'><span class='bctt-ctt-text'><a href='https:\/\/x.com\/intent\/tweet?url=https%3A%2F%2Fnuestrosescritores.com%2Fsofiajoveregea%2Fpoesia%2F&#038;text=Introducci%C3%B3n%C2%A0del%20libro%20ECHO%20de%20SOF%C3%8DA%20JOVER%20EGEA&#038;via=poesiaerestu&#038;related=poesiaerestu' target='_blank'rel=\"noopener noreferrer\">Introducci\u00f3n&nbsp;del libro ECHO de SOF\u00cdA JOVER EGEA <\/a><\/span><a href='https:\/\/x.com\/intent\/tweet?url=https%3A%2F%2Fnuestrosescritores.com%2Fsofiajoveregea%2Fpoesia%2F&#038;text=Introducci%C3%B3n%C2%A0del%20libro%20ECHO%20de%20SOF%C3%8DA%20JOVER%20EGEA&#038;via=poesiaerestu&#038;related=poesiaerestu' target='_blank' class='bctt-ctt-btn'rel=\"noopener noreferrer\">Compartir en X<\/a><\/span>\n<p>&nbsp;[\/vc_column_text][\/vc_column][\/vc_row][vc_row full_width=&#8221;stretch_row_content_no_spaces&#8221;][vc_column extend=&#8221;false&#8221;]<div class='gambit_parallax_row' data-bg-align='' data-direction='fixed' data-opacity='100' data-velocity='-0.3' data-mobile-enabled='' data-bg-height='2560' data-bg-width='1920' data-bg-image='https:\/\/nuestrosescritores.com\/sofiajoveregea\/wp-content\/uploads\/sites\/37\/2020\/05\/mpwffboqzuq-scaled.jpg' data-bg-repeat='false' data-id='' style='display: none'><\/div><div class=\"gambit_fullheight_row\" data-content-location=\"center\" style=\"display: none\"><\/div>[\/vc_column][\/vc_row][vc_row][vc_column extend=&#8221;false&#8221;][vc_column_text]\n<h1><a name=\"_Toc36999401\"><\/a><strong>Que aproveche<\/strong><\/h1>\n<p>&nbsp;<\/p>\n<p>A base de ostias.<\/p>\n<p>Otra vez el turno de mi ADN masoca.<\/p>\n<p>Adicci\u00f3n al Betadine,<\/p>\n<p>y a que pique.<\/p>\n<p>A ver cu\u00e1nto soy capaz de perforarme.<\/p>\n<p>Creo que me volv\u00ed ventana,<\/p>\n<p>y revent\u00e9 la puerta de mi sentencia.<\/p>\n<p>Y ya no s\u00e9 qui\u00e9n est\u00e1 m\u00e1s lejos,<\/p>\n<p>si t\u00fa de m\u00ed o yo de ti.<\/p>\n<p>Ni cuando se derretir\u00e1n los polos,<\/p>\n<p>form\u00e1ndose &#8220;Nosotros&#8221; como nombre propio.<\/p>\n<p>Por suerte pertenezco a ese grupo de chaladas,<\/p>\n<p>de escudo de acero,<\/p>\n<p>vino en mano,<\/p>\n<p>y grietas calladas.<\/p>\n<p>Hoy la luna est\u00e1 casi llena.<\/p>\n<p>Mi copa casi vac\u00eda.<\/p>\n<p>&nbsp;<\/p>\n<p>Sonr\u00edo&#8230;<\/p>\n<p>Y las tomo.<\/p>\n<p>Y sonr\u00edo.<\/p>\n<p>&nbsp;<\/p>\n<span class='bctt-click-to-tweet'><span class='bctt-ctt-text'><a href='https:\/\/x.com\/intent\/tweet?url=https%3A%2F%2Fnuestrosescritores.com%2Fsofiajoveregea%2Fpoesia%2F&#038;text=Que%20aproveche%20del%20libro%20ECHO%20de%20SOF%C3%8DA%20JOVER%20EGEA&#038;via=poesiaerestu&#038;related=poesiaerestu' target='_blank'rel=\"noopener noreferrer\">Que aproveche del libro ECHO de SOF\u00cdA JOVER EGEA <\/a><\/span><a href='https:\/\/x.com\/intent\/tweet?url=https%3A%2F%2Fnuestrosescritores.com%2Fsofiajoveregea%2Fpoesia%2F&#038;text=Que%20aproveche%20del%20libro%20ECHO%20de%20SOF%C3%8DA%20JOVER%20EGEA&#038;via=poesiaerestu&#038;related=poesiaerestu' target='_blank' class='bctt-ctt-btn'rel=\"noopener noreferrer\">Compartir en X<\/a><\/span>\n<p>&nbsp;<\/p>\n<p>&nbsp;[\/vc_column_text][\/vc_column][\/vc_row][vc_row][vc_column extend=&#8221;false&#8221;]<div class='gambit_parallax_row' data-bg-align='' data-direction='fixed' data-opacity='100' data-velocity='-0.3' data-mobile-enabled='' data-bg-height='2560' data-bg-width='1707' data-bg-image='https:\/\/nuestrosescritores.com\/sofiajoveregea\/wp-content\/uploads\/sites\/37\/2020\/05\/0xqp6rniykg-scaled.jpg' data-bg-repeat='false' data-id='' style='display: none'><\/div><div class=\"gambit_fullheight_row\" data-content-location=\"center\" style=\"display: none\"><\/div>[\/vc_column][\/vc_row][vc_row][vc_column extend=&#8221;false&#8221;][vc_column_text]\n<h1>&nbsp;<\/h1>\n<h1><a name=\"_Toc36999408\"><\/a><strong>(Casi) siempre ganan<\/strong><\/h1>\n<p>&nbsp;<\/p>\n<p>\u2014\u201cDilo\u201d<\/p>\n<p>(silencio y risas)<\/p>\n<p>Supuse que lo entendi\u00f3 sin palabras.<\/p>\n<p>&nbsp;<\/p>\n<p>Nunca se me dio del todo bien llevar careta,<\/p>\n<p>y los juegos de roll me parecen absurdos,<\/p>\n<p>\u201cYo\u201d como personaje,<\/p>\n<p>\u201c\u00c9l\u201d como el espectador m\u00e1s cabr\u00f3n,<\/p>\n<p>y al cabr\u00f3n le queda genial mi cama.<\/p>\n<p>&nbsp;<\/p>\n<p>Qu\u00e9 miedo que se parezca tanto a m\u00ed,<\/p>\n<p>un imposible,<\/p>\n<p>joder.<\/p>\n<p>&nbsp;<\/p>\n<p>Sobre las 6 amanec\u00eda,<\/p>\n<p>y tocaba las 4 estaciones entre mis piernas,<\/p>\n<p>6-4 = 2 locos retando a las s\u00e1banas&#8230;<\/p>\n<p>&nbsp;<\/p>\n<p>Y ganaron los locos como siempre.<\/p>\n<p>Los dos.<\/p>\n<p>&nbsp;<\/p>\n<p>&nbsp;<\/p>\n<span class='bctt-click-to-tweet'><span class='bctt-ctt-text'><a href='https:\/\/x.com\/intent\/tweet?url=https%3A%2F%2Fnuestrosescritores.com%2Fsofiajoveregea%2Fpoesia%2F&#038;text=%28Casi%29%20siempre%20ganan%C2%A0del%20libro%20ECHO%20de%20SOF%C3%8DA%20JOVER%20EGEA&#038;via=poesiaerestu&#038;related=poesiaerestu' target='_blank'rel=\"noopener noreferrer\">(Casi) siempre ganan&nbsp;del libro ECHO de SOF\u00cdA JOVER EGEA <\/a><\/span><a href='https:\/\/x.com\/intent\/tweet?url=https%3A%2F%2Fnuestrosescritores.com%2Fsofiajoveregea%2Fpoesia%2F&#038;text=%28Casi%29%20siempre%20ganan%C2%A0del%20libro%20ECHO%20de%20SOF%C3%8DA%20JOVER%20EGEA&#038;via=poesiaerestu&#038;related=poesiaerestu' target='_blank' class='bctt-ctt-btn'rel=\"noopener noreferrer\">Compartir en X<\/a><\/span>[\/vc_column_text][\/vc_column][\/vc_row][vc_row][vc_column extend=&#8221;false&#8221;]<div class='gambit_parallax_row' data-bg-align='' data-direction='fixed' data-opacity='100' data-velocity='-0.3' data-mobile-enabled='' data-bg-height='1707' data-bg-width='2560' data-bg-image='https:\/\/nuestrosescritores.com\/sofiajoveregea\/wp-content\/uploads\/sites\/37\/2020\/05\/buqwajobfy4-scaled.jpg' data-bg-repeat='false' data-id='' style='display: none'><\/div><div class=\"gambit_fullheight_row\" data-content-location=\"center\" style=\"display: none\"><\/div>[\/vc_column][\/vc_row][vc_row][vc_column extend=&#8221;false&#8221;][vc_column_text]\n<h1><a name=\"_Toc36999415\"><\/a><strong>Fr\u00edo, fr\u00edo<\/strong><\/h1>\n<p>&nbsp;<\/p>\n<p>El ego\u00edsmo mata, pero la decepci\u00f3n m\u00e1s.<\/p>\n<p>&nbsp;<\/p>\n<p>De lo primero se encarga \u00e9l,<\/p>\n<p>lo segundo empieza a acariciarme a m\u00ed.<\/p>\n<p>&nbsp;<\/p>\n<p>Es curioso\u2026<\/p>\n<p>&nbsp;<\/p>\n<p>Ojal\u00e1 explote ya,<\/p>\n<p>yo ser\u00e9 gasolina,<\/p>\n<p>y la colilla ser\u00e1 el tiempo que \u00e9l deje correr.<\/p>\n<p>&nbsp;<\/p>\n<p><em>Boom.<\/em><\/p>\n<p>&nbsp;<\/p>\n<p>Mi hemisferio racional no s\u00e9 qu\u00e9 co\u00f1o hace.<\/p>\n<p>&nbsp;<\/p>\n<p>Para ya bonita,<\/p>\n<p>su ego\u00edsmo har\u00e1 pupa,<\/p>\n<p>y ese plato ya lo probaste&#8230;<\/p>\n<p>&nbsp;<\/p>\n<p>Voy a recordarme que no me gust\u00f3.<\/p>\n<p>&nbsp;<\/p>\n<p>&nbsp;<\/p>\n<p>&nbsp;<\/p>\n<span class='bctt-click-to-tweet'><span class='bctt-ctt-text'><a href='https:\/\/x.com\/intent\/tweet?url=https%3A%2F%2Fnuestrosescritores.com%2Fsofiajoveregea%2Fpoesia%2F&#038;text=Fr%C3%ADo%2C%20fr%C3%ADo%20del%20libro%20ECHO%20de%20SOF%C3%8DA%20JOVER%20EGEA&#038;via=poesiaerestu&#038;related=poesiaerestu' target='_blank'rel=\"noopener noreferrer\">Fr\u00edo, fr\u00edo del libro ECHO de SOF\u00cdA JOVER EGEA <\/a><\/span><a href='https:\/\/x.com\/intent\/tweet?url=https%3A%2F%2Fnuestrosescritores.com%2Fsofiajoveregea%2Fpoesia%2F&#038;text=Fr%C3%ADo%2C%20fr%C3%ADo%20del%20libro%20ECHO%20de%20SOF%C3%8DA%20JOVER%20EGEA&#038;via=poesiaerestu&#038;related=poesiaerestu' target='_blank' class='bctt-ctt-btn'rel=\"noopener noreferrer\">Compartir en X<\/a><\/span>[\/vc_column_text][\/vc_column][\/vc_row][vc_row][vc_column extend=&#8221;false&#8221;]<div class='gambit_parallax_row' data-bg-align='' data-direction='fixed' data-opacity='100' data-velocity='-0.3' data-mobile-enabled='' data-bg-height='2560' data-bg-width='1707' data-bg-image='https:\/\/nuestrosescritores.com\/sofiajoveregea\/wp-content\/uploads\/sites\/37\/2020\/05\/py6ak7bkhy4-scaled.jpg' data-bg-repeat='false' data-id='' style='display: none'><\/div><div class=\"gambit_fullheight_row\" data-content-location=\"center\" style=\"display: none\"><\/div>[\/vc_column][\/vc_row][vc_row][vc_column extend=&#8221;false&#8221;][vc_column_text]\n<h1><a name=\"_Toc36999430\"><\/a><strong>Helsinki<\/strong><\/h1>\n<p>&nbsp;<\/p>\n<p>Los hay que se quedan sin palabras,<\/p>\n<p>no luchan,<\/p>\n<p>no s\u00e9,<\/p>\n<p>no suelo hablar de lo que no conozco.<\/p>\n<p>Disculpa Hellen Keller all\u00e1 donde est\u00e9s,<\/p>\n<p>a la gente que est\u00e1 un poco llena de nada,<\/p>\n<p>que no sabe que la luna siempre miente,<\/p>\n<p>que cuando creen que ella crece, decrece.<\/p>\n<p>&nbsp;<\/p>\n<p>Que miran y nunca aciertan.<\/p>\n<p>Que no sirve de nada preguntarles,<\/p>\n<p>porque \u201ccapaz\u201d les da siempre error sideral.<\/p>\n<p>&nbsp;<\/p>\n<p>Los hay que se aferran a la autodestrucci\u00f3n,<\/p>\n<p>porque imaginar la calma de estar feliz les hace tambalear,<\/p>\n<p>asemej\u00e1ndose a S\u00edsifo y a su man\u00eda de conformarse alegando que todo es un absurdo.<\/p>\n<p>&nbsp;<\/p>\n<p>Yo en cambio tengo 8.397 d\u00edas y unas 9 noches.<\/p>\n<p>Yo estaba bailando contigo en la novena,<\/p>\n<p>y t\u00fa\u2026 no s\u00e9.<\/p>\n<p>&nbsp;<\/p>\n<p>&nbsp;<\/p>\n<p>&nbsp;<\/p>\n<p>&nbsp;<\/p>\n<span class='bctt-click-to-tweet'><span class='bctt-ctt-text'><a href='https:\/\/x.com\/intent\/tweet?url=https%3A%2F%2Fnuestrosescritores.com%2Fsofiajoveregea%2Fpoesia%2F&#038;text=Helsinki%C2%A0del%20libro%20ECHO%20de%20SOF%C3%8DA%20JOVER%20EGEA&#038;via=poesiaerestu&#038;related=poesiaerestu' target='_blank'rel=\"noopener noreferrer\">Helsinki&nbsp;del libro ECHO de SOF\u00cdA JOVER EGEA <\/a><\/span><a href='https:\/\/x.com\/intent\/tweet?url=https%3A%2F%2Fnuestrosescritores.com%2Fsofiajoveregea%2Fpoesia%2F&#038;text=Helsinki%C2%A0del%20libro%20ECHO%20de%20SOF%C3%8DA%20JOVER%20EGEA&#038;via=poesiaerestu&#038;related=poesiaerestu' target='_blank' class='bctt-ctt-btn'rel=\"noopener noreferrer\">Compartir en X<\/a><\/span>[\/vc_column_text][\/vc_column][\/vc_row][vc_row][vc_column extend=&#8221;false&#8221;]<div class='gambit_parallax_row' data-bg-align='' data-direction='fixed' data-opacity='100' data-velocity='-0.3' data-mobile-enabled='' data-bg-height='528' data-bg-width='1366' data-bg-image='https:\/\/nuestrosescritores.com\/sofiajoveregea\/wp-content\/uploads\/sites\/37\/2020\/05\/IMG_4190-copy_SSquare_Alargada-Mediano.jpg' data-bg-repeat='false' data-id='' style='display: none'><\/div><div class=\"gambit_fullheight_row\" data-content-location=\"center\" style=\"display: none\"><\/div>[vc_column_text]\n<p style=\"text-align: center;\"><a class=\"fasc-button fasc-size-xlarge fasc-type-glossy fasc-rounded-medium\" style=\"background-color: #33809e; color: #ffffff;\" href=\"https:\/\/librodepoesia.com\/producto\/besame-las-heridas-andrea-quintela-trinanes\/\">Comprar el libro<\/a><\/p>\n[\/vc_column_text][\/vc_column][\/vc_row][vc_row][vc_column extend=&#8221;false&#8221;][vc_column_text css=&#8221;.vc_custom_1549215104378{margin-top: -30000px !important;}&#8221;]\n<h1><strong><em><u>Poes\u00eda del libro ECHO de SOF\u00cdA JOVER EGEA. El escritor nos da una muestra tras publicar un libro.<\/u><\/em><\/strong><\/h1>\n<h2><strong><em><u>Poes\u00eda del libro ECHO de SOF\u00cdA JOVER EGEA El poeta nos da una muestra tras publicar un libro.<\/u><\/em><\/strong><\/h2>\n<h3><strong><em><u>Poes\u00eda del libro ECHO de SOF\u00cdA JOVER EGEA El autor nos da una muestra tras publicar un libro.<\/u><\/em><\/strong><\/h3>\n<h4><strong><em><u>Poes\u00eda del libro ECHO de SOF\u00cdA JOVER EGEA El autor nos da una muestra tras publicar un libro.<\/u><\/em><\/strong><\/h4>\n<h5><strong><em><u>Poes\u00eda del libro ECHO de SOF\u00cdA JOVER EGEA El autor nos da una muestra tras publicar un libro.<\/u><\/em><\/strong><\/h5>\n[\/vc_column_text][\/vc_column][\/vc_row]\n<\/div>","protected":false},"excerpt":{"rendered":"<p>[vc_row][vc_column extend=&#8221;false&#8221;][vc_column_text css=&#8221;.vc_custom_1582373099134{margin-top: -30000px !important;}&#8221;] Poes\u00eda del libro ECHO de SOF\u00cdA JOVER EGEA. El escritor nos da una muestra tras publicar un libro. Poes\u00eda del libro ECHO de SOF\u00cdA JOVER EGEA El poeta nos da una muestra tras publicar un libro. Poes\u00eda del libro ECHO de SOF\u00cdA JOVER EGEA El autor nos da una muestra [&hellip;]<\/p>\n","protected":false},"author":1,"featured_media":0,"parent":0,"menu_order":3,"comment_status":"closed","ping_status":"closed","template":"","meta":{"_acf_changed":false,"footnotes":""},"class_list":["post-82","page","type-page","status-publish","hentry"],"acf":[],"yoast_head":"<!-- This site is optimized with the Yoast SEO Premium plugin v24.7 (Yoast SEO v27.4) - https:\/\/yoast.com\/product\/yoast-seo-premium-wordpress\/ -->\n<title>Poes\u00eda - Sof\u00eda Jover Egea<\/title>\n<meta name=\"description\" content=\"Poes\u00eda del libro ECHO de Sof\u00eda Jover Egea. La escritora nos da una muestra tras publicar un libro de poes\u00eda.\" \/>\n<meta name=\"robots\" content=\"index, follow, max-snippet:-1, max-image-preview:large, max-video-preview:-1\" \/>\n<link rel=\"canonical\" href=\"https:\/\/nuestrosescritores.com\/sofiajoveregea\/poesia\/\" \/>\n<meta property=\"og:locale\" content=\"es_ES\" \/>\n<meta property=\"og:type\" content=\"article\" \/>\n<meta property=\"og:title\" content=\"Poes\u00eda\" \/>\n<meta property=\"og:description\" content=\"Poes\u00eda del libro ECHO de Sof\u00eda Jover Egea. La escritora nos da una muestra tras publicar un libro de poes\u00eda.\" \/>\n<meta property=\"og:url\" content=\"https:\/\/nuestrosescritores.com\/sofiajoveregea\/poesia\/\" \/>\n<meta property=\"og:site_name\" content=\"Sof\u00eda Jover Egea\" \/>\n<meta property=\"article:modified_time\" content=\"2020-05-10T16:10:37+00:00\" \/>\n<meta property=\"og:image\" content=\"https:\/\/nuestrosescritores.com\/sofiajoveregea\/wp-content\/uploads\/sites\/37\/2020\/05\/0PortadaEcho.jpg\" \/>\n<meta name=\"twitter:card\" content=\"summary_large_image\" \/>\n<meta name=\"twitter:label1\" content=\"Tiempo de lectura\" \/>\n\t<meta name=\"twitter:data1\" content=\"5 minutos\" \/>\n<script type=\"application\/ld+json\" class=\"yoast-schema-graph\">{\"@context\":\"https:\\\/\\\/schema.org\",\"@graph\":[{\"@type\":\"WebPage\",\"@id\":\"https:\\\/\\\/nuestrosescritores.com\\\/sofiajoveregea\\\/poesia\\\/\",\"url\":\"https:\\\/\\\/nuestrosescritores.com\\\/sofiajoveregea\\\/poesia\\\/\",\"name\":\"Poes\u00eda - Sof\u00eda Jover Egea\",\"isPartOf\":{\"@id\":\"https:\\\/\\\/nuestrosescritores.com\\\/sofiajoveregea\\\/#website\"},\"primaryImageOfPage\":{\"@id\":\"https:\\\/\\\/nuestrosescritores.com\\\/sofiajoveregea\\\/poesia\\\/#primaryimage\"},\"image\":{\"@id\":\"https:\\\/\\\/nuestrosescritores.com\\\/sofiajoveregea\\\/poesia\\\/#primaryimage\"},\"thumbnailUrl\":\"https:\\\/\\\/nuestrosescritores.com\\\/sofiajoveregea\\\/wp-content\\\/uploads\\\/sites\\\/37\\\/2020\\\/05\\\/0PortadaEcho.jpg\",\"datePublished\":\"2020-05-10T16:06:00+00:00\",\"dateModified\":\"2020-05-10T16:10:37+00:00\",\"description\":\"Poes\u00eda del libro ECHO de Sof\u00eda Jover Egea. La escritora nos da una muestra tras publicar un libro de poes\u00eda.\",\"breadcrumb\":{\"@id\":\"https:\\\/\\\/nuestrosescritores.com\\\/sofiajoveregea\\\/poesia\\\/#breadcrumb\"},\"inLanguage\":\"es\",\"potentialAction\":[{\"@type\":\"ReadAction\",\"target\":[\"https:\\\/\\\/nuestrosescritores.com\\\/sofiajoveregea\\\/poesia\\\/\"]}]},{\"@type\":\"ImageObject\",\"inLanguage\":\"es\",\"@id\":\"https:\\\/\\\/nuestrosescritores.com\\\/sofiajoveregea\\\/poesia\\\/#primaryimage\",\"url\":\"https:\\\/\\\/nuestrosescritores.com\\\/sofiajoveregea\\\/wp-content\\\/uploads\\\/sites\\\/37\\\/2020\\\/05\\\/0PortadaEcho.jpg\",\"contentUrl\":\"https:\\\/\\\/nuestrosescritores.com\\\/sofiajoveregea\\\/wp-content\\\/uploads\\\/sites\\\/37\\\/2020\\\/05\\\/0PortadaEcho.jpg\",\"width\":559,\"height\":794},{\"@type\":\"BreadcrumbList\",\"@id\":\"https:\\\/\\\/nuestrosescritores.com\\\/sofiajoveregea\\\/poesia\\\/#breadcrumb\",\"itemListElement\":[{\"@type\":\"ListItem\",\"position\":1,\"name\":\"Portada\",\"item\":\"https:\\\/\\\/nuestrosescritores.com\\\/sofiajoveregea\\\/\"},{\"@type\":\"ListItem\",\"position\":2,\"name\":\"Poes\u00eda\"}]},{\"@type\":\"WebSite\",\"@id\":\"https:\\\/\\\/nuestrosescritores.com\\\/sofiajoveregea\\\/#website\",\"url\":\"https:\\\/\\\/nuestrosescritores.com\\\/sofiajoveregea\\\/\",\"name\":\"Nuestros escritores\",\"description\":\"Escritora\",\"potentialAction\":[{\"@type\":\"SearchAction\",\"target\":{\"@type\":\"EntryPoint\",\"urlTemplate\":\"https:\\\/\\\/nuestrosescritores.com\\\/sofiajoveregea\\\/?s={search_term_string}\"},\"query-input\":{\"@type\":\"PropertyValueSpecification\",\"valueRequired\":true,\"valueName\":\"search_term_string\"}}],\"inLanguage\":\"es\"}]}<\/script>\n<!-- \/ Yoast SEO Premium plugin. -->","yoast_head_json":{"title":"Poes\u00eda - Sof\u00eda Jover Egea","description":"Poes\u00eda del libro ECHO de Sof\u00eda Jover Egea. La escritora nos da una muestra tras publicar un libro de poes\u00eda.","robots":{"index":"index","follow":"follow","max-snippet":"max-snippet:-1","max-image-preview":"max-image-preview:large","max-video-preview":"max-video-preview:-1"},"canonical":"https:\/\/nuestrosescritores.com\/sofiajoveregea\/poesia\/","og_locale":"es_ES","og_type":"article","og_title":"Poes\u00eda","og_description":"Poes\u00eda del libro ECHO de Sof\u00eda Jover Egea. La escritora nos da una muestra tras publicar un libro de poes\u00eda.","og_url":"https:\/\/nuestrosescritores.com\/sofiajoveregea\/poesia\/","og_site_name":"Sof\u00eda Jover Egea","article_modified_time":"2020-05-10T16:10:37+00:00","og_image":[{"url":"https:\/\/nuestrosescritores.com\/sofiajoveregea\/wp-content\/uploads\/sites\/37\/2020\/05\/0PortadaEcho.jpg","type":"","width":"","height":""}],"twitter_card":"summary_large_image","twitter_misc":{"Tiempo de lectura":"5 minutos"},"schema":{"@context":"https:\/\/schema.org","@graph":[{"@type":"WebPage","@id":"https:\/\/nuestrosescritores.com\/sofiajoveregea\/poesia\/","url":"https:\/\/nuestrosescritores.com\/sofiajoveregea\/poesia\/","name":"Poes\u00eda - Sof\u00eda Jover Egea","isPartOf":{"@id":"https:\/\/nuestrosescritores.com\/sofiajoveregea\/#website"},"primaryImageOfPage":{"@id":"https:\/\/nuestrosescritores.com\/sofiajoveregea\/poesia\/#primaryimage"},"image":{"@id":"https:\/\/nuestrosescritores.com\/sofiajoveregea\/poesia\/#primaryimage"},"thumbnailUrl":"https:\/\/nuestrosescritores.com\/sofiajoveregea\/wp-content\/uploads\/sites\/37\/2020\/05\/0PortadaEcho.jpg","datePublished":"2020-05-10T16:06:00+00:00","dateModified":"2020-05-10T16:10:37+00:00","description":"Poes\u00eda del libro ECHO de Sof\u00eda Jover Egea. La escritora nos da una muestra tras publicar un libro de poes\u00eda.","breadcrumb":{"@id":"https:\/\/nuestrosescritores.com\/sofiajoveregea\/poesia\/#breadcrumb"},"inLanguage":"es","potentialAction":[{"@type":"ReadAction","target":["https:\/\/nuestrosescritores.com\/sofiajoveregea\/poesia\/"]}]},{"@type":"ImageObject","inLanguage":"es","@id":"https:\/\/nuestrosescritores.com\/sofiajoveregea\/poesia\/#primaryimage","url":"https:\/\/nuestrosescritores.com\/sofiajoveregea\/wp-content\/uploads\/sites\/37\/2020\/05\/0PortadaEcho.jpg","contentUrl":"https:\/\/nuestrosescritores.com\/sofiajoveregea\/wp-content\/uploads\/sites\/37\/2020\/05\/0PortadaEcho.jpg","width":559,"height":794},{"@type":"BreadcrumbList","@id":"https:\/\/nuestrosescritores.com\/sofiajoveregea\/poesia\/#breadcrumb","itemListElement":[{"@type":"ListItem","position":1,"name":"Portada","item":"https:\/\/nuestrosescritores.com\/sofiajoveregea\/"},{"@type":"ListItem","position":2,"name":"Poes\u00eda"}]},{"@type":"WebSite","@id":"https:\/\/nuestrosescritores.com\/sofiajoveregea\/#website","url":"https:\/\/nuestrosescritores.com\/sofiajoveregea\/","name":"Nuestros escritores","description":"Escritora","potentialAction":[{"@type":"SearchAction","target":{"@type":"EntryPoint","urlTemplate":"https:\/\/nuestrosescritores.com\/sofiajoveregea\/?s={search_term_string}"},"query-input":{"@type":"PropertyValueSpecification","valueRequired":true,"valueName":"search_term_string"}}],"inLanguage":"es"}]}},"_links":{"self":[{"href":"https:\/\/nuestrosescritores.com\/sofiajoveregea\/wp-json\/wp\/v2\/pages\/82","targetHints":{"allow":["GET"]}}],"collection":[{"href":"https:\/\/nuestrosescritores.com\/sofiajoveregea\/wp-json\/wp\/v2\/pages"}],"about":[{"href":"https:\/\/nuestrosescritores.com\/sofiajoveregea\/wp-json\/wp\/v2\/types\/page"}],"author":[{"embeddable":true,"href":"https:\/\/nuestrosescritores.com\/sofiajoveregea\/wp-json\/wp\/v2\/users\/1"}],"replies":[{"embeddable":true,"href":"https:\/\/nuestrosescritores.com\/sofiajoveregea\/wp-json\/wp\/v2\/comments?post=82"}],"version-history":[{"count":0,"href":"https:\/\/nuestrosescritores.com\/sofiajoveregea\/wp-json\/wp\/v2\/pages\/82\/revisions"}],"wp:attachment":[{"href":"https:\/\/nuestrosescritores.com\/sofiajoveregea\/wp-json\/wp\/v2\/media?parent=82"}],"curies":[{"name":"wp","href":"https:\/\/api.w.org\/{rel}","templated":true}]}}