{"id":12,"date":"2021-05-16T09:51:39","date_gmt":"2021-05-16T09:51:39","guid":{"rendered":"https:\/\/nuestrosescritores.com\/silviacorzoescudero\/?page_id=12"},"modified":"2021-11-03T12:46:19","modified_gmt":"2021-11-03T12:46:19","slug":"silvia-corzo-escudero","status":"publish","type":"page","link":"https:\/\/nuestrosescritores.com\/silviacorzoescudero\/","title":{"rendered":"SILVIA CORZO ESCUDERO"},"content":{"rendered":"<div class=\"wpb-content-wrapper\">[vc_row][vc_column extend=&#8221;false&#8221;][vc_column_text css=&#8221;.vc_custom_1617387623105{margin-top: -30000px !important;}&#8221;]\n<h1>SILVIA CORZO ESCUDERO es el escritor de 44 D\u00cdAS <span style=\"text-decoration: line-through;\">CONTIGO<\/span> SIN TI&nbsp; el escritor y poeta acaba de publicar un libro de poes\u00eda con la Editorial Poes\u00eda eres t\u00fa. Considerado como una de las mejores poetas espa\u00f1olas.<\/h1>\n<p>44 D\u00cdAS <span style=\"text-decoration: line-through;\">CONTIGO<\/span> SIN TI ha sido escrito por SILVIA CORZO ESCUDERO Considerado como uno de los mejores poetas espa\u00f1oles, algunos afirman que es el mejor poeta espa\u00f1ol. el escritor sabe como publicar un libro de poes\u00eda con la Editorial Poes\u00eda eres t\u00fa<br \/>\nTrabajamos con distribuidoras de libros que acercan los libros a las librer\u00edas, pero contamos tambi\u00e9n con las siguientes librerias de apoyo en internet para que ning\u00fan lector se quede sin su libro de poes\u00eda: Libreria GEPA, Libreria Website, La librer\u00eda del escritor, El rinc\u00f3n de los libros.<\/p>\n<p>Informamos de como publicar un libro y el precio de publicar un libro<\/p>\n<p>As\u00ed mismo colaboramos con la Asociaci\u00f3n de editores de poes\u00eda y la Asociaci\u00f3n Madrile\u00f1a de escritores y cr\u00edticos literarios (Cr\u00edtica de Madrid).<\/p>\n<p>Trabajamos con varias imprentas y contamos con nuestra propia imprenta Herederos de Izquierdo y Madrid impresores.<\/p>\n<p>Puedes conocernos en nuestra p\u00e1gina del Grupo Editorial. Contamos con una sede en Madrid y otra en Jumilla (Murcia)<\/p>\n<p>Somos especialitas en la edici\u00f3n del libro de poes\u00eda<\/p>\n<h2>SILVIA CORZO ESCUDERO Considerado como uno de los mejores poetas espa\u00f1oles, algunos afirman que es el mejor poeta espa\u00f1oles es el escritor de 44 D\u00cdAS CONTIGO SIN TI . El poeta conoce el precio de publicar un libro de poes\u00eda con la Editorial Poes\u00eda eres t\u00fa<\/h2>\n<h3>SILVIA CORZO ESCUDERO Considerado como uno de los mejores poetas espa\u00f1oles, algunos afirman que es el mejor poeta espa\u00f1oles es el escritor de 44 D\u00cdAS CONTIGO SIN TI . La poeta sabe como publicar un libro de poes\u00eda con la Editorial Poes\u00eda eres t\u00fa<\/h3>\n<h4>SILVIA CORZO ESCUDERO considerado como uno de los mejores poetas espa\u00f1oles, algunos afirman que es el mejor poeta espa\u00f1ol es el escritor de 44 D\u00cdAS CONTIGO SIN TI . La poeta sabe el precio de publicar un libro de poes\u00eda con la Editorial Poes\u00eda eres t\u00fa<\/h4>\n<p>El Grupo Editorial P\u00e9rez-Ayala, est\u00e1 formado por los siguientes sellos editoriales: Editorial Poes\u00eda eres t\u00fa, Ediciones Rilke Editorial poes\u00eda, Editorial Ediciones Amaniel, Editorial Ediciones Azor\u00edn un sello regional para Alicante y Murcia.<\/p>\n<p>Para ayudar a la promoci\u00f3n de los libros contamos con diferentes plataformas en internet como Poes\u00eda Televisi\u00f3n, libro de poes\u00eda, Club de poes\u00eda, Blog de escritor, Blog de poes\u00eda, Agencia del libro, Nuestras librerias, Publicar libro &#8211; Publicar un libro, Revista Poes\u00eda eres t\u00fa, Antolog\u00edas po\u00e9ticas, Poes\u00eda y poetas.[\/vc_column_text][\/vc_column][\/vc_row][vc_row full_width=&#8221;stretch_row_content_no_spaces&#8221;][vc_column extend=&#8221;false&#8221;][layerslider_vc id=&#8221;1&#8243;][\/vc_column][\/vc_row][vc_row extend=&#8221;false&#8221; design__empty_1=&#8221;&#8221; background=&#8221;&#8221; background_image_type=&#8221;static&#8221; background_image__effect=&#8221;&#8221; bg_size=&#8221;initial&#8221; bg_position=&#8221;center-center&#8221; row_bg_image=&#8221;&#8221; bg_repeat=&#8221;no-repeat&#8221; background_image_type__bg_color=&#8221;rgba(255, 255, 255, 1)&#8221; row_bg_parallax_images=&#8221;&#8221; row_bg_slideshow_images=&#8221;&#8221; background_video_type=&#8221;youtube&#8221; background_video__youtube__url=&#8221;&#8221; background_video__youtube__parallax=&#8221;&#8221; background_video__youtube__options=&#8221;&#8221; background_video__youtube__fallback_image=&#8221;&#8221; background_video__hosted__mp4=&#8221;&#8221; background_video__hosted__webm=&#8221;&#8221; background_video__hosted__ogv=&#8221;&#8221; background_video__hosted__parallax=&#8221;&#8221; background_video__hosted__options=&#8221;&#8221; background_video__hosted__fallback_image=&#8221;&#8221; background_color_type=&#8221;color&#8221; bg__empty_1=&#8221;&#8221; background_color_type__gradient_color1=&#8221;rgba(44, 74, 228, 1)&#8221; background_color_type__gradient_color2=&#8221;rgba(44, 74, 228, 1)&#8221; background_color_type__color_color1=&#8221;rgba(44, 74, 228, 1)&#8221; bg__empty_2=&#8221;&#8221; background_color__effect=&#8221;&#8221; background_color__direction=&#8221;left-to-right&#8221; settings__tag_1=&#8221;&#8221; viewport_lg=&#8221;&#8221; viewport_md=&#8221;&#8221; viewport_sm=&#8221;&#8221; viewport_xs=&#8221;&#8221; settings__empty_1=&#8221;&#8221; version=&#8221;1&#8243;][vc_column width=&#8221;1\/2&#8243; extend=&#8221;false&#8221;]<div class=\"ult-content-box-container \" >\t\t<div class=\"ult-content-box\" style=\"background-color:rgba(255,255,255,0.49);box-shadow: px px 8px px #f2f2f2 none;border-style:none;-webkit-transition: all 700ms ease;-moz-transition: all 700ms ease;-ms-transition: all 700ms ease;-o-transition: all 700ms ease;transition: all 700ms ease;\"  data-hover_box_shadow=\"none\"     data-bg=\"rgba(255,255,255,0.49)\"  data-border_color=\"\" >[vc_column_text css=&#8221;.vc_custom_1621158467179{padding-top: 15% !important;padding-right: 15% !important;padding-bottom: 15% !important;padding-left: 15% !important;}&#8221;]Silvia tiene casi 20 a\u00f1os y le quedan dos para acabar la carrera de Psicolog\u00eda. Empez\u00f3 a escribir con 11 pero no fue hasta los 14 que descubri\u00f3 lo que era realmente la poes\u00eda y no pudo volver a levantar su mano del papel. Dice que le gusta idear mirando a las monta\u00f1as que se ven desde su ventana. Si alg\u00fan d\u00eda pasas por Montcada y Reixac quiz\u00e1 la veas a ella, en ese segundo piso, con un gato en el regazo y el otro intentando morderle el pie.<\/p>\n<p>&nbsp;<\/p>\n<span class='bctt-click-to-tweet'><span class='bctt-ctt-text'><a href='https:\/\/x.com\/intent\/tweet?url=https%3A%2F%2Fnuestrosescritores.com%2Fsilviacorzoescudero%2F&#038;text=SILVIA%20CORZO%20ESCUDERO.%20Escritora.&#038;related' target='_blank'rel=\"noopener noreferrer\">SILVIA CORZO ESCUDERO. Escritora. <\/a><\/span><a href='https:\/\/x.com\/intent\/tweet?url=https%3A%2F%2Fnuestrosescritores.com%2Fsilviacorzoescudero%2F&#038;text=SILVIA%20CORZO%20ESCUDERO.%20Escritora.&#038;related' target='_blank' class='bctt-ctt-btn'rel=\"noopener noreferrer\">Compartir en X<\/a><\/span>[\/vc_column_text]\t\t<\/div><\/div>[\/vc_column][vc_column width=&#8221;1\/2&#8243; extend=&#8221;false&#8221;]<div class=\"gambit_fullheight_row\" data-content-location=\"center\" style=\"display: none\"><\/div><div id=\"rowvcpt-row-settings\" class=\"rowvcpt-row-set RowVcPt-row-setting69f0ce4c6e3e4 \" data-no=\"RowVcPt-row-setting69f0ce4c6e3e4\"><div  id=\"bgGallaryslide69f0ce4c6e3e8\" class=\"rowvcpt-slideshow \"><\/div><script type=\"text\/javascript\">\n(function($) {\n$(\"#bgGallaryslide69f0ce4c6e3e8\").vegas({\n        overlay: \"https:\/\/nuestrosescritores.com\/silviacorzoescudero\/wp-content\/plugins\/ultimate-row-background\/css\/overlays\/0'.esc_attr(1.png).'\",\n        transitionDuration: 4e3,\n        delay: 7000,\n        slides: [{src: \"https:\/\/nuestrosescritores.com\/silviacorzoescudero\/wp-content\/uploads\/sites\/88\/2021\/05\/n_ljhhk8tuk.jpg\",transition: \"fade2\",transitionDuration: 5000},{src: \"https:\/\/nuestrosescritores.com\/silviacorzoescudero\/wp-content\/uploads\/sites\/88\/2021\/05\/b0r0_75s_pa.jpg\",transition: \"fade2\",transitionDuration: 5000},{src: \"https:\/\/nuestrosescritores.com\/silviacorzoescudero\/wp-content\/uploads\/sites\/88\/2021\/05\/hxp_exmupy8.jpg\",transition: \"fade2\",transitionDuration: 5000},{src: \"https:\/\/nuestrosescritores.com\/silviacorzoescudero\/wp-content\/uploads\/sites\/88\/2021\/05\/9moxrkhoohi.jpg\",transition: \"fade2\",transitionDuration: 5000},]\n    });\t\t\n})(jQuery);\n<\/script><div class=\"rowvcpt-overlay\" style=\"background:rgba(255,255,255,0.69)\"><\/div><\/div>[vc_single_image image=&#8221;14&#8243; img_size=&#8221;full&#8221; alignment=&#8221;center&#8221;][\/vc_column][\/vc_row][vc_row][vc_column extend=&#8221;false&#8221;]<div id=\"rowvcpt-row-settings\" class=\"rowvcpt-row-set RowVcPt-row-setting69f0ce4c6ecc9 \" data-no=\"RowVcPt-row-setting69f0ce4c6ecc9\"><div class=\"columns-bg-wrap columns-bg-anim-colors columns-bg-image  columns_animated_bg columns-right-animation\" id=\"RowVcPt-image-bg-69f0ce4c6ecc8\"   data-direction=\"right\" data-parallax_sense=\"30\" src=\"https:\/\/nuestrosescritores.com\/silviacorzoescudero\/wp-content\/uploads\/sites\/88\/2021\/05\/rcsq77hjsxq.jpg\" style=\"background-image: url(https:\/\/nuestrosescritores.com\/silviacorzoescudero\/wp-content\/uploads\/sites\/88\/2021\/05\/rcsq77hjsxq.jpg);background-size: cover;background-attachment: scroll;\"><\/div><\/div><div class=\"gambit_fullheight_row\" data-content-location=\"center\" style=\"display: none\"><\/div>[\/vc_column][\/vc_row][vc_row][vc_column extend=&#8221;false&#8221;]<div class=\"gambit_fullheight_row\" data-content-location=\"center\" style=\"display: none\"><\/div><div id=\"rowvcpt-row-settings\" class=\"rowvcpt-row-set RowVcPt-row-setting69f0ce4c6ef0c \" data-no=\"RowVcPt-row-setting69f0ce4c6ef0c\"><div  id=\"bgGallaryslide69f0ce4c6ef0e\" class=\"rowvcpt-slideshow \"><\/div><script type=\"text\/javascript\">\n(function($) {\n$(\"#bgGallaryslide69f0ce4c6ef0e\").vegas({\n        overlay: \"https:\/\/nuestrosescritores.com\/silviacorzoescudero\/wp-content\/plugins\/ultimate-row-background\/css\/overlays\/0'.esc_attr(2.png).'\",\n        transitionDuration: 4e3,\n        delay: 7000,\n        slides: [{src: \"https:\/\/nuestrosescritores.com\/silviacorzoescudero\/wp-content\/uploads\/sites\/88\/2021\/05\/mqzoo9nyzwm.jpg\",transition: \"fade2\",transitionDuration: 5000},{src: \"https:\/\/nuestrosescritores.com\/silviacorzoescudero\/wp-content\/uploads\/sites\/88\/2021\/05\/tse4faiyc8s.jpg\",transition: \"fade2\",transitionDuration: 5000},{src: \"https:\/\/nuestrosescritores.com\/silviacorzoescudero\/wp-content\/uploads\/sites\/88\/2021\/05\/tkjzqkl1e4y.jpg\",transition: \"fade2\",transitionDuration: 5000},{src: \"https:\/\/nuestrosescritores.com\/silviacorzoescudero\/wp-content\/uploads\/sites\/88\/2021\/05\/d61-vlxv0ek.jpg\",transition: \"fade2\",transitionDuration: 5000},{src: \"https:\/\/nuestrosescritores.com\/silviacorzoescudero\/wp-content\/uploads\/sites\/88\/2021\/05\/qbbwcsclqjy.jpg\",transition: \"fade2\",transitionDuration: 5000},]\n    });\t\t\n})(jQuery);\n<\/script><div class=\"rowvcpt-overlay\" style=\"background:rgba(255,255,255,0.69)\"><\/div><\/div><div id=\"uvc-type-wrap-4582\"  data-ultimate-target='#uvc-type-wrap-4582'  data-responsive-json-new='{\"font-size\":\"\",\"line-height\":\"\"}'  class=\"uvc-type-wrap vc_custom_1621158649681 ult-adjust-bottom-margin ult-responsive  uvc-type-align-center uvc-type-no-prefix uvc-wrap-381539792469f0ce4c6f99e\" style=\"text-align:center;\"><span id=\"typed-381539792469f0ce4c6f99e\" class=\"ultimate-typed-main \" style=\" font-weight:bold; text-transform: unset;\"><\/span><script type=\"text\/javascript\">\n\t\t\t\t\t\tjQuery(function($){ \n\t\t\t\t\t\t\t$(document).ready(function(){\n\t\t\t\t\t\t\t\tif( typeof jQuery(\"#typed-381539792469f0ce4c6f99e\").typed == \"function\"){\n\t\t\t\t\t\t\t\t\t$(\"#typed-381539792469f0ce4c6f99e\").typed({\n\t\t\t\t\t\t\t\t\t\tstrings: [\"No lo entiendo. Me despierto y estoy en un acantilado, sin agua, oigo las olas moverse en el viento y una risa demasiado d\u00e9bil.\",\"\u00bfEres t\u00fa?\",\"No lo entiendo. Estoy en un desierto lleno de nieve y mis brazos se escurren por los granos de arena mientras veo tus ojos en un oasis.\",\"\u00bfEst\u00e1s aqu\u00ed?\"],\n\t\t\t\t\t\t\t\t\t\ttypeSpeed: 35,\n\t\t\t\t\t\t\t\t\t\tbackSpeed: 0,\n\t\t\t\t\t\t\t\t\t\tstartDelay: \"200\",\n\t\t\t\t\t\t\t\t\t\tbackDelay: \"1500\",\n\t\t\t\t\t\t\t\t\t\tloop: true,\n\t\t\t\t\t\t\t\t\t\tloopCount: false,\n\t\t\t\t\t\t\t\t\t\tshowCursor: true,\n\t\t\t\t\t\t\t\t\t\tcursorChar: \"|\",\n\t\t\t\t\t\t\t\t\t\tattr: null\n\t\t\t\t\t\t\t\t\t});\n\t\t\t\t\t\t\t\t}\n\t\t\t\t\t\t\t});\n\t\t\t\t\t\t});\n\t\t\t\t\t<\/script><\/div>[\/vc_column][\/vc_row][vc_row][vc_column extend=&#8221;false&#8221;]<div id=\"rowvcpt-row-settings\" class=\"rowvcpt-row-set RowVcPt-row-setting69f0ce4c6fbe2 \" data-no=\"RowVcPt-row-setting69f0ce4c6fbe2\"><div class=\"columns-bg-wrap columns-bg-anim-colors columns-bg-image  columns_animated_bg columns-left-animation\" id=\"RowVcPt-image-bg-69f0ce4c6fbe1\"   data-direction=\"left\" data-parallax_sense=\"30\" src=\"https:\/\/nuestrosescritores.com\/silviacorzoescudero\/wp-content\/uploads\/sites\/88\/2021\/05\/SilviaCorzoEscudero_SSquare-Mediano.jpg\" style=\"background-image: url(https:\/\/nuestrosescritores.com\/silviacorzoescudero\/wp-content\/uploads\/sites\/88\/2021\/05\/SilviaCorzoEscudero_SSquare-Mediano.jpg);background-size: cover;background-attachment: scroll;\"><\/div><\/div><div class=\"gambit_fullheight_row\" data-content-location=\"center\" style=\"display: none\"><\/div><div class='gambit_parallax_row' data-bg-align='' data-direction='fixed' data-opacity='50' data-velocity='-0.3' data-mobile-enabled='parallax-enable-mobile' data-bg-height='621' data-bg-width='1366' data-bg-image='https:\/\/nuestrosescritores.com\/silviacorzoescudero\/wp-content\/uploads\/sites\/88\/2021\/05\/silvia-corzo2-SSquare_Alargado-Mediano.jpg' data-bg-repeat='false' data-id='' style='display: none'><\/div>[vc_column_text]\n<p style=\"text-align: center;\"><a class=\"fasc-button fasc-size-xlarge fasc-type-glossy fasc-rounded-medium\" style=\"background-color: #2b3336; color: #ffffff;\" href=\"https:\/\/librodepoesia.com\/producto\/44-dias-contigo-sin-ti-silvia-corzo-escudero\/\">COMPRA SUS LIBROS<\/a><\/p>\n[\/vc_column_text][\/vc_column][\/vc_row][vc_row][vc_column extend=&#8221;false&#8221;][vc_column_text css=&#8221;.vc_custom_1617387623105{margin-top: -30000px !important;}&#8221;]\n<h1>SILVIA CORZO ESCUDERO es el escritor de 44 D\u00cdAS CONTIGO SIN TI &nbsp;el escritor y poeta acaba de publicar un libro de poes\u00eda con la Editorial Poes\u00eda eres t\u00fa. Considerado como una de las mejores poetas espa\u00f1olas.<\/h1>\n<p>44 D\u00cdAS CONTIGO SIN TI ha sido escrito por SILVIA CORZO ESCUDERO Considerado como uno de los mejores poetas espa\u00f1oles, algunos afirman que es el mejor poeta espa\u00f1ol. el escritor sabe como publicar un libro de poes\u00eda con la Editorial Poes\u00eda eres t\u00fa<br \/>\nTrabajamos con distribuidoras de libros que acercan los libros a las librer\u00edas, pero contamos tambi\u00e9n con las siguientes librerias de apoyo en internet para que ning\u00fan lector se quede sin su libro de poes\u00eda: Libreria GEPA, Libreria Website, La librer\u00eda del escritor, El rinc\u00f3n de los libros.<\/p>\n<p>Informamos de como publicar un libro y el precio de publicar un libro<\/p>\n<p>As\u00ed mismo colaboramos con la Asociaci\u00f3n de editores de poes\u00eda y la Asociaci\u00f3n Madrile\u00f1a de escritores y cr\u00edticos literarios (Cr\u00edtica de Madrid).<\/p>\n<p>Trabajamos con varias imprentas y contamos con nuestra propia imprenta Herederos de Izquierdo y Madrid impresores.<\/p>\n<p>Puedes conocernos en nuestra p\u00e1gina del Grupo Editorial. Contamos con una sede en Madrid y otra en Jumilla (Murcia)<\/p>\n<p>Somos especialitas en la edici\u00f3n del libro de poes\u00eda<\/p>\n<h2>SILVIA CORZO ESCUDERO Considerado como uno de los mejores poetas espa\u00f1oles, algunos afirman que es el mejor poeta espa\u00f1oles es el escritor de 44 D\u00cdAS CONTIGO SIN TI . El poeta conoce el precio de publicar un libro de poes\u00eda con la Editorial Poes\u00eda eres t\u00fa<\/h2>\n<h3>SILVIA CORZO ESCUDERO Considerado como uno de los mejores poetas espa\u00f1oles, algunos afirman que es el mejor poeta espa\u00f1oles es el escritor de 44 D\u00cdAS CONTIGO SIN TI . La poeta sabe como publicar un libro de poes\u00eda con la Editorial Poes\u00eda eres t\u00fa<\/h3>\n<h4>SILVIA CORZO ESCUDERO considerado como uno de los mejores poetas espa\u00f1oles, algunos afirman que es el mejor poeta espa\u00f1ol es el escritor de 44 D\u00cdAS CONTIGO SIN TI . La poeta sabe el precio de publicar un libro de poes\u00eda con la Editorial Poes\u00eda eres t\u00fa<\/h4>\n<p>El Grupo Editorial P\u00e9rez-Ayala, est\u00e1 formado por los siguientes sellos editoriales: Editorial Poes\u00eda eres t\u00fa, Ediciones Rilke Editorial poes\u00eda, Editorial Ediciones Amaniel, Editorial Ediciones Azor\u00edn un sello regional para Alicante y Murcia.<\/p>\n<p>Para ayudar a la promoci\u00f3n de los libros contamos con diferentes plataformas en internet como Poes\u00eda Televisi\u00f3n, libro de poes\u00eda, Club de poes\u00eda, Blog de escritor, Blog de poes\u00eda, Agencia del libro, Nuestras librerias, Publicar libro &#8211; Publicar un libro, Revista Poes\u00eda eres t\u00fa, Antolog\u00edas po\u00e9ticas, Poes\u00eda y poetas.[\/vc_column_text][\/vc_column][\/vc_row]\n<\/div>","protected":false},"excerpt":{"rendered":"<p>[vc_row][vc_column extend=&#8221;false&#8221;][vc_column_text css=&#8221;.vc_custom_1617387623105{margin-top: -30000px !important;}&#8221;] SILVIA CORZO ESCUDERO es el escritor de 44 D\u00cdAS CONTIGO SIN TI&nbsp; el escritor y poeta acaba de publicar un libro de poes\u00eda con la Editorial Poes\u00eda eres t\u00fa. Considerado como una de las mejores poetas espa\u00f1olas. 44 D\u00cdAS CONTIGO SIN TI ha sido escrito por SILVIA CORZO ESCUDERO Considerado [&hellip;]<\/p>\n","protected":false},"author":1,"featured_media":0,"parent":0,"menu_order":0,"comment_status":"closed","ping_status":"closed","template":"","meta":{"_acf_changed":false,"footnotes":""},"class_list":["post-12","page","type-page","status-publish","hentry"],"acf":[],"yoast_head":"<!-- This site is optimized with the Yoast SEO Premium plugin v24.7 (Yoast SEO v27.4) - https:\/\/yoast.com\/product\/yoast-seo-premium-wordpress\/ -->\n<title>SILVIA CORZO ESCUDERO - Silvia Corzo Escudero<\/title>\n<meta name=\"description\" content=\"SILVIA CORZO ESCUDERO es la escritora del libro de poes\u00eda 44 D\u00cdAS (CONTIGO) SIN TI. Editorial Poes\u00eda eres t\u00fa 2021.\" \/>\n<meta name=\"robots\" content=\"index, follow, max-snippet:-1, max-image-preview:large, max-video-preview:-1\" \/>\n<link rel=\"canonical\" href=\"https:\/\/nuestrosescritores.com\/silviacorzoescudero\/\" \/>\n<meta property=\"og:locale\" content=\"es_ES\" \/>\n<meta property=\"og:type\" content=\"article\" \/>\n<meta property=\"og:title\" content=\"SILVIA CORZO ESCUDERO\" \/>\n<meta property=\"og:description\" content=\"SILVIA CORZO ESCUDERO es el escritor de 44 D\u00cdAS CONTIGO SIN TI&nbsp; el escritor y poeta acaba de publicar un libro de poes\u00eda con la Editorial Poes\u00eda eres\" \/>\n<meta property=\"og:url\" content=\"https:\/\/nuestrosescritores.com\/silviacorzoescudero\/\" \/>\n<meta property=\"og:site_name\" content=\"Silvia Corzo Escudero\" \/>\n<meta property=\"article:modified_time\" content=\"2021-11-03T12:46:19+00:00\" \/>\n<meta name=\"twitter:card\" content=\"summary_large_image\" \/>\n<meta name=\"twitter:label1\" content=\"Tiempo de lectura\" \/>\n\t<meta name=\"twitter:data1\" content=\"5 minutos\" \/>\n<script type=\"application\/ld+json\" class=\"yoast-schema-graph\">{\"@context\":\"https:\\\/\\\/schema.org\",\"@graph\":[{\"@type\":\"WebPage\",\"@id\":\"https:\\\/\\\/nuestrosescritores.com\\\/silviacorzoescudero\\\/\",\"url\":\"https:\\\/\\\/nuestrosescritores.com\\\/silviacorzoescudero\\\/\",\"name\":\"SILVIA CORZO ESCUDERO - Silvia Corzo Escudero\",\"isPartOf\":{\"@id\":\"https:\\\/\\\/nuestrosescritores.com\\\/silviacorzoescudero\\\/#website\"},\"datePublished\":\"2021-05-16T09:51:39+00:00\",\"dateModified\":\"2021-11-03T12:46:19+00:00\",\"description\":\"SILVIA CORZO ESCUDERO es la escritora del libro de poes\u00eda 44 D\u00cdAS (CONTIGO) SIN TI. Editorial Poes\u00eda eres t\u00fa 2021.\",\"breadcrumb\":{\"@id\":\"https:\\\/\\\/nuestrosescritores.com\\\/silviacorzoescudero\\\/#breadcrumb\"},\"inLanguage\":\"es\",\"potentialAction\":[{\"@type\":\"ReadAction\",\"target\":[\"https:\\\/\\\/nuestrosescritores.com\\\/silviacorzoescudero\\\/\"]}]},{\"@type\":\"BreadcrumbList\",\"@id\":\"https:\\\/\\\/nuestrosescritores.com\\\/silviacorzoescudero\\\/#breadcrumb\",\"itemListElement\":[{\"@type\":\"ListItem\",\"position\":1,\"name\":\"Portada\",\"item\":\"https:\\\/\\\/nuestrosescritores.com\\\/silviacorzoescudero\\\/\"},{\"@type\":\"ListItem\",\"position\":2,\"name\":\"SILVIA CORZO ESCUDERO\"}]},{\"@type\":\"WebSite\",\"@id\":\"https:\\\/\\\/nuestrosescritores.com\\\/silviacorzoescudero\\\/#website\",\"url\":\"https:\\\/\\\/nuestrosescritores.com\\\/silviacorzoescudero\\\/\",\"name\":\"Nuestros escritores\",\"description\":\"Escritora\",\"potentialAction\":[{\"@type\":\"SearchAction\",\"target\":{\"@type\":\"EntryPoint\",\"urlTemplate\":\"https:\\\/\\\/nuestrosescritores.com\\\/silviacorzoescudero\\\/?s={search_term_string}\"},\"query-input\":{\"@type\":\"PropertyValueSpecification\",\"valueRequired\":true,\"valueName\":\"search_term_string\"}}],\"inLanguage\":\"es\"}]}<\/script>\n<!-- \/ Yoast SEO Premium plugin. -->","yoast_head_json":{"title":"SILVIA CORZO ESCUDERO - Silvia Corzo Escudero","description":"SILVIA CORZO ESCUDERO es la escritora del libro de poes\u00eda 44 D\u00cdAS (CONTIGO) SIN TI. Editorial Poes\u00eda eres t\u00fa 2021.","robots":{"index":"index","follow":"follow","max-snippet":"max-snippet:-1","max-image-preview":"max-image-preview:large","max-video-preview":"max-video-preview:-1"},"canonical":"https:\/\/nuestrosescritores.com\/silviacorzoescudero\/","og_locale":"es_ES","og_type":"article","og_title":"SILVIA CORZO ESCUDERO","og_description":"SILVIA CORZO ESCUDERO es el escritor de 44 D\u00cdAS CONTIGO SIN TI&nbsp; el escritor y poeta acaba de publicar un libro de poes\u00eda con la Editorial Poes\u00eda eres","og_url":"https:\/\/nuestrosescritores.com\/silviacorzoescudero\/","og_site_name":"Silvia Corzo Escudero","article_modified_time":"2021-11-03T12:46:19+00:00","twitter_card":"summary_large_image","twitter_misc":{"Tiempo de lectura":"5 minutos"},"schema":{"@context":"https:\/\/schema.org","@graph":[{"@type":"WebPage","@id":"https:\/\/nuestrosescritores.com\/silviacorzoescudero\/","url":"https:\/\/nuestrosescritores.com\/silviacorzoescudero\/","name":"SILVIA CORZO ESCUDERO - Silvia Corzo Escudero","isPartOf":{"@id":"https:\/\/nuestrosescritores.com\/silviacorzoescudero\/#website"},"datePublished":"2021-05-16T09:51:39+00:00","dateModified":"2021-11-03T12:46:19+00:00","description":"SILVIA CORZO ESCUDERO es la escritora del libro de poes\u00eda 44 D\u00cdAS (CONTIGO) SIN TI. Editorial Poes\u00eda eres t\u00fa 2021.","breadcrumb":{"@id":"https:\/\/nuestrosescritores.com\/silviacorzoescudero\/#breadcrumb"},"inLanguage":"es","potentialAction":[{"@type":"ReadAction","target":["https:\/\/nuestrosescritores.com\/silviacorzoescudero\/"]}]},{"@type":"BreadcrumbList","@id":"https:\/\/nuestrosescritores.com\/silviacorzoescudero\/#breadcrumb","itemListElement":[{"@type":"ListItem","position":1,"name":"Portada","item":"https:\/\/nuestrosescritores.com\/silviacorzoescudero\/"},{"@type":"ListItem","position":2,"name":"SILVIA CORZO ESCUDERO"}]},{"@type":"WebSite","@id":"https:\/\/nuestrosescritores.com\/silviacorzoescudero\/#website","url":"https:\/\/nuestrosescritores.com\/silviacorzoescudero\/","name":"Nuestros escritores","description":"Escritora","potentialAction":[{"@type":"SearchAction","target":{"@type":"EntryPoint","urlTemplate":"https:\/\/nuestrosescritores.com\/silviacorzoescudero\/?s={search_term_string}"},"query-input":{"@type":"PropertyValueSpecification","valueRequired":true,"valueName":"search_term_string"}}],"inLanguage":"es"}]}},"_links":{"self":[{"href":"https:\/\/nuestrosescritores.com\/silviacorzoescudero\/wp-json\/wp\/v2\/pages\/12","targetHints":{"allow":["GET"]}}],"collection":[{"href":"https:\/\/nuestrosescritores.com\/silviacorzoescudero\/wp-json\/wp\/v2\/pages"}],"about":[{"href":"https:\/\/nuestrosescritores.com\/silviacorzoescudero\/wp-json\/wp\/v2\/types\/page"}],"author":[{"embeddable":true,"href":"https:\/\/nuestrosescritores.com\/silviacorzoescudero\/wp-json\/wp\/v2\/users\/1"}],"replies":[{"embeddable":true,"href":"https:\/\/nuestrosescritores.com\/silviacorzoescudero\/wp-json\/wp\/v2\/comments?post=12"}],"version-history":[{"count":0,"href":"https:\/\/nuestrosescritores.com\/silviacorzoescudero\/wp-json\/wp\/v2\/pages\/12\/revisions"}],"wp:attachment":[{"href":"https:\/\/nuestrosescritores.com\/silviacorzoescudero\/wp-json\/wp\/v2\/media?parent=12"}],"curies":[{"name":"wp","href":"https:\/\/api.w.org\/{rel}","templated":true}]}}