{"id":114,"date":"2022-11-24T16:31:40","date_gmt":"2022-11-24T16:31:40","guid":{"rendered":"https:\/\/nuestrosescritores.com\/pedrojosecorderomoreno\/?page_id=114"},"modified":"2022-11-24T16:37:03","modified_gmt":"2022-11-24T16:37:03","slug":"poesia","status":"publish","type":"page","link":"https:\/\/nuestrosescritores.com\/pedrojosecorderomoreno\/poesia\/","title":{"rendered":"Poes\u00eda"},"content":{"rendered":"<div class=\"wpb-content-wrapper\">[vc_row full_width=&#8221;stretch_row_content_no_spaces&#8221; full_height=&#8221;yes&#8221; equal_height=&#8221;yes&#8221;][vc_column extend=&#8221;false&#8221;]<div id=\"rowvcpt-row-settings\" class=\"rowvcpt-row-set RowVcPt-row-setting69e2085884645 \" data-no=\"RowVcPt-row-setting69e2085884645\"><div class=\"columns-bg-wrap columns-bg-anim-colors columns-bg-image  columns_simple_image\" id=\"RowVcPt-image-bg-69e2085884644\"   data-parallax_sense=\"30\" src=\"https:\/\/nuestrosescritores.com\/pedrojosecorderomoreno\/wp-content\/uploads\/sites\/139\/2022\/11\/xtcrf9fete.jpg\" style=\"background-image: url(https:\/\/nuestrosescritores.com\/pedrojosecorderomoreno\/wp-content\/uploads\/sites\/139\/2022\/11\/xtcrf9fete.jpg);background-position: center center;background-size: cover;background-attachment: fixed;\"><\/div><\/div>[\/vc_column][\/vc_row][vc_row][vc_column extend=&#8221;false&#8221;][vc_column_text]\n<h1><a name=\"_Toc115374954\"><\/a><strong>Recuerdos de granada<\/strong><\/h1>\n<p>&nbsp;<\/p>\n<p>\u2014\u00a1Eh! \u00a1Eh! \u00a1Eh!<\/p>\n<p>&nbsp;<\/p>\n<p>Dej\u00e9 atr\u00e1s la trocha chorreando<\/p>\n<p>p\u00e9talos de rosas rojas,<\/p>\n<p>tras los besos fugaces de las flores<\/p>\n<p>que se clavaban como alfileres<\/p>\n<p>en las suelas de mis sandalias,<\/p>\n<p>que buscaban desgarrar como un primer beso:<\/p>\n<p>anhelos de ni\u00f1o, anhelos de viejo,<\/p>\n<p>pasiones de joven.<\/p>\n<p>Las flores ansiaban cruzar,<\/p>\n<p>las flores ansiaban doler,<\/p>\n<p>las flores amaban, las flores sent\u00edan.<\/p>\n<p>&nbsp;<\/p>\n<p>\u2014\u00a1Eh! \u00a1Eh!<\/p>\n<p>&nbsp;<\/p>\n<p>\u00a1Oh, malditas flores!<\/p>\n<p>Que en mis plantas arden<\/p>\n<p>los alientos que exhalan<\/p>\n<p>sus corolas.<\/p>\n<p>Corolas con p\u00e9talos.<\/p>\n<p>P\u00e9talos de rosas.<\/p>\n<p>Rosas que rozan,<\/p>\n<p>rozan las suelas;<\/p>\n<p>hieren mis plantas<\/p>\n<p>y arde mi sangre.<\/p>\n<p>Pero no cruzan.<\/p>\n<p>&nbsp;<\/p>\n<p>\u2014\u00a1Eh!<\/p>\n<p>&nbsp;<\/p>\n<p>No cruzan.<\/p>\n[&#8230;]\n<p>&nbsp;<\/p>\n<p>&nbsp;<\/p>\n<p>&nbsp;<\/p>\n<span class='bctt-click-to-tweet'><span class='bctt-ctt-text'><a href='https:\/\/x.com\/intent\/tweet?url=https%3A%2F%2Fnuestrosescritores.com%2Fpedrojosecorderomoreno%2Fpoesia%2F&#038;text=Recuerdos%20de%20granada%20del%20libro%20MALUM%20GRANATUM%20de%20LUCAS%20CUERVA&#038;via=poesiaerestu&#038;related=poesiaerestu' target='_blank'rel=\"noopener noreferrer\">Recuerdos de granada del libro MALUM GRANATUM de LUCAS CUERVA <\/a><\/span><a href='https:\/\/x.com\/intent\/tweet?url=https%3A%2F%2Fnuestrosescritores.com%2Fpedrojosecorderomoreno%2Fpoesia%2F&#038;text=Recuerdos%20de%20granada%20del%20libro%20MALUM%20GRANATUM%20de%20LUCAS%20CUERVA&#038;via=poesiaerestu&#038;related=poesiaerestu' target='_blank' class='bctt-ctt-btn'rel=\"noopener noreferrer\">Compartir en X<\/a><\/span>[\/vc_column_text][\/vc_column][\/vc_row][vc_row full_width=&#8221;stretch_row_content_no_spaces&#8221; full_height=&#8221;yes&#8221; equal_height=&#8221;yes&#8221;][vc_column extend=&#8221;false&#8221;]<div id=\"rowvcpt-row-settings\" class=\"rowvcpt-row-set RowVcPt-row-setting69e2085884cba \" data-no=\"RowVcPt-row-setting69e2085884cba\"><div class=\"columns-bg-wrap columns-bg-anim-colors columns-bg-image  columns_simple_image\" id=\"RowVcPt-image-bg-69e2085884cb9\"   data-parallax_sense=\"30\" src=\"https:\/\/nuestrosescritores.com\/pedrojosecorderomoreno\/wp-content\/uploads\/sites\/139\/2022\/11\/eow3pt3quom.jpg\" style=\"background-image: url(https:\/\/nuestrosescritores.com\/pedrojosecorderomoreno\/wp-content\/uploads\/sites\/139\/2022\/11\/eow3pt3quom.jpg);background-position: center center;background-size: cover;background-attachment: fixed;\"><\/div><\/div>[\/vc_column][\/vc_row][vc_row][vc_column extend=&#8221;false&#8221;][vc_column_text]\n<h1><a name=\"_Toc115374958\"><\/a><strong>Im\u00e1genes<\/strong><\/h1>\n<p>&nbsp;<\/p>\n<p>Recuerdos clavados<\/p>\n<p>en tus ojos, tus retinas,<\/p>\n<p>que jam\u00e1s olvidar\u00e1n los viejos tiempos.<\/p>\n<p>Hasta el d\u00eda en que partas<\/p>\n<p>a otro mundo, a otra historia,<\/p>\n<p>cuando las viejas memorias<\/p>\n<p>busquen tu reconquista,<\/p>\n<p>y no sepas entender<\/p>\n<p>la distancia hist\u00f3rica que te separa<\/p>\n<p>de tu antiguo ser.<\/p>\n<p>Ser de agua, que camina por las plazas,<\/p>\n<p>que conquista nuevas fronteras,<\/p>\n<p>que flota sobre el viento,<\/p>\n<p>que camina por las aguas<\/p>\n<p>que vuela por la tierra<\/p>\n<p>buscando la muerte,<\/p>\n<p>suplicando por las desdichas,<\/p>\n<p>retozando en las aceras,<\/p>\n<p>escondi\u00e9ndose en los Matorrales<\/p>\n<p>y sufriendo por las Erillas.<\/p>\n<p>&nbsp;<\/p>\n<span class='bctt-click-to-tweet'><span class='bctt-ctt-text'><a href='https:\/\/x.com\/intent\/tweet?url=https%3A%2F%2Fnuestrosescritores.com%2Fpedrojosecorderomoreno%2Fpoesia%2F&#038;text=Im%C3%A1genes%20del%20libro%20MALUM%20GRANATUM%20de%20PEDRO%20JOS%C3%89%20CORDERO%20MORENO&#038;via=poesiaerestu&#038;related=poesiaerestu' target='_blank'rel=\"noopener noreferrer\">Im\u00e1genes del libro MALUM GRANATUM de PEDRO JOS\u00c9 CORDERO MORENO <\/a><\/span><a href='https:\/\/x.com\/intent\/tweet?url=https%3A%2F%2Fnuestrosescritores.com%2Fpedrojosecorderomoreno%2Fpoesia%2F&#038;text=Im%C3%A1genes%20del%20libro%20MALUM%20GRANATUM%20de%20PEDRO%20JOS%C3%89%20CORDERO%20MORENO&#038;via=poesiaerestu&#038;related=poesiaerestu' target='_blank' class='bctt-ctt-btn'rel=\"noopener noreferrer\">Compartir en X<\/a><\/span>\n<p>&nbsp;<\/p>\n<p>&nbsp;[\/vc_column_text][\/vc_column][\/vc_row][vc_row full_width=&#8221;stretch_row_content_no_spaces&#8221; full_height=&#8221;yes&#8221; equal_height=&#8221;yes&#8221;][vc_column extend=&#8221;false&#8221;]<div id=\"rowvcpt-row-settings\" class=\"rowvcpt-row-set RowVcPt-row-setting69e2085885090 \" data-no=\"RowVcPt-row-setting69e2085885090\"><div class=\"columns-bg-wrap columns-bg-anim-colors columns-bg-image  columns_simple_image\" id=\"RowVcPt-image-bg-69e208588508f\"   data-parallax_sense=\"30\" src=\"https:\/\/nuestrosescritores.com\/pedrojosecorderomoreno\/wp-content\/uploads\/sites\/139\/2022\/11\/x7n8kmjop5s.jpg\" style=\"background-image: url(https:\/\/nuestrosescritores.com\/pedrojosecorderomoreno\/wp-content\/uploads\/sites\/139\/2022\/11\/x7n8kmjop5s.jpg);background-position: center center;background-size: cover;background-attachment: fixed;\"><\/div><\/div>[\/vc_column][\/vc_row][vc_row][vc_column extend=&#8221;false&#8221;][vc_column_text]\n<h1><a name=\"_Toc115374971\"><\/a><strong>La pena<\/strong><\/h1>\n<p>&nbsp;<\/p>\n<p>La pena que llevo por dentro<\/p>\n<p>tiene que aprender a volar,<\/p>\n<p>se la llevar\u00e1 el aire que mis pulmones ya no quieren.<\/p>\n<p>&nbsp;<\/p>\n<p>Con el humo de un pitillo,<\/p>\n<p>vuelo por el cielo,<\/p>\n<p>y llego al lugar<\/p>\n<p>donde los sue\u00f1os se hacen realidad.<\/p>\n<p>&nbsp;<\/p>\n<p>Pero cuando aterrizo,<\/p>\n<p>descubro que nada de aquello era de verdad.<\/p>\n<p>Y sufro.<\/p>\n<p>&nbsp;<\/p>\n<p>Hoy no ser\u00e1 ese d\u00eda.<\/p>\n<p>Hoy so\u00f1ar\u00e9 con la realidad<\/p>\n<p>\u00bfQu\u00e9 digo?<\/p>\n<p>\u00a1La vivir\u00e9!<\/p>\n<p>&nbsp;<\/p>\n<p>Descubrir\u00e9 entonces que,<\/p>\n<p>caminando por la tierra,<\/p>\n<p>soy mejor y m\u00e1s feliz<\/p>\n<p>que volando por el cielo.<\/p>\n<p>Porque lo real es lo que tengo de verdad.<\/p>\n<p>&nbsp;<\/p>\n<p>\u00a1Viva la vida!<\/p>\n<p>\u00a1Viva la realidad!<\/p>\n<p>\u00a1Viva t\u00fa, y viva tu hermana!<\/p>\n<p>&nbsp;<\/p>\n<p>\u00a1Alegr\u00eda!<\/p>\n<p>&nbsp;<\/p>\n<p>&nbsp;<\/p>\n<span class='bctt-click-to-tweet'><span class='bctt-ctt-text'><a href='https:\/\/x.com\/intent\/tweet?url=https%3A%2F%2Fnuestrosescritores.com%2Fpedrojosecorderomoreno%2Fpoesia%2F&#038;text=%C2%ABLa%20pena%20del%20libro%20MALUM%20GRANATUM%20de%20PEDRO%20JOS%C3%89%20CORDERO%20MORENO&#038;via=poesiaerestu&#038;related=poesiaerestu' target='_blank'rel=\"noopener noreferrer\">\u00abLa pena del libro MALUM GRANATUM de PEDRO JOS\u00c9 CORDERO MORENO <\/a><\/span><a href='https:\/\/x.com\/intent\/tweet?url=https%3A%2F%2Fnuestrosescritores.com%2Fpedrojosecorderomoreno%2Fpoesia%2F&#038;text=%C2%ABLa%20pena%20del%20libro%20MALUM%20GRANATUM%20de%20PEDRO%20JOS%C3%89%20CORDERO%20MORENO&#038;via=poesiaerestu&#038;related=poesiaerestu' target='_blank' class='bctt-ctt-btn'rel=\"noopener noreferrer\">Compartir en X<\/a><\/span>\n<p>&nbsp;<\/p>\n<p>&nbsp;[\/vc_column_text][\/vc_column][\/vc_row][vc_row full_width=&#8221;stretch_row_content_no_spaces&#8221; full_height=&#8221;yes&#8221; equal_height=&#8221;yes&#8221;][vc_column extend=&#8221;false&#8221;]<div id=\"rowvcpt-row-settings\" class=\"rowvcpt-row-set RowVcPt-row-setting69e2085885431 \" data-no=\"RowVcPt-row-setting69e2085885431\"><div class=\"columns-bg-wrap columns-bg-anim-colors columns-bg-image  columns_simple_image\" id=\"RowVcPt-image-bg-69e2085885430\"   data-parallax_sense=\"30\" src=\"https:\/\/nuestrosescritores.com\/pedrojosecorderomoreno\/wp-content\/uploads\/sites\/139\/2022\/11\/ubj9jmeedza.jpg\" style=\"background-image: url(https:\/\/nuestrosescritores.com\/pedrojosecorderomoreno\/wp-content\/uploads\/sites\/139\/2022\/11\/ubj9jmeedza.jpg);background-position: center center;background-size: cover;background-attachment: fixed;\"><\/div><\/div>[\/vc_column][\/vc_row][vc_row][vc_column extend=&#8221;false&#8221;][vc_column_text]\n<h1><a name=\"_Toc115374985\"><\/a><strong>La piedra<\/strong><\/h1>\n<p>&nbsp;<\/p>\n<p>Vivi\u00f3 una piedra,<\/p>\n<p>pulida con el tiempo.<\/p>\n<p>&nbsp;<\/p>\n<p>\u2014Querida nieta\u2026<\/p>\n<p>&nbsp;<\/p>\n<p>Se clavaron sus<\/p>\n<p>cansadas pupilas<\/p>\n<p>en sus ojos secos.<\/p>\n<p>&nbsp;<\/p>\n<p>\u2014Bailar\u00e1s tan dulcemente<\/p>\n<p>por los valles de la Sierra\u2026<\/p>\n<p>Yo te acompa\u00f1ar\u00e9 siempre,<\/p>\n<p>te guiar\u00e9 en tus pasos.<\/p>\n<p>&nbsp;<\/p>\n<p>Tan joven y tan dulce\u2026<\/p>\n<p>le pesaban los a\u00f1os.<\/p>\n<p>&nbsp;<\/p>\n<p>\u2014\u00a1Sobrevive, muchacha!<\/p>\n<p>\u00a1No dejes que te lleven!<\/p>\n<p>\u00a1Ni las olas del mar<\/p>\n<p>ni el viento embaucador,<\/p>\n<p>al fat\u00eddico encuentro con la orilla!<\/p>\n<p>\u00a1Huye! \u00a1Vive! \u00a1S\u00e9 feliz!<\/p>\n<p>&nbsp;<\/p>\n<p>Feliz la miraba<\/p>\n<p>despu\u00e9s de nacer,<\/p>\n<p>conociendo que la vida<\/p>\n<p>solo dura dos d\u00edas.<\/p>\n<p>&nbsp;<\/p>\n<p>\u2014\u00a1Despierta!<\/p>\n<p>&nbsp;<\/p>\n<span class='bctt-click-to-tweet'><span class='bctt-ctt-text'><a href='https:\/\/x.com\/intent\/tweet?url=https%3A%2F%2Fnuestrosescritores.com%2Fpedrojosecorderomoreno%2Fpoesia%2F&#038;text=La%20piedra%20del%20libro%20MALUM%20GRANATUM%20de%20PEDRO%20JOS%C3%89%20CORDERO%20MORENO&#038;via=poesiaerestu&#038;related=poesiaerestu' target='_blank'rel=\"noopener noreferrer\">La piedra del libro MALUM GRANATUM de PEDRO JOS\u00c9 CORDERO MORENO <\/a><\/span><a href='https:\/\/x.com\/intent\/tweet?url=https%3A%2F%2Fnuestrosescritores.com%2Fpedrojosecorderomoreno%2Fpoesia%2F&#038;text=La%20piedra%20del%20libro%20MALUM%20GRANATUM%20de%20PEDRO%20JOS%C3%89%20CORDERO%20MORENO&#038;via=poesiaerestu&#038;related=poesiaerestu' target='_blank' class='bctt-ctt-btn'rel=\"noopener noreferrer\">Compartir en X<\/a><\/span>\n<p>&nbsp;<\/p>\n<p>&nbsp;[\/vc_column_text][\/vc_column][\/vc_row][vc_row full_height=&#8221;yes&#8221; equal_height=&#8221;yes&#8221;][vc_column extend=&#8221;false&#8221;]<div id=\"rowvcpt-row-settings\" class=\"rowvcpt-row-set RowVcPt-row-setting69e208588577d \" data-no=\"RowVcPt-row-setting69e208588577d\"><div class=\"columns-bg-wrap columns-bg-anim-colors columns-bg-image  columns_simple_image\" id=\"RowVcPt-image-bg-69e208588577c\"   data-parallax_sense=\"30\" src=\"https:\/\/nuestrosescritores.com\/pedrojosecorderomoreno\/wp-content\/uploads\/sites\/139\/2022\/11\/Imagen-Pedro-Jose-Cordero-MorenoSSquare_Alargado-Mediano.png\" style=\"background-image: url(https:\/\/nuestrosescritores.com\/pedrojosecorderomoreno\/wp-content\/uploads\/sites\/139\/2022\/11\/Imagen-Pedro-Jose-Cordero-MorenoSSquare_Alargado-Mediano.png);background-position: center center;background-size: cover;background-attachment: fixed;\"><\/div><\/div><div class=\"ult-spacer spacer-69e2085885a24\" data-id=\"69e2085885a24\" data-height=\"150\" data-height-mobile=\"150\" data-height-tab=\"150\" data-height-tab-portrait=\"\" data-height-mobile-landscape=\"\" style=\"clear:both;display:block;\"><\/div>[vc_column_text]\n<p style=\"text-align: center;\"><a class=\"fasc-button fasc-size-xlarge fasc-type-glossy fasc-rounded-medium\" style=\"background-color: #33809e; color: #ffffff;\" href=\"https:\/\/librodepoesia.com\/libro\/malum-granatum-pedro-jose-cordero-moreno-autor-portada-marcos-atienza-atienza\/\">Comprar el libro<\/a><\/p>\n[\/vc_column_text][\/vc_column][\/vc_row]\n<\/div>","protected":false},"excerpt":{"rendered":"<p>[vc_row full_width=&#8221;stretch_row_content_no_spaces&#8221; full_height=&#8221;yes&#8221; equal_height=&#8221;yes&#8221;][vc_column extend=&#8221;false&#8221;][\/vc_column][\/vc_row][vc_row][vc_column extend=&#8221;false&#8221;][vc_column_text] Recuerdos de granada &nbsp; \u2014\u00a1Eh! \u00a1Eh! \u00a1Eh! &nbsp; Dej\u00e9 atr\u00e1s la trocha chorreando p\u00e9talos de rosas rojas, tras los besos fugaces de las flores que se clavaban como alfileres en las suelas de mis sandalias, que buscaban desgarrar como un primer beso: anhelos de ni\u00f1o, anhelos de viejo, pasiones [&hellip;]<\/p>\n","protected":false},"author":1,"featured_media":0,"parent":0,"menu_order":0,"comment_status":"closed","ping_status":"closed","template":"","meta":{"_acf_changed":false,"footnotes":""},"class_list":["post-114","page","type-page","status-publish","hentry"],"acf":[],"yoast_head":"<!-- This site is optimized with the Yoast SEO Premium plugin v24.7 (Yoast SEO v27.4) - https:\/\/yoast.com\/product\/yoast-seo-premium-wordpress\/ -->\n<title>Poes\u00eda - Pedro Jos\u00e9 Cordero Moreno<\/title>\n<meta name=\"description\" content=\"Poes\u00eda del libro MALUM GRANATUM de PEDRO JOS\u00c9 CORDERO MORENO. El escritor nos da una muestra de su poes\u00eda tras publicar un libro.\" \/>\n<meta name=\"robots\" content=\"index, follow, max-snippet:-1, max-image-preview:large, max-video-preview:-1\" \/>\n<link rel=\"canonical\" href=\"https:\/\/nuestrosescritores.com\/pedrojosecorderomoreno\/poesia\/\" \/>\n<meta property=\"og:locale\" content=\"es_ES\" \/>\n<meta property=\"og:type\" content=\"article\" \/>\n<meta property=\"og:title\" content=\"Poes\u00eda\" \/>\n<meta property=\"og:description\" content=\"Poes\u00eda del libro MALUM GRANATUM de PEDRO JOS\u00c9 CORDERO MORENO. El escritor nos da una muestra de su poes\u00eda tras publicar un libro.\" \/>\n<meta property=\"og:url\" content=\"https:\/\/nuestrosescritores.com\/pedrojosecorderomoreno\/poesia\/\" \/>\n<meta property=\"og:site_name\" content=\"Pedro Jos\u00e9 Cordero Moreno\" \/>\n<meta property=\"article:modified_time\" content=\"2022-11-24T16:37:03+00:00\" \/>\n<meta name=\"twitter:card\" content=\"summary_large_image\" \/>\n<meta name=\"twitter:label1\" content=\"Tiempo de lectura\" \/>\n\t<meta name=\"twitter:data1\" content=\"3 minutos\" \/>\n<script type=\"application\/ld+json\" class=\"yoast-schema-graph\">{\"@context\":\"https:\\\/\\\/schema.org\",\"@graph\":[{\"@type\":\"WebPage\",\"@id\":\"https:\\\/\\\/nuestrosescritores.com\\\/pedrojosecorderomoreno\\\/poesia\\\/\",\"url\":\"https:\\\/\\\/nuestrosescritores.com\\\/pedrojosecorderomoreno\\\/poesia\\\/\",\"name\":\"Poes\u00eda - Pedro Jos\u00e9 Cordero Moreno\",\"isPartOf\":{\"@id\":\"https:\\\/\\\/nuestrosescritores.com\\\/pedrojosecorderomoreno\\\/#website\"},\"datePublished\":\"2022-11-24T16:31:40+00:00\",\"dateModified\":\"2022-11-24T16:37:03+00:00\",\"description\":\"Poes\u00eda del libro MALUM GRANATUM de PEDRO JOS\u00c9 CORDERO MORENO. El escritor nos da una muestra de su poes\u00eda tras publicar un libro.\",\"breadcrumb\":{\"@id\":\"https:\\\/\\\/nuestrosescritores.com\\\/pedrojosecorderomoreno\\\/poesia\\\/#breadcrumb\"},\"inLanguage\":\"es\",\"potentialAction\":[{\"@type\":\"ReadAction\",\"target\":[\"https:\\\/\\\/nuestrosescritores.com\\\/pedrojosecorderomoreno\\\/poesia\\\/\"]}]},{\"@type\":\"BreadcrumbList\",\"@id\":\"https:\\\/\\\/nuestrosescritores.com\\\/pedrojosecorderomoreno\\\/poesia\\\/#breadcrumb\",\"itemListElement\":[{\"@type\":\"ListItem\",\"position\":1,\"name\":\"Portada\",\"item\":\"https:\\\/\\\/nuestrosescritores.com\\\/pedrojosecorderomoreno\\\/\"},{\"@type\":\"ListItem\",\"position\":2,\"name\":\"Poes\u00eda\"}]},{\"@type\":\"WebSite\",\"@id\":\"https:\\\/\\\/nuestrosescritores.com\\\/pedrojosecorderomoreno\\\/#website\",\"url\":\"https:\\\/\\\/nuestrosescritores.com\\\/pedrojosecorderomoreno\\\/\",\"name\":\"Nuestros escritores\",\"description\":\"Escritor\",\"potentialAction\":[{\"@type\":\"SearchAction\",\"target\":{\"@type\":\"EntryPoint\",\"urlTemplate\":\"https:\\\/\\\/nuestrosescritores.com\\\/pedrojosecorderomoreno\\\/?s={search_term_string}\"},\"query-input\":{\"@type\":\"PropertyValueSpecification\",\"valueRequired\":true,\"valueName\":\"search_term_string\"}}],\"inLanguage\":\"es\"}]}<\/script>\n<!-- \/ Yoast SEO Premium plugin. -->","yoast_head_json":{"title":"Poes\u00eda - Pedro Jos\u00e9 Cordero Moreno","description":"Poes\u00eda del libro MALUM GRANATUM de PEDRO JOS\u00c9 CORDERO MORENO. El escritor nos da una muestra de su poes\u00eda tras publicar un libro.","robots":{"index":"index","follow":"follow","max-snippet":"max-snippet:-1","max-image-preview":"max-image-preview:large","max-video-preview":"max-video-preview:-1"},"canonical":"https:\/\/nuestrosescritores.com\/pedrojosecorderomoreno\/poesia\/","og_locale":"es_ES","og_type":"article","og_title":"Poes\u00eda","og_description":"Poes\u00eda del libro MALUM GRANATUM de PEDRO JOS\u00c9 CORDERO MORENO. El escritor nos da una muestra de su poes\u00eda tras publicar un libro.","og_url":"https:\/\/nuestrosescritores.com\/pedrojosecorderomoreno\/poesia\/","og_site_name":"Pedro Jos\u00e9 Cordero Moreno","article_modified_time":"2022-11-24T16:37:03+00:00","twitter_card":"summary_large_image","twitter_misc":{"Tiempo de lectura":"3 minutos"},"schema":{"@context":"https:\/\/schema.org","@graph":[{"@type":"WebPage","@id":"https:\/\/nuestrosescritores.com\/pedrojosecorderomoreno\/poesia\/","url":"https:\/\/nuestrosescritores.com\/pedrojosecorderomoreno\/poesia\/","name":"Poes\u00eda - Pedro Jos\u00e9 Cordero Moreno","isPartOf":{"@id":"https:\/\/nuestrosescritores.com\/pedrojosecorderomoreno\/#website"},"datePublished":"2022-11-24T16:31:40+00:00","dateModified":"2022-11-24T16:37:03+00:00","description":"Poes\u00eda del libro MALUM GRANATUM de PEDRO JOS\u00c9 CORDERO MORENO. El escritor nos da una muestra de su poes\u00eda tras publicar un libro.","breadcrumb":{"@id":"https:\/\/nuestrosescritores.com\/pedrojosecorderomoreno\/poesia\/#breadcrumb"},"inLanguage":"es","potentialAction":[{"@type":"ReadAction","target":["https:\/\/nuestrosescritores.com\/pedrojosecorderomoreno\/poesia\/"]}]},{"@type":"BreadcrumbList","@id":"https:\/\/nuestrosescritores.com\/pedrojosecorderomoreno\/poesia\/#breadcrumb","itemListElement":[{"@type":"ListItem","position":1,"name":"Portada","item":"https:\/\/nuestrosescritores.com\/pedrojosecorderomoreno\/"},{"@type":"ListItem","position":2,"name":"Poes\u00eda"}]},{"@type":"WebSite","@id":"https:\/\/nuestrosescritores.com\/pedrojosecorderomoreno\/#website","url":"https:\/\/nuestrosescritores.com\/pedrojosecorderomoreno\/","name":"Nuestros escritores","description":"Escritor","potentialAction":[{"@type":"SearchAction","target":{"@type":"EntryPoint","urlTemplate":"https:\/\/nuestrosescritores.com\/pedrojosecorderomoreno\/?s={search_term_string}"},"query-input":{"@type":"PropertyValueSpecification","valueRequired":true,"valueName":"search_term_string"}}],"inLanguage":"es"}]}},"_links":{"self":[{"href":"https:\/\/nuestrosescritores.com\/pedrojosecorderomoreno\/wp-json\/wp\/v2\/pages\/114","targetHints":{"allow":["GET"]}}],"collection":[{"href":"https:\/\/nuestrosescritores.com\/pedrojosecorderomoreno\/wp-json\/wp\/v2\/pages"}],"about":[{"href":"https:\/\/nuestrosescritores.com\/pedrojosecorderomoreno\/wp-json\/wp\/v2\/types\/page"}],"author":[{"embeddable":true,"href":"https:\/\/nuestrosescritores.com\/pedrojosecorderomoreno\/wp-json\/wp\/v2\/users\/1"}],"replies":[{"embeddable":true,"href":"https:\/\/nuestrosescritores.com\/pedrojosecorderomoreno\/wp-json\/wp\/v2\/comments?post=114"}],"version-history":[{"count":0,"href":"https:\/\/nuestrosescritores.com\/pedrojosecorderomoreno\/wp-json\/wp\/v2\/pages\/114\/revisions"}],"wp:attachment":[{"href":"https:\/\/nuestrosescritores.com\/pedrojosecorderomoreno\/wp-json\/wp\/v2\/media?parent=114"}],"curies":[{"name":"wp","href":"https:\/\/api.w.org\/{rel}","templated":true}]}}