{"id":38,"date":"2023-11-04T18:09:12","date_gmt":"2023-11-04T17:09:12","guid":{"rendered":"https:\/\/nuestrosescritores.com\/pedroenriquez\/?page_id=38"},"modified":"2023-11-04T20:43:37","modified_gmt":"2023-11-04T19:43:37","slug":"david-zaafra","status":"publish","type":"page","link":"https:\/\/nuestrosescritores.com\/pedroenriquez\/david-zaafra\/","title":{"rendered":"DAVID ZAAFRA"},"content":{"rendered":"\t\t<div data-elementor-type=\"wp-page\" data-elementor-id=\"38\" class=\"elementor elementor-38\">\n\t\t\t\t\t\t<section class=\"elementor-section elementor-top-section elementor-element elementor-element-6e8809d9 elementor-section-full_width elementor-section-height-default elementor-section-height-default\" data-id=\"6e8809d9\" data-element_type=\"section\" data-e-type=\"section\">\n\t\t\t\t\t\t<div class=\"elementor-container elementor-column-gap-default\">\n\t\t\t\t\t<div class=\"aux-parallax-section elementor-column elementor-col-100 elementor-top-column elementor-element elementor-element-78ea6360\" data-id=\"78ea6360\" data-element_type=\"column\" data-e-type=\"column\">\n\t\t\t<div class=\"elementor-widget-wrap elementor-element-populated\">\n\t\t\t\t\t\t<div class=\"elementor-element elementor-element-4415d146 elementor-widget elementor-widget-layerslider\" data-id=\"4415d146\" data-element_type=\"widget\" data-e-type=\"widget\" data-widget_type=\"layerslider.default\">\n\t\t\t\t<div class=\"elementor-widget-container\">\n\t\t\t\t\t<script type=\"text\/javascript\">jQuery(function() { _initLayerSlider( '#layerslider_1_e2zfz28z5q8s', {createdWith: '7.9.5', sliderVersion: '7.9.5', skin: 'v6', useSrcset: true, skinsPath: 'https:\/\/nuestrosescritores.com\/pedroenriquez\/wp-content\/plugins\/LayerSlider\/assets\/static\/layerslider\/skins\/', performanceMode: true}); });<\/script><div id=\"layerslider_1_e2zfz28z5q8s\"  class=\"ls-wp-container fitvidsignore ls-selectable\" style=\"width:1280px;height:720px;margin:0 auto;\"><div class=\"ls-slide\" ><ls-layer style=\"width:1280px;height:720px;top:0px;left:0px;\" class=\"ls-l ls-media-layer\" data-ls=\"autoplay:instant;showinfo:enabled;controls:enabled;muted:enabled;\"><iframe width=\"560\" height=\"315\" frameborder=\"0\" allowfullscreen data-src=\"https:\/\/www.youtube.com\/embed\/dA9pEDsOMaA\"><\/iframe><\/ls-layer><\/div><\/div>\t\t\t\t<\/div>\n\t\t\t\t<\/div>\n\t\t\t\t\t<\/div>\n\t\t<\/div>\n\t\t\t\t\t<\/div>\n\t\t<\/section>\n\t\t\t\t<section class=\"elementor-section elementor-top-section elementor-element elementor-element-559a2ebf elementor-section-full_width elementor-section-height-full elementor-section-height-default elementor-section-items-middle\" data-id=\"559a2ebf\" data-element_type=\"section\" data-e-type=\"section\" data-settings=\"{&quot;background_background&quot;:&quot;slideshow&quot;,&quot;background_slideshow_gallery&quot;:[{&quot;id&quot;:12,&quot;url&quot;:&quot;http:\\\/\\\/nuestrosescritores.com\\\/pedroenriquez\\\/wp-content\\\/uploads\\\/sites\\\/164\\\/2023\\\/11\\\/i2vjsirklty.jpg&quot;},{&quot;id&quot;:13,&quot;url&quot;:&quot;http:\\\/\\\/nuestrosescritores.com\\\/pedroenriquez\\\/wp-content\\\/uploads\\\/sites\\\/164\\\/2023\\\/11\\\/5e4tij8culg.jpg&quot;},{&quot;id&quot;:14,&quot;url&quot;:&quot;http:\\\/\\\/nuestrosescritores.com\\\/pedroenriquez\\\/wp-content\\\/uploads\\\/sites\\\/164\\\/2023\\\/11\\\/dngibpz90tg.jpg&quot;},{&quot;id&quot;:15,&quot;url&quot;:&quot;http:\\\/\\\/nuestrosescritores.com\\\/pedroenriquez\\\/wp-content\\\/uploads\\\/sites\\\/164\\\/2023\\\/11\\\/ppbu4tc9ho.jpg&quot;}],&quot;background_slideshow_ken_burns&quot;:&quot;yes&quot;,&quot;background_slideshow_loop&quot;:&quot;yes&quot;,&quot;background_slideshow_slide_duration&quot;:5000,&quot;background_slideshow_slide_transition&quot;:&quot;fade&quot;,&quot;background_slideshow_transition_duration&quot;:500,&quot;background_slideshow_ken_burns_zoom_direction&quot;:&quot;in&quot;}\">\n\t\t\t\t\t\t\t<div class=\"elementor-background-overlay\"><\/div>\n\t\t\t\t\t\t\t<div class=\"elementor-container elementor-column-gap-no\">\n\t\t\t\t\t<div class=\"aux-parallax-section elementor-column elementor-col-50 elementor-top-column elementor-element elementor-element-340f71d9\" data-id=\"340f71d9\" data-element_type=\"column\" data-e-type=\"column\">\n\t\t\t<div class=\"elementor-widget-wrap elementor-element-populated\">\n\t\t\t\t\t\t<div class=\"elementor-element elementor-element-698553ae elementor-invisible elementor-widget elementor-widget-text-editor\" data-id=\"698553ae\" data-element_type=\"widget\" data-e-type=\"widget\" data-settings=\"{&quot;_animation&quot;:&quot;fadeIn&quot;,&quot;_animation_delay&quot;:20}\" data-widget_type=\"text-editor.default\">\n\t\t\t\t<div class=\"elementor-widget-container\">\n\t\t\t\t\t\t\t\t\t<p><strong>DAVID GONZ\u00c1LEZ L\u00d3PEZ \u201cZAAFRA\u201d<\/strong> (Granada 1948-2017). Pintor, artista pl\u00e1stico e ilustrador, conocido como \u201cZaafra\u201d, fue autodidacta y un artista que si bien se aplic\u00f3 sobre varios estilos (hiperrealismo, impresionismo, expresionismo, arte abstracto, mat\u00e9rico) no se le puede encasillar en uno de ellos; labor que desarroll\u00f3 en pa\u00edses como Francia, Alemania, Holanda, B\u00e9lgica y Suiza. De su inquietud por la experimentaci\u00f3n da cuenta su dedicaci\u00f3n al dibujo, a la pintura, a la escultura, a los tapices, a la cer\u00e1mica, la pintura mural y al grabado.<\/p><p>\u00a0\u00a0\u00a0\u00a0\u00a0\u00a0\u00a0\u00a0\u00a0\u00a0\u00a0 Una vez terminada la carrera de Arquitectura t\u00e9cnica se afinc\u00f3 en Gerona para luego trasladarse a Suiza para regresar a su ciudad natal en 1983.<\/p><p>\u00a0\u00a0\u00a0\u00a0\u00a0\u00a0\u00a0\u00a0\u00a0\u00a0\u00a0 Son muchas las exposiciones individuales en las que se pudo disfrutar de su arte: en el Centro Cultural de Madrid, Casa Elizalde de Barcelona, Centro Cultura Manuel de Falle de Granada, Centro Cultural Gran Capit\u00e1n de Granada, Exposiciones itinerantes por Espa\u00f1a, XIX y XXVI Congresos Internacionales de Arte Flamenco, XVII Festival Internacional de Jazz de Granada.<\/p><p>Es autor de m\u00e1s de mil retratos, entre los que destacan el realizado a personajes del mundo flamenco y de personajes del mundo de la cultura y de la historia de Espa\u00f1a: el rey em\u00e9rito Juan Carlos I, Juan Pablo II, los premios Nobel Severo Ochoa y \u00d3scar Arias, Luis Rosales, Montserrat Caball\u00e9, Manuel de Falla, Federico Garc\u00eda Lorca, Paco de Luc\u00eda y Camar\u00f3n de la Isla&#8230;<\/p><p>Tambi\u00e9n encontr\u00f3 inspiraci\u00f3n en la literatura, ilustrando obras de cl\u00e1sicos universales como Miguel de Cervantes, Francisco de Quevedo y Washington Irving.<\/p><p>Algunos de sus monumentos escult\u00f3ricos son el Monumento al Donante de Sangre (Alfacar) y el Monumento al Piki (cante jondo, en la Plaza de la Victoria de Granada).<\/p><p>En el mundo de los toros, es autor de las litograf\u00edas que componen la publicaci\u00f3n <em>Manolete in memoriam<\/em> (2011) con poemas de Guillermo Sena Medina.<\/p><p><span class='bctt-click-to-tweet'><span class='bctt-ctt-text'><a href='https:\/\/x.com\/intent\/tweet?url=https%3A%2F%2Fnuestrosescritores.com%2Fpedroenriquez%2Fdavid-zaafra%2F&#038;text=Jes%C3%BAs%20S%C3%A1nchez%20Rivas.%20Escritor%2C%20poeta.&#038;related' target='_blank'rel=\"noopener noreferrer\">Jes\u00fas S\u00e1nchez Rivas. Escritor, poeta. <\/a><\/span><a href='https:\/\/x.com\/intent\/tweet?url=https%3A%2F%2Fnuestrosescritores.com%2Fpedroenriquez%2Fdavid-zaafra%2F&#038;text=Jes%C3%BAs%20S%C3%A1nchez%20Rivas.%20Escritor%2C%20poeta.&#038;related' target='_blank' class='bctt-ctt-btn'rel=\"noopener noreferrer\">Compartir en X<\/a><\/span><\/p>\t\t\t\t\t\t\t\t<\/div>\n\t\t\t\t<\/div>\n\t\t\t\t\t<\/div>\n\t\t<\/div>\n\t\t\t\t<div class=\"aux-parallax-section elementor-column elementor-col-50 elementor-top-column elementor-element elementor-element-15ce8d5d\" data-id=\"15ce8d5d\" data-element_type=\"column\" data-e-type=\"column\">\n\t\t\t<div class=\"elementor-widget-wrap elementor-element-populated\">\n\t\t\t\t\t\t<div class=\"elementor-element elementor-element-f0237bc elementor-widget elementor-widget-image\" data-id=\"f0237bc\" data-element_type=\"widget\" data-e-type=\"widget\" data-widget_type=\"image.default\">\n\t\t\t\t<div class=\"elementor-widget-container\">\n\t\t\t\t\t\t\t\t\t\t\t\t\t\t\t<img fetchpriority=\"high\" decoding=\"async\" width=\"624\" height=\"384\" src=\"https:\/\/nuestrosescritores.com\/pedroenriquez\/wp-content\/uploads\/sites\/164\/2023\/11\/Zaafra.jpg\" class=\"attachment-full size-full wp-image-41\" alt=\"\" srcset=\"https:\/\/nuestrosescritores.com\/pedroenriquez\/wp-content\/uploads\/sites\/164\/2023\/11\/Zaafra.jpg 624w, https:\/\/nuestrosescritores.com\/pedroenriquez\/wp-content\/uploads\/sites\/164\/2023\/11\/Zaafra-500x308.jpg 500w\" sizes=\"(max-width: 624px) 100vw, 624px\" \/>\t\t\t\t\t\t\t\t\t\t\t\t\t\t\t<\/div>\n\t\t\t\t<\/div>\n\t\t\t\t\t<\/div>\n\t\t<\/div>\n\t\t\t\t\t<\/div>\n\t\t<\/section>\n\t\t\t\t<section class=\"elementor-section elementor-top-section elementor-element elementor-element-3533da32 elementor-section-full_width elementor-section-height-full aux-page-cover-wrapper elementor-section-height-default elementor-section-items-middle\" data-id=\"3533da32\" data-element_type=\"section\" data-e-type=\"section\">\n\t\t\t\t\t\t<div class=\"elementor-container elementor-column-gap-no\">\n\t\t\t\t\t<div class=\"aux-parallax-section elementor-column elementor-col-100 elementor-top-column elementor-element elementor-element-780f6b6a\" data-id=\"780f6b6a\" data-element_type=\"column\" data-e-type=\"column\">\n\t\t\t<div class=\"elementor-widget-wrap\">\n\t\t\t\t\t\t\t<\/div>\n\t\t<\/div>\n\t\t\t\t\t<\/div>\n\t\t<\/section>\n\t\t\t\t<section class=\"elementor-section elementor-top-section elementor-element elementor-element-59c2c33d elementor-section-full_width elementor-section-height-full elementor-section-content-middle elementor-section-stretched back elementor-section-height-default elementor-section-items-middle\" data-id=\"59c2c33d\" data-element_type=\"section\" data-e-type=\"section\" data-settings=\"{&quot;background_background&quot;:&quot;classic&quot;,&quot;stretch_section&quot;:&quot;section-stretched&quot;}\">\n\t\t\t\t\t\t<div class=\"elementor-container elementor-column-gap-default\">\n\t\t\t\t\t<div class=\"aux-parallax-section elementor-column elementor-col-100 elementor-top-column elementor-element elementor-element-4d27c270\" data-id=\"4d27c270\" data-element_type=\"column\" data-e-type=\"column\" data-settings=\"{&quot;background_background&quot;:&quot;classic&quot;}\">\n\t\t\t<div class=\"elementor-widget-wrap\">\n\t\t\t\t\t\t\t<\/div>\n\t\t<\/div>\n\t\t\t\t\t<\/div>\n\t\t<\/section>\n\t\t\t\t<section class=\"elementor-section elementor-top-section elementor-element elementor-element-45672089 elementor-section-full_width elementor-section-height-full elementor-section-stretched elementor-section-height-default elementor-section-items-middle\" data-id=\"45672089\" data-element_type=\"section\" data-e-type=\"section\" data-settings=\"{&quot;stretch_section&quot;:&quot;section-stretched&quot;,&quot;background_background&quot;:&quot;slideshow&quot;,&quot;background_slideshow_gallery&quot;:[{&quot;id&quot;:17,&quot;url&quot;:&quot;http:\\\/\\\/nuestrosescritores.com\\\/pedroenriquez\\\/wp-content\\\/uploads\\\/sites\\\/164\\\/2023\\\/11\\\/iy59i0m7op4.jpg&quot;},{&quot;id&quot;:18,&quot;url&quot;:&quot;http:\\\/\\\/nuestrosescritores.com\\\/pedroenriquez\\\/wp-content\\\/uploads\\\/sites\\\/164\\\/2023\\\/11\\\/746ced84az4.jpg&quot;},{&quot;id&quot;:19,&quot;url&quot;:&quot;http:\\\/\\\/nuestrosescritores.com\\\/pedroenriquez\\\/wp-content\\\/uploads\\\/sites\\\/164\\\/2023\\\/11\\\/mfgs1uadyac.jpg&quot;}],&quot;background_slideshow_ken_burns&quot;:&quot;yes&quot;,&quot;background_slideshow_loop&quot;:&quot;yes&quot;,&quot;background_slideshow_slide_duration&quot;:5000,&quot;background_slideshow_slide_transition&quot;:&quot;fade&quot;,&quot;background_slideshow_transition_duration&quot;:500,&quot;background_slideshow_ken_burns_zoom_direction&quot;:&quot;in&quot;}\">\n\t\t\t\t\t\t\t<div class=\"elementor-background-overlay\"><\/div>\n\t\t\t\t\t\t\t<div class=\"elementor-container elementor-column-gap-no\">\n\t\t\t\t\t<div class=\"aux-parallax-section elementor-column elementor-col-100 elementor-top-column elementor-element elementor-element-4ffb3885\" data-id=\"4ffb3885\" data-element_type=\"column\" data-e-type=\"column\">\n\t\t\t<div class=\"elementor-widget-wrap elementor-element-populated\">\n\t\t\t\t\t\t<div class=\"elementor-element elementor-element-15beba8e elementor-widget__width-inherit elementor-widget elementor-widget-text-editor\" data-id=\"15beba8e\" data-element_type=\"widget\" data-e-type=\"widget\" data-settings=\"{&quot;_animation&quot;:&quot;none&quot;}\" data-widget_type=\"text-editor.default\">\n\t\t\t\t<div class=\"elementor-widget-container\">\n\t\t\t\t\t\t\t\t\t<p>\u201cDonde t\u00fa est\u00e1s\u201d quiere ser un viaje a trav\u00e9s de la mujer, la naturaleza y la vida, todas entrelazadas, mezcladas en una sutil simbiosis, que hace que las interpretaciones de los poemas puedan ser varias y distintas. El libro se compone de tres partes diferenciadas, que viajan desde el encuentro y la p\u00e9rdida, hasta la esperanza vital.<\/p>\t\t\t\t\t\t\t\t<\/div>\n\t\t\t\t<\/div>\n\t\t\t\t\t<\/div>\n\t\t<\/div>\n\t\t\t\t\t<\/div>\n\t\t<\/section>\n\t\t\t\t<section class=\"elementor-section elementor-top-section elementor-element elementor-element-346c5908 elementor-section-full_width elementor-section-height-full elementor-section-content-middle back elementor-section-height-default elementor-section-items-middle\" data-id=\"346c5908\" data-element_type=\"section\" data-e-type=\"section\" data-settings=\"{&quot;background_background&quot;:&quot;classic&quot;}\">\n\t\t\t\t\t\t<div class=\"elementor-container elementor-column-gap-no\">\n\t\t\t\t\t<div class=\"aux-parallax-section elementor-column elementor-col-100 elementor-top-column elementor-element elementor-element-6a20a58d\" data-id=\"6a20a58d\" data-element_type=\"column\" data-e-type=\"column\">\n\t\t\t<div class=\"elementor-widget-wrap elementor-element-populated\">\n\t\t\t\t\t\t<div class=\"elementor-element elementor-element-696adae0 elementor-widget elementor-widget-text-editor\" data-id=\"696adae0\" data-element_type=\"widget\" data-e-type=\"widget\" data-widget_type=\"text-editor.default\">\n\t\t\t\t<div class=\"elementor-widget-container\">\n\t\t\t\t\t\t\t\t\t<p style=\"text-align: center;\"><a class=\"fasc-button fasc-size-xlarge fasc-type-glossy fasc-rounded-medium fasc-style-bold\" style=\"background-color: #339e5a; color: #ffffff;\" href=\"https:\/\/librodepoesia.com\/libro\/sueno-y-misterio-pedro-enriquez-y-david-zaafra\/\">COMPRA SUS LIBROS<\/a><\/p>\t\t\t\t\t\t\t\t<\/div>\n\t\t\t\t<\/div>\n\t\t\t\t\t<\/div>\n\t\t<\/div>\n\t\t\t\t\t<\/div>\n\t\t<\/section>\n\t\t\t\t<\/div>\n\t\t","protected":false},"excerpt":{"rendered":"<p>DAVID GONZ\u00c1LEZ L\u00d3PEZ \u201cZAAFRA\u201d (Granada 1948-2017). Pintor, artista pl\u00e1stico e ilustrador, conocido como \u201cZaafra\u201d, fue autodidacta y un artista que si bien se aplic\u00f3 sobre varios estilos (hiperrealismo, impresionismo, expresionismo, arte abstracto, mat\u00e9rico) no se le puede encasillar en uno de ellos; labor que desarroll\u00f3 en pa\u00edses como Francia, Alemania, Holanda, B\u00e9lgica y Suiza. De [&hellip;]<\/p>\n","protected":false},"author":1,"featured_media":0,"parent":0,"menu_order":0,"comment_status":"closed","ping_status":"closed","template":"","meta":{"_acf_changed":false,"footnotes":""},"class_list":["post-38","page","type-page","status-publish","hentry"],"acf":[],"yoast_head":"<!-- This site is optimized with the Yoast SEO Premium plugin v24.7 (Yoast SEO v27.4) - https:\/\/yoast.com\/product\/yoast-seo-premium-wordpress\/ -->\n<title>DAVID ZAAFRA - Pedro Enr\u00edquez<\/title>\n<meta name=\"robots\" content=\"index, follow, max-snippet:-1, max-image-preview:large, max-video-preview:-1\" \/>\n<link rel=\"canonical\" href=\"https:\/\/nuestrosescritores.com\/pedroenriquez\/david-zaafra\/\" \/>\n<meta property=\"og:locale\" content=\"es_ES\" \/>\n<meta property=\"og:type\" content=\"article\" \/>\n<meta property=\"og:title\" content=\"DAVID ZAAFRA\" \/>\n<meta property=\"og:description\" content=\"DAVID GONZ\u00c1LEZ L\u00d3PEZ \u201cZAAFRA\u201d (Granada 1948-2017). Pintor, artista pl\u00e1stico e ilustrador, conocido como \u201cZaafra\u201d, fue autodidacta y un artista que si bien se aplic\u00f3 sobre varios estilos (hiperrealismo, impresionismo, expresionismo, arte abstracto, mat\u00e9rico) no se le puede encasillar en uno de ellos; labor que desarroll\u00f3 en pa\u00edses como Francia, Alemania, Holanda, B\u00e9lgica y Suiza. De [&hellip;]\" \/>\n<meta property=\"og:url\" content=\"https:\/\/nuestrosescritores.com\/pedroenriquez\/david-zaafra\/\" \/>\n<meta property=\"og:site_name\" content=\"Pedro Enr\u00edquez\" \/>\n<meta property=\"article:modified_time\" content=\"2023-11-04T19:43:37+00:00\" \/>\n<meta property=\"og:image\" content=\"http:\/\/nuestrosescritores.com\/pedroenriquez\/wp-content\/uploads\/sites\/164\/2023\/11\/Zaafra.jpg\" \/>\n<meta name=\"twitter:card\" content=\"summary_large_image\" \/>\n<meta name=\"twitter:label1\" content=\"Tiempo de lectura\" \/>\n\t<meta name=\"twitter:data1\" content=\"2 minutos\" \/>\n<script type=\"application\/ld+json\" class=\"yoast-schema-graph\">{\"@context\":\"https:\\\/\\\/schema.org\",\"@graph\":[{\"@type\":\"WebPage\",\"@id\":\"https:\\\/\\\/nuestrosescritores.com\\\/pedroenriquez\\\/david-zaafra\\\/\",\"url\":\"https:\\\/\\\/nuestrosescritores.com\\\/pedroenriquez\\\/david-zaafra\\\/\",\"name\":\"DAVID ZAAFRA - Pedro Enr\u00edquez\",\"isPartOf\":{\"@id\":\"https:\\\/\\\/nuestrosescritores.com\\\/pedroenriquez\\\/#website\"},\"primaryImageOfPage\":{\"@id\":\"https:\\\/\\\/nuestrosescritores.com\\\/pedroenriquez\\\/david-zaafra\\\/#primaryimage\"},\"image\":{\"@id\":\"https:\\\/\\\/nuestrosescritores.com\\\/pedroenriquez\\\/david-zaafra\\\/#primaryimage\"},\"thumbnailUrl\":\"http:\\\/\\\/nuestrosescritores.com\\\/pedroenriquez\\\/wp-content\\\/uploads\\\/sites\\\/164\\\/2023\\\/11\\\/Zaafra.jpg\",\"datePublished\":\"2023-11-04T17:09:12+00:00\",\"dateModified\":\"2023-11-04T19:43:37+00:00\",\"breadcrumb\":{\"@id\":\"https:\\\/\\\/nuestrosescritores.com\\\/pedroenriquez\\\/david-zaafra\\\/#breadcrumb\"},\"inLanguage\":\"es\",\"potentialAction\":[{\"@type\":\"ReadAction\",\"target\":[\"https:\\\/\\\/nuestrosescritores.com\\\/pedroenriquez\\\/david-zaafra\\\/\"]}]},{\"@type\":\"ImageObject\",\"inLanguage\":\"es\",\"@id\":\"https:\\\/\\\/nuestrosescritores.com\\\/pedroenriquez\\\/david-zaafra\\\/#primaryimage\",\"url\":\"https:\\\/\\\/nuestrosescritores.com\\\/pedroenriquez\\\/wp-content\\\/uploads\\\/sites\\\/164\\\/2023\\\/11\\\/Zaafra.jpg\",\"contentUrl\":\"https:\\\/\\\/nuestrosescritores.com\\\/pedroenriquez\\\/wp-content\\\/uploads\\\/sites\\\/164\\\/2023\\\/11\\\/Zaafra.jpg\",\"width\":624,\"height\":384},{\"@type\":\"BreadcrumbList\",\"@id\":\"https:\\\/\\\/nuestrosescritores.com\\\/pedroenriquez\\\/david-zaafra\\\/#breadcrumb\",\"itemListElement\":[{\"@type\":\"ListItem\",\"position\":1,\"name\":\"Portada\",\"item\":\"https:\\\/\\\/nuestrosescritores.com\\\/pedroenriquez\\\/\"},{\"@type\":\"ListItem\",\"position\":2,\"name\":\"DAVID ZAAFRA\"}]},{\"@type\":\"WebSite\",\"@id\":\"https:\\\/\\\/nuestrosescritores.com\\\/pedroenriquez\\\/#website\",\"url\":\"https:\\\/\\\/nuestrosescritores.com\\\/pedroenriquez\\\/\",\"name\":\"Nuestros escritores\",\"description\":\"Escritor\",\"potentialAction\":[{\"@type\":\"SearchAction\",\"target\":{\"@type\":\"EntryPoint\",\"urlTemplate\":\"https:\\\/\\\/nuestrosescritores.com\\\/pedroenriquez\\\/?s={search_term_string}\"},\"query-input\":{\"@type\":\"PropertyValueSpecification\",\"valueRequired\":true,\"valueName\":\"search_term_string\"}}],\"inLanguage\":\"es\"}]}<\/script>\n<!-- \/ Yoast SEO Premium plugin. -->","yoast_head_json":{"title":"DAVID ZAAFRA - Pedro Enr\u00edquez","robots":{"index":"index","follow":"follow","max-snippet":"max-snippet:-1","max-image-preview":"max-image-preview:large","max-video-preview":"max-video-preview:-1"},"canonical":"https:\/\/nuestrosescritores.com\/pedroenriquez\/david-zaafra\/","og_locale":"es_ES","og_type":"article","og_title":"DAVID ZAAFRA","og_description":"DAVID GONZ\u00c1LEZ L\u00d3PEZ \u201cZAAFRA\u201d (Granada 1948-2017). Pintor, artista pl\u00e1stico e ilustrador, conocido como \u201cZaafra\u201d, fue autodidacta y un artista que si bien se aplic\u00f3 sobre varios estilos (hiperrealismo, impresionismo, expresionismo, arte abstracto, mat\u00e9rico) no se le puede encasillar en uno de ellos; labor que desarroll\u00f3 en pa\u00edses como Francia, Alemania, Holanda, B\u00e9lgica y Suiza. De [&hellip;]","og_url":"https:\/\/nuestrosescritores.com\/pedroenriquez\/david-zaafra\/","og_site_name":"Pedro Enr\u00edquez","article_modified_time":"2023-11-04T19:43:37+00:00","og_image":[{"url":"http:\/\/nuestrosescritores.com\/pedroenriquez\/wp-content\/uploads\/sites\/164\/2023\/11\/Zaafra.jpg","type":"","width":"","height":""}],"twitter_card":"summary_large_image","twitter_misc":{"Tiempo de lectura":"2 minutos"},"schema":{"@context":"https:\/\/schema.org","@graph":[{"@type":"WebPage","@id":"https:\/\/nuestrosescritores.com\/pedroenriquez\/david-zaafra\/","url":"https:\/\/nuestrosescritores.com\/pedroenriquez\/david-zaafra\/","name":"DAVID ZAAFRA - Pedro Enr\u00edquez","isPartOf":{"@id":"https:\/\/nuestrosescritores.com\/pedroenriquez\/#website"},"primaryImageOfPage":{"@id":"https:\/\/nuestrosescritores.com\/pedroenriquez\/david-zaafra\/#primaryimage"},"image":{"@id":"https:\/\/nuestrosescritores.com\/pedroenriquez\/david-zaafra\/#primaryimage"},"thumbnailUrl":"http:\/\/nuestrosescritores.com\/pedroenriquez\/wp-content\/uploads\/sites\/164\/2023\/11\/Zaafra.jpg","datePublished":"2023-11-04T17:09:12+00:00","dateModified":"2023-11-04T19:43:37+00:00","breadcrumb":{"@id":"https:\/\/nuestrosescritores.com\/pedroenriquez\/david-zaafra\/#breadcrumb"},"inLanguage":"es","potentialAction":[{"@type":"ReadAction","target":["https:\/\/nuestrosescritores.com\/pedroenriquez\/david-zaafra\/"]}]},{"@type":"ImageObject","inLanguage":"es","@id":"https:\/\/nuestrosescritores.com\/pedroenriquez\/david-zaafra\/#primaryimage","url":"https:\/\/nuestrosescritores.com\/pedroenriquez\/wp-content\/uploads\/sites\/164\/2023\/11\/Zaafra.jpg","contentUrl":"https:\/\/nuestrosescritores.com\/pedroenriquez\/wp-content\/uploads\/sites\/164\/2023\/11\/Zaafra.jpg","width":624,"height":384},{"@type":"BreadcrumbList","@id":"https:\/\/nuestrosescritores.com\/pedroenriquez\/david-zaafra\/#breadcrumb","itemListElement":[{"@type":"ListItem","position":1,"name":"Portada","item":"https:\/\/nuestrosescritores.com\/pedroenriquez\/"},{"@type":"ListItem","position":2,"name":"DAVID ZAAFRA"}]},{"@type":"WebSite","@id":"https:\/\/nuestrosescritores.com\/pedroenriquez\/#website","url":"https:\/\/nuestrosescritores.com\/pedroenriquez\/","name":"Nuestros escritores","description":"Escritor","potentialAction":[{"@type":"SearchAction","target":{"@type":"EntryPoint","urlTemplate":"https:\/\/nuestrosescritores.com\/pedroenriquez\/?s={search_term_string}"},"query-input":{"@type":"PropertyValueSpecification","valueRequired":true,"valueName":"search_term_string"}}],"inLanguage":"es"}]}},"_links":{"self":[{"href":"https:\/\/nuestrosescritores.com\/pedroenriquez\/wp-json\/wp\/v2\/pages\/38","targetHints":{"allow":["GET"]}}],"collection":[{"href":"https:\/\/nuestrosescritores.com\/pedroenriquez\/wp-json\/wp\/v2\/pages"}],"about":[{"href":"https:\/\/nuestrosescritores.com\/pedroenriquez\/wp-json\/wp\/v2\/types\/page"}],"author":[{"embeddable":true,"href":"https:\/\/nuestrosescritores.com\/pedroenriquez\/wp-json\/wp\/v2\/users\/1"}],"replies":[{"embeddable":true,"href":"https:\/\/nuestrosescritores.com\/pedroenriquez\/wp-json\/wp\/v2\/comments?post=38"}],"version-history":[{"count":0,"href":"https:\/\/nuestrosescritores.com\/pedroenriquez\/wp-json\/wp\/v2\/pages\/38\/revisions"}],"wp:attachment":[{"href":"https:\/\/nuestrosescritores.com\/pedroenriquez\/wp-json\/wp\/v2\/media?parent=38"}],"curies":[{"name":"wp","href":"https:\/\/api.w.org\/{rel}","templated":true}]}}