{"id":67,"date":"2020-10-19T20:56:17","date_gmt":"2020-10-19T20:56:17","guid":{"rendered":"https:\/\/nuestrosescritores.com\/pablodelbarco\/?page_id=67"},"modified":"2020-10-21T09:23:07","modified_gmt":"2020-10-21T09:23:07","slug":"poesia","status":"publish","type":"page","link":"https:\/\/nuestrosescritores.com\/pablodelbarco\/poesia\/","title":{"rendered":"Poes\u00eda"},"content":{"rendered":"<div class=\"wpb-content-wrapper\">[vc_row full_width=&#8221;stretch_row_content_no_spaces&#8221;][vc_column extend=&#8221;false&#8221;]<div class='gambit_parallax_row' data-bg-align='' data-direction='fixed' data-opacity='100' data-velocity='-0.3' data-mobile-enabled='' data-bg-height='1707' data-bg-width='2560' data-bg-image='https:\/\/nuestrosescritores.com\/pablodelbarco\/wp-content\/uploads\/sites\/59\/2020\/10\/enxidb-j_i8-scaled.jpg' data-bg-repeat='false' data-id='' style='display: none'><\/div><div class=\"gambit_fullheight_row\" data-content-location=\"center\" style=\"display: none\"><\/div>[\/vc_column][\/vc_row][vc_row][vc_column extend=&#8221;false&#8221;][vc_column_text]<a name=\"_Toc46163814\"><\/a>De la palabra nace la palabra,<\/p>\n<p>el texto se masca con los textos,<\/p>\n<p>es creaci\u00f3n hija del caos,<\/p>\n<p>metaf\u00edsica del hombre y<\/p>\n<p>la experiencia que lleva<\/p>\n<p>amarrada a sus espaldas,<\/p>\n<p>expresa arrogante y t\u00edmida<\/p>\n<p>el oro de su oculta soledad;<\/p>\n<p>el verso es verso mientras<\/p>\n<p>se va arbitrando el parto;<\/p>\n<p>tras el dulce miedo de escribirlo<\/p>\n<p>se hace ave y vuela<\/p>\n<p>sin saber c\u00f3mo ni d\u00f3nde;<\/p>\n<p>el poeta lo aleja de su entra\u00f1a,<\/p>\n<p>se convierte en un f\u00f3sil adorado,<\/p>\n<p>moneda de belleza y sentimiento<\/p>\n<p>en un banquete social<\/p>\n<p>donde el creador recibe las migajas;<\/p>\n<p>el poeta se vac\u00eda, el hombre<\/p>\n<p>presume de su haza\u00f1a escrita,<\/p>\n<p>la tinta engrandece esas migajas,<\/p>\n<p>el infierno y la profunda verdad<\/p>\n<p>que todo el mundo ignora.<\/p>\n<span class='bctt-click-to-tweet'><span class='bctt-ctt-text'><a href='https:\/\/x.com\/intent\/tweet?url=https%3A%2F%2Fnuestrosescritores.com%2Fpablodelbarco%2Fpoesia%2F&#038;text=De%20la%20palabra%20nace%20la%20palabra%20del%20libro%20PROCESO%20DE%20CREACI%C3%93N%20de%20PABLO%20DEL%20BARCO&#038;via=poesiaerestu&#038;related=poesiaerestu' target='_blank'rel=\"noopener noreferrer\">De la palabra nace la palabra del libro PROCESO DE CREACI\u00d3N de PABLO DEL BARCO <\/a><\/span><a href='https:\/\/x.com\/intent\/tweet?url=https%3A%2F%2Fnuestrosescritores.com%2Fpablodelbarco%2Fpoesia%2F&#038;text=De%20la%20palabra%20nace%20la%20palabra%20del%20libro%20PROCESO%20DE%20CREACI%C3%93N%20de%20PABLO%20DEL%20BARCO&#038;via=poesiaerestu&#038;related=poesiaerestu' target='_blank' class='bctt-ctt-btn'rel=\"noopener noreferrer\">Compartir en X<\/a><\/span>\n<p>&amp;nbsp;[\/vc_column_text][\/vc_column][\/vc_row][vc_row full_width=&#8221;stretch_row_content_no_spaces&#8221;][vc_column extend=&#8221;false&#8221;]<div class='gambit_parallax_row' data-bg-align='' data-direction='fixed' data-opacity='100' data-velocity='-0.3' data-mobile-enabled='' data-bg-height='2560' data-bg-width='1707' data-bg-image='https:\/\/nuestrosescritores.com\/pablodelbarco\/wp-content\/uploads\/sites\/59\/2020\/10\/dlpfeeopmmg-scaled.jpg' data-bg-repeat='false' data-id='' style='display: none'><\/div><div class=\"gambit_fullheight_row\" data-content-location=\"center\" style=\"display: none\"><\/div>[\/vc_column][\/vc_row][vc_row][vc_column extend=&#8221;false&#8221;][vc_column_text]\n<h1><a name=\"_Toc46163816\"><\/a><strong>Nacimiento po\u00e9tico<br \/>\nde la palabra<\/strong><\/h1>\n<p>&nbsp;<\/p>\n<p>Sale cuando sale,<\/p>\n<p>caen cuando caen<\/p>\n<p>las palabras<\/p>\n<p>como esclavas<\/p>\n<p>como reinas,<\/p>\n<p>gotas de lluvia<\/p>\n<p>que horada<\/p>\n<p>que fastidia<\/p>\n<p>que genera<\/p>\n<p>esperando el sol,<\/p>\n<p>la m\u00e1quina del hombre<\/p>\n<p>la fortuna del ser<\/p>\n<p>la maravilla del estar<\/p>\n<p>sin la orden f\u00f3sil<\/p>\n<p>de generales ap\u00e1tridas<\/p>\n<p>y barrenderos sin alma,<\/p>\n<p>algunos d\u00edas se ocultan<\/p>\n<p>en las ondinas de la idea<\/p>\n<p>contemplando in\u00fatiles<\/p>\n<p>lo posible del ser<\/p>\n<p>sin premio ni castigo<\/p>\n<p>sin sombra y sin materia,<\/p>\n<p>mosaico de nadas<\/p>\n<p>mapamundi del vac\u00edo<\/p>\n<p>para la in\u00fatil<\/p>\n<p>plegaria del estar.<\/p>\n<p>&nbsp;<\/p>\n<span class='bctt-click-to-tweet'><span class='bctt-ctt-text'><a href='https:\/\/x.com\/intent\/tweet?url=https%3A%2F%2Fnuestrosescritores.com%2Fpablodelbarco%2Fpoesia%2F&#038;text=Nacimiento%20po%C3%A9tico%20de%20la%20palabra%C2%A0del%20libro%20PROCESO%20DE%20CREACI%C3%93N%20de%20PABLO%20DEL%20BARCO&#038;via=poesiaerestu&#038;related=poesiaerestu' target='_blank'rel=\"noopener noreferrer\">Nacimiento po\u00e9tico de la palabra&nbsp;del libro PROCESO DE CREACI\u00d3N de PABLO DEL BARCO <\/a><\/span><a href='https:\/\/x.com\/intent\/tweet?url=https%3A%2F%2Fnuestrosescritores.com%2Fpablodelbarco%2Fpoesia%2F&#038;text=Nacimiento%20po%C3%A9tico%20de%20la%20palabra%C2%A0del%20libro%20PROCESO%20DE%20CREACI%C3%93N%20de%20PABLO%20DEL%20BARCO&#038;via=poesiaerestu&#038;related=poesiaerestu' target='_blank' class='bctt-ctt-btn'rel=\"noopener noreferrer\">Compartir en X<\/a><\/span>\n<p>&nbsp;<\/p>\n<p>&nbsp;[\/vc_column_text][\/vc_column][\/vc_row][vc_row][vc_column extend=&#8221;false&#8221;]<div class='gambit_parallax_row' data-bg-align='' data-direction='fixed' data-opacity='100' data-velocity='-0.3' data-mobile-enabled='' data-bg-height='2560' data-bg-width='1922' data-bg-image='https:\/\/nuestrosescritores.com\/pablodelbarco\/wp-content\/uploads\/sites\/59\/2020\/10\/i3ip2odgtbw-scaled.jpg' data-bg-repeat='false' data-id='' style='display: none'><\/div><div class=\"gambit_fullheight_row\" data-content-location=\"center\" style=\"display: none\"><\/div>[\/vc_column][\/vc_row][vc_row][vc_column extend=&#8221;false&#8221;][vc_column_text]\n<h1><a name=\"_Toc46163819\"><\/a><strong>El color de las palabras<\/strong><\/h1>\n<p>&nbsp;<\/p>\n<p>Los colores son fijos,<\/p>\n<p>nuestros colores no;<\/p>\n<p>as\u00ed son las palabras<\/p>\n<p>como la luz que las vive<\/p>\n<p>en d\u00factil arco\u00edris<\/p>\n<p>otorgando su peso<\/p>\n<p>en raz\u00f3n del espacio<\/p>\n<p>y la gram\u00e1tica adjunta;<\/p>\n<p>el poeta solitario<\/p>\n<p>rebusca en el aire<\/p>\n<p>im\u00e1genes de vida<\/p>\n<p>trasuntos de muerte,<\/p>\n<p>transporta encendidas<\/p>\n<p>palabras de destino<\/p>\n<p>salidas de la bruma,<\/p>\n<p>hilvana deseos<\/p>\n<p>con un hilo de oro<\/p>\n<p>que ya fue usado<\/p>\n<p>en chaquetilla gastada<\/p>\n<p>por un torero feliz,<\/p>\n<p>ba\u00f1ada con lej\u00eda,<\/p>\n<p>alumbre y dril;<\/p>\n<p>las regaderas de lo real<\/p>\n<p>salpican la ortograf\u00eda,<\/p>\n<p>pausas par\u00e9ntesis rimas,<\/p>\n<p>salen rayos de la cima<\/p>\n<p>del pensamiento florido,<\/p>\n<p>huracanes nacen sin motivo,<\/p>\n<p>repican fugaces estrellas,<\/p>\n<p>la sombra del sol tuerce<\/p>\n<p>motivaciones y recuerdos,<\/p>\n<p>un ni\u00f1o impertinente gimotea<\/p>\n<p>y descompone la orquesta;<\/p>\n<p>no diluyas tu enojo,<\/p>\n<p>es nuestra esperanza:<\/p>\n<p>orinar en lo alto del d\u00eda,<\/p>\n<p>escupir f\u00f3rmulas y embozos,<\/p>\n<p>rasgar bocas y disfraces,<\/p>\n<p>requemarnos la piel<\/p>\n<p>maldiciendo el soplo de Dios,<\/p>\n<p>desear nosotros mismos,<\/p>\n<p>ser peregrinos de ocasos,<\/p>\n<p>y dormir dormir dormir\u2026<\/p>\n<p>&nbsp;<\/p>\n<span class='bctt-click-to-tweet'><span class='bctt-ctt-text'><a href='https:\/\/x.com\/intent\/tweet?url=https%3A%2F%2Fnuestrosescritores.com%2Fpablodelbarco%2Fpoesia%2F&#038;text=El%20color%20de%20las%20palabras%C2%A0del%20libro%20PROCESO%20DE%20CREACI%C3%93N%20de%20PABLO%20DEL%20BARCO&#038;via=poesiaerestu&#038;related=poesiaerestu' target='_blank'rel=\"noopener noreferrer\">El color de las palabras&nbsp;del libro PROCESO DE CREACI\u00d3N de PABLO DEL BARCO <\/a><\/span><a href='https:\/\/x.com\/intent\/tweet?url=https%3A%2F%2Fnuestrosescritores.com%2Fpablodelbarco%2Fpoesia%2F&#038;text=El%20color%20de%20las%20palabras%C2%A0del%20libro%20PROCESO%20DE%20CREACI%C3%93N%20de%20PABLO%20DEL%20BARCO&#038;via=poesiaerestu&#038;related=poesiaerestu' target='_blank' class='bctt-ctt-btn'rel=\"noopener noreferrer\">Compartir en X<\/a><\/span>[\/vc_column_text][\/vc_column][\/vc_row][vc_row][vc_column extend=&#8221;false&#8221;]<div class='gambit_parallax_row' data-bg-align='' data-direction='fixed' data-opacity='100' data-velocity='-0.3' data-mobile-enabled='' data-bg-height='2560' data-bg-width='1707' data-bg-image='https:\/\/nuestrosescritores.com\/pablodelbarco\/wp-content\/uploads\/sites\/59\/2020\/10\/nxihmm4hbzw-scaled.jpg' data-bg-repeat='false' data-id='' style='display: none'><\/div><div class=\"gambit_fullheight_row\" data-content-location=\"center\" style=\"display: none\"><\/div>[\/vc_column][\/vc_row][vc_row][vc_column extend=&#8221;false&#8221;][vc_column_text]<a name=\"_Toc46163823\"><\/a>Escribir es<\/p>\n<p>batallar contra uno mismo;<\/p>\n<p>se alcanza gloria<\/p>\n<p>en la suerte del ataque,<\/p>\n<p>en las armas que usamos<\/p>\n<p>antes del texto final;<\/p>\n<p>bendita maldici\u00f3n es la escritura,<\/p>\n<p>maldita bendici\u00f3n es su camino,<\/p>\n<p>que perturba y goza<\/p>\n<p>en la opresi\u00f3n del silencio<\/p>\n<p>que dar\u00e1 en l\u00e1grima o risa,<\/p>\n<p>en la rabia que te crea,<\/p>\n<p>la desorientaci\u00f3n y el caos,<\/p>\n<p>la impotencia que arrastra,<\/p>\n<p>la ceguera en la ruta<\/p>\n<p>donde el poeta gimotea<\/p>\n<p>viejos cantos aprendidos<\/p>\n<p>en la infantil escuela<\/p>\n<p>para asirse a un clavo<\/p>\n<p>aunque clave tu mano,<\/p>\n<p>a una tabla carcomida<\/p>\n<p>sin leyenda ni futuro;<\/p>\n<p>lo ilegible se hace c\u00f3digo,<\/p>\n<p>el c\u00f3digo, laguna inescrutable,<\/p>\n<p>el agua, de ondas tenebrosas,<\/p>\n<p>el miedo, l\u00e1udano de ideas,<\/p>\n<p>el cerebro, tea inextinguible,<\/p>\n<p>el poeta, un dios vencido<\/p>\n<p>a la espera del soplo<\/p>\n<p>que divinice su deseo;<\/p>\n<p>el poema, un tesoro escondido<\/p>\n<p>hecho luz en la palabra,<\/p>\n<p>gui\u00f1ando sombra y vida<\/p>\n<p>crecido y a la espera,<\/p>\n<p>glorioso y fatal<\/p>\n<p>como la vida.<\/p>\n<p>Con el poema en la mano<\/p>\n<p>el poeta es el dios del universo,<\/p>\n<p>hace dios a su lector,<\/p>\n<p>le convierte en esp\u00edritu<\/p>\n<p>sin sombra ni complejo,<\/p>\n<p>pone alfombra al existir<\/p>\n<p>y oro a tu destino.<\/p>\n<p>&nbsp;<\/p>\n<span class='bctt-click-to-tweet'><span class='bctt-ctt-text'><a href='https:\/\/x.com\/intent\/tweet?url=https%3A%2F%2Fnuestrosescritores.com%2Fpablodelbarco%2Fpoesia%2F&#038;text=Escribir%20es%20del%20libro%20PROCESO%20DE%20CREACI%C3%93N%20de%20PABLO%20DEL%20BARCO&#038;via=poesiaerestu&#038;related=poesiaerestu' target='_blank'rel=\"noopener noreferrer\">Escribir es del libro PROCESO DE CREACI\u00d3N de PABLO DEL BARCO <\/a><\/span><a href='https:\/\/x.com\/intent\/tweet?url=https%3A%2F%2Fnuestrosescritores.com%2Fpablodelbarco%2Fpoesia%2F&#038;text=Escribir%20es%20del%20libro%20PROCESO%20DE%20CREACI%C3%93N%20de%20PABLO%20DEL%20BARCO&#038;via=poesiaerestu&#038;related=poesiaerestu' target='_blank' class='bctt-ctt-btn'rel=\"noopener noreferrer\">Compartir en X<\/a><\/span>[\/vc_column_text][\/vc_column][\/vc_row][vc_row][vc_column extend=&#8221;false&#8221;]<div class='gambit_parallax_row' data-bg-align='' data-direction='fixed' data-opacity='100' data-velocity='-0.3' data-mobile-enabled='' data-bg-height='2560' data-bg-width='1773' data-bg-image='https:\/\/nuestrosescritores.com\/pablodelbarco\/wp-content\/uploads\/sites\/59\/2020\/10\/0jzilxxi0he-scaled.jpg' data-bg-repeat='false' data-id='' style='display: none'><\/div><div class=\"gambit_fullheight_row\" data-content-location=\"center\" style=\"display: none\"><\/div>[\/vc_column][\/vc_row][vc_row][vc_column extend=&#8221;false&#8221;][vc_column_text]\n<h1><a name=\"_Toc46163828\"><\/a><strong>El poeta y el hombre<\/strong><\/h1>\n<p>&nbsp;<\/p>\n<p>Yo no soy yo,<\/p>\n<p>soy solo la imagen<\/p>\n<p>computada en las palabras,<\/p>\n<p>soy lo subjetivo que vive<\/p>\n<p>en el coraz\u00f3n vigilante<\/p>\n<p>y agresivo de lo hablado,<\/p>\n<p>te miro a su trav\u00e9s,<\/p>\n<p>con ellas te oigo y adivino,<\/p>\n<p>soy feliz o no sometido<\/p>\n<p>a la inquieta espiral<\/p>\n<p>de su horizonte sin fin,<\/p>\n<p>llevo sin causa rimas y acentos<\/p>\n<p>para vestir su desnudez,<\/p>\n<p>albergo un extenso<\/p>\n<p>diccionario de adivinaciones,<\/p>\n<p>leyes, oficios e incunables,<\/p>\n<p>simientes para alguna estaci\u00f3n,<\/p>\n<p>reclamos para las aves<\/p>\n<p>de cualquier continente,<\/p>\n<p>avivo los cementerios<\/p>\n<p>con t\u00e9rminos eternos<\/p>\n<p>y sentidas alegor\u00edas sin luz,<\/p>\n<p>pero yo no soy yo,<\/p>\n<p>tan solo mis palabras.<\/p>\n<span class='bctt-click-to-tweet'><span class='bctt-ctt-text'><a href='https:\/\/x.com\/intent\/tweet?url=https%3A%2F%2Fnuestrosescritores.com%2Fpablodelbarco%2Fpoesia%2F&#038;text=El%20poeta%20y%20el%20hombre%20del%20libro%20PROCESO%20DE%20CREACI%C3%93N%20de%20PABLO%20DEL%20BARCO&#038;via=poesiaerestu&#038;related=poesiaerestu' target='_blank'rel=\"noopener noreferrer\">El poeta y el hombre del libro PROCESO DE CREACI\u00d3N de PABLO DEL BARCO <\/a><\/span><a href='https:\/\/x.com\/intent\/tweet?url=https%3A%2F%2Fnuestrosescritores.com%2Fpablodelbarco%2Fpoesia%2F&#038;text=El%20poeta%20y%20el%20hombre%20del%20libro%20PROCESO%20DE%20CREACI%C3%93N%20de%20PABLO%20DEL%20BARCO&#038;via=poesiaerestu&#038;related=poesiaerestu' target='_blank' class='bctt-ctt-btn'rel=\"noopener noreferrer\">Compartir en X<\/a><\/span>[\/vc_column_text][\/vc_column][\/vc_row][vc_row][vc_column extend=&#8221;false&#8221;]<div class='gambit_parallax_row' data-bg-align='' data-direction='fixed' data-opacity='100' data-velocity='-0.3' data-mobile-enabled='' data-bg-height='410' data-bg-width='1366' data-bg-image='https:\/\/nuestrosescritores.com\/pablodelbarco\/wp-content\/uploads\/sites\/59\/2020\/10\/PablodelBarcoSSQUARE_Alargado-Medium.jpg' data-bg-repeat='false' data-id='' style='display: none'><\/div><div class=\"gambit_fullheight_row\" data-content-location=\"center\" style=\"display: none\"><\/div>[vc_column_text]\n<p style=\"text-align: center;\"><a class=\"fasc-button fasc-size-xlarge fasc-type-glossy fasc-rounded-medium\" style=\"background-color: #33809e; color: #ffffff;\" href=\"https:\/\/librodepoesia.com\/producto\/alma-enredada-sandra-mata-garrido\/\">Comprar el libro<\/a><\/p>\n[\/vc_column_text][\/vc_column][\/vc_row]\n<\/div>","protected":false},"excerpt":{"rendered":"<p>[vc_row full_width=&#8221;stretch_row_content_no_spaces&#8221;][vc_column extend=&#8221;false&#8221;][\/vc_column][\/vc_row][vc_row][vc_column extend=&#8221;false&#8221;][vc_column_text]De la palabra nace la palabra, el texto se masca con los textos, es creaci\u00f3n hija del caos, metaf\u00edsica del hombre y la experiencia que lleva amarrada a sus espaldas, expresa arrogante y t\u00edmida el oro de su oculta soledad; el verso es verso mientras se va arbitrando el parto; tras el [&hellip;]<\/p>\n","protected":false},"author":1,"featured_media":0,"parent":0,"menu_order":0,"comment_status":"closed","ping_status":"closed","template":"","meta":{"_acf_changed":false,"footnotes":""},"class_list":["post-67","page","type-page","status-publish","hentry"],"acf":[],"yoast_head":"<!-- This site is optimized with the Yoast SEO Premium plugin v24.7 (Yoast SEO v27.6) - https:\/\/yoast.com\/product\/yoast-seo-premium-wordpress\/ -->\n<title>Poes\u00eda - Pablo del Barco<\/title>\n<meta name=\"description\" content=\"Poes\u00eda del libro PROCESO DE CREACI\u00d3N de Pablo del Barco, el escritor nos da una muestra tras publicar su libro.\" \/>\n<meta name=\"robots\" content=\"index, follow, max-snippet:-1, max-image-preview:large, max-video-preview:-1\" \/>\n<link rel=\"canonical\" href=\"https:\/\/nuestrosescritores.com\/pablodelbarco\/poesia\/\" \/>\n<meta property=\"og:locale\" content=\"es_ES\" \/>\n<meta property=\"og:type\" content=\"article\" \/>\n<meta property=\"og:title\" content=\"Poes\u00eda\" \/>\n<meta property=\"og:description\" content=\"Poes\u00eda del libro PROCESO DE CREACI\u00d3N de Pablo del Barco, el escritor nos da una muestra tras publicar su libro.\" \/>\n<meta property=\"og:url\" content=\"https:\/\/nuestrosescritores.com\/pablodelbarco\/poesia\/\" \/>\n<meta property=\"og:site_name\" content=\"Pablo del Barco\" \/>\n<meta property=\"article:modified_time\" content=\"2020-10-21T09:23:07+00:00\" \/>\n<meta name=\"twitter:card\" content=\"summary_large_image\" \/>\n<meta name=\"twitter:label1\" content=\"Tiempo de lectura\" \/>\n\t<meta name=\"twitter:data1\" content=\"5 minutos\" \/>\n<script type=\"application\/ld+json\" class=\"yoast-schema-graph\">{\"@context\":\"https:\\\/\\\/schema.org\",\"@graph\":[{\"@type\":\"WebPage\",\"@id\":\"https:\\\/\\\/nuestrosescritores.com\\\/pablodelbarco\\\/poesia\\\/\",\"url\":\"https:\\\/\\\/nuestrosescritores.com\\\/pablodelbarco\\\/poesia\\\/\",\"name\":\"Poes\u00eda - Pablo del Barco\",\"isPartOf\":{\"@id\":\"https:\\\/\\\/nuestrosescritores.com\\\/pablodelbarco\\\/#website\"},\"datePublished\":\"2020-10-19T20:56:17+00:00\",\"dateModified\":\"2020-10-21T09:23:07+00:00\",\"description\":\"Poes\u00eda del libro PROCESO DE CREACI\u00d3N de Pablo del Barco, el escritor nos da una muestra tras publicar su libro.\",\"breadcrumb\":{\"@id\":\"https:\\\/\\\/nuestrosescritores.com\\\/pablodelbarco\\\/poesia\\\/#breadcrumb\"},\"inLanguage\":\"es\",\"potentialAction\":[{\"@type\":\"ReadAction\",\"target\":[\"https:\\\/\\\/nuestrosescritores.com\\\/pablodelbarco\\\/poesia\\\/\"]}]},{\"@type\":\"BreadcrumbList\",\"@id\":\"https:\\\/\\\/nuestrosescritores.com\\\/pablodelbarco\\\/poesia\\\/#breadcrumb\",\"itemListElement\":[{\"@type\":\"ListItem\",\"position\":1,\"name\":\"Portada\",\"item\":\"https:\\\/\\\/nuestrosescritores.com\\\/pablodelbarco\\\/\"},{\"@type\":\"ListItem\",\"position\":2,\"name\":\"Poes\u00eda\"}]},{\"@type\":\"WebSite\",\"@id\":\"https:\\\/\\\/nuestrosescritores.com\\\/pablodelbarco\\\/#website\",\"url\":\"https:\\\/\\\/nuestrosescritores.com\\\/pablodelbarco\\\/\",\"name\":\"Nuestros escritores\",\"description\":\"Escritor\",\"potentialAction\":[{\"@type\":\"SearchAction\",\"target\":{\"@type\":\"EntryPoint\",\"urlTemplate\":\"https:\\\/\\\/nuestrosescritores.com\\\/pablodelbarco\\\/?s={search_term_string}\"},\"query-input\":{\"@type\":\"PropertyValueSpecification\",\"valueRequired\":true,\"valueName\":\"search_term_string\"}}],\"inLanguage\":\"es\"}]}<\/script>\n<!-- \/ Yoast SEO Premium plugin. -->","yoast_head_json":{"title":"Poes\u00eda - Pablo del Barco","description":"Poes\u00eda del libro PROCESO DE CREACI\u00d3N de Pablo del Barco, el escritor nos da una muestra tras publicar su libro.","robots":{"index":"index","follow":"follow","max-snippet":"max-snippet:-1","max-image-preview":"max-image-preview:large","max-video-preview":"max-video-preview:-1"},"canonical":"https:\/\/nuestrosescritores.com\/pablodelbarco\/poesia\/","og_locale":"es_ES","og_type":"article","og_title":"Poes\u00eda","og_description":"Poes\u00eda del libro PROCESO DE CREACI\u00d3N de Pablo del Barco, el escritor nos da una muestra tras publicar su libro.","og_url":"https:\/\/nuestrosescritores.com\/pablodelbarco\/poesia\/","og_site_name":"Pablo del Barco","article_modified_time":"2020-10-21T09:23:07+00:00","twitter_card":"summary_large_image","twitter_misc":{"Tiempo de lectura":"5 minutos"},"schema":{"@context":"https:\/\/schema.org","@graph":[{"@type":"WebPage","@id":"https:\/\/nuestrosescritores.com\/pablodelbarco\/poesia\/","url":"https:\/\/nuestrosescritores.com\/pablodelbarco\/poesia\/","name":"Poes\u00eda - Pablo del Barco","isPartOf":{"@id":"https:\/\/nuestrosescritores.com\/pablodelbarco\/#website"},"datePublished":"2020-10-19T20:56:17+00:00","dateModified":"2020-10-21T09:23:07+00:00","description":"Poes\u00eda del libro PROCESO DE CREACI\u00d3N de Pablo del Barco, el escritor nos da una muestra tras publicar su libro.","breadcrumb":{"@id":"https:\/\/nuestrosescritores.com\/pablodelbarco\/poesia\/#breadcrumb"},"inLanguage":"es","potentialAction":[{"@type":"ReadAction","target":["https:\/\/nuestrosescritores.com\/pablodelbarco\/poesia\/"]}]},{"@type":"BreadcrumbList","@id":"https:\/\/nuestrosescritores.com\/pablodelbarco\/poesia\/#breadcrumb","itemListElement":[{"@type":"ListItem","position":1,"name":"Portada","item":"https:\/\/nuestrosescritores.com\/pablodelbarco\/"},{"@type":"ListItem","position":2,"name":"Poes\u00eda"}]},{"@type":"WebSite","@id":"https:\/\/nuestrosescritores.com\/pablodelbarco\/#website","url":"https:\/\/nuestrosescritores.com\/pablodelbarco\/","name":"Nuestros escritores","description":"Escritor","potentialAction":[{"@type":"SearchAction","target":{"@type":"EntryPoint","urlTemplate":"https:\/\/nuestrosescritores.com\/pablodelbarco\/?s={search_term_string}"},"query-input":{"@type":"PropertyValueSpecification","valueRequired":true,"valueName":"search_term_string"}}],"inLanguage":"es"}]}},"_links":{"self":[{"href":"https:\/\/nuestrosescritores.com\/pablodelbarco\/wp-json\/wp\/v2\/pages\/67","targetHints":{"allow":["GET"]}}],"collection":[{"href":"https:\/\/nuestrosescritores.com\/pablodelbarco\/wp-json\/wp\/v2\/pages"}],"about":[{"href":"https:\/\/nuestrosescritores.com\/pablodelbarco\/wp-json\/wp\/v2\/types\/page"}],"author":[{"embeddable":true,"href":"https:\/\/nuestrosescritores.com\/pablodelbarco\/wp-json\/wp\/v2\/users\/1"}],"replies":[{"embeddable":true,"href":"https:\/\/nuestrosescritores.com\/pablodelbarco\/wp-json\/wp\/v2\/comments?post=67"}],"version-history":[{"count":0,"href":"https:\/\/nuestrosescritores.com\/pablodelbarco\/wp-json\/wp\/v2\/pages\/67\/revisions"}],"wp:attachment":[{"href":"https:\/\/nuestrosescritores.com\/pablodelbarco\/wp-json\/wp\/v2\/media?parent=67"}],"curies":[{"name":"wp","href":"https:\/\/api.w.org\/{rel}","templated":true}]}}