{"id":55,"date":"2024-04-05T19:49:12","date_gmt":"2024-04-05T17:49:12","guid":{"rendered":"https:\/\/nuestrosescritores.com\/otsoa\/?page_id=55"},"modified":"2024-04-05T22:15:34","modified_gmt":"2024-04-05T20:15:34","slug":"poesia","status":"publish","type":"page","link":"https:\/\/nuestrosescritores.com\/otsoa\/poesia\/","title":{"rendered":"POES\u00cdA"},"content":{"rendered":"\t\t<div data-elementor-type=\"wp-page\" data-elementor-id=\"55\" class=\"elementor elementor-55\">\n\t\t\t\t\t\t<section class=\"elementor-section elementor-top-section elementor-element elementor-element-5b84955f elementor-section-full_width elementor-section-height-full elementor-section-content-middle back elementor-section-height-default elementor-section-items-middle\" data-id=\"5b84955f\" data-element_type=\"section\" data-e-type=\"section\">\n\t\t\t\t\t\t\t<div class=\"elementor-background-overlay\"><\/div>\n\t\t\t\t\t\t\t<div class=\"elementor-container elementor-column-gap-no\">\n\t\t\t\t\t<div class=\"aux-parallax-section elementor-column elementor-col-100 elementor-top-column elementor-element elementor-element-4ed266ea\" data-id=\"4ed266ea\" data-element_type=\"column\" data-e-type=\"column\">\n\t\t\t<div class=\"elementor-widget-wrap\">\n\t\t\t\t\t\t\t<\/div>\n\t\t<\/div>\n\t\t\t\t\t<\/div>\n\t\t<\/section>\n\t\t\t\t<section class=\"elementor-section elementor-top-section elementor-element elementor-element-312d3f2d elementor-section-boxed elementor-section-height-default elementor-section-height-default\" data-id=\"312d3f2d\" data-element_type=\"section\" data-e-type=\"section\">\n\t\t\t\t\t\t<div class=\"elementor-container elementor-column-gap-default\">\n\t\t\t\t\t<div class=\"aux-parallax-section elementor-column elementor-col-100 elementor-top-column elementor-element elementor-element-53b67198\" data-id=\"53b67198\" data-element_type=\"column\" data-e-type=\"column\">\n\t\t\t<div class=\"elementor-widget-wrap elementor-element-populated\">\n\t\t\t\t\t\t<div class=\"elementor-element elementor-element-75f4d9d7 elementor-widget elementor-widget-text-editor\" data-id=\"75f4d9d7\" data-element_type=\"widget\" data-e-type=\"widget\" data-widget_type=\"text-editor.default\">\n\t\t\t\t<div class=\"elementor-widget-container\">\n\t\t\t\t\t\t\t\t\t<h1><a name=\"_Toc132999983\"><\/a><\/h1><h1><a name=\"_Toc160561006\"><\/a><strong>Grieta en el coraz\u00f3n<\/strong><\/h1><p>Cuando uno est\u00e1 tan unido a una persona, que literalmente podr\u00edan ser una, al separarse se dividen en mil cachitos, mil cachitos de coraz\u00f3n.<\/p><p>Cuando dos personas se aman comparten coraz\u00f3n, el cuerpo se acostumbra a su figura y no se imagina que le pueda faltar nunca. Cuando los mil pedazos estallan, la primera reacci\u00f3n del cuerpo es no asimilarlo, te ha ca\u00eddo un jarr\u00f3n de agua fr\u00eda y no sab\u00edas ni por donde te ven\u00eda. Luego uno se arrodilla e intenta volver a juntar los pedazos con sus l\u00e1grimas, tratar de arreglarlo de cualquier manera. Luego poco a poco, el cuerpo se va relajando, a su falta se va amoldando, pero por dentro est\u00e1 tan hueco, que con nada podr\u00e1 ser relleno. No hay hambre, no hay sue\u00f1o, no hay ganas de comenzar un nuevo vuelo, no hay fuerza para ning\u00fan duelo. Por la cabeza solo asoma el recuerdo, recuerdo doloroso, escamoso, que a\u00f1ora el retorno.<\/p><p>A ello le sigue rehacer la vida, volver a encontrar tu sitio como solista y aflorar tu sonrisa por ti misma. Toca volver a conocerse a uno, volver a vivir sin sentir el nudo que provoca su falta, y redirigir el camino hacia un destino \u00fanico. Es entonces cuando abres los ojos y te das cuenta de que uno nace y muere solo, aunque por el camino se nos olvide y lo queramos compartir todo. Todo lo quisimos regalar a esa persona que ya no est\u00e1, y ya no s\u00e9 qu\u00e9 hacer con todo esto que se iba a dar, m\u00e1s que para m\u00ed y en mi beneficio todo guardar.<\/p><p>Por \u00faltimo, solo queda mirar atr\u00e1s y ver que aquellos recuerdos que tanto dol\u00edan ahora en tu rostro solo provocan una sonrisa, ha desaparecido la amarga l\u00e1grima. Aun as\u00ed, siempre asoma algo de melancol\u00eda al recordar lo bonitos que fueron aquellos d\u00edas, pues un pedacito de los miles siempre quedar\u00e1 unido, en su sitio.<\/p><p><span class='bctt-click-to-tweet'><span class='bctt-ctt-text'><a href='https:\/\/x.com\/intent\/tweet?url=https%3A%2F%2Fnuestrosescritores.com%2Fotsoa%2Fpoesia%2F&#038;text=Grieta%20en%20el%20coraz%C3%B3n%20del%20libro%20DELIRIOS%20de%20OTSOA&#038;related' target='_blank'rel=\"noopener noreferrer\">Grieta en el coraz\u00f3n del libro DELIRIOS de OTSOA <\/a><\/span><a href='https:\/\/x.com\/intent\/tweet?url=https%3A%2F%2Fnuestrosescritores.com%2Fotsoa%2Fpoesia%2F&#038;text=Grieta%20en%20el%20coraz%C3%B3n%20del%20libro%20DELIRIOS%20de%20OTSOA&#038;related' target='_blank' class='bctt-ctt-btn'rel=\"noopener noreferrer\">Compartir en X<\/a><\/span><\/p>\t\t\t\t\t\t\t\t<\/div>\n\t\t\t\t<\/div>\n\t\t\t\t\t<\/div>\n\t\t<\/div>\n\t\t\t\t\t<\/div>\n\t\t<\/section>\n\t\t\t\t<section class=\"elementor-section elementor-top-section elementor-element elementor-element-6c2bd081 elementor-section-height-full elementor-section-content-middle back elementor-section-boxed elementor-section-height-default elementor-section-items-middle\" data-id=\"6c2bd081\" data-element_type=\"section\" data-e-type=\"section\">\n\t\t\t\t\t\t\t<div class=\"elementor-background-overlay\"><\/div>\n\t\t\t\t\t\t\t<div class=\"elementor-container elementor-column-gap-no\">\n\t\t\t\t\t<div class=\"aux-parallax-section elementor-column elementor-col-100 elementor-top-column elementor-element elementor-element-2bb88f60\" data-id=\"2bb88f60\" data-element_type=\"column\" data-e-type=\"column\">\n\t\t\t<div class=\"elementor-widget-wrap\">\n\t\t\t\t\t\t\t<\/div>\n\t\t<\/div>\n\t\t\t\t\t<\/div>\n\t\t<\/section>\n\t\t\t\t<section class=\"elementor-section elementor-top-section elementor-element elementor-element-4d5d7d50 elementor-section-full_width elementor-section-height-full elementor-section-height-default elementor-section-items-middle\" data-id=\"4d5d7d50\" data-element_type=\"section\" data-e-type=\"section\">\n\t\t\t\t\t\t<div class=\"elementor-container elementor-column-gap-default\">\n\t\t\t\t\t<div class=\"aux-parallax-section elementor-column elementor-col-100 elementor-top-column elementor-element elementor-element-176db582\" data-id=\"176db582\" data-element_type=\"column\" data-e-type=\"column\">\n\t\t\t<div class=\"elementor-widget-wrap elementor-element-populated\">\n\t\t\t\t\t\t<div class=\"elementor-element elementor-element-358030f elementor-widget elementor-widget-text-editor\" data-id=\"358030f\" data-element_type=\"widget\" data-e-type=\"widget\" data-widget_type=\"text-editor.default\">\n\t\t\t\t<div class=\"elementor-widget-container\">\n\t\t\t\t\t\t\t\t\t<h1><a name=\"_Toc132999983\"><\/a><\/h1><h1><a name=\"_Toc132999987\"><\/a><\/h1><h1><a name=\"_Toc160561086\"><\/a><strong>XL.<\/strong><\/h1><p>Apaciguas la llama con las mareas cristalinas y calmadas que acarrean tu mirada.<\/p><p>Pero amor, aunque supusiera dolor, yo solo quer\u00eda arder en el incendio de tu coraz\u00f3n.<\/p><p><span class='bctt-click-to-tweet'><span class='bctt-ctt-text'><a href='https:\/\/x.com\/intent\/tweet?url=https%3A%2F%2Fnuestrosescritores.com%2Fotsoa%2Fpoesia%2F&#038;text=XL.%20del%20libro%20DELIRIOS%20de%20OTSOA&#038;related' target='_blank'rel=\"noopener noreferrer\">XL. del libro DELIRIOS de OTSOA <\/a><\/span><a href='https:\/\/x.com\/intent\/tweet?url=https%3A%2F%2Fnuestrosescritores.com%2Fotsoa%2Fpoesia%2F&#038;text=XL.%20del%20libro%20DELIRIOS%20de%20OTSOA&#038;related' target='_blank' class='bctt-ctt-btn'rel=\"noopener noreferrer\">Compartir en X<\/a><\/span><\/p>\t\t\t\t\t\t\t\t<\/div>\n\t\t\t\t<\/div>\n\t\t\t\t\t<\/div>\n\t\t<\/div>\n\t\t\t\t\t<\/div>\n\t\t<\/section>\n\t\t\t\t<section class=\"elementor-section elementor-top-section elementor-element elementor-element-79ca96a2 elementor-section-full_width elementor-section-height-full elementor-section-content-middle back elementor-section-height-default elementor-section-items-middle\" data-id=\"79ca96a2\" data-element_type=\"section\" data-e-type=\"section\">\n\t\t\t\t\t\t\t<div class=\"elementor-background-overlay\"><\/div>\n\t\t\t\t\t\t\t<div class=\"elementor-container elementor-column-gap-no\">\n\t\t\t\t\t<div class=\"aux-parallax-section elementor-column elementor-col-100 elementor-top-column elementor-element elementor-element-2459014f\" data-id=\"2459014f\" data-element_type=\"column\" data-e-type=\"column\">\n\t\t\t<div class=\"elementor-widget-wrap\">\n\t\t\t\t\t\t\t<\/div>\n\t\t<\/div>\n\t\t\t\t\t<\/div>\n\t\t<\/section>\n\t\t\t\t<section class=\"elementor-section elementor-top-section elementor-element elementor-element-4dfef48a elementor-section-boxed elementor-section-height-default elementor-section-height-default\" data-id=\"4dfef48a\" data-element_type=\"section\" data-e-type=\"section\">\n\t\t\t\t\t\t<div class=\"elementor-container elementor-column-gap-default\">\n\t\t\t\t\t<div class=\"aux-parallax-section elementor-column elementor-col-100 elementor-top-column elementor-element elementor-element-d18d665\" data-id=\"d18d665\" data-element_type=\"column\" data-e-type=\"column\">\n\t\t\t<div class=\"elementor-widget-wrap elementor-element-populated\">\n\t\t\t\t\t\t<div class=\"elementor-element elementor-element-54fc15d3 elementor-widget elementor-widget-text-editor\" data-id=\"54fc15d3\" data-element_type=\"widget\" data-e-type=\"widget\" data-widget_type=\"text-editor.default\">\n\t\t\t\t<div class=\"elementor-widget-container\">\n\t\t\t\t\t\t\t\t\t<h1>\u00a0<\/h1><h1><a name=\"_Toc160561087\"><\/a><strong>XLII.<\/strong><\/h1><p>T\u00fa, fortuna, no eres destino ni delirio, eres virtud sin esfuerzo, virtuosa por nacimiento,<\/p><p>sola<\/p><p>perduras a lo largo del tiempo.<\/p><p>Con mis manos puedo darte forma, pero no puedo desvanecer tu figura envuelta en una armadura que tus rizos dorados camufla.<\/p><p>T\u00fa eres inescrutable, fortuna, puedes ser condenada por bruja que jam\u00e1s ser\u00e1s abrasada, pues t\u00fa misma eres quien enciende la llama.<\/p><p>.<\/p><p><span class='bctt-click-to-tweet'><span class='bctt-ctt-text'><a href='https:\/\/x.com\/intent\/tweet?url=https%3A%2F%2Fnuestrosescritores.com%2Fotsoa%2Fpoesia%2F&#038;text=XLII%20del%20libro%20DELIRIOS%20de%20OTSOA&#038;related' target='_blank'rel=\"noopener noreferrer\">XLII del libro DELIRIOS de OTSOA <\/a><\/span><a href='https:\/\/x.com\/intent\/tweet?url=https%3A%2F%2Fnuestrosescritores.com%2Fotsoa%2Fpoesia%2F&#038;text=XLII%20del%20libro%20DELIRIOS%20de%20OTSOA&#038;related' target='_blank' class='bctt-ctt-btn'rel=\"noopener noreferrer\">Compartir en X<\/a><\/span><\/p>\t\t\t\t\t\t\t\t<\/div>\n\t\t\t\t<\/div>\n\t\t\t\t\t<\/div>\n\t\t<\/div>\n\t\t\t\t\t<\/div>\n\t\t<\/section>\n\t\t\t\t<section class=\"elementor-section elementor-top-section elementor-element elementor-element-105e4171 elementor-section-full_width elementor-section-height-full elementor-section-content-middle back elementor-section-height-default elementor-section-items-middle\" data-id=\"105e4171\" data-element_type=\"section\" data-e-type=\"section\">\n\t\t\t\t\t\t\t<div class=\"elementor-background-overlay\"><\/div>\n\t\t\t\t\t\t\t<div class=\"elementor-container elementor-column-gap-no\">\n\t\t\t\t\t<div class=\"aux-parallax-section elementor-column elementor-col-100 elementor-top-column elementor-element elementor-element-400c58bd\" data-id=\"400c58bd\" data-element_type=\"column\" data-e-type=\"column\">\n\t\t\t<div class=\"elementor-widget-wrap\">\n\t\t\t\t\t\t\t<\/div>\n\t\t<\/div>\n\t\t\t\t\t<\/div>\n\t\t<\/section>\n\t\t\t\t<section class=\"elementor-section elementor-top-section elementor-element elementor-element-24f6966e elementor-section-boxed elementor-section-height-default elementor-section-height-default\" data-id=\"24f6966e\" data-element_type=\"section\" data-e-type=\"section\">\n\t\t\t\t\t\t<div class=\"elementor-container elementor-column-gap-default\">\n\t\t\t\t\t<div class=\"aux-parallax-section elementor-column elementor-col-100 elementor-top-column elementor-element elementor-element-7d5fa2a7\" data-id=\"7d5fa2a7\" data-element_type=\"column\" data-e-type=\"column\">\n\t\t\t<div class=\"elementor-widget-wrap elementor-element-populated\">\n\t\t\t\t\t\t<div class=\"elementor-element elementor-element-47a69fef elementor-widget elementor-widget-text-editor\" data-id=\"47a69fef\" data-element_type=\"widget\" data-e-type=\"widget\" data-widget_type=\"text-editor.default\">\n\t\t\t\t<div class=\"elementor-widget-container\">\n\t\t\t\t\t\t\t\t\t<h1><a name=\"_Toc133000005\"><\/a><\/h1><h1><a name=\"_Toc133000014\"><\/a><\/h1><h1><a name=\"_Toc160561088\"><\/a><strong>XLV.<\/strong><\/h1><p>Tu mirada sobre m\u00ed clavada simula la mar calmada, cristalina y acogedora.<\/p><p>En el reflejo de tus ojos todo es claro, como ellos, tanto que me llenan de asombro, tanto que podr\u00edan servir de refugio.<\/p><p>Pero luego tu voz enturbia el agua con cada palabra callada, sonrojada tras tu mirada.<\/p><p>Pero quiz\u00e1 soy yo que muero de sed en medio de este desierto llamado vida, quiz\u00e1 el delirio me ha llevado a ver mar donde solo hay sequ\u00eda.<\/p><p><span class='bctt-click-to-tweet'><span class='bctt-ctt-text'><a href='https:\/\/x.com\/intent\/tweet?url=https%3A%2F%2Fnuestrosescritores.com%2Fotsoa%2Fpoesia%2F&#038;text=XLV.%20del%20libro%20DELIRIOS%20de%20OTSOA&#038;related' target='_blank'rel=\"noopener noreferrer\">XLV. del libro DELIRIOS de OTSOA <\/a><\/span><a href='https:\/\/x.com\/intent\/tweet?url=https%3A%2F%2Fnuestrosescritores.com%2Fotsoa%2Fpoesia%2F&#038;text=XLV.%20del%20libro%20DELIRIOS%20de%20OTSOA&#038;related' target='_blank' class='bctt-ctt-btn'rel=\"noopener noreferrer\">Compartir en X<\/a><\/span><\/p>\t\t\t\t\t\t\t\t<\/div>\n\t\t\t\t<\/div>\n\t\t\t\t\t<\/div>\n\t\t<\/div>\n\t\t\t\t\t<\/div>\n\t\t<\/section>\n\t\t\t\t<section class=\"elementor-section elementor-top-section elementor-element elementor-element-30ad110a elementor-section-full_width elementor-section-height-full elementor-section-content-middle back elementor-section-height-default elementor-section-items-middle\" data-id=\"30ad110a\" data-element_type=\"section\" data-e-type=\"section\">\n\t\t\t\t\t\t\t<div class=\"elementor-background-overlay\"><\/div>\n\t\t\t\t\t\t\t<div class=\"elementor-container elementor-column-gap-no\">\n\t\t\t\t\t<div class=\"aux-parallax-section elementor-column elementor-col-100 elementor-top-column elementor-element elementor-element-348e2b55\" data-id=\"348e2b55\" data-element_type=\"column\" data-e-type=\"column\">\n\t\t\t<div class=\"elementor-widget-wrap\">\n\t\t\t\t\t\t\t<\/div>\n\t\t<\/div>\n\t\t\t\t\t<\/div>\n\t\t<\/section>\n\t\t\t\t<section class=\"elementor-section elementor-top-section elementor-element elementor-element-41ac7da5 elementor-section-boxed elementor-section-height-default elementor-section-height-default\" data-id=\"41ac7da5\" data-element_type=\"section\" data-e-type=\"section\">\n\t\t\t\t\t\t<div class=\"elementor-container elementor-column-gap-default\">\n\t\t\t\t\t<div class=\"aux-parallax-section elementor-column elementor-col-100 elementor-top-column elementor-element elementor-element-13632fd\" data-id=\"13632fd\" data-element_type=\"column\" data-e-type=\"column\">\n\t\t\t<div class=\"elementor-widget-wrap elementor-element-populated\">\n\t\t\t\t\t\t<div class=\"elementor-element elementor-element-6d4a808f elementor-widget elementor-widget-text-editor\" data-id=\"6d4a808f\" data-element_type=\"widget\" data-e-type=\"widget\" data-widget_type=\"text-editor.default\">\n\t\t\t\t<div class=\"elementor-widget-container\">\n\t\t\t\t\t\t\t\t\t<h1><a name=\"_Toc133000005\"><\/a><\/h1><h1><a name=\"_Toc133000031\"><\/a><\/h1><h1><a name=\"_Toc160561089\"><\/a><strong>XLVI.<\/strong><\/h1><p>Qu\u00e9 bonito ser\u00eda poder volar y saber hacia d\u00f3nde aletear, tu rostro en las nubes poder acariciar y envolverme en tus brazos al aterrizar.<\/p><h1><strong>XLVIII.<\/strong><\/h1><p>Qu\u00e9 min\u00fascula me hago cuando te paseas por mi lado,<\/p><p>qu\u00e9 indigno siento mi cuerpo cuando tu aroma inunda mi olfato.<\/p><p><span class='bctt-click-to-tweet'><span class='bctt-ctt-text'><a href='https:\/\/x.com\/intent\/tweet?url=https%3A%2F%2Fnuestrosescritores.com%2Fotsoa%2Fpoesia%2F&#038;text=XLVI.%20y%20XLVIII.%20del%20libro%20DELIRIOS%20de%20OTSOA&#038;related' target='_blank'rel=\"noopener noreferrer\">XLVI. y XLVIII. del libro DELIRIOS de OTSOA <\/a><\/span><a href='https:\/\/x.com\/intent\/tweet?url=https%3A%2F%2Fnuestrosescritores.com%2Fotsoa%2Fpoesia%2F&#038;text=XLVI.%20y%20XLVIII.%20del%20libro%20DELIRIOS%20de%20OTSOA&#038;related' target='_blank' class='bctt-ctt-btn'rel=\"noopener noreferrer\">Compartir en X<\/a><\/span><\/p>\t\t\t\t\t\t\t\t<\/div>\n\t\t\t\t<\/div>\n\t\t\t\t\t<\/div>\n\t\t<\/div>\n\t\t\t\t\t<\/div>\n\t\t<\/section>\n\t\t\t\t<section class=\"elementor-section elementor-top-section elementor-element elementor-element-163e905c elementor-section-full_width elementor-section-height-full elementor-section-content-middle back elementor-section-height-default elementor-section-items-middle\" data-id=\"163e905c\" data-element_type=\"section\" data-e-type=\"section\">\n\t\t\t\t\t\t\t<div class=\"elementor-background-overlay\"><\/div>\n\t\t\t\t\t\t\t<div class=\"elementor-container elementor-column-gap-no\">\n\t\t\t\t\t<div class=\"aux-parallax-section elementor-column elementor-col-100 elementor-top-column elementor-element elementor-element-13d530f5\" data-id=\"13d530f5\" data-element_type=\"column\" data-e-type=\"column\">\n\t\t\t<div class=\"elementor-widget-wrap elementor-element-populated\">\n\t\t\t\t\t\t<div class=\"elementor-element elementor-element-1d47aa3b elementor-button-success elementor-align-center elementor-widget elementor-widget-button\" data-id=\"1d47aa3b\" data-element_type=\"widget\" data-e-type=\"widget\" data-widget_type=\"button.default\">\n\t\t\t\t<div class=\"elementor-widget-container\">\n\t\t\t\t\t\t\t\t\t<div class=\"elementor-button-wrapper\">\n\t\t\t\t\t<a class=\"elementor-button elementor-button-link elementor-size-xl\" href=\"https:\/\/librodepoesia.com\/libro\/delirios-otsoa\/\">\n\t\t\t\t\t\t<span class=\"elementor-button-content-wrapper\">\n\t\t\t\t\t\t\t\t\t<span class=\"elementor-button-text\">COMPRAR EL LIBRO<\/span>\n\t\t\t\t\t<\/span>\n\t\t\t\t\t<\/a>\n\t\t\t\t<\/div>\n\t\t\t\t\t\t\t\t<\/div>\n\t\t\t\t<\/div>\n\t\t\t\t\t<\/div>\n\t\t<\/div>\n\t\t\t\t\t<\/div>\n\t\t<\/section>\n\t\t\t\t<\/div>\n\t\t","protected":false},"excerpt":{"rendered":"<p>Grieta en el coraz\u00f3n Cuando uno est\u00e1 tan unido a una persona, que literalmente podr\u00edan ser una, al separarse se dividen en mil cachitos, mil cachitos de coraz\u00f3n. Cuando dos personas se aman comparten coraz\u00f3n, el cuerpo se acostumbra a su figura y no se imagina que le pueda faltar nunca. Cuando los mil pedazos [&hellip;]<\/p>\n","protected":false},"author":1,"featured_media":0,"parent":0,"menu_order":0,"comment_status":"closed","ping_status":"closed","template":"","meta":{"_acf_changed":false,"footnotes":""},"class_list":["post-55","page","type-page","status-publish","hentry"],"acf":[],"yoast_head":"<!-- This site is optimized with the Yoast SEO Premium plugin v24.7 (Yoast SEO v27.3) - https:\/\/yoast.com\/product\/yoast-seo-premium-wordpress\/ -->\n<title>POES\u00cdA - Otsoa<\/title>\n<meta name=\"robots\" content=\"index, follow, max-snippet:-1, max-image-preview:large, max-video-preview:-1\" \/>\n<link rel=\"canonical\" href=\"https:\/\/nuestrosescritores.com\/otsoa\/poesia\/\" \/>\n<meta property=\"og:locale\" content=\"es_ES\" \/>\n<meta property=\"og:type\" content=\"article\" \/>\n<meta property=\"og:title\" content=\"POES\u00cdA\" \/>\n<meta property=\"og:description\" content=\"Grieta en el coraz\u00f3n Cuando uno est\u00e1 tan unido a una persona, que literalmente podr\u00edan ser una, al separarse se dividen en mil cachitos, mil cachitos de coraz\u00f3n. Cuando dos personas se aman comparten coraz\u00f3n, el cuerpo se acostumbra a su figura y no se imagina que le pueda faltar nunca. Cuando los mil pedazos [&hellip;]\" \/>\n<meta property=\"og:url\" content=\"https:\/\/nuestrosescritores.com\/otsoa\/poesia\/\" \/>\n<meta property=\"og:site_name\" content=\"Otsoa\" \/>\n<meta property=\"article:modified_time\" content=\"2024-04-05T20:15:34+00:00\" \/>\n<meta name=\"twitter:card\" content=\"summary_large_image\" \/>\n<meta name=\"twitter:label1\" content=\"Tiempo de lectura\" \/>\n\t<meta name=\"twitter:data1\" content=\"3 minutos\" \/>\n<script type=\"application\/ld+json\" class=\"yoast-schema-graph\">{\"@context\":\"https:\\\/\\\/schema.org\",\"@graph\":[{\"@type\":\"WebPage\",\"@id\":\"https:\\\/\\\/nuestrosescritores.com\\\/otsoa\\\/poesia\\\/\",\"url\":\"https:\\\/\\\/nuestrosescritores.com\\\/otsoa\\\/poesia\\\/\",\"name\":\"POES\u00cdA - Otsoa\",\"isPartOf\":{\"@id\":\"https:\\\/\\\/nuestrosescritores.com\\\/otsoa\\\/#website\"},\"datePublished\":\"2024-04-05T17:49:12+00:00\",\"dateModified\":\"2024-04-05T20:15:34+00:00\",\"breadcrumb\":{\"@id\":\"https:\\\/\\\/nuestrosescritores.com\\\/otsoa\\\/poesia\\\/#breadcrumb\"},\"inLanguage\":\"es\",\"potentialAction\":[{\"@type\":\"ReadAction\",\"target\":[\"https:\\\/\\\/nuestrosescritores.com\\\/otsoa\\\/poesia\\\/\"]}]},{\"@type\":\"BreadcrumbList\",\"@id\":\"https:\\\/\\\/nuestrosescritores.com\\\/otsoa\\\/poesia\\\/#breadcrumb\",\"itemListElement\":[{\"@type\":\"ListItem\",\"position\":1,\"name\":\"Portada\",\"item\":\"https:\\\/\\\/nuestrosescritores.com\\\/otsoa\\\/\"},{\"@type\":\"ListItem\",\"position\":2,\"name\":\"POES\u00cdA\"}]},{\"@type\":\"WebSite\",\"@id\":\"https:\\\/\\\/nuestrosescritores.com\\\/otsoa\\\/#website\",\"url\":\"https:\\\/\\\/nuestrosescritores.com\\\/otsoa\\\/\",\"name\":\"Nuestros escritores\",\"description\":\"Escritora\",\"potentialAction\":[{\"@type\":\"SearchAction\",\"target\":{\"@type\":\"EntryPoint\",\"urlTemplate\":\"https:\\\/\\\/nuestrosescritores.com\\\/otsoa\\\/?s={search_term_string}\"},\"query-input\":{\"@type\":\"PropertyValueSpecification\",\"valueRequired\":true,\"valueName\":\"search_term_string\"}}],\"inLanguage\":\"es\"}]}<\/script>\n<!-- \/ Yoast SEO Premium plugin. -->","yoast_head_json":{"title":"POES\u00cdA - Otsoa","robots":{"index":"index","follow":"follow","max-snippet":"max-snippet:-1","max-image-preview":"max-image-preview:large","max-video-preview":"max-video-preview:-1"},"canonical":"https:\/\/nuestrosescritores.com\/otsoa\/poesia\/","og_locale":"es_ES","og_type":"article","og_title":"POES\u00cdA","og_description":"Grieta en el coraz\u00f3n Cuando uno est\u00e1 tan unido a una persona, que literalmente podr\u00edan ser una, al separarse se dividen en mil cachitos, mil cachitos de coraz\u00f3n. Cuando dos personas se aman comparten coraz\u00f3n, el cuerpo se acostumbra a su figura y no se imagina que le pueda faltar nunca. Cuando los mil pedazos [&hellip;]","og_url":"https:\/\/nuestrosescritores.com\/otsoa\/poesia\/","og_site_name":"Otsoa","article_modified_time":"2024-04-05T20:15:34+00:00","twitter_card":"summary_large_image","twitter_misc":{"Tiempo de lectura":"3 minutos"},"schema":{"@context":"https:\/\/schema.org","@graph":[{"@type":"WebPage","@id":"https:\/\/nuestrosescritores.com\/otsoa\/poesia\/","url":"https:\/\/nuestrosescritores.com\/otsoa\/poesia\/","name":"POES\u00cdA - Otsoa","isPartOf":{"@id":"https:\/\/nuestrosescritores.com\/otsoa\/#website"},"datePublished":"2024-04-05T17:49:12+00:00","dateModified":"2024-04-05T20:15:34+00:00","breadcrumb":{"@id":"https:\/\/nuestrosescritores.com\/otsoa\/poesia\/#breadcrumb"},"inLanguage":"es","potentialAction":[{"@type":"ReadAction","target":["https:\/\/nuestrosescritores.com\/otsoa\/poesia\/"]}]},{"@type":"BreadcrumbList","@id":"https:\/\/nuestrosescritores.com\/otsoa\/poesia\/#breadcrumb","itemListElement":[{"@type":"ListItem","position":1,"name":"Portada","item":"https:\/\/nuestrosescritores.com\/otsoa\/"},{"@type":"ListItem","position":2,"name":"POES\u00cdA"}]},{"@type":"WebSite","@id":"https:\/\/nuestrosescritores.com\/otsoa\/#website","url":"https:\/\/nuestrosescritores.com\/otsoa\/","name":"Nuestros escritores","description":"Escritora","potentialAction":[{"@type":"SearchAction","target":{"@type":"EntryPoint","urlTemplate":"https:\/\/nuestrosescritores.com\/otsoa\/?s={search_term_string}"},"query-input":{"@type":"PropertyValueSpecification","valueRequired":true,"valueName":"search_term_string"}}],"inLanguage":"es"}]}},"_links":{"self":[{"href":"https:\/\/nuestrosescritores.com\/otsoa\/wp-json\/wp\/v2\/pages\/55","targetHints":{"allow":["GET"]}}],"collection":[{"href":"https:\/\/nuestrosescritores.com\/otsoa\/wp-json\/wp\/v2\/pages"}],"about":[{"href":"https:\/\/nuestrosescritores.com\/otsoa\/wp-json\/wp\/v2\/types\/page"}],"author":[{"embeddable":true,"href":"https:\/\/nuestrosescritores.com\/otsoa\/wp-json\/wp\/v2\/users\/1"}],"replies":[{"embeddable":true,"href":"https:\/\/nuestrosescritores.com\/otsoa\/wp-json\/wp\/v2\/comments?post=55"}],"version-history":[{"count":0,"href":"https:\/\/nuestrosescritores.com\/otsoa\/wp-json\/wp\/v2\/pages\/55\/revisions"}],"wp:attachment":[{"href":"https:\/\/nuestrosescritores.com\/otsoa\/wp-json\/wp\/v2\/media?parent=55"}],"curies":[{"name":"wp","href":"https:\/\/api.w.org\/{rel}","templated":true}]}}