{"id":73,"date":"2020-12-06T17:55:36","date_gmt":"2020-12-06T17:55:36","guid":{"rendered":"https:\/\/nuestrosescritores.com\/mirianoliveralopez\/?page_id=73"},"modified":"2020-12-06T18:07:31","modified_gmt":"2020-12-06T18:07:31","slug":"poesia","status":"publish","type":"page","link":"https:\/\/nuestrosescritores.com\/mirianoliveralopez\/poesia\/","title":{"rendered":"POES\u00cdA"},"content":{"rendered":"<div class=\"wpb-content-wrapper\">[vc_row full_width=&#8221;stretch_row_content_no_spaces&#8221;][vc_column extend=&#8221;false&#8221;]<div class='gambit_parallax_row' data-bg-align='' data-direction='fixed' data-opacity='100' data-velocity='-0.3' data-mobile-enabled='' data-bg-height='2560' data-bg-width='1705' data-bg-image='https:\/\/nuestrosescritores.com\/mirianoliveralopez\/wp-content\/uploads\/sites\/66\/2020\/12\/5rtbcpqidfa-scaled.jpg' data-bg-repeat='false' data-id='' style='display: none'><\/div><div class=\"gambit_fullheight_row\" data-content-location=\"center\" style=\"display: none\"><\/div>[\/vc_column][\/vc_row][vc_row][vc_column extend=&#8221;false&#8221;][vc_column_text]<a name=\"_Toc52206386\"><\/a>Un camino sin se\u00f1alizar<\/p>\n<p>Una bombilla que parpadea<\/p>\n<p>Los puntos buscando la i<\/p>\n<p>El reloj sin tic tac<\/p>\n<p>El tic tac de un coraz\u00f3n<\/p>\n<p>Un amanecer sin luna<\/p>\n<p>Un anochecer sin sol<\/p>\n<p>Las verjas de un sentimiento<\/p>\n<p>El bot\u00f3n de la ropa interior.<\/p>\n<p>&nbsp;<\/p>\n<p>&nbsp;<\/p>\n<p>&nbsp;<\/p>\n<p>&nbsp;<\/p>\n<p>&nbsp;<\/p>\n<p>&nbsp;<\/p>\n<span class='bctt-click-to-tweet'><span class='bctt-ctt-text'><a href='https:\/\/x.com\/intent\/tweet?url=https%3A%2F%2Fnuestrosescritores.com%2Fmirianoliveralopez%2Fpoesia%2F&#038;text=Un%20camino%20sin%20se%C3%B1alizar%20del%20libro%20ACACHOS%20de%20MIRIAN%20OLIVERA%20L%C3%93PEZ&#038;via=poesiaerestu&#038;related=poesiaerestu' target='_blank'rel=\"noopener noreferrer\">Un camino sin se\u00f1alizar del libro ACACHOS de MIRIAN OLIVERA L\u00d3PEZ <\/a><\/span><a href='https:\/\/x.com\/intent\/tweet?url=https%3A%2F%2Fnuestrosescritores.com%2Fmirianoliveralopez%2Fpoesia%2F&#038;text=Un%20camino%20sin%20se%C3%B1alizar%20del%20libro%20ACACHOS%20de%20MIRIAN%20OLIVERA%20L%C3%93PEZ&#038;via=poesiaerestu&#038;related=poesiaerestu' target='_blank' class='bctt-ctt-btn'rel=\"noopener noreferrer\">Compartir en X<\/a><\/span>[\/vc_column_text][\/vc_column][\/vc_row][vc_row full_width=&#8221;stretch_row_content_no_spaces&#8221;][vc_column extend=&#8221;false&#8221;]<div class='gambit_parallax_row' data-bg-align='' data-direction='fixed' data-opacity='100' data-velocity='-0.3' data-mobile-enabled='' data-bg-height='2560' data-bg-width='1707' data-bg-image='https:\/\/nuestrosescritores.com\/mirianoliveralopez\/wp-content\/uploads\/sites\/66\/2020\/12\/qgebx1lkmue-scaled.jpg' data-bg-repeat='false' data-id='' style='display: none'><\/div><div class=\"gambit_fullheight_row\" data-content-location=\"center\" style=\"display: none\"><\/div>[\/vc_column][\/vc_row][vc_row][vc_column extend=&#8221;false&#8221;][vc_column_text]<a name=\"_Toc52206392\"><\/a>\u00bfPuede la luna brillar m\u00e1s que el sol?<\/p>\n<p>\u00bfPuede un coraz\u00f3n robar la raz\u00f3n?<\/p>\n<p>\u00bfPuede el viento devolver las palabras?<\/p>\n<p>\u00bfPuede el silencio ser ruido?<\/p>\n<p>\u00bfPuede un hombre dejar de ser ni\u00f1o?<\/p>\n<p>\u00bfPuede un abrazo ser la pieza que encaje?<\/p>\n<p>\u00bfPuede un espejo esconder la verdad?<\/p>\n<p>\u00bfPuede una mirada impedir el sue\u00f1o?<\/p>\n<p>\u00bfPueden las paredes hablar?<\/p>\n<p>&nbsp;<\/p>\n<span class='bctt-click-to-tweet'><span class='bctt-ctt-text'><a href='https:\/\/x.com\/intent\/tweet?url=https%3A%2F%2Fnuestrosescritores.com%2Fmirianoliveralopez%2Fpoesia%2F&#038;text=%C2%BFPuede%20la%20luna%20brillar%20m%C3%A1s%20que%20el%20sol%3F%C2%A0del%20libro%20ACACHOS%20de%20MIRIAN%20OLIVERA%20L%C3%93PEZ&#038;via=poesiaerestu&#038;related=poesiaerestu' target='_blank'rel=\"noopener noreferrer\">\u00bfPuede la luna brillar m\u00e1s que el sol?&nbsp;del libro ACACHOS de MIRIAN OLIVERA L\u00d3PEZ <\/a><\/span><a href='https:\/\/x.com\/intent\/tweet?url=https%3A%2F%2Fnuestrosescritores.com%2Fmirianoliveralopez%2Fpoesia%2F&#038;text=%C2%BFPuede%20la%20luna%20brillar%20m%C3%A1s%20que%20el%20sol%3F%C2%A0del%20libro%20ACACHOS%20de%20MIRIAN%20OLIVERA%20L%C3%93PEZ&#038;via=poesiaerestu&#038;related=poesiaerestu' target='_blank' class='bctt-ctt-btn'rel=\"noopener noreferrer\">Compartir en X<\/a><\/span>\n<p>&nbsp;<\/p>\n<p>&nbsp;[\/vc_column_text][\/vc_column][\/vc_row][vc_row][vc_column extend=&#8221;false&#8221;]<div class='gambit_parallax_row' data-bg-align='' data-direction='fixed' data-opacity='100' data-velocity='-0.3' data-mobile-enabled='' data-bg-height='2560' data-bg-width='1706' data-bg-image='https:\/\/nuestrosescritores.com\/mirianoliveralopez\/wp-content\/uploads\/sites\/66\/2020\/12\/dj5gclp5pyq-scaled.jpg' data-bg-repeat='false' data-id='' style='display: none'><\/div><div class=\"gambit_fullheight_row\" data-content-location=\"center\" style=\"display: none\"><\/div>[\/vc_column][\/vc_row][vc_row][vc_column extend=&#8221;false&#8221;][vc_column_text]<a name=\"_Toc52206398\"><\/a>Dicen que es como el viento<\/p>\n<p>y que su mirada desentona con el cielo<\/p>\n<p>que cuando camina planta su huella con fuerza<\/p>\n<p>que mientras le hablas pierdes las palabras<\/p>\n<p>y que, si la tocas, puede enamorar.<\/p>\n<p>&nbsp;<\/p>\n<p>Dicen que el aire guarda su perfume<\/p>\n<p>y que hasta en su pelo te puede enredar,<\/p>\n<p>que besa en la boca como en las pel\u00edculas<\/p>\n<p>y que, si la tocas, puede enamorar.<\/p>\n<p>&nbsp;<\/p>\n<p>Dicen que a veces llora, que es fuerza pura,<\/p>\n<p>que nadie como ella sabe abrazar,<\/p>\n<p>que es decidida y luchadora, que ni el agua la puede frenar,<\/p>\n<p>que con las piedras construye un camino,<\/p>\n<p>que guarda un tesoro en su coraz\u00f3n,<\/p>\n<p>que cuando se r\u00ede puede enamorar.<\/p>\n<p>&nbsp;<\/p>\n<span class='bctt-click-to-tweet'><span class='bctt-ctt-text'><a href='https:\/\/x.com\/intent\/tweet?url=https%3A%2F%2Fnuestrosescritores.com%2Fmirianoliveralopez%2Fpoesia%2F&#038;text=Dicen%20que%20es%20como%20el%20viento%C2%A0del%20libro%20ACACHOS%20de%20MIRIAN%20OLIVERA%20L%C3%93PEZ&#038;via=poesiaerestu&#038;related=poesiaerestu' target='_blank'rel=\"noopener noreferrer\">Dicen que es como el viento&nbsp;del libro ACACHOS de MIRIAN OLIVERA L\u00d3PEZ <\/a><\/span><a href='https:\/\/x.com\/intent\/tweet?url=https%3A%2F%2Fnuestrosescritores.com%2Fmirianoliveralopez%2Fpoesia%2F&#038;text=Dicen%20que%20es%20como%20el%20viento%C2%A0del%20libro%20ACACHOS%20de%20MIRIAN%20OLIVERA%20L%C3%93PEZ&#038;via=poesiaerestu&#038;related=poesiaerestu' target='_blank' class='bctt-ctt-btn'rel=\"noopener noreferrer\">Compartir en X<\/a><\/span>[\/vc_column_text][\/vc_column][\/vc_row][vc_row][vc_column extend=&#8221;false&#8221;]<div class='gambit_parallax_row' data-bg-align='' data-direction='fixed' data-opacity='100' data-velocity='-0.3' data-mobile-enabled='' data-bg-height='1707' data-bg-width='2560' data-bg-image='https:\/\/nuestrosescritores.com\/mirianoliveralopez\/wp-content\/uploads\/sites\/66\/2020\/12\/7omqaeetp7u-scaled.jpg' data-bg-repeat='false' data-id='' style='display: none'><\/div><div class=\"gambit_fullheight_row\" data-content-location=\"center\" style=\"display: none\"><\/div>[\/vc_column][\/vc_row][vc_row][vc_column extend=&#8221;false&#8221;][vc_column_text]<a name=\"_Toc52206427\"><\/a>Las canciones dicen que quisieran ser tan alta como t\u00fa<\/p>\n<p>pero est\u00e1s tan sola, luna&#8230; y hace tanto fr\u00edo&#8230;<\/p>\n<p>Todas las noches te miro para hacerte compa\u00f1\u00eda.<\/p>\n<p>No est\u00e9s triste, luna, que pronto llegar\u00e1 el sol.<\/p>\n<p>&nbsp;<\/p>\n<span class='bctt-click-to-tweet'><span class='bctt-ctt-text'><a href='https:\/\/x.com\/intent\/tweet?url=https%3A%2F%2Fnuestrosescritores.com%2Fmirianoliveralopez%2Fpoesia%2F&#038;text=Las%20canciones%20dicen%20que%20quisieran%20ser%20tan%20alta%20como%20t%C3%BA%20del%20libro%20ACACHOS%20de%20MIRIAN%20OLIVERA%20L%C3%93PEZ&#038;via=poesiaerestu&#038;related=poesiaerestu' target='_blank'rel=\"noopener noreferrer\">Las canciones dicen que quisieran ser tan alta como t\u00fa del libro ACACHOS de MIRIAN OLIVERA L\u00d3PEZ <\/a><\/span><a href='https:\/\/x.com\/intent\/tweet?url=https%3A%2F%2Fnuestrosescritores.com%2Fmirianoliveralopez%2Fpoesia%2F&#038;text=Las%20canciones%20dicen%20que%20quisieran%20ser%20tan%20alta%20como%20t%C3%BA%20del%20libro%20ACACHOS%20de%20MIRIAN%20OLIVERA%20L%C3%93PEZ&#038;via=poesiaerestu&#038;related=poesiaerestu' target='_blank' class='bctt-ctt-btn'rel=\"noopener noreferrer\">Compartir en X<\/a><\/span>[\/vc_column_text][\/vc_column][\/vc_row][vc_row][vc_column extend=&#8221;false&#8221;]<div class='gambit_parallax_row' data-bg-align='' data-direction='fixed' data-opacity='100' data-velocity='-0.3' data-mobile-enabled='' data-bg-height='499' data-bg-width='1366' data-bg-image='https:\/\/nuestrosescritores.com\/mirianoliveralopez\/wp-content\/uploads\/sites\/66\/2020\/12\/InShot_20201124_111948890-SSquare_Alargada-Medium.jpg' data-bg-repeat='false' data-id='' style='display: none'><\/div><div class=\"gambit_fullheight_row\" data-content-location=\"center\" style=\"display: none\"><\/div>[vc_column_text]\n<p style=\"text-align: center;\"><a class=\"fasc-button fasc-size-xlarge fasc-type-glossy fasc-rounded-medium\" style=\"background-color: #33809e; color: #ffffff;\" href=\"https:\/\/librodepoesia.com\/producto\/acachos-mirian-olivera-lopez\/\">Comprar el libro<\/a><\/p>\n[\/vc_column_text][\/vc_column][\/vc_row]\n<\/div>","protected":false},"excerpt":{"rendered":"<p>[vc_row full_width=&#8221;stretch_row_content_no_spaces&#8221;][vc_column extend=&#8221;false&#8221;][\/vc_column][\/vc_row][vc_row][vc_column extend=&#8221;false&#8221;][vc_column_text]Un camino sin se\u00f1alizar Una bombilla que parpadea Los puntos buscando la i El reloj sin tic tac El tic tac de un coraz\u00f3n Un amanecer sin luna Un anochecer sin sol Las verjas de un sentimiento El bot\u00f3n de la ropa interior. &nbsp; &nbsp; &nbsp; &nbsp; &nbsp; &nbsp; [\/vc_column_text][\/vc_column][\/vc_row][vc_row full_width=&#8221;stretch_row_content_no_spaces&#8221;][vc_column extend=&#8221;false&#8221;][\/vc_column][\/vc_row][vc_row][vc_column [&hellip;]<\/p>\n","protected":false},"author":1,"featured_media":0,"parent":0,"menu_order":0,"comment_status":"closed","ping_status":"closed","template":"","meta":{"_acf_changed":false,"footnotes":""},"class_list":["post-73","page","type-page","status-publish","hentry"],"acf":[],"yoast_head":"<!-- This site is optimized with the Yoast SEO Premium plugin v24.7 (Yoast SEO v27.4) - https:\/\/yoast.com\/product\/yoast-seo-premium-wordpress\/ -->\n<title>POES\u00cdA - Mirian Olivera L\u00f3pez<\/title>\n<meta name=\"robots\" content=\"index, follow, max-snippet:-1, max-image-preview:large, max-video-preview:-1\" \/>\n<link rel=\"canonical\" href=\"https:\/\/nuestrosescritores.com\/mirianoliveralopez\/poesia\/\" \/>\n<meta property=\"og:locale\" content=\"es_ES\" \/>\n<meta property=\"og:type\" content=\"article\" \/>\n<meta property=\"og:title\" content=\"POES\u00cdA\" \/>\n<meta property=\"og:description\" content=\"[vc_row full_width=&#8221;stretch_row_content_no_spaces&#8221;][vc_column extend=&#8221;false&#8221;][\/vc_column][\/vc_row][vc_row][vc_column extend=&#8221;false&#8221;][vc_column_text]Un camino sin se\u00f1alizar Una bombilla que parpadea Los puntos buscando la i El reloj sin tic tac El tic tac de un coraz\u00f3n Un amanecer sin luna Un anochecer sin sol Las verjas de un sentimiento El bot\u00f3n de la ropa interior. &nbsp; &nbsp; &nbsp; &nbsp; &nbsp; &nbsp; [\/vc_column_text][\/vc_column][\/vc_row][vc_row full_width=&#8221;stretch_row_content_no_spaces&#8221;][vc_column extend=&#8221;false&#8221;][\/vc_column][\/vc_row][vc_row][vc_column [&hellip;]\" \/>\n<meta property=\"og:url\" content=\"https:\/\/nuestrosescritores.com\/mirianoliveralopez\/poesia\/\" \/>\n<meta property=\"og:site_name\" content=\"Mirian Olivera L\u00f3pez\" \/>\n<meta property=\"article:modified_time\" content=\"2020-12-06T18:07:31+00:00\" \/>\n<meta name=\"twitter:card\" content=\"summary_large_image\" \/>\n<meta name=\"twitter:label1\" content=\"Tiempo de lectura\" \/>\n\t<meta name=\"twitter:data1\" content=\"3 minutos\" \/>\n<script type=\"application\/ld+json\" class=\"yoast-schema-graph\">{\"@context\":\"https:\\\/\\\/schema.org\",\"@graph\":[{\"@type\":\"WebPage\",\"@id\":\"https:\\\/\\\/nuestrosescritores.com\\\/mirianoliveralopez\\\/poesia\\\/\",\"url\":\"https:\\\/\\\/nuestrosescritores.com\\\/mirianoliveralopez\\\/poesia\\\/\",\"name\":\"POES\u00cdA - Mirian Olivera L\u00f3pez\",\"isPartOf\":{\"@id\":\"https:\\\/\\\/nuestrosescritores.com\\\/mirianoliveralopez\\\/#website\"},\"datePublished\":\"2020-12-06T17:55:36+00:00\",\"dateModified\":\"2020-12-06T18:07:31+00:00\",\"breadcrumb\":{\"@id\":\"https:\\\/\\\/nuestrosescritores.com\\\/mirianoliveralopez\\\/poesia\\\/#breadcrumb\"},\"inLanguage\":\"es\",\"potentialAction\":[{\"@type\":\"ReadAction\",\"target\":[\"https:\\\/\\\/nuestrosescritores.com\\\/mirianoliveralopez\\\/poesia\\\/\"]}]},{\"@type\":\"BreadcrumbList\",\"@id\":\"https:\\\/\\\/nuestrosescritores.com\\\/mirianoliveralopez\\\/poesia\\\/#breadcrumb\",\"itemListElement\":[{\"@type\":\"ListItem\",\"position\":1,\"name\":\"Portada\",\"item\":\"https:\\\/\\\/nuestrosescritores.com\\\/mirianoliveralopez\\\/\"},{\"@type\":\"ListItem\",\"position\":2,\"name\":\"POES\u00cdA\"}]},{\"@type\":\"WebSite\",\"@id\":\"https:\\\/\\\/nuestrosescritores.com\\\/mirianoliveralopez\\\/#website\",\"url\":\"https:\\\/\\\/nuestrosescritores.com\\\/mirianoliveralopez\\\/\",\"name\":\"Nuestros escritores\",\"description\":\"Escritora\",\"potentialAction\":[{\"@type\":\"SearchAction\",\"target\":{\"@type\":\"EntryPoint\",\"urlTemplate\":\"https:\\\/\\\/nuestrosescritores.com\\\/mirianoliveralopez\\\/?s={search_term_string}\"},\"query-input\":{\"@type\":\"PropertyValueSpecification\",\"valueRequired\":true,\"valueName\":\"search_term_string\"}}],\"inLanguage\":\"es\"}]}<\/script>\n<!-- \/ Yoast SEO Premium plugin. -->","yoast_head_json":{"title":"POES\u00cdA - Mirian Olivera L\u00f3pez","robots":{"index":"index","follow":"follow","max-snippet":"max-snippet:-1","max-image-preview":"max-image-preview:large","max-video-preview":"max-video-preview:-1"},"canonical":"https:\/\/nuestrosescritores.com\/mirianoliveralopez\/poesia\/","og_locale":"es_ES","og_type":"article","og_title":"POES\u00cdA","og_description":"[vc_row full_width=&#8221;stretch_row_content_no_spaces&#8221;][vc_column extend=&#8221;false&#8221;][\/vc_column][\/vc_row][vc_row][vc_column extend=&#8221;false&#8221;][vc_column_text]Un camino sin se\u00f1alizar Una bombilla que parpadea Los puntos buscando la i El reloj sin tic tac El tic tac de un coraz\u00f3n Un amanecer sin luna Un anochecer sin sol Las verjas de un sentimiento El bot\u00f3n de la ropa interior. &nbsp; &nbsp; &nbsp; &nbsp; &nbsp; &nbsp; [\/vc_column_text][\/vc_column][\/vc_row][vc_row full_width=&#8221;stretch_row_content_no_spaces&#8221;][vc_column extend=&#8221;false&#8221;][\/vc_column][\/vc_row][vc_row][vc_column [&hellip;]","og_url":"https:\/\/nuestrosescritores.com\/mirianoliveralopez\/poesia\/","og_site_name":"Mirian Olivera L\u00f3pez","article_modified_time":"2020-12-06T18:07:31+00:00","twitter_card":"summary_large_image","twitter_misc":{"Tiempo de lectura":"3 minutos"},"schema":{"@context":"https:\/\/schema.org","@graph":[{"@type":"WebPage","@id":"https:\/\/nuestrosescritores.com\/mirianoliveralopez\/poesia\/","url":"https:\/\/nuestrosescritores.com\/mirianoliveralopez\/poesia\/","name":"POES\u00cdA - Mirian Olivera L\u00f3pez","isPartOf":{"@id":"https:\/\/nuestrosescritores.com\/mirianoliveralopez\/#website"},"datePublished":"2020-12-06T17:55:36+00:00","dateModified":"2020-12-06T18:07:31+00:00","breadcrumb":{"@id":"https:\/\/nuestrosescritores.com\/mirianoliveralopez\/poesia\/#breadcrumb"},"inLanguage":"es","potentialAction":[{"@type":"ReadAction","target":["https:\/\/nuestrosescritores.com\/mirianoliveralopez\/poesia\/"]}]},{"@type":"BreadcrumbList","@id":"https:\/\/nuestrosescritores.com\/mirianoliveralopez\/poesia\/#breadcrumb","itemListElement":[{"@type":"ListItem","position":1,"name":"Portada","item":"https:\/\/nuestrosescritores.com\/mirianoliveralopez\/"},{"@type":"ListItem","position":2,"name":"POES\u00cdA"}]},{"@type":"WebSite","@id":"https:\/\/nuestrosescritores.com\/mirianoliveralopez\/#website","url":"https:\/\/nuestrosescritores.com\/mirianoliveralopez\/","name":"Nuestros escritores","description":"Escritora","potentialAction":[{"@type":"SearchAction","target":{"@type":"EntryPoint","urlTemplate":"https:\/\/nuestrosescritores.com\/mirianoliveralopez\/?s={search_term_string}"},"query-input":{"@type":"PropertyValueSpecification","valueRequired":true,"valueName":"search_term_string"}}],"inLanguage":"es"}]}},"_links":{"self":[{"href":"https:\/\/nuestrosescritores.com\/mirianoliveralopez\/wp-json\/wp\/v2\/pages\/73","targetHints":{"allow":["GET"]}}],"collection":[{"href":"https:\/\/nuestrosescritores.com\/mirianoliveralopez\/wp-json\/wp\/v2\/pages"}],"about":[{"href":"https:\/\/nuestrosescritores.com\/mirianoliveralopez\/wp-json\/wp\/v2\/types\/page"}],"author":[{"embeddable":true,"href":"https:\/\/nuestrosescritores.com\/mirianoliveralopez\/wp-json\/wp\/v2\/users\/1"}],"replies":[{"embeddable":true,"href":"https:\/\/nuestrosescritores.com\/mirianoliveralopez\/wp-json\/wp\/v2\/comments?post=73"}],"version-history":[{"count":0,"href":"https:\/\/nuestrosescritores.com\/mirianoliveralopez\/wp-json\/wp\/v2\/pages\/73\/revisions"}],"wp:attachment":[{"href":"https:\/\/nuestrosescritores.com\/mirianoliveralopez\/wp-json\/wp\/v2\/media?parent=73"}],"curies":[{"name":"wp","href":"https:\/\/api.w.org\/{rel}","templated":true}]}}