{"id":75,"date":"2025-08-27T11:25:42","date_gmt":"2025-08-27T09:25:42","guid":{"rendered":"https:\/\/nuestrosescritores.com\/migueltorresmorales\/?page_id=75"},"modified":"2025-08-27T13:04:55","modified_gmt":"2025-08-27T11:04:55","slug":"poesia","status":"publish","type":"page","link":"https:\/\/nuestrosescritores.com\/migueltorresmorales\/poesia\/","title":{"rendered":"POES\u00cdA"},"content":{"rendered":"<div class=\"wpb-content-wrapper\">[vc_row full_width=&#8221;stretch_row_content_no_spaces&#8221;][vc_column extend=&#8221;false&#8221;]<div class='gambit_parallax_row' data-bg-align='' data-direction='fixed' data-opacity='100' data-velocity='-0.3' data-mobile-enabled='' data-bg-height='955' data-bg-width='1600' data-bg-image='https:\/\/nuestrosescritores.com\/migueltorresmorales\/wp-content\/uploads\/sites\/210\/2025\/08\/ak5c5vtch5e.jpg' data-bg-repeat='false' data-id='' style='display: none'><\/div><div class=\"gambit_fullheight_row\" data-content-location=\"center\" style=\"display: none\"><\/div>[\/vc_column][\/vc_row][vc_row][vc_column extend=&#8221;false&#8221;][vc_column_text css=&#8221;&#8221;]\n<h2><strong>DAGUERROTIPO<\/strong><\/h2>\n<p>Un loro se incrusta chillando en tus rubios cabellos que son candelabros augustos.<br \/>\nT\u00fa miras azul el anillo de siempre en palabras que atroz voy filmando,<br \/>\ntus versos de ni\u00f1a y tu trenza tan larga repueblan los reinos de Eguren,<br \/>\ntu falda escocesa y tu sue\u00f1o se llenan de petos brillantes y lanzas-cangrejos,<br \/>\nyo creo haber visto tu rostro callado en el bosque m\u00e1s verde del mundo,<br \/>\nrecuerdas mi nombre de imagen que mira tu cuerpo florido,<br \/>\nt\u00fa amaste a Tenorio, qu\u00e9 importa, veleta, la vida es un juego nupcial,<br \/>\nes miel de los dioses que alientan el verso m\u00e1s largo que existe,<br \/>\ntus labios soltaban diez mil tempestades, tus ojos tremendas ventiscas,<br \/>\nla cabra del tiempo pac\u00eda tranquila en tus dientes perfectos de Venus,<br \/>\nCorr\u00edas perdida buscando el abrazo de un hombre muy fuerte, par\u00e1bola de agua,<br \/>\ncual dos caracolas tus senos ansiaban un fauno silvestre en su ge\u00f3rgica estancia,<br \/>\nquietud soledosa de c\u00f3ncavas naves anclando en tu dicha portuaria.<br \/>\nT\u00fa fuiste tan bella, engastada en la prisa del reno impulsado en el eco,<br \/>\nmirabas mis manos callando y crec\u00edas con \u00edmpetu dulce de vieja campana,<br \/>\ntu boca pronuncia una frase que todo imagina, silencio de nubes,<br \/>\nmancebos so\u00f1aron tenerte en sus brazos por mil y una noches cut\u00e1neas,<br \/>\na todos dejabas pendiendo en rizadas guedejas que son candelabros,<br \/>\nperdiste canciones de vida que es luz conjurando el ocaso m\u00e1s triste.<br \/>\nHoy brilla tu cuerpo de pura pasi\u00f3n y de fiesta barroca con boda anhelante,<br \/>\nmas buscas el centro del hombre que hiciera de ti legendaria belleza,<br \/>\nme miras y callas y el loro se escapa a la rama m\u00e1s alta que t\u00fa.<\/p>\n<p>&nbsp;<\/p>\n<p>&nbsp;<\/p>\n<span class='bctt-click-to-tweet'><span class='bctt-ctt-text'><a href='https:\/\/x.com\/intent\/tweet?url=https%3A%2F%2Fnuestrosescritores.com%2Fmigueltorresmorales%2Fpoesia%2F&#038;text=DAGUERROTIPO%C2%A0del%20libro%20TU%20SOMBRA%20Y%20LA%20LIRA%20de%20MIGUEL%20ALFONSO%20TORRES%20MORALES&#038;via=poesiaerestu&#038;related=poesiaerestu' target='_blank'rel=\"noopener noreferrer\">DAGUERROTIPO&nbsp;del libro TU SOMBRA Y LA LIRA de MIGUEL ALFONSO TORRES MORALES <\/a><\/span><a href='https:\/\/x.com\/intent\/tweet?url=https%3A%2F%2Fnuestrosescritores.com%2Fmigueltorresmorales%2Fpoesia%2F&#038;text=DAGUERROTIPO%C2%A0del%20libro%20TU%20SOMBRA%20Y%20LA%20LIRA%20de%20MIGUEL%20ALFONSO%20TORRES%20MORALES&#038;via=poesiaerestu&#038;related=poesiaerestu' target='_blank' class='bctt-ctt-btn'rel=\"noopener noreferrer\">Compartir en X<\/a><\/span>\n<p>&nbsp;[\/vc_column_text][\/vc_column][\/vc_row][vc_row full_width=&#8221;stretch_row_content_no_spaces&#8221;][vc_column extend=&#8221;false&#8221;]<div class='gambit_parallax_row' data-bg-align='' data-direction='fixed' data-opacity='100' data-velocity='-0.3' data-mobile-enabled='' data-bg-height='1200' data-bg-width='800' data-bg-image='https:\/\/nuestrosescritores.com\/migueltorresmorales\/wp-content\/uploads\/sites\/210\/2025\/08\/p6uqpnyxci4.jpg' data-bg-repeat='false' data-id='' style='display: none'><\/div><div class=\"gambit_fullheight_row\" data-content-location=\"center\" style=\"display: none\"><\/div>[\/vc_column][\/vc_row][vc_row][vc_column extend=&#8221;false&#8221;][vc_column_text]\n<h1><a name=\"_Toc25777147\"><\/a><\/h1>\n<h2><strong>LA MAR HIELA<\/strong><\/h2>\n<p>Desplomo mi pena imposible en deshielo de tarde azarosa, te anhelo,<br \/>\ntu aliento libera al canario llevando en su pico tu rosa fragante.<br \/>\nVest\u00edas al sol y formabas la luna a partir del mirar que navega,<br \/>\nsi t\u00fa encarminabas tu boca mi yo deseaba tan s\u00f3lo potente cintura sextante.<br \/>\nMar m\u00edo, me hielas vac\u00edo de lirios que te aman por siempre,<br \/>\nMe riegas la vida de amor de marino en destierro tan lejos,<br \/>\nT\u00fa pintas el mundo en un cuadro vestida con bata azulina,<br \/>\nyo traigo amarillas mil rosas que besas con labios color vino tinto,<br \/>\nmis a\u00f1os pasados los trae en silencio el buen Jove con gracia,<br \/>\nyo coso paciente la tarde y tus libros de lomo perdido,<br \/>\ny t\u00fa eres verano en persona que irradia una verde mirada en jard\u00edn matinal.<br \/>\nEl agua que riega las plantas ya corta la luz y se ve el arco iris.<br \/>\nTu vientre es de fuego, tus dedos son luz, pero Her\u00e1clito fluye,<br \/>\ndurazno divino, yo s\u00e9 tu sabor de met\u00e1fora dulce, te he amado,<br \/>\ntus hombros tan dulces, tus besos tranquilos de mente barroca,<br \/>\nyo a veces so\u00f1aba que t\u00fa buganvilia esplend\u00edas con garfios tan tiernos,<br \/>\nmi amor en vigilia callaba tranquilo, contento de s\u00f3lo mirarte,<br \/>\nhallarte un domingo y tocarte de veras, qu\u00e9 dulce arrebato,<br \/>\nentonces no habr\u00eda en mi larga memoria el ensue\u00f1o de verte.<br \/>\nY sigo esperando una vida callada y entera que pueda tocarte mi anhelo,<br \/>\nde tu arduo pincel he salido y naufrago en tu mano tan pura.<\/p>\n<p>&nbsp;<\/p>\n<span class='bctt-click-to-tweet'><span class='bctt-ctt-text'><a href='https:\/\/x.com\/intent\/tweet?url=https%3A%2F%2Fnuestrosescritores.com%2Fmigueltorresmorales%2Fpoesia%2F&#038;text=LA%20MAR%20HIELA%20del%20libro%20TU%20SOMBRA%20Y%20LA%20LIRA%20de%20MIGUEL%20ALFONSO%20TORRES%20MORALES&#038;via=poesiaerestu&#038;related=poesiaerestu' target='_blank'rel=\"noopener noreferrer\">LA MAR HIELA del libro TU SOMBRA Y LA LIRA de MIGUEL ALFONSO TORRES MORALES <\/a><\/span><a href='https:\/\/x.com\/intent\/tweet?url=https%3A%2F%2Fnuestrosescritores.com%2Fmigueltorresmorales%2Fpoesia%2F&#038;text=LA%20MAR%20HIELA%20del%20libro%20TU%20SOMBRA%20Y%20LA%20LIRA%20de%20MIGUEL%20ALFONSO%20TORRES%20MORALES&#038;via=poesiaerestu&#038;related=poesiaerestu' target='_blank' class='bctt-ctt-btn'rel=\"noopener noreferrer\">Compartir en X<\/a><\/span>\n<p>&nbsp;<\/p>\n<p>&nbsp;[\/vc_column_text][\/vc_column][\/vc_row][vc_row][vc_column extend=&#8221;false&#8221;]<div class='gambit_parallax_row' data-bg-align='' data-direction='fixed' data-opacity='100' data-velocity='-0.3' data-mobile-enabled='' data-bg-height='1200' data-bg-width='800' data-bg-image='https:\/\/nuestrosescritores.com\/migueltorresmorales\/wp-content\/uploads\/sites\/210\/2025\/08\/tcyw6im5uug.jpg' data-bg-repeat='false' data-id='' style='display: none'><\/div><div class=\"gambit_fullheight_row\" data-content-location=\"center\" style=\"display: none\"><\/div>[\/vc_column][\/vc_row][vc_row][vc_column extend=&#8221;false&#8221;][vc_column_text]\n<h1><a name=\"_Toc25777151\"><\/a><\/h1>\n<h2><strong>EP\u00cdTETO DE LA BELLA DURMIENTE<\/strong><\/h2>\n<p>Soy siempre tan tuya y el vuelo del ala me hiere la vida en la almohada<br \/>\ny muerde la arena la espuma, marea a la espuma la luna cantando<br \/>\nde noche sonar de principio y el alma dormida en laureles,<br \/>\nincierto es el hado de muerte y de vida, qui\u00e9n sabe tu suerte,<br \/>\ntu andar de amapola al decir: &#8220;si volviera yo a verte&#8221;,<br \/>\ntocarte despacio en primera ocasi\u00f3n que se escapa en la puerta,<br \/>\nherida madera crujiendo en termitas arando con siete enanitos,<br \/>\nsurcando la tierra y el suelo del sue\u00f1o cantado en tu beso<br \/>\nmorado cual reino vedado al silencio de lecho ba\u00f1ado,<br \/>\nperdido en el libro tan verde de olvido y de siempre,<br \/>\nde siempre cantando cual lirio el fragor de ma\u00f1ana,<br \/>\nma\u00f1ana florece tu sol de acabares maduro en la rama,<br \/>\nla rama caliente y la sangre de adverbios fecundo y helando<br \/>\nlos polos de tuyo de m\u00edo y de nadie y del tiempo,<br \/>\nde sue\u00f1o morado que sue\u00f1a con tren y un espejo partido en esquirlas,<br \/>\ny vidrio sangrando de imagen dolida y memoria que bebe<br \/>\nlos pasos de nadie tocando tu puerta y mi puerta tan siempre y tan tuya.<\/p>\n<p>&nbsp;<\/p>\n<p>&nbsp;<\/p>\n<p>&nbsp;<\/p>\n<p>&nbsp;<\/p>\n<span class='bctt-click-to-tweet'><span class='bctt-ctt-text'><a href='https:\/\/x.com\/intent\/tweet?url=https%3A%2F%2Fnuestrosescritores.com%2Fmigueltorresmorales%2Fpoesia%2F&#038;text=EP%C3%8DTETO%20DE%20LA%20BELLA%20DURMIENTE%20del%20libro%20TU%20SOMBRA%20Y%20LA%20LIRA%20de%20MIGUEL%20ALFONSO%20TORRES%20MORALES&#038;via=poesiaerestu&#038;related=poesiaerestu' target='_blank'rel=\"noopener noreferrer\">EP\u00cdTETO DE LA BELLA DURMIENTE del libro TU SOMBRA Y LA LIRA de MIGUEL ALFONSO TORRES MORALES <\/a><\/span><a href='https:\/\/x.com\/intent\/tweet?url=https%3A%2F%2Fnuestrosescritores.com%2Fmigueltorresmorales%2Fpoesia%2F&#038;text=EP%C3%8DTETO%20DE%20LA%20BELLA%20DURMIENTE%20del%20libro%20TU%20SOMBRA%20Y%20LA%20LIRA%20de%20MIGUEL%20ALFONSO%20TORRES%20MORALES&#038;via=poesiaerestu&#038;related=poesiaerestu' target='_blank' class='bctt-ctt-btn'rel=\"noopener noreferrer\">Compartir en X<\/a><\/span>[\/vc_column_text][\/vc_column][\/vc_row][vc_row][vc_column extend=&#8221;false&#8221;]<div class='gambit_parallax_row' data-bg-align='' data-direction='fixed' data-opacity='100' data-velocity='-0.3' data-mobile-enabled='' data-bg-height='1063' data-bg-width='1600' data-bg-image='https:\/\/nuestrosescritores.com\/migueltorresmorales\/wp-content\/uploads\/sites\/210\/2025\/08\/iqp50njalkk.jpg' data-bg-repeat='false' data-id='' style='display: none'><\/div><div class=\"gambit_fullheight_row\" data-content-location=\"center\" style=\"display: none\"><\/div>[\/vc_column][\/vc_row][vc_row][vc_column extend=&#8221;false&#8221;][vc_column_text]\n<h1><a name=\"_Toc25777157\"><\/a><\/h1>\n<h2><strong>PRECIOSA<\/strong><\/h2>\n<p>Tu voz ha quedado atrapada en crep\u00fasculo quieto, mis manos<br \/>\nconvocan met\u00e1fora dulce que encienda la noche de insomnio.<br \/>\nYo s\u00e9, pitonisa, que todos los pasos que he dado son quieta rapsodia,<br \/>\namor es canci\u00f3n en el eco, dibujo de lienzo te\u00f1ido en Egipto,<br \/>\nla lluvia m\u00e1s fr\u00eda del mundo despierta en el alma las ansias,<br \/>\nun sue\u00f1o de estrellas despierta en tu pecho batallas muy recias,<br \/>\nyo te iba a buscar por las noches mojadas y el mar resoplaba en la orilla,<br \/>\nvivir es tan f\u00e1cil cuando uno es tan joven y va en bicicleta de brazos cruzados,<br \/>\nhoy cierro los ojos y busco el recuerdo de aquella sonrisa entusiasta,<br \/>\nperdida en sargazos y bucles que callan su amor de vig\u00eda en burbujas,<br \/>\nhoy soy solamente una mano que busca escribir en papel aventura,<br \/>\nt\u00fa no eres tu propia y visible hermosura, yo s\u00e9 que eres dura y atroz,<br \/>\ntus manos son dos cimicarias veloces, llegando se van,<br \/>\nno s\u00e9 cu\u00e1ntos nombres tuviste ni cu\u00e1ntas miradas distintas,<br \/>\nhoy s\u00e9 que en mis ojos moraba la magia que en ti cre\u00ed ver,<br \/>\nmis ojos y mi alma abismada admiraban naranjas, por doradas y esf\u00e9ricas,<br \/>\nla azul juventud es un arco de gozo acechado por Cronos ingenuo y puntual,<br \/>\nde todas las cosas que am\u00e9, recuerda que am\u00e9 sin cansancio tu pura sonrisa,<br \/>\ntus labios de barca tan roja que anclaba en instante dichoso,<br \/>\nhoy busca mi mente cansada una almohada tras cl\u00e1sico vino,<br \/>\nla voz que confirme que el Ser es met\u00e1fora dulce, inmortal.<\/p>\n<p>&nbsp;<\/p>\n<p>&nbsp;<\/p>\n<p>&nbsp;<\/p>\n<p>&nbsp;<\/p>\n<p>&nbsp;<\/p>\n<span class='bctt-click-to-tweet'><span class='bctt-ctt-text'><a href='https:\/\/x.com\/intent\/tweet?url=https%3A%2F%2Fnuestrosescritores.com%2Fmigueltorresmorales%2Fpoesia%2F&#038;text=PRECIOSA%20del%20libro%20TU%20SOMBRA%20Y%20LA%20LIRA%20de%20MIGUEL%20ALFONSO%20TORRES%20MORALES&#038;via=poesiaerestu&#038;related=poesiaerestu' target='_blank'rel=\"noopener noreferrer\">PRECIOSA del libro TU SOMBRA Y LA LIRA de MIGUEL ALFONSO TORRES MORALES <\/a><\/span><a href='https:\/\/x.com\/intent\/tweet?url=https%3A%2F%2Fnuestrosescritores.com%2Fmigueltorresmorales%2Fpoesia%2F&#038;text=PRECIOSA%20del%20libro%20TU%20SOMBRA%20Y%20LA%20LIRA%20de%20MIGUEL%20ALFONSO%20TORRES%20MORALES&#038;via=poesiaerestu&#038;related=poesiaerestu' target='_blank' class='bctt-ctt-btn'rel=\"noopener noreferrer\">Compartir en X<\/a><\/span>[\/vc_column_text][\/vc_column][\/vc_row][vc_row][vc_column extend=&#8221;false&#8221;]<div class='gambit_parallax_row' data-bg-align='' data-direction='fixed' data-opacity='100' data-velocity='-0.3' data-mobile-enabled='' data-bg-height='2560' data-bg-width='1440' data-bg-image='https:\/\/nuestrosescritores.com\/migueltorresmorales\/wp-content\/uploads\/sites\/210\/2025\/08\/Silueta-humana-extasiada-mirando-hacia-un-horizonte-de-puentes-y-madera-antigua_Eleme-68173.webp' data-bg-repeat='false' data-id='' style='display: none'><\/div><div class=\"gambit_fullheight_row\" data-content-location=\"center\" style=\"display: none\"><\/div>[vc_column_text css=&#8221;&#8221;]\n<p style=\"text-align: center;\"><a class=\"fasc-button fasc-size-xlarge fasc-type-glossy fasc-rounded-medium\" style=\"background-color: #33809e; color: #ffffff;\" href=\"https:\/\/gepa.es\/producto\/tu-sombra-y-la-lira-miguel-torres-morales\/\">Comprar el libro<\/a><\/p>\n[\/vc_column_text][\/vc_column][\/vc_row]\n<\/div>","protected":false},"excerpt":{"rendered":"<p>[vc_row full_width=&#8221;stretch_row_content_no_spaces&#8221;][vc_column extend=&#8221;false&#8221;][\/vc_column][\/vc_row][vc_row][vc_column extend=&#8221;false&#8221;][vc_column_text css=&#8221;&#8221;] DAGUERROTIPO Un loro se incrusta chillando en tus rubios cabellos que son candelabros augustos. T\u00fa miras azul el anillo de siempre en palabras que atroz voy filmando, tus versos de ni\u00f1a y tu trenza tan larga repueblan los reinos de Eguren, tu falda escocesa y tu sue\u00f1o se llenan de [&hellip;]<\/p>\n","protected":false},"author":1,"featured_media":51,"parent":0,"menu_order":0,"comment_status":"closed","ping_status":"closed","template":"","meta":{"_acf_changed":false,"footnotes":""},"class_list":["post-75","page","type-page","status-publish","has-post-thumbnail","hentry"],"acf":[],"yoast_head":"<!-- This site is optimized with the Yoast SEO Premium plugin v24.7 (Yoast SEO v27.4) - https:\/\/yoast.com\/product\/yoast-seo-premium-wordpress\/ -->\n<title>POES\u00cdA - Miguel Torres Morales<\/title>\n<meta name=\"description\" content=\"Poes\u00eda del libro TU SOMBRA Y LA LIRA el escritor MIGUEL ALFONSO TORRES MORALES acaba de publicar un libro con la Editorial Poes\u00eda eres t\u00fa.\" \/>\n<meta name=\"robots\" content=\"index, follow, max-snippet:-1, max-image-preview:large, max-video-preview:-1\" \/>\n<link rel=\"canonical\" href=\"https:\/\/nuestrosescritores.com\/migueltorresmorales\/poesia\/\" \/>\n<meta property=\"og:locale\" content=\"es_ES\" \/>\n<meta property=\"og:type\" content=\"article\" \/>\n<meta property=\"og:title\" content=\"POES\u00cdA\" \/>\n<meta property=\"og:description\" content=\"Poes\u00eda del libro TU SOMBRA Y LA LIRA el escritor MIGUEL ALFONSO TORRES MORALES acaba de publicar un libro con la Editorial Poes\u00eda eres t\u00fa.\" \/>\n<meta property=\"og:url\" content=\"https:\/\/nuestrosescritores.com\/migueltorresmorales\/poesia\/\" \/>\n<meta property=\"og:site_name\" content=\"Miguel Torres Morales\" \/>\n<meta property=\"article:modified_time\" content=\"2025-08-27T11:04:55+00:00\" \/>\n<meta property=\"og:image\" content=\"http:\/\/nuestrosescritores.com\/migueltorresmorales\/wp-content\/uploads\/sites\/210\/2025\/08\/book1.png\" \/>\n\t<meta property=\"og:image:width\" content=\"839\" \/>\n\t<meta property=\"og:image:height\" content=\"794\" \/>\n\t<meta property=\"og:image:type\" content=\"image\/png\" \/>\n<meta name=\"twitter:card\" content=\"summary_large_image\" \/>\n<meta name=\"twitter:label1\" content=\"Tiempo de lectura\" \/>\n\t<meta name=\"twitter:data1\" content=\"6 minutos\" \/>\n<script type=\"application\/ld+json\" class=\"yoast-schema-graph\">{\"@context\":\"https:\\\/\\\/schema.org\",\"@graph\":[{\"@type\":\"WebPage\",\"@id\":\"https:\\\/\\\/nuestrosescritores.com\\\/migueltorresmorales\\\/poesia\\\/\",\"url\":\"https:\\\/\\\/nuestrosescritores.com\\\/migueltorresmorales\\\/poesia\\\/\",\"name\":\"POES\u00cdA - Miguel Torres Morales\",\"isPartOf\":{\"@id\":\"https:\\\/\\\/nuestrosescritores.com\\\/migueltorresmorales\\\/#website\"},\"primaryImageOfPage\":{\"@id\":\"https:\\\/\\\/nuestrosescritores.com\\\/migueltorresmorales\\\/poesia\\\/#primaryimage\"},\"image\":{\"@id\":\"https:\\\/\\\/nuestrosescritores.com\\\/migueltorresmorales\\\/poesia\\\/#primaryimage\"},\"thumbnailUrl\":\"https:\\\/\\\/nuestrosescritores.com\\\/migueltorresmorales\\\/wp-content\\\/uploads\\\/sites\\\/210\\\/2025\\\/08\\\/book1.png\",\"datePublished\":\"2025-08-27T09:25:42+00:00\",\"dateModified\":\"2025-08-27T11:04:55+00:00\",\"description\":\"Poes\u00eda del libro TU SOMBRA Y LA LIRA el escritor MIGUEL ALFONSO TORRES MORALES acaba de publicar un libro con la Editorial Poes\u00eda eres t\u00fa.\",\"breadcrumb\":{\"@id\":\"https:\\\/\\\/nuestrosescritores.com\\\/migueltorresmorales\\\/poesia\\\/#breadcrumb\"},\"inLanguage\":\"es\",\"potentialAction\":[{\"@type\":\"ReadAction\",\"target\":[\"https:\\\/\\\/nuestrosescritores.com\\\/migueltorresmorales\\\/poesia\\\/\"]}]},{\"@type\":\"ImageObject\",\"inLanguage\":\"es\",\"@id\":\"https:\\\/\\\/nuestrosescritores.com\\\/migueltorresmorales\\\/poesia\\\/#primaryimage\",\"url\":\"https:\\\/\\\/nuestrosescritores.com\\\/migueltorresmorales\\\/wp-content\\\/uploads\\\/sites\\\/210\\\/2025\\\/08\\\/book1.png\",\"contentUrl\":\"https:\\\/\\\/nuestrosescritores.com\\\/migueltorresmorales\\\/wp-content\\\/uploads\\\/sites\\\/210\\\/2025\\\/08\\\/book1.png\",\"width\":839,\"height\":794},{\"@type\":\"BreadcrumbList\",\"@id\":\"https:\\\/\\\/nuestrosescritores.com\\\/migueltorresmorales\\\/poesia\\\/#breadcrumb\",\"itemListElement\":[{\"@type\":\"ListItem\",\"position\":1,\"name\":\"Portada\",\"item\":\"https:\\\/\\\/nuestrosescritores.com\\\/migueltorresmorales\\\/\"},{\"@type\":\"ListItem\",\"position\":2,\"name\":\"POES\u00cdA\"}]},{\"@type\":\"WebSite\",\"@id\":\"https:\\\/\\\/nuestrosescritores.com\\\/migueltorresmorales\\\/#website\",\"url\":\"https:\\\/\\\/nuestrosescritores.com\\\/migueltorresmorales\\\/\",\"name\":\"Nuestros escritores\",\"description\":\"\",\"potentialAction\":[{\"@type\":\"SearchAction\",\"target\":{\"@type\":\"EntryPoint\",\"urlTemplate\":\"https:\\\/\\\/nuestrosescritores.com\\\/migueltorresmorales\\\/?s={search_term_string}\"},\"query-input\":{\"@type\":\"PropertyValueSpecification\",\"valueRequired\":true,\"valueName\":\"search_term_string\"}}],\"inLanguage\":\"es\"}]}<\/script>\n<!-- \/ Yoast SEO Premium plugin. -->","yoast_head_json":{"title":"POES\u00cdA - Miguel Torres Morales","description":"Poes\u00eda del libro TU SOMBRA Y LA LIRA el escritor MIGUEL ALFONSO TORRES MORALES acaba de publicar un libro con la Editorial Poes\u00eda eres t\u00fa.","robots":{"index":"index","follow":"follow","max-snippet":"max-snippet:-1","max-image-preview":"max-image-preview:large","max-video-preview":"max-video-preview:-1"},"canonical":"https:\/\/nuestrosescritores.com\/migueltorresmorales\/poesia\/","og_locale":"es_ES","og_type":"article","og_title":"POES\u00cdA","og_description":"Poes\u00eda del libro TU SOMBRA Y LA LIRA el escritor MIGUEL ALFONSO TORRES MORALES acaba de publicar un libro con la Editorial Poes\u00eda eres t\u00fa.","og_url":"https:\/\/nuestrosescritores.com\/migueltorresmorales\/poesia\/","og_site_name":"Miguel Torres Morales","article_modified_time":"2025-08-27T11:04:55+00:00","og_image":[{"width":839,"height":794,"url":"http:\/\/nuestrosescritores.com\/migueltorresmorales\/wp-content\/uploads\/sites\/210\/2025\/08\/book1.png","type":"image\/png"}],"twitter_card":"summary_large_image","twitter_misc":{"Tiempo de lectura":"6 minutos"},"schema":{"@context":"https:\/\/schema.org","@graph":[{"@type":"WebPage","@id":"https:\/\/nuestrosescritores.com\/migueltorresmorales\/poesia\/","url":"https:\/\/nuestrosescritores.com\/migueltorresmorales\/poesia\/","name":"POES\u00cdA - Miguel Torres Morales","isPartOf":{"@id":"https:\/\/nuestrosescritores.com\/migueltorresmorales\/#website"},"primaryImageOfPage":{"@id":"https:\/\/nuestrosescritores.com\/migueltorresmorales\/poesia\/#primaryimage"},"image":{"@id":"https:\/\/nuestrosescritores.com\/migueltorresmorales\/poesia\/#primaryimage"},"thumbnailUrl":"https:\/\/nuestrosescritores.com\/migueltorresmorales\/wp-content\/uploads\/sites\/210\/2025\/08\/book1.png","datePublished":"2025-08-27T09:25:42+00:00","dateModified":"2025-08-27T11:04:55+00:00","description":"Poes\u00eda del libro TU SOMBRA Y LA LIRA el escritor MIGUEL ALFONSO TORRES MORALES acaba de publicar un libro con la Editorial Poes\u00eda eres t\u00fa.","breadcrumb":{"@id":"https:\/\/nuestrosescritores.com\/migueltorresmorales\/poesia\/#breadcrumb"},"inLanguage":"es","potentialAction":[{"@type":"ReadAction","target":["https:\/\/nuestrosescritores.com\/migueltorresmorales\/poesia\/"]}]},{"@type":"ImageObject","inLanguage":"es","@id":"https:\/\/nuestrosescritores.com\/migueltorresmorales\/poesia\/#primaryimage","url":"https:\/\/nuestrosescritores.com\/migueltorresmorales\/wp-content\/uploads\/sites\/210\/2025\/08\/book1.png","contentUrl":"https:\/\/nuestrosescritores.com\/migueltorresmorales\/wp-content\/uploads\/sites\/210\/2025\/08\/book1.png","width":839,"height":794},{"@type":"BreadcrumbList","@id":"https:\/\/nuestrosescritores.com\/migueltorresmorales\/poesia\/#breadcrumb","itemListElement":[{"@type":"ListItem","position":1,"name":"Portada","item":"https:\/\/nuestrosescritores.com\/migueltorresmorales\/"},{"@type":"ListItem","position":2,"name":"POES\u00cdA"}]},{"@type":"WebSite","@id":"https:\/\/nuestrosescritores.com\/migueltorresmorales\/#website","url":"https:\/\/nuestrosescritores.com\/migueltorresmorales\/","name":"Nuestros escritores","description":"","potentialAction":[{"@type":"SearchAction","target":{"@type":"EntryPoint","urlTemplate":"https:\/\/nuestrosescritores.com\/migueltorresmorales\/?s={search_term_string}"},"query-input":{"@type":"PropertyValueSpecification","valueRequired":true,"valueName":"search_term_string"}}],"inLanguage":"es"}]}},"_links":{"self":[{"href":"https:\/\/nuestrosescritores.com\/migueltorresmorales\/wp-json\/wp\/v2\/pages\/75","targetHints":{"allow":["GET"]}}],"collection":[{"href":"https:\/\/nuestrosescritores.com\/migueltorresmorales\/wp-json\/wp\/v2\/pages"}],"about":[{"href":"https:\/\/nuestrosescritores.com\/migueltorresmorales\/wp-json\/wp\/v2\/types\/page"}],"author":[{"embeddable":true,"href":"https:\/\/nuestrosescritores.com\/migueltorresmorales\/wp-json\/wp\/v2\/users\/1"}],"replies":[{"embeddable":true,"href":"https:\/\/nuestrosescritores.com\/migueltorresmorales\/wp-json\/wp\/v2\/comments?post=75"}],"version-history":[{"count":0,"href":"https:\/\/nuestrosescritores.com\/migueltorresmorales\/wp-json\/wp\/v2\/pages\/75\/revisions"}],"wp:featuredmedia":[{"embeddable":true,"href":"https:\/\/nuestrosescritores.com\/migueltorresmorales\/wp-json\/wp\/v2\/media\/51"}],"wp:attachment":[{"href":"https:\/\/nuestrosescritores.com\/migueltorresmorales\/wp-json\/wp\/v2\/media?parent=75"}],"curies":[{"name":"wp","href":"https:\/\/api.w.org\/{rel}","templated":true}]}}