{"id":74,"date":"2021-05-16T17:43:02","date_gmt":"2021-05-16T17:43:02","guid":{"rendered":"https:\/\/nuestrosescritores.com\/martinnleon\/?page_id=74"},"modified":"2021-05-16T20:42:49","modified_gmt":"2021-05-16T20:42:49","slug":"poesia","status":"publish","type":"page","link":"https:\/\/nuestrosescritores.com\/martinnleon\/poesia\/","title":{"rendered":"Poes\u00eda"},"content":{"rendered":"<div class=\"wpb-content-wrapper\">[vc_row full_width=&#8221;stretch_row_content_no_spaces&#8221;][vc_column extend=&#8221;false&#8221;]<div class='gambit_parallax_row' data-bg-align='' data-direction='fixed' data-opacity='100' data-velocity='-0.3' data-mobile-enabled='' data-bg-height='1200' data-bg-width='800' data-bg-image='https:\/\/nuestrosescritores.com\/martinnleon\/wp-content\/uploads\/sites\/89\/2021\/05\/gxxwbx7rd08.jpg' data-bg-repeat='false' data-id='' style='display: none'><\/div><div class=\"gambit_fullheight_row\" data-content-location=\"center\" style=\"display: none\"><\/div>[\/vc_column][\/vc_row][vc_row][vc_column extend=&#8221;false&#8221;][vc_column_text]\n<h1>&nbsp;<\/h1>\n<h1><a name=\"_Toc69141032\"><\/a><\/h1>\n<p>&nbsp;<\/p>\n<h1><a name=\"_Toc68806677\"><\/a><strong>Cap\u00edtulo 1: Separaciones<\/strong><\/h1>\n<p>&nbsp;<\/p>\n<p>Seguramente os estar\u00e9is preguntando por qu\u00e9 empiezo un libro con algo tan triste como son las separaciones de cualquier tipo, bien pues porque tambi\u00e9n son comienzos. Y finales, por supuesto, pero seg\u00fan he ido aprendiendo toda oposici\u00f3n es complementaria y necesaria.<\/p>\n<p>Las separaciones son dif\u00edciles porque somos conscientes de esa p\u00e9rdida (o ganancia) y, por lo tanto, de esos sentimientos que nos generan. Os confesar\u00e9 que yo no s\u00e9 lidiar con ellas, es m\u00e1s me ponen nervioso por lo que mis \u00fanicos m\u00e9todos han sido modo borde o modo bomba de humo, obviamente luego siempre me arrepent\u00eda, pero no puedes retroceder como en las pel\u00edculas.<\/p>\n<p>No obstante, tanto si ganas como si pierdes en una separaci\u00f3n, esta siempre representa una ruptura, un cambio frente a lo anterior, y seamos sinceros, casi nunca estamos preparados para lo que viene.<\/p>\n<p>&nbsp;<\/p>\n<p>&nbsp;<\/p>\n<p>&nbsp;<\/p>\n<span class='bctt-click-to-tweet'><span class='bctt-ctt-text'><a href='https:\/\/x.com\/intent\/tweet?url=https%3A%2F%2Fnuestrosescritores.com%2Fmartinnleon%2Fpoesia%2F&#038;text=PORQUE%20VIVO%20M%C3%81S%20ALL%C3%81%20DE%20LA%20MUERTE%E2%80%A6%20del%20libro%20SEGUNDAS%20OPORTUNIDADES%20QUE%20NUNCA%20MERECIMOS%20de%20MART%C3%8DN%20N.%20LE%C3%93N&#038;via=poesiaerestu&#038;related=poesiaerestu' target='_blank'rel=\"noopener noreferrer\">PORQUE VIVO M\u00c1S ALL\u00c1 DE LA MUERTE\u2026 del libro SEGUNDAS OPORTUNIDADES QUE NUNCA MERECIMOS de MART\u00cdN N. LE\u00d3N <\/a><\/span><a href='https:\/\/x.com\/intent\/tweet?url=https%3A%2F%2Fnuestrosescritores.com%2Fmartinnleon%2Fpoesia%2F&#038;text=PORQUE%20VIVO%20M%C3%81S%20ALL%C3%81%20DE%20LA%20MUERTE%E2%80%A6%20del%20libro%20SEGUNDAS%20OPORTUNIDADES%20QUE%20NUNCA%20MERECIMOS%20de%20MART%C3%8DN%20N.%20LE%C3%93N&#038;via=poesiaerestu&#038;related=poesiaerestu' target='_blank' class='bctt-ctt-btn'rel=\"noopener noreferrer\">Compartir en X<\/a><\/span>[\/vc_column_text][\/vc_column][\/vc_row][vc_row full_width=&#8221;stretch_row_content_no_spaces&#8221;][vc_column extend=&#8221;false&#8221;]<div class='gambit_parallax_row' data-bg-align='' data-direction='fixed' data-opacity='100' data-velocity='-0.3' data-mobile-enabled='' data-bg-height='1200' data-bg-width='800' data-bg-image='https:\/\/nuestrosescritores.com\/martinnleon\/wp-content\/uploads\/sites\/89\/2021\/05\/8cljxlpancm.jpg' data-bg-repeat='false' data-id='' style='display: none'><\/div><div class=\"gambit_fullheight_row\" data-content-location=\"center\" style=\"display: none\"><\/div>[\/vc_column][\/vc_row][vc_row][vc_column extend=&#8221;false&#8221;][vc_column_text]\n<h1><a name=\"_Toc66730071\"><\/a><\/h1>\n<h1><a name=\"_Toc68806683\"><\/a><strong>Anatom\u00eda de un cuerpo imprudente<\/strong><\/h1>\n<p>&nbsp;<\/p>\n<p>Hay veces que la cabeza s\u00f3lo es serr\u00edn.<\/p>\n<p>Si me vieran los huesos ser\u00eda 50% chocolate y 50% tristeza.<\/p>\n<p>C\u00f3mo volver atr\u00e1s,<\/p>\n<p>girar el tiempo como las manillas del reloj<\/p>\n<p>y poder revisar todas tus experiencias<\/p>\n<p>para sopesar tu presente<\/p>\n<p>que decidir\u00e1 tu futuro.<\/p>\n<p>No pensar en el ma\u00f1ana<\/p>\n<p>no lo convierte en cierto<\/p>\n<p>tampoco es mentira que no exista.<\/p>\n<p>Siempre dos filos ambivalentes<\/p>\n<p>con demasiadas posibilidades.<\/p>\n<p>Qu\u00e9 creer ahora cuando todo parece volver a pasar,<\/p>\n<p>mis malas decisiones y t\u00fa la causa de ellas.<\/p>\n<p>Tengo melancol\u00eda intr\u00ednseca<\/p>\n<p>como todos,<\/p>\n<p>la tristeza nos corroe porque pensamos en ella.<\/p>\n<p>Es parecido a lo que nos cuentan<\/p>\n<p>del pecado original<\/p>\n<p>a todos nos persigue,<\/p>\n<p>puede que sea la causa de todo o la fuerza<\/p>\n<p>de c\u00f3mo reaccionamos ante ella<\/p>\n<p>se puede entender toda nuestra historia.<\/p>\n<p>Caos, esperanza y amor.<\/p>\n<p>&nbsp;<\/p>\n<span class='bctt-click-to-tweet'><span class='bctt-ctt-text'><a href='https:\/\/x.com\/intent\/tweet?url=https%3A%2F%2Fnuestrosescritores.com%2Fmartinnleon%2Fpoesia%2F&#038;text=Anatom%C3%ADa%20de%20un%20cuerpo%20imprudente%20del%20libro%20SEGUNDAS%20OPORTUNIDADES%20QUE%20NUNCA%20MERECIMOS%20de%20MART%C3%8DN%20N.%20LE%C3%93N&#038;via=poesiaerestu&#038;related=poesiaerestu' target='_blank'rel=\"noopener noreferrer\">Anatom\u00eda de un cuerpo imprudente del libro SEGUNDAS OPORTUNIDADES QUE NUNCA MERECIMOS de MART\u00cdN N. LE\u00d3N <\/a><\/span><a href='https:\/\/x.com\/intent\/tweet?url=https%3A%2F%2Fnuestrosescritores.com%2Fmartinnleon%2Fpoesia%2F&#038;text=Anatom%C3%ADa%20de%20un%20cuerpo%20imprudente%20del%20libro%20SEGUNDAS%20OPORTUNIDADES%20QUE%20NUNCA%20MERECIMOS%20de%20MART%C3%8DN%20N.%20LE%C3%93N&#038;via=poesiaerestu&#038;related=poesiaerestu' target='_blank' class='bctt-ctt-btn'rel=\"noopener noreferrer\">Compartir en X<\/a><\/span>\n<p>&nbsp;<\/p>\n<p>&nbsp;[\/vc_column_text][\/vc_column][\/vc_row][vc_row][vc_column extend=&#8221;false&#8221;]<div class='gambit_parallax_row' data-bg-align='' data-direction='fixed' data-opacity='100' data-velocity='-0.3' data-mobile-enabled='' data-bg-height='1200' data-bg-width='848' data-bg-image='https:\/\/nuestrosescritores.com\/martinnleon\/wp-content\/uploads\/sites\/89\/2021\/05\/czqy3cfmk4k.jpg' data-bg-repeat='false' data-id='' style='display: none'><\/div><div class=\"gambit_fullheight_row\" data-content-location=\"center\" style=\"display: none\"><\/div>[\/vc_column][\/vc_row][vc_row][vc_column extend=&#8221;false&#8221;][vc_column_text]\n<h1><a name=\"_Toc66730089\"><\/a><\/h1>\n<h1><a name=\"_Toc69141039\"><\/a><\/h1>\n<p><a name=\"_Toc66991304\"><\/a><\/p>\n<h1><a name=\"_Toc67238184\"><\/a><a name=\"_Toc68029874\"><\/a><\/h1>\n<h1><a name=\"_Toc68806697\"><\/a><strong>DECADENCIA<\/strong><\/h1>\n<p>&nbsp;<\/p>\n<p>No saber d\u00f3nde te encuentras<\/p>\n<p>cuando s\u00f3lo sales a beber<\/p>\n<p>con descontrol por compa\u00f1\u00eda<\/p>\n<p>y ni quieres rellenar esas lagunas mentales,<\/p>\n<p>cuando vomitas por las esquinas<\/p>\n<p>o cuando besas rostros sin nombre<\/p>\n<p>y al rato lloras borracho.<\/p>\n<p>Cuando m\u00fasica y chupitos de tequila<\/p>\n<p>no son tan fuertes<\/p>\n<p>como esa decadencia<\/p>\n<p>que llevas encima, dentro<\/p>\n<p>en todo momento<\/p>\n<p>cuando ni todos los garitos de Madrid<\/p>\n<p>ayudaron a curar tu ausencia.<\/p>\n<p>&nbsp;<\/p>\n<p>&nbsp;<\/p>\n<p>&nbsp;<\/p>\n<p>&nbsp;<\/p>\n<span class='bctt-click-to-tweet'><span class='bctt-ctt-text'><a href='https:\/\/x.com\/intent\/tweet?url=https%3A%2F%2Fnuestrosescritores.com%2Fmartinnleon%2Fpoesia%2F&#038;text=DECADENCIA%20del%20libro%20SEGUNDAS%20OPORTUNIDADES%20QUE%20NUNCA%20MERECIMOS%20de%20MART%C3%8DN%20N.%20LE%C3%93N&#038;via=poesiaerestu&#038;related=poesiaerestu' target='_blank'rel=\"noopener noreferrer\">DECADENCIA del libro SEGUNDAS OPORTUNIDADES QUE NUNCA MERECIMOS de MART\u00cdN N. LE\u00d3N <\/a><\/span><a href='https:\/\/x.com\/intent\/tweet?url=https%3A%2F%2Fnuestrosescritores.com%2Fmartinnleon%2Fpoesia%2F&#038;text=DECADENCIA%20del%20libro%20SEGUNDAS%20OPORTUNIDADES%20QUE%20NUNCA%20MERECIMOS%20de%20MART%C3%8DN%20N.%20LE%C3%93N&#038;via=poesiaerestu&#038;related=poesiaerestu' target='_blank' class='bctt-ctt-btn'rel=\"noopener noreferrer\">Compartir en X<\/a><\/span>[\/vc_column_text][\/vc_column][\/vc_row][vc_row][vc_column extend=&#8221;false&#8221;]<div class='gambit_parallax_row' data-bg-align='' data-direction='fixed' data-opacity='100' data-velocity='-0.3' data-mobile-enabled='' data-bg-height='1200' data-bg-width='954' data-bg-image='https:\/\/nuestrosescritores.com\/martinnleon\/wp-content\/uploads\/sites\/89\/2021\/05\/0dz2lib0xu4.jpg' data-bg-repeat='false' data-id='' style='display: none'><\/div><div class=\"gambit_fullheight_row\" data-content-location=\"center\" style=\"display: none\"><\/div>[\/vc_column][\/vc_row][vc_row][vc_column extend=&#8221;false&#8221;][vc_column_text]<a name=\"_Toc67933181\"><\/a>Somos extra\u00f1os,<\/p>\n<p>&nbsp;<\/p>\n<h1>&nbsp;<\/h1>\n<h1><a name=\"_Toc67238204\"><\/a><a name=\"_Toc68029894\"><\/a><\/h1>\n<h1><a name=\"_Toc68806707\"><\/a><strong>Jugamos o qu\u00e9<\/strong><\/h1>\n<p>&nbsp;<\/p>\n<p>No quiero idealizarte ni cosas chorras<\/p>\n<p>al fin y al cabo todos somos sobras<\/p>\n<p>o sustitutos de otras personas<\/p>\n<p>pero en ese momento fuiste t\u00fa<\/p>\n<p>sin demoras,<\/p>\n<p>y quiz\u00e1 me explique de pena<\/p>\n<p>la que me haces sentir<\/p>\n<p>toda esta jaur\u00eda<\/p>\n<p>que corre por mis venas<\/p>\n<p>ser\u00e1 un desprop\u00f3sito que quema<\/p>\n<p>aguardiente para esta hoguera<\/p>\n<p>y bicho raro en la cena<\/p>\n<p>porque aguantar mierdas<\/p>\n<p>a todos nos toca<\/p>\n<p>y a vivir se ha dicho<\/p>\n<p>aun con sonidos que no llenan<\/p>\n<p>los vac\u00edos dentro de suspiros y desvar\u00edos.<\/p>\n<p>&nbsp;<\/p>\n<p>&nbsp;<\/p>\n<span class='bctt-click-to-tweet'><span class='bctt-ctt-text'><a href='https:\/\/x.com\/intent\/tweet?url=https%3A%2F%2Fnuestrosescritores.com%2Fmartinnleon%2Fpoesia%2F&#038;text=Jugamos%20o%20qu%C3%A9%C2%A0del%20libro%20SEGUNDAS%20OPORTUNIDADES%20QUE%20NUNCA%20MERECIMOS%20de%20MART%C3%8DN%20N.%20LE%C3%93N&#038;via=poesiaerestu&#038;related=poesiaerestu' target='_blank'rel=\"noopener noreferrer\">Jugamos o qu\u00e9&nbsp;del libro SEGUNDAS OPORTUNIDADES QUE NUNCA MERECIMOS de MART\u00cdN N. LE\u00d3N <\/a><\/span><a href='https:\/\/x.com\/intent\/tweet?url=https%3A%2F%2Fnuestrosescritores.com%2Fmartinnleon%2Fpoesia%2F&#038;text=Jugamos%20o%20qu%C3%A9%C2%A0del%20libro%20SEGUNDAS%20OPORTUNIDADES%20QUE%20NUNCA%20MERECIMOS%20de%20MART%C3%8DN%20N.%20LE%C3%93N&#038;via=poesiaerestu&#038;related=poesiaerestu' target='_blank' class='bctt-ctt-btn'rel=\"noopener noreferrer\">Compartir en X<\/a><\/span>[\/vc_column_text][\/vc_column][\/vc_row][vc_row][vc_column extend=&#8221;false&#8221;]<div class='gambit_parallax_row' data-bg-align='' data-direction='fixed' data-opacity='100' data-velocity='-0.3' data-mobile-enabled='' data-bg-height='1200' data-bg-width='1600' data-bg-image='https:\/\/nuestrosescritores.com\/martinnleon\/wp-content\/uploads\/sites\/89\/2021\/05\/46tvm-bvrri.jpg' data-bg-repeat='false' data-id='' style='display: none'><\/div><div class=\"gambit_fullheight_row\" data-content-location=\"center\" style=\"display: none\"><\/div>[\/vc_column][\/vc_row][vc_row][vc_column extend=&#8221;false&#8221;][vc_column_text]\n<h1>&nbsp;<\/h1>\n<h1><a name=\"_Toc67238204\"><\/a><a name=\"_Toc68029894\"><\/a><\/h1>\n<h1><a name=\"_Toc68806714\"><\/a><strong>Donde habitan los monstruos<\/strong><\/h1>\n<p>&nbsp;<\/p>\n<p>Juagamos al escondite como ni\u00f1os sin miedo<\/p>\n<p>miramos debajo de las piedras como si no existieran<\/p>\n<p>ni insectos ni serpientes,<\/p>\n<p>abrazamos la vida con la valent\u00eda del inocente<\/p>\n<p>sin percatarnos de las sombras del bosque<\/p>\n<p>se ciernen sin aviso ni distinci\u00f3n.<\/p>\n<p>La luz no les asusta<\/p>\n<p>y te quedas sin protecci\u00f3n,<\/p>\n<p>se acaba la funci\u00f3n enfrent\u00e1ndote solo<\/p>\n<p>donde habitan los monstruos,<\/p>\n<p>su oscuridad te atrapa dej\u00e1ndote al otro lado<\/p>\n<p>sin posibilidad de retorno vagas<\/p>\n<p>errando sin querer ir m\u00e1s all\u00e1,<\/p>\n<p>c\u00f3mo purgar todo ese veneno de tu cuerpo<\/p>\n<p>sin ayuda<\/p>\n<p>pregunta tu alma desnuda,<\/p>\n<p>buscando alguna redenci\u00f3n<\/p>\n<p>in\u00fatil cura responde la duda,<\/p>\n<p>no hay seguro que cubra tal siniestro.<\/p>\n<p>Deja de correr si no quieres<\/p>\n<p>que la negrura corroa toda tu soltura<\/p>\n<p>libertad, con la que disfrutabas<\/p>\n<p>de todas las locuras de la vida.<\/p>\n<p>&nbsp;<\/p>\n<span class='bctt-click-to-tweet'><span class='bctt-ctt-text'><a href='https:\/\/x.com\/intent\/tweet?url=https%3A%2F%2Fnuestrosescritores.com%2Fmartinnleon%2Fpoesia%2F&#038;text=Donde%20habitan%20los%20monstruos%C2%A0del%20libro%20SEGUNDAS%20OPORTUNIDADES%20QUE%20NUNCA%20MERECIMOS%20de%20MART%C3%8DN%20N.%20LE%C3%93N&#038;via=poesiaerestu&#038;related=poesiaerestu' target='_blank'rel=\"noopener noreferrer\">Donde habitan los monstruos&nbsp;del libro SEGUNDAS OPORTUNIDADES QUE NUNCA MERECIMOS de MART\u00cdN N. LE\u00d3N <\/a><\/span><a href='https:\/\/x.com\/intent\/tweet?url=https%3A%2F%2Fnuestrosescritores.com%2Fmartinnleon%2Fpoesia%2F&#038;text=Donde%20habitan%20los%20monstruos%C2%A0del%20libro%20SEGUNDAS%20OPORTUNIDADES%20QUE%20NUNCA%20MERECIMOS%20de%20MART%C3%8DN%20N.%20LE%C3%93N&#038;via=poesiaerestu&#038;related=poesiaerestu' target='_blank' class='bctt-ctt-btn'rel=\"noopener noreferrer\">Compartir en X<\/a><\/span>[\/vc_column_text][\/vc_column][\/vc_row][vc_row][vc_column extend=&#8221;false&#8221;]<div class='gambit_parallax_row' data-bg-align='' data-direction='fixed' data-opacity='100' data-velocity='-0.3' data-mobile-enabled='' data-bg-height='478' data-bg-width='1366' data-bg-image='https:\/\/nuestrosescritores.com\/martinnleon\/wp-content\/uploads\/sites\/89\/2021\/05\/MartinNleonArtistic-Photo-Template-V2_Alargado-Mediano.jpg' data-bg-repeat='false' data-id='' style='display: none'><\/div><div class=\"gambit_fullheight_row\" data-content-location=\"center\" style=\"display: none\"><\/div>[vc_column_text]\n<p style=\"text-align: center;\"><a class=\"fasc-button fasc-size-xlarge fasc-type-glossy fasc-rounded-medium\" style=\"background-color: #33809e; color: #ffffff;\" href=\"https:\/\/librodepoesia.com\/producto\/segundas-oportunidades-que-nunca-merecimos-martin-n-neon\/\">Comprar el libro<\/a><\/p>\n[\/vc_column_text][\/vc_column][\/vc_row]\n<\/div>","protected":false},"excerpt":{"rendered":"<p>[vc_row full_width=&#8221;stretch_row_content_no_spaces&#8221;][vc_column extend=&#8221;false&#8221;][\/vc_column][\/vc_row][vc_row][vc_column extend=&#8221;false&#8221;][vc_column_text] &nbsp; &nbsp; Cap\u00edtulo 1: Separaciones &nbsp; Seguramente os estar\u00e9is preguntando por qu\u00e9 empiezo un libro con algo tan triste como son las separaciones de cualquier tipo, bien pues porque tambi\u00e9n son comienzos. Y finales, por supuesto, pero seg\u00fan he ido aprendiendo toda oposici\u00f3n es complementaria y necesaria. Las separaciones son dif\u00edciles [&hellip;]<\/p>\n","protected":false},"author":1,"featured_media":0,"parent":0,"menu_order":0,"comment_status":"closed","ping_status":"closed","template":"","meta":{"_acf_changed":false,"footnotes":""},"class_list":["post-74","page","type-page","status-publish","hentry"],"acf":[],"yoast_head":"<!-- This site is optimized with the Yoast SEO Premium plugin v24.7 (Yoast SEO v27.3) - https:\/\/yoast.com\/product\/yoast-seo-premium-wordpress\/ -->\n<title>Poes\u00eda - Mart\u00edn N. Le\u00f3n<\/title>\n<meta name=\"description\" content=\"Poes\u00eda del libro SEGUNDAS OPORTUNIDADES QUE NUNCA MERECIMOS de el escritor MART\u00cdN N. LE\u00d3N, acaba de publicar un libro con la Editorial Poes\u00eda eres t\u00fa.\" \/>\n<meta name=\"robots\" content=\"index, follow, max-snippet:-1, max-image-preview:large, max-video-preview:-1\" \/>\n<link rel=\"canonical\" href=\"https:\/\/nuestrosescritores.com\/martinnleon\/poesia\/\" \/>\n<meta property=\"og:locale\" content=\"es_ES\" \/>\n<meta property=\"og:type\" content=\"article\" \/>\n<meta property=\"og:title\" content=\"Poes\u00eda\" \/>\n<meta property=\"og:description\" content=\"&nbsp; &nbsp; Cap\u00edtulo 1: Separaciones &nbsp; Seguramente os estar\u00e9is preguntando por qu\u00e9 empiezo un libro con algo tan triste como son las separaciones\" \/>\n<meta property=\"og:url\" content=\"https:\/\/nuestrosescritores.com\/martinnleon\/poesia\/\" \/>\n<meta property=\"og:site_name\" content=\"Mart\u00edn N. Le\u00f3n\" \/>\n<meta property=\"article:modified_time\" content=\"2021-05-16T20:42:49+00:00\" \/>\n<meta name=\"twitter:card\" content=\"summary_large_image\" \/>\n<meta name=\"twitter:label1\" content=\"Tiempo de lectura\" \/>\n\t<meta name=\"twitter:data1\" content=\"4 minutos\" \/>\n<script type=\"application\/ld+json\" class=\"yoast-schema-graph\">{\"@context\":\"https:\\\/\\\/schema.org\",\"@graph\":[{\"@type\":\"WebPage\",\"@id\":\"https:\\\/\\\/nuestrosescritores.com\\\/martinnleon\\\/poesia\\\/\",\"url\":\"https:\\\/\\\/nuestrosescritores.com\\\/martinnleon\\\/poesia\\\/\",\"name\":\"Poes\u00eda - Mart\u00edn N. Le\u00f3n\",\"isPartOf\":{\"@id\":\"https:\\\/\\\/nuestrosescritores.com\\\/martinnleon\\\/#website\"},\"datePublished\":\"2021-05-16T17:43:02+00:00\",\"dateModified\":\"2021-05-16T20:42:49+00:00\",\"description\":\"Poes\u00eda del libro SEGUNDAS OPORTUNIDADES QUE NUNCA MERECIMOS de el escritor MART\u00cdN N. LE\u00d3N, acaba de publicar un libro con la Editorial Poes\u00eda eres t\u00fa.\",\"breadcrumb\":{\"@id\":\"https:\\\/\\\/nuestrosescritores.com\\\/martinnleon\\\/poesia\\\/#breadcrumb\"},\"inLanguage\":\"es\",\"potentialAction\":[{\"@type\":\"ReadAction\",\"target\":[\"https:\\\/\\\/nuestrosescritores.com\\\/martinnleon\\\/poesia\\\/\"]}]},{\"@type\":\"BreadcrumbList\",\"@id\":\"https:\\\/\\\/nuestrosescritores.com\\\/martinnleon\\\/poesia\\\/#breadcrumb\",\"itemListElement\":[{\"@type\":\"ListItem\",\"position\":1,\"name\":\"Portada\",\"item\":\"https:\\\/\\\/nuestrosescritores.com\\\/martinnleon\\\/\"},{\"@type\":\"ListItem\",\"position\":2,\"name\":\"Poes\u00eda\"}]},{\"@type\":\"WebSite\",\"@id\":\"https:\\\/\\\/nuestrosescritores.com\\\/martinnleon\\\/#website\",\"url\":\"https:\\\/\\\/nuestrosescritores.com\\\/martinnleon\\\/\",\"name\":\"Nuestros escritores\",\"description\":\"Escritor\",\"potentialAction\":[{\"@type\":\"SearchAction\",\"target\":{\"@type\":\"EntryPoint\",\"urlTemplate\":\"https:\\\/\\\/nuestrosescritores.com\\\/martinnleon\\\/?s={search_term_string}\"},\"query-input\":{\"@type\":\"PropertyValueSpecification\",\"valueRequired\":true,\"valueName\":\"search_term_string\"}}],\"inLanguage\":\"es\"}]}<\/script>\n<!-- \/ Yoast SEO Premium plugin. -->","yoast_head_json":{"title":"Poes\u00eda - Mart\u00edn N. Le\u00f3n","description":"Poes\u00eda del libro SEGUNDAS OPORTUNIDADES QUE NUNCA MERECIMOS de el escritor MART\u00cdN N. LE\u00d3N, acaba de publicar un libro con la Editorial Poes\u00eda eres t\u00fa.","robots":{"index":"index","follow":"follow","max-snippet":"max-snippet:-1","max-image-preview":"max-image-preview:large","max-video-preview":"max-video-preview:-1"},"canonical":"https:\/\/nuestrosescritores.com\/martinnleon\/poesia\/","og_locale":"es_ES","og_type":"article","og_title":"Poes\u00eda","og_description":"&nbsp; &nbsp; Cap\u00edtulo 1: Separaciones &nbsp; Seguramente os estar\u00e9is preguntando por qu\u00e9 empiezo un libro con algo tan triste como son las separaciones","og_url":"https:\/\/nuestrosescritores.com\/martinnleon\/poesia\/","og_site_name":"Mart\u00edn N. Le\u00f3n","article_modified_time":"2021-05-16T20:42:49+00:00","twitter_card":"summary_large_image","twitter_misc":{"Tiempo de lectura":"4 minutos"},"schema":{"@context":"https:\/\/schema.org","@graph":[{"@type":"WebPage","@id":"https:\/\/nuestrosescritores.com\/martinnleon\/poesia\/","url":"https:\/\/nuestrosescritores.com\/martinnleon\/poesia\/","name":"Poes\u00eda - Mart\u00edn N. Le\u00f3n","isPartOf":{"@id":"https:\/\/nuestrosescritores.com\/martinnleon\/#website"},"datePublished":"2021-05-16T17:43:02+00:00","dateModified":"2021-05-16T20:42:49+00:00","description":"Poes\u00eda del libro SEGUNDAS OPORTUNIDADES QUE NUNCA MERECIMOS de el escritor MART\u00cdN N. LE\u00d3N, acaba de publicar un libro con la Editorial Poes\u00eda eres t\u00fa.","breadcrumb":{"@id":"https:\/\/nuestrosescritores.com\/martinnleon\/poesia\/#breadcrumb"},"inLanguage":"es","potentialAction":[{"@type":"ReadAction","target":["https:\/\/nuestrosescritores.com\/martinnleon\/poesia\/"]}]},{"@type":"BreadcrumbList","@id":"https:\/\/nuestrosescritores.com\/martinnleon\/poesia\/#breadcrumb","itemListElement":[{"@type":"ListItem","position":1,"name":"Portada","item":"https:\/\/nuestrosescritores.com\/martinnleon\/"},{"@type":"ListItem","position":2,"name":"Poes\u00eda"}]},{"@type":"WebSite","@id":"https:\/\/nuestrosescritores.com\/martinnleon\/#website","url":"https:\/\/nuestrosescritores.com\/martinnleon\/","name":"Nuestros escritores","description":"Escritor","potentialAction":[{"@type":"SearchAction","target":{"@type":"EntryPoint","urlTemplate":"https:\/\/nuestrosescritores.com\/martinnleon\/?s={search_term_string}"},"query-input":{"@type":"PropertyValueSpecification","valueRequired":true,"valueName":"search_term_string"}}],"inLanguage":"es"}]}},"_links":{"self":[{"href":"https:\/\/nuestrosescritores.com\/martinnleon\/wp-json\/wp\/v2\/pages\/74","targetHints":{"allow":["GET"]}}],"collection":[{"href":"https:\/\/nuestrosescritores.com\/martinnleon\/wp-json\/wp\/v2\/pages"}],"about":[{"href":"https:\/\/nuestrosescritores.com\/martinnleon\/wp-json\/wp\/v2\/types\/page"}],"author":[{"embeddable":true,"href":"https:\/\/nuestrosescritores.com\/martinnleon\/wp-json\/wp\/v2\/users\/1"}],"replies":[{"embeddable":true,"href":"https:\/\/nuestrosescritores.com\/martinnleon\/wp-json\/wp\/v2\/comments?post=74"}],"version-history":[{"count":0,"href":"https:\/\/nuestrosescritores.com\/martinnleon\/wp-json\/wp\/v2\/pages\/74\/revisions"}],"wp:attachment":[{"href":"https:\/\/nuestrosescritores.com\/martinnleon\/wp-json\/wp\/v2\/media?parent=74"}],"curies":[{"name":"wp","href":"https:\/\/api.w.org\/{rel}","templated":true}]}}