{"id":311,"date":"2025-08-25T18:17:32","date_gmt":"2025-08-25T16:17:32","guid":{"rendered":"https:\/\/nuestrosescritores.com\/martinlorenzoparedesaparicio\/?page_id=311"},"modified":"2025-08-25T18:18:18","modified_gmt":"2025-08-25T16:18:18","slug":"poesias-de-7-cruces-y-un-nazareno","status":"publish","type":"page","link":"https:\/\/nuestrosescritores.com\/martinlorenzoparedesaparicio\/poesias-de-7-cruces-y-un-nazareno\/","title":{"rendered":"Poes\u00edas de 7 cruces y un nazareno"},"content":{"rendered":"<div class=\"wpb-content-wrapper\">[vc_row full_width=&#8221;stretch_row_content_no_spaces&#8221;][vc_column extend=&#8221;false&#8221;]<div class='gambit_parallax_row' data-bg-align='' data-direction='fixed' data-opacity='100' data-velocity='-0.3' data-mobile-enabled='' data-bg-height='1200' data-bg-width='1600' data-bg-image='https:\/\/nuestrosescritores.com\/martinlorenzoparedesaparicio\/wp-content\/uploads\/sites\/193\/2025\/01\/2z6wz6nr1m4.jpg' data-bg-repeat='false' data-id='' style='display: none'><\/div><div class=\"gambit_fullheight_row\" data-content-location=\"center\" style=\"display: none\"><\/div>[\/vc_column][\/vc_row][vc_row][vc_column extend=&#8221;false&#8221;][vc_column_text]\n<h1><a name=\"misericordias\"><\/a><strong>Al Cristo de las Misericordias<\/strong><\/h1>\n<p>\n\u00bfQui\u00e9n imagin\u00f3 tu rostro, escarchada<br \/>\nla noche? \u00bfQui\u00e9n supo de tu tristeza<br \/>\ndormida fr\u00e1gil como la belleza<br \/>\nde la rosa roja ya derrotada?<br \/>\n\u00bfQui\u00e9n imagin\u00f3 tu misericordia?<br \/>\n\u00bfAcaso no ser\u00eda el pincel animado<br \/>\nde ese que suspira ya abandonado<br \/>\nen el duelo de su propia historia?<br \/>\n\u00bfQui\u00e9n adivin\u00f3 tu sant\u00edsima Cruz<br \/>\npara no ser humillado y clavado,<br \/>\ncuando lo oscuro ya se convierte en luz?<br \/>\nFue un artista, el de la m\u00e1s blanca alma,<br \/>\nese que ahora te acuna en el lienzo,<br \/>\nese que siempre con sus manos te habla.\n<\/p>\n<span class='bctt-click-to-tweet'><span class='bctt-ctt-text'><a href='https:\/\/x.com\/intent\/tweet?url=https%3A%2F%2Fnuestrosescritores.com%2Fmartinlorenzoparedesaparicio%2Fpoesias-de-7-cruces-y-un-nazareno%2F&#038;text=Al%20Cristo%20de%20las%20Misericordias%20-%20Siete%20cruces%20y%20un%20nazareno%20de%20Mart%C3%ADn%20Paredes%20Aparicio&#038;via=poesiaerestu&#038;related=poesiaerestu' target='_blank'rel=\"noopener noreferrer\">Al Cristo de las Misericordias - Siete cruces y un nazareno de Mart\u00edn Paredes Aparicio <\/a><\/span><a href='https:\/\/x.com\/intent\/tweet?url=https%3A%2F%2Fnuestrosescritores.com%2Fmartinlorenzoparedesaparicio%2Fpoesias-de-7-cruces-y-un-nazareno%2F&#038;text=Al%20Cristo%20de%20las%20Misericordias%20-%20Siete%20cruces%20y%20un%20nazareno%20de%20Mart%C3%ADn%20Paredes%20Aparicio&#038;via=poesiaerestu&#038;related=poesiaerestu' target='_blank' class='bctt-ctt-btn'rel=\"noopener noreferrer\">Compartir en X<\/a><\/span>\n[\/vc_column_text][\/vc_column][\/vc_row]\n[vc_row full_width=&#8221;stretch_row_content_no_spaces&#8221;][vc_column extend=&#8221;false&#8221;]<div class='gambit_parallax_row' data-bg-align='' data-direction='fixed' data-opacity='100' data-velocity='-0.3' data-mobile-enabled='' data-bg-height='1200' data-bg-width='800' data-bg-image='https:\/\/nuestrosescritores.com\/martinlorenzoparedesaparicio\/wp-content\/uploads\/sites\/193\/2025\/01\/rk-svi0zqvm.jpg' data-bg-repeat='false' data-id='' style='display: none'><\/div><div class=\"gambit_fullheight_row\" data-content-location=\"center\" style=\"display: none\"><\/div>[\/vc_column][\/vc_row][vc_row][vc_column extend=&#8221;false&#8221;][vc_column_text]\n<h1><a name=\"clemencia\"><\/a><strong>Al Cristo de la Clemencia<\/strong><\/h1>\n<p>\nA mirada antigua la tarde se torna.<br \/>\nUn raudal viejo el ocaso triste mira.<br \/>\nMar\u00eda de Magdala llora y suspira.<br \/>\nPide clemencia, sus ojos entorna.<br \/>\n\u00a1Nadie sale al rescate de este Cristo<br \/>\nGitano! Sangre llora su costado.<br \/>\nLa negra noche lo ha atravesado.<br \/>\n\u00a1Injuriado su pena no resisto!<br \/>\nY la tierra se agrieta conmovida.<br \/>\nEl hijo de Dios, exclama sin ira.<br \/>\nY en las veredas jaeneras, la vida<br \/>\notorga. Y cuando la aurora muere<br \/>\nen la escarcha severa de la fuente.<br \/>\nLa voz de mi Cristo, el gris cielo hiere.\n<\/p>\n<span class='bctt-click-to-tweet'><span class='bctt-ctt-text'><a href='https:\/\/x.com\/intent\/tweet?url=https%3A%2F%2Fnuestrosescritores.com%2Fmartinlorenzoparedesaparicio%2Fpoesias-de-7-cruces-y-un-nazareno%2F&#038;text=Al%20Cristo%20de%20la%20Clemencia%20-%20Siete%20cruces%20y%20un%20nazareno%20de%20Mart%C3%ADn%20Paredes%20Aparicio&#038;via=poesiaerestu&#038;related=poesiaerestu' target='_blank'rel=\"noopener noreferrer\">Al Cristo de la Clemencia - Siete cruces y un nazareno de Mart\u00edn Paredes Aparicio <\/a><\/span><a href='https:\/\/x.com\/intent\/tweet?url=https%3A%2F%2Fnuestrosescritores.com%2Fmartinlorenzoparedesaparicio%2Fpoesias-de-7-cruces-y-un-nazareno%2F&#038;text=Al%20Cristo%20de%20la%20Clemencia%20-%20Siete%20cruces%20y%20un%20nazareno%20de%20Mart%C3%ADn%20Paredes%20Aparicio&#038;via=poesiaerestu&#038;related=poesiaerestu' target='_blank' class='bctt-ctt-btn'rel=\"noopener noreferrer\">Compartir en X<\/a><\/span>\n[\/vc_column_text][\/vc_column][\/vc_row]\n[vc_row full_width=&#8221;stretch_row_content_no_spaces&#8221;][vc_column extend=&#8221;false&#8221;]<div class='gambit_parallax_row' data-bg-align='' data-direction='fixed' data-opacity='100' data-velocity='-0.3' data-mobile-enabled='' data-bg-height='1060' data-bg-width='1600' data-bg-image='https:\/\/nuestrosescritores.com\/martinlorenzoparedesaparicio\/wp-content\/uploads\/sites\/193\/2025\/01\/zu4lgbf_7fq.jpg' data-bg-repeat='false' data-id='' style='display: none'><\/div><div class=\"gambit_fullheight_row\" data-content-location=\"center\" style=\"display: none\"><\/div>[\/vc_column][\/vc_row][vc_row][vc_column extend=&#8221;false&#8221;][vc_column_text]\n<h1><a name=\"humildad\"><\/a><strong>Al Cristo de la Humildad y Silencio<\/strong><\/h1>\n<p>\nY de tu silencio eres reo y esclavo.<br \/>\nTe llaman Cristo de la Humildad.<br \/>\nTu virtud, el verbo, nuestra verdad.<br \/>\nSi pudiera de tu Cruz te desclavo.<br \/>\nEs dif\u00edcil soportar tu tormento.<br \/>\nY ver como la noche negra llega.<br \/>\nMadrugada, tiniebla, de centella.<br \/>\nY la oscuridad oculta tu lamento.<br \/>\nCristo y Rey de la noche m\u00e1s jaenciana.<br \/>\nAlma errante que la luna ilumina.<br \/>\nLuz tan hermosa que abre la ventana<br \/>\nde mi coraz\u00f3n. Para romper siempre<br \/>\nlas cadenas del hermano que en muda<br \/>\noraci\u00f3n suspira sin alzar la voz.\n<\/p>\n<span class='bctt-click-to-tweet'><span class='bctt-ctt-text'><a href='https:\/\/x.com\/intent\/tweet?url=https%3A%2F%2Fnuestrosescritores.com%2Fmartinlorenzoparedesaparicio%2Fpoesias-de-7-cruces-y-un-nazareno%2F&#038;text=Al%20Cristo%20de%20la%20Humildad%20y%20Silencio%20-%20Siete%20cruces%20y%20un%20nazareno%20de%20Mart%C3%ADn%20Paredes%20Aparicio&#038;via=poesiaerestu&#038;related=poesiaerestu' target='_blank'rel=\"noopener noreferrer\">Al Cristo de la Humildad y Silencio - Siete cruces y un nazareno de Mart\u00edn Paredes Aparicio <\/a><\/span><a href='https:\/\/x.com\/intent\/tweet?url=https%3A%2F%2Fnuestrosescritores.com%2Fmartinlorenzoparedesaparicio%2Fpoesias-de-7-cruces-y-un-nazareno%2F&#038;text=Al%20Cristo%20de%20la%20Humildad%20y%20Silencio%20-%20Siete%20cruces%20y%20un%20nazareno%20de%20Mart%C3%ADn%20Paredes%20Aparicio&#038;via=poesiaerestu&#038;related=poesiaerestu' target='_blank' class='bctt-ctt-btn'rel=\"noopener noreferrer\">Compartir en X<\/a><\/span>\n[\/vc_column_text][\/vc_column][\/vc_row]\n[vc_row full_width=&#8221;stretch_row_content_no_spaces&#8221;][vc_column extend=&#8221;false&#8221;]<div class='gambit_parallax_row' data-bg-align='' data-direction='fixed' data-opacity='100' data-velocity='-0.3' data-mobile-enabled='' data-bg-height='1280' data-bg-width='802' data-bg-image='https:\/\/nuestrosescritores.com\/martinlorenzoparedesaparicio\/wp-content\/uploads\/sites\/193\/2025\/01\/378903.jpg' data-bg-repeat='false' data-id='' style='display: none'><\/div><div class=\"gambit_fullheight_row\" data-content-location=\"center\" style=\"display: none\"><\/div>[\/vc_column][\/vc_row][vc_row][vc_column extend=&#8221;false&#8221;][vc_column_text]\n<h1><a name=\"buena-muerte\"><\/a><strong>Al Cristo de la Buena Muerte<\/strong><\/h1>\n<p>\nY ya asomas por el umbral, sin prisa.<br \/>\nPuerta que perdona, la m\u00e1s divina.<br \/>\nHiere tu semblante una luz muy fina.<br \/>\nLigero te balancean, como brisa.<br \/>\nLa tarde silencia su \u00faltimo tramo<br \/>\nde vida. Ocaso en un cielo estrellado.<br \/>\nLa buena muerte te ha liberado.<br \/>\nDulce expiras como la rosa que amo.<br \/>\nUna l\u00e1grima, muy tierna, resbala<br \/>\npor una mejilla. Llanto de amor<br \/>\nde una plaza que es gran antesala<br \/>\nde ese monte, calvario, de mi Cristo<br \/>\ncrucificado. Y una bella Catedral<br \/>\njaenera es la fe por la que resisto.\n<\/p>\n<span class='bctt-click-to-tweet'><span class='bctt-ctt-text'><a href='https:\/\/x.com\/intent\/tweet?url=https%3A%2F%2Fnuestrosescritores.com%2Fmartinlorenzoparedesaparicio%2Fpoesias-de-7-cruces-y-un-nazareno%2F&#038;text=Al%20Cristo%20de%20la%20Buena%20Muerte%20-%20Siete%20cruces%20y%20un%20nazareno%20de%20Mart%C3%ADn%20Paredes%20Aparicio&#038;via=poesiaerestu&#038;related=poesiaerestu' target='_blank'rel=\"noopener noreferrer\">Al Cristo de la Buena Muerte - Siete cruces y un nazareno de Mart\u00edn Paredes Aparicio <\/a><\/span><a href='https:\/\/x.com\/intent\/tweet?url=https%3A%2F%2Fnuestrosescritores.com%2Fmartinlorenzoparedesaparicio%2Fpoesias-de-7-cruces-y-un-nazareno%2F&#038;text=Al%20Cristo%20de%20la%20Buena%20Muerte%20-%20Siete%20cruces%20y%20un%20nazareno%20de%20Mart%C3%ADn%20Paredes%20Aparicio&#038;via=poesiaerestu&#038;related=poesiaerestu' target='_blank' class='bctt-ctt-btn'rel=\"noopener noreferrer\">Compartir en X<\/a><\/span>\n[\/vc_column_text][\/vc_column][\/vc_row]\n[vc_row full_width=&#8221;stretch_row_content_no_spaces&#8221;][vc_column extend=&#8221;false&#8221;]<div class='gambit_parallax_row' data-bg-align='' data-direction='fixed' data-opacity='100' data-velocity='-0.3' data-mobile-enabled='' data-bg-height='794' data-bg-width='559' data-bg-image='https:\/\/nuestrosescritores.com\/martinlorenzoparedesaparicio\/wp-content\/uploads\/sites\/193\/2025\/01\/0PortadaLavozdeloscallados.jpg' data-bg-repeat='false' data-id='' style='display: none'><\/div><div class=\"gambit_fullheight_row\" data-content-location=\"center\" style=\"display: none\"><\/div>[\/vc_column][\/vc_row][vc_row][vc_column extend=&#8221;false&#8221;][vc_column_text]\n<h1><a name=\"veracruz\"><\/a><strong>Al Cristo de la Veracruz (I)<\/strong><\/h1>\n<p>\nTu epitafio fue un trueno muy brillante.<br \/>\nMi Cristo a qui\u00e9n San Ildefonso reza.<br \/>\nFe de ese viejo arrabal, entereza<br \/>\nde un pueblo que ama su dulce semblante.<br \/>\nEn su primitiva Cruz elevado.<br \/>\nMadera antigua, noble, de un olivo<br \/>\nJerosolimitano. Tronco vivo.<br \/>\nAh\u00ed, Jes\u00fas, fuiste injuriado.<br \/>\n\u00a1Oh Cristo de la Vera-Cruz amado<br \/>\npor la luna que el Jueves Santo brilla!<br \/>\nNadie olvida tu cuerpo lacerado.<br \/>\nY tu Santa Madre tierna te mira<br \/>\ndesde una capilla aura, muy divina.<br \/>\n\u00a1Y en la Vera Cruz, Jes\u00fas, expiras!\n<\/p>\n<span class='bctt-click-to-tweet'><span class='bctt-ctt-text'><a href='https:\/\/x.com\/intent\/tweet?url=https%3A%2F%2Fnuestrosescritores.com%2Fmartinlorenzoparedesaparicio%2Fpoesias-de-7-cruces-y-un-nazareno%2F&#038;text=Al%20Cristo%20de%20la%20Vera%20Cruz%20-%20Siete%20cruces%20y%20un%20nazareno%20de%20Mart%C3%ADn%20Paredes%20Aparicio&#038;via=poesiaerestu&#038;related=poesiaerestu' target='_blank'rel=\"noopener noreferrer\">Al Cristo de la Vera Cruz - Siete cruces y un nazareno de Mart\u00edn Paredes Aparicio <\/a><\/span><a href='https:\/\/x.com\/intent\/tweet?url=https%3A%2F%2Fnuestrosescritores.com%2Fmartinlorenzoparedesaparicio%2Fpoesias-de-7-cruces-y-un-nazareno%2F&#038;text=Al%20Cristo%20de%20la%20Vera%20Cruz%20-%20Siete%20cruces%20y%20un%20nazareno%20de%20Mart%C3%ADn%20Paredes%20Aparicio&#038;via=poesiaerestu&#038;related=poesiaerestu' target='_blank' class='bctt-ctt-btn'rel=\"noopener noreferrer\">Compartir en X<\/a><\/span>\n[\/vc_column_text][\/vc_column][\/vc_row]\n[vc_row full_width=&#8221;stretch_row_content_no_spaces&#8221;][vc_column extend=&#8221;false&#8221;]<div class='gambit_parallax_row' data-bg-align='' data-direction='fixed' data-opacity='100' data-velocity='-0.3' data-mobile-enabled='' data-bg-height='853' data-bg-width='1280' data-bg-image='https:\/\/nuestrosescritores.com\/martinlorenzoparedesaparicio\/wp-content\/uploads\/sites\/193\/2025\/01\/4547785.jpg' data-bg-repeat='false' data-id='' style='display: none'><\/div><div class=\"gambit_fullheight_row\" data-content-location=\"center\" style=\"display: none\"><\/div>[\/vc_column][\/vc_row][vc_row][vc_column extend=&#8221;false&#8221;][vc_column_text]\n<h1><a name=\"expiracion\"><\/a><strong>Al Cristo de la Expiraci\u00f3n (I)<\/strong><\/h1>\n<p>\nTus pies son la tierra y el cielo, clavados.<br \/>\nPies desnudos, muy fr\u00edos, descalzos. Sangre<br \/>\nderramada, redentora. Palangre<br \/>\nparecen, cordel al madero, atados.<br \/>\nY una luna blanca en la noche tan oscura<br \/>\nlos alumbra. En ellos se diviniza<br \/>\nel agua. Rubor que ya hipnotiza<br \/>\nlas miradas. Agua bendita, pura.<br \/>\nPies donde se clavan, humillan nuestros<br \/>\npecados. \u00a1Falanges! Las culpas esp\u00edan.<br \/>\nEn ellos las promesas de los ancestros<br \/>\nnuestros cumplimos. Dos claveles rosas<br \/>\nson tus pies, muy lacerados. Mi Cristo<br \/>\nel de la Expiraci\u00f3n m\u00e1s hermosa.\n<\/p>\n<span class='bctt-click-to-tweet'><span class='bctt-ctt-text'><a href='https:\/\/x.com\/intent\/tweet?url=https%3A%2F%2Fnuestrosescritores.com%2Fmartinlorenzoparedesaparicio%2Fpoesias-de-7-cruces-y-un-nazareno%2F&#038;text=Al%20Cristo%20de%20la%20Expiraci%C3%B3n%20-%20Siete%20cruces%20y%20un%20nazareno%20de%20Mart%C3%ADn%20Paredes%20Aparicio&#038;via=poesiaerestu&#038;related=poesiaerestu' target='_blank'rel=\"noopener noreferrer\">Al Cristo de la Expiraci\u00f3n - Siete cruces y un nazareno de Mart\u00edn Paredes Aparicio <\/a><\/span><a href='https:\/\/x.com\/intent\/tweet?url=https%3A%2F%2Fnuestrosescritores.com%2Fmartinlorenzoparedesaparicio%2Fpoesias-de-7-cruces-y-un-nazareno%2F&#038;text=Al%20Cristo%20de%20la%20Expiraci%C3%B3n%20-%20Siete%20cruces%20y%20un%20nazareno%20de%20Mart%C3%ADn%20Paredes%20Aparicio&#038;via=poesiaerestu&#038;related=poesiaerestu' target='_blank' class='bctt-ctt-btn'rel=\"noopener noreferrer\">Compartir en X<\/a><\/span>\n[\/vc_column_text][\/vc_column][\/vc_row]\n[vc_row full_width=&#8221;stretch_row_content_no_spaces&#8221;][vc_column extend=&#8221;false&#8221;]<div class='gambit_parallax_row' data-bg-align='' data-direction='fixed' data-opacity='100' data-velocity='-0.3' data-mobile-enabled='' data-bg-height='1134' data-bg-width='1600' data-bg-image='https:\/\/nuestrosescritores.com\/martinlorenzoparedesaparicio\/wp-content\/uploads\/sites\/193\/2025\/08\/wx_zbzixcla.jpg' data-bg-repeat='false' data-id='' style='display: none'><\/div><div class=\"gambit_fullheight_row\" data-content-location=\"center\" style=\"display: none\"><\/div>[\/vc_column][\/vc_row][vc_row][vc_column extend=&#8221;false&#8221;][vc_column_text]\n<h1><a name=\"nazareno\"><\/a><strong>A Jes\u00fas de los Descalzos (I)<\/strong><\/h1>\n<p>\nNoche negra. Damianesca. Sin luz.<br \/>\nAceras corruptas de una fe ya antigua.<br \/>\nLa vela llora, su llama es exigua.<br \/>\nUn Nazareno es preso del contraluz.<br \/>\nLe apremian a salir de madrugada<br \/>\nmientras el clavel sue\u00f1a en las esquinas.<br \/>\nLluvia tensa, aguacero de inquinas.<br \/>\nLa campana avisa, no hay coartada&#8230;. Ya es tarde, el madero aprieta. Cirene<br \/>\ncalla, en mala hora dio su mano, piensa.<br \/>\nJes\u00fas con la Cruz a cuestas ya viene.<br \/>\nY la muchedumbre no se detiene.<br \/>\nY Jes\u00fas sus manos otra vez tensa.<br \/>\nY la Cruz es sombra que siempre duele.\n<\/p>\n<span class='bctt-click-to-tweet'><span class='bctt-ctt-text'><a href='https:\/\/x.com\/intent\/tweet?url=https%3A%2F%2Fnuestrosescritores.com%2Fmartinlorenzoparedesaparicio%2Fpoesias-de-7-cruces-y-un-nazareno%2F&#038;text=A%20Jes%C3%BAs%20de%20los%20Descalzos%20-%20Siete%20cruces%20y%20un%20nazareno%20de%20Mart%C3%ADn%20Paredes%20Aparicio&#038;via=poesiaerestu&#038;related=poesiaerestu' target='_blank'rel=\"noopener noreferrer\">A Jes\u00fas de los Descalzos - Siete cruces y un nazareno de Mart\u00edn Paredes Aparicio <\/a><\/span><a href='https:\/\/x.com\/intent\/tweet?url=https%3A%2F%2Fnuestrosescritores.com%2Fmartinlorenzoparedesaparicio%2Fpoesias-de-7-cruces-y-un-nazareno%2F&#038;text=A%20Jes%C3%BAs%20de%20los%20Descalzos%20-%20Siete%20cruces%20y%20un%20nazareno%20de%20Mart%C3%ADn%20Paredes%20Aparicio&#038;via=poesiaerestu&#038;related=poesiaerestu' target='_blank' class='bctt-ctt-btn'rel=\"noopener noreferrer\">Compartir en X<\/a><\/span>\n[\/vc_column_text][\/vc_column][\/vc_row]\n[vc_row full_width=&#8221;stretch_row_content_no_spaces&#8221;][vc_column extend=&#8221;false&#8221;]<div class='gambit_parallax_row' data-bg-align='' data-direction='fixed' data-opacity='100' data-velocity='-0.3' data-mobile-enabled='' data-bg-height='853' data-bg-width='1280' data-bg-image='https:\/\/nuestrosescritores.com\/martinlorenzoparedesaparicio\/wp-content\/uploads\/sites\/193\/2025\/08\/5433432.jpg' data-bg-repeat='false' data-id='' style='display: none'><\/div><div class=\"gambit_fullheight_row\" data-content-location=\"center\" style=\"display: none\"><\/div>[vc_column_text]\n<p style=\"text-align: center;\"><a class=\"fasc-button fasc-size-xlarge fasc-type-glossy fasc-rounded-medium\" style=\"background-color: #33809e; color: #ffffff;\" href=\"https:\/\/librodepoesia.com\/producto\/siete-cruces-y-un-nazareno-martin-paredes-aparicio\/\">Comprar el libro<\/a><\/p>\n[\/vc_column_text][\/vc_column][\/vc_row]\n<\/div>","protected":false},"excerpt":{"rendered":"<p>[vc_row full_width=&#8221;stretch_row_content_no_spaces&#8221;][vc_column extend=&#8221;false&#8221;][\/vc_column][\/vc_row][vc_row][vc_column extend=&#8221;false&#8221;][vc_column_text] Al Cristo de las Misericordias \u00bfQui\u00e9n imagin\u00f3 tu rostro, escarchada la noche? \u00bfQui\u00e9n supo de tu tristeza dormida fr\u00e1gil como la belleza de la rosa roja ya derrotada? \u00bfQui\u00e9n imagin\u00f3 tu misericordia? \u00bfAcaso no ser\u00eda el pincel animado de ese que suspira ya abandonado en el duelo de su propia historia? [&hellip;]<\/p>\n","protected":false},"author":1,"featured_media":0,"parent":0,"menu_order":0,"comment_status":"closed","ping_status":"closed","template":"","meta":{"_acf_changed":false,"footnotes":""},"class_list":["post-311","page","type-page","status-publish","hentry"],"acf":[],"yoast_head":"<!-- This site is optimized with the Yoast SEO Premium plugin v24.7 (Yoast SEO v27.5) - https:\/\/yoast.com\/product\/yoast-seo-premium-wordpress\/ -->\n<title>Poes\u00edas de 7 cruces y un nazareno - Mart\u00edn Lorenzo Paredes Aparicio<\/title>\n<meta name=\"description\" content=\"Poes\u00edas de 7 cruces y un nazareno\" \/>\n<meta name=\"robots\" content=\"index, follow, max-snippet:-1, max-image-preview:large, max-video-preview:-1\" \/>\n<link rel=\"canonical\" href=\"https:\/\/nuestrosescritores.com\/martinlorenzoparedesaparicio\/poesias-de-7-cruces-y-un-nazareno\/\" \/>\n<meta property=\"og:locale\" content=\"es_ES\" \/>\n<meta property=\"og:type\" content=\"article\" \/>\n<meta property=\"og:title\" content=\"Poes\u00edas de 7 cruces y un nazareno\" \/>\n<meta property=\"og:description\" content=\"Poes\u00edas de 7 cruces y un nazareno\" \/>\n<meta property=\"og:url\" content=\"https:\/\/nuestrosescritores.com\/martinlorenzoparedesaparicio\/poesias-de-7-cruces-y-un-nazareno\/\" \/>\n<meta property=\"og:site_name\" content=\"Mart\u00edn Lorenzo Paredes Aparicio\" \/>\n<meta property=\"article:modified_time\" content=\"2025-08-25T16:18:18+00:00\" \/>\n<meta name=\"twitter:card\" content=\"summary_large_image\" \/>\n<meta name=\"twitter:label1\" content=\"Tiempo de lectura\" \/>\n\t<meta name=\"twitter:data1\" content=\"4 minutos\" \/>\n<script type=\"application\/ld+json\" class=\"yoast-schema-graph\">{\"@context\":\"https:\\\/\\\/schema.org\",\"@graph\":[{\"@type\":\"WebPage\",\"@id\":\"https:\\\/\\\/nuestrosescritores.com\\\/martinlorenzoparedesaparicio\\\/poesias-de-7-cruces-y-un-nazareno\\\/\",\"url\":\"https:\\\/\\\/nuestrosescritores.com\\\/martinlorenzoparedesaparicio\\\/poesias-de-7-cruces-y-un-nazareno\\\/\",\"name\":\"Poes\u00edas de 7 cruces y un nazareno - Mart\u00edn Lorenzo Paredes Aparicio\",\"isPartOf\":{\"@id\":\"https:\\\/\\\/nuestrosescritores.com\\\/martinlorenzoparedesaparicio\\\/#website\"},\"datePublished\":\"2025-08-25T16:17:32+00:00\",\"dateModified\":\"2025-08-25T16:18:18+00:00\",\"description\":\"Poes\u00edas de 7 cruces y un nazareno\",\"breadcrumb\":{\"@id\":\"https:\\\/\\\/nuestrosescritores.com\\\/martinlorenzoparedesaparicio\\\/poesias-de-7-cruces-y-un-nazareno\\\/#breadcrumb\"},\"inLanguage\":\"es\",\"potentialAction\":[{\"@type\":\"ReadAction\",\"target\":[\"https:\\\/\\\/nuestrosescritores.com\\\/martinlorenzoparedesaparicio\\\/poesias-de-7-cruces-y-un-nazareno\\\/\"]}]},{\"@type\":\"BreadcrumbList\",\"@id\":\"https:\\\/\\\/nuestrosescritores.com\\\/martinlorenzoparedesaparicio\\\/poesias-de-7-cruces-y-un-nazareno\\\/#breadcrumb\",\"itemListElement\":[{\"@type\":\"ListItem\",\"position\":1,\"name\":\"Portada\",\"item\":\"https:\\\/\\\/nuestrosescritores.com\\\/martinlorenzoparedesaparicio\\\/\"},{\"@type\":\"ListItem\",\"position\":2,\"name\":\"Poes\u00edas de 7 cruces y un nazareno\"}]},{\"@type\":\"WebSite\",\"@id\":\"https:\\\/\\\/nuestrosescritores.com\\\/martinlorenzoparedesaparicio\\\/#website\",\"url\":\"https:\\\/\\\/nuestrosescritores.com\\\/martinlorenzoparedesaparicio\\\/\",\"name\":\"Nuestros escritores\",\"description\":\"\",\"potentialAction\":[{\"@type\":\"SearchAction\",\"target\":{\"@type\":\"EntryPoint\",\"urlTemplate\":\"https:\\\/\\\/nuestrosescritores.com\\\/martinlorenzoparedesaparicio\\\/?s={search_term_string}\"},\"query-input\":{\"@type\":\"PropertyValueSpecification\",\"valueRequired\":true,\"valueName\":\"search_term_string\"}}],\"inLanguage\":\"es\"}]}<\/script>\n<!-- \/ Yoast SEO Premium plugin. -->","yoast_head_json":{"title":"Poes\u00edas de 7 cruces y un nazareno - Mart\u00edn Lorenzo Paredes Aparicio","description":"Poes\u00edas de 7 cruces y un nazareno","robots":{"index":"index","follow":"follow","max-snippet":"max-snippet:-1","max-image-preview":"max-image-preview:large","max-video-preview":"max-video-preview:-1"},"canonical":"https:\/\/nuestrosescritores.com\/martinlorenzoparedesaparicio\/poesias-de-7-cruces-y-un-nazareno\/","og_locale":"es_ES","og_type":"article","og_title":"Poes\u00edas de 7 cruces y un nazareno","og_description":"Poes\u00edas de 7 cruces y un nazareno","og_url":"https:\/\/nuestrosescritores.com\/martinlorenzoparedesaparicio\/poesias-de-7-cruces-y-un-nazareno\/","og_site_name":"Mart\u00edn Lorenzo Paredes Aparicio","article_modified_time":"2025-08-25T16:18:18+00:00","twitter_card":"summary_large_image","twitter_misc":{"Tiempo de lectura":"4 minutos"},"schema":{"@context":"https:\/\/schema.org","@graph":[{"@type":"WebPage","@id":"https:\/\/nuestrosescritores.com\/martinlorenzoparedesaparicio\/poesias-de-7-cruces-y-un-nazareno\/","url":"https:\/\/nuestrosescritores.com\/martinlorenzoparedesaparicio\/poesias-de-7-cruces-y-un-nazareno\/","name":"Poes\u00edas de 7 cruces y un nazareno - Mart\u00edn Lorenzo Paredes Aparicio","isPartOf":{"@id":"https:\/\/nuestrosescritores.com\/martinlorenzoparedesaparicio\/#website"},"datePublished":"2025-08-25T16:17:32+00:00","dateModified":"2025-08-25T16:18:18+00:00","description":"Poes\u00edas de 7 cruces y un nazareno","breadcrumb":{"@id":"https:\/\/nuestrosescritores.com\/martinlorenzoparedesaparicio\/poesias-de-7-cruces-y-un-nazareno\/#breadcrumb"},"inLanguage":"es","potentialAction":[{"@type":"ReadAction","target":["https:\/\/nuestrosescritores.com\/martinlorenzoparedesaparicio\/poesias-de-7-cruces-y-un-nazareno\/"]}]},{"@type":"BreadcrumbList","@id":"https:\/\/nuestrosescritores.com\/martinlorenzoparedesaparicio\/poesias-de-7-cruces-y-un-nazareno\/#breadcrumb","itemListElement":[{"@type":"ListItem","position":1,"name":"Portada","item":"https:\/\/nuestrosescritores.com\/martinlorenzoparedesaparicio\/"},{"@type":"ListItem","position":2,"name":"Poes\u00edas de 7 cruces y un nazareno"}]},{"@type":"WebSite","@id":"https:\/\/nuestrosescritores.com\/martinlorenzoparedesaparicio\/#website","url":"https:\/\/nuestrosescritores.com\/martinlorenzoparedesaparicio\/","name":"Nuestros escritores","description":"","potentialAction":[{"@type":"SearchAction","target":{"@type":"EntryPoint","urlTemplate":"https:\/\/nuestrosescritores.com\/martinlorenzoparedesaparicio\/?s={search_term_string}"},"query-input":{"@type":"PropertyValueSpecification","valueRequired":true,"valueName":"search_term_string"}}],"inLanguage":"es"}]}},"_links":{"self":[{"href":"https:\/\/nuestrosescritores.com\/martinlorenzoparedesaparicio\/wp-json\/wp\/v2\/pages\/311","targetHints":{"allow":["GET"]}}],"collection":[{"href":"https:\/\/nuestrosescritores.com\/martinlorenzoparedesaparicio\/wp-json\/wp\/v2\/pages"}],"about":[{"href":"https:\/\/nuestrosescritores.com\/martinlorenzoparedesaparicio\/wp-json\/wp\/v2\/types\/page"}],"author":[{"embeddable":true,"href":"https:\/\/nuestrosescritores.com\/martinlorenzoparedesaparicio\/wp-json\/wp\/v2\/users\/1"}],"replies":[{"embeddable":true,"href":"https:\/\/nuestrosescritores.com\/martinlorenzoparedesaparicio\/wp-json\/wp\/v2\/comments?post=311"}],"version-history":[{"count":0,"href":"https:\/\/nuestrosescritores.com\/martinlorenzoparedesaparicio\/wp-json\/wp\/v2\/pages\/311\/revisions"}],"wp:attachment":[{"href":"https:\/\/nuestrosescritores.com\/martinlorenzoparedesaparicio\/wp-json\/wp\/v2\/media?parent=311"}],"curies":[{"name":"wp","href":"https:\/\/api.w.org\/{rel}","templated":true}]}}