{"id":98,"date":"2022-09-11T08:22:05","date_gmt":"2022-09-11T08:22:05","guid":{"rendered":"https:\/\/nuestrosescritores.com\/luciagarciaramos\/?page_id=98"},"modified":"2022-09-11T08:28:14","modified_gmt":"2022-09-11T08:28:14","slug":"poesia","status":"publish","type":"page","link":"https:\/\/nuestrosescritores.com\/luciagarciaramos\/poesia\/","title":{"rendered":"Poes\u00eda"},"content":{"rendered":"<div class=\"wpb-content-wrapper\">[vc_row full_width=&#8221;stretch_row_content_no_spaces&#8221; full_height=&#8221;yes&#8221; equal_height=&#8221;yes&#8221;][vc_column extend=&#8221;false&#8221;]<div id=\"rowvcpt-row-settings\" class=\"rowvcpt-row-set RowVcPt-row-setting69f0b9d61c198 \" data-no=\"RowVcPt-row-setting69f0b9d61c198\"><div class=\"columns-bg-wrap columns-bg-anim-colors columns-bg-image  columns_simple_image\" id=\"RowVcPt-image-bg-69f0b9d61c197\"   data-parallax_sense=\"30\" src=\"https:\/\/nuestrosescritores.com\/luciagarciaramos\/wp-content\/uploads\/sites\/134\/2022\/09\/size7xtehe8.jpg\" style=\"background-image: url(https:\/\/nuestrosescritores.com\/luciagarciaramos\/wp-content\/uploads\/sites\/134\/2022\/09\/size7xtehe8.jpg);background-position: center center;background-size: cover;background-attachment: fixed;\"><\/div><\/div>[\/vc_column][\/vc_row][vc_row][vc_column extend=&#8221;false&#8221;][vc_column_text]Cada cual crece de una forma,<br \/>\ncada cual vive de una manera,<br \/>\ncada cual elige con lo que sue\u00f1a.<\/p>\n<p>&nbsp;<\/p>\n<p>&nbsp;<\/p>\n<p>&nbsp;<\/p>\n<span class='bctt-click-to-tweet'><span class='bctt-ctt-text'><a href='https:\/\/x.com\/intent\/tweet?url=https%3A%2F%2Fnuestrosescritores.com%2Fluciagarciaramos%2Fpoesia%2F&#038;text=Cada%20cual%20del%20libro%20AMA%20DESDE%20TUS%20ADENTROS%20de%20LUC%C3%8DA%20GARC%C3%8DA%20RAMOS&#038;via=poesiaerestu&#038;related=poesiaerestu' target='_blank'rel=\"noopener noreferrer\">Cada cual del libro AMA DESDE TUS ADENTROS de LUC\u00cdA GARC\u00cdA RAMOS <\/a><\/span><a href='https:\/\/x.com\/intent\/tweet?url=https%3A%2F%2Fnuestrosescritores.com%2Fluciagarciaramos%2Fpoesia%2F&#038;text=Cada%20cual%20del%20libro%20AMA%20DESDE%20TUS%20ADENTROS%20de%20LUC%C3%8DA%20GARC%C3%8DA%20RAMOS&#038;via=poesiaerestu&#038;related=poesiaerestu' target='_blank' class='bctt-ctt-btn'rel=\"noopener noreferrer\">Compartir en X<\/a><\/span>[\/vc_column_text][\/vc_column][\/vc_row][vc_row full_width=&#8221;stretch_row_content_no_spaces&#8221; full_height=&#8221;yes&#8221; equal_height=&#8221;yes&#8221;][vc_column extend=&#8221;false&#8221;]<div id=\"rowvcpt-row-settings\" class=\"rowvcpt-row-set RowVcPt-row-setting69f0b9d61c725 \" data-no=\"RowVcPt-row-setting69f0b9d61c725\"><div class=\"columns-bg-wrap columns-bg-anim-colors columns-bg-image  columns_simple_image\" id=\"RowVcPt-image-bg-69f0b9d61c724\"   data-parallax_sense=\"30\" src=\"https:\/\/nuestrosescritores.com\/luciagarciaramos\/wp-content\/uploads\/sites\/134\/2022\/09\/7zrlunuakgs.jpg\" style=\"background-image: url(https:\/\/nuestrosescritores.com\/luciagarciaramos\/wp-content\/uploads\/sites\/134\/2022\/09\/7zrlunuakgs.jpg);background-position: center center;background-size: cover;background-attachment: fixed;\"><\/div><\/div>[\/vc_column][\/vc_row][vc_row][vc_column extend=&#8221;false&#8221;][vc_column_text]Cada d\u00eda pasa el tiempo,<br \/>\ncada d\u00eda no te tengo,<br \/>\ncada d\u00eda no te siento,<br \/>\ncada d\u00eda yo me muero.<\/p>\n<p>&nbsp;<\/p>\n<span class='bctt-click-to-tweet'><span class='bctt-ctt-text'><a href='https:\/\/x.com\/intent\/tweet?url=https%3A%2F%2Fnuestrosescritores.com%2Fluciagarciaramos%2Fpoesia%2F&#038;text=Cada%20d%C3%ADa%20del%20libro%20AMA%20DESDE%20TUS%20ADENTROS%20de%20LUC%C3%8DA%20GARC%C3%8DA%20RAMOS&#038;via=poesiaerestu&#038;related=poesiaerestu' target='_blank'rel=\"noopener noreferrer\">Cada d\u00eda del libro AMA DESDE TUS ADENTROS de LUC\u00cdA GARC\u00cdA RAMOS <\/a><\/span><a href='https:\/\/x.com\/intent\/tweet?url=https%3A%2F%2Fnuestrosescritores.com%2Fluciagarciaramos%2Fpoesia%2F&#038;text=Cada%20d%C3%ADa%20del%20libro%20AMA%20DESDE%20TUS%20ADENTROS%20de%20LUC%C3%8DA%20GARC%C3%8DA%20RAMOS&#038;via=poesiaerestu&#038;related=poesiaerestu' target='_blank' class='bctt-ctt-btn'rel=\"noopener noreferrer\">Compartir en X<\/a><\/span>\n<p>&nbsp;<\/p>\n<p>&nbsp;[\/vc_column_text][\/vc_column][\/vc_row][vc_row full_width=&#8221;stretch_row_content_no_spaces&#8221; full_height=&#8221;yes&#8221; equal_height=&#8221;yes&#8221;][vc_column extend=&#8221;false&#8221;]<div id=\"rowvcpt-row-settings\" class=\"rowvcpt-row-set RowVcPt-row-setting69f0b9d61caa3 \" data-no=\"RowVcPt-row-setting69f0b9d61caa3\"><div class=\"columns-bg-wrap columns-bg-anim-colors columns-bg-image  columns_simple_image\" id=\"RowVcPt-image-bg-69f0b9d61caa2\"   data-parallax_sense=\"30\" src=\"https:\/\/nuestrosescritores.com\/luciagarciaramos\/wp-content\/uploads\/sites\/134\/2022\/09\/13546443.jpg\" style=\"background-image: url(https:\/\/nuestrosescritores.com\/luciagarciaramos\/wp-content\/uploads\/sites\/134\/2022\/09\/13546443.jpg);background-position: center center;background-size: cover;background-attachment: fixed;\"><\/div><\/div>[\/vc_column][\/vc_row][vc_row][vc_column extend=&#8221;false&#8221;][vc_column_text]Ac\u00e9rcate a m\u00ed,<\/p>\n<p>d\u00e9jame quererte.<\/p>\n<p>Ac\u00e9rcate a m\u00ed,<\/p>\n<p>d\u00e9jame acariciarte.<\/p>\n<p>Ac\u00e9rcate a m\u00ed,<\/p>\n<p>d\u00e9jame besarte<\/p>\n<p>&nbsp;<\/p>\n<span class='bctt-click-to-tweet'><span class='bctt-ctt-text'><a href='https:\/\/x.com\/intent\/tweet?url=https%3A%2F%2Fnuestrosescritores.com%2Fluciagarciaramos%2Fpoesia%2F&#038;text=Ac%C3%A9rcate%20a%20m%C3%AD%20del%20libro%20AMA%20DESDE%20TUS%20ADENTROS%20de%20LUC%C3%8DA%20GARC%C3%8DA%20RAMOS&#038;via=poesiaerestu&#038;related=poesiaerestu' target='_blank'rel=\"noopener noreferrer\">Ac\u00e9rcate a m\u00ed del libro AMA DESDE TUS ADENTROS de LUC\u00cdA GARC\u00cdA RAMOS <\/a><\/span><a href='https:\/\/x.com\/intent\/tweet?url=https%3A%2F%2Fnuestrosescritores.com%2Fluciagarciaramos%2Fpoesia%2F&#038;text=Ac%C3%A9rcate%20a%20m%C3%AD%20del%20libro%20AMA%20DESDE%20TUS%20ADENTROS%20de%20LUC%C3%8DA%20GARC%C3%8DA%20RAMOS&#038;via=poesiaerestu&#038;related=poesiaerestu' target='_blank' class='bctt-ctt-btn'rel=\"noopener noreferrer\">Compartir en X<\/a><\/span>\n<p>&nbsp;<\/p>\n<p>&nbsp;[\/vc_column_text][\/vc_column][\/vc_row][vc_row full_width=&#8221;stretch_row_content_no_spaces&#8221; full_height=&#8221;yes&#8221; equal_height=&#8221;yes&#8221;][vc_column extend=&#8221;false&#8221;]<div id=\"rowvcpt-row-settings\" class=\"rowvcpt-row-set RowVcPt-row-setting69f0b9d61ce02 \" data-no=\"RowVcPt-row-setting69f0b9d61ce02\"><div class=\"columns-bg-wrap columns-bg-anim-colors columns-bg-image  columns_simple_image\" id=\"RowVcPt-image-bg-69f0b9d61ce01\"   data-parallax_sense=\"30\" src=\"https:\/\/nuestrosescritores.com\/luciagarciaramos\/wp-content\/uploads\/sites\/134\/2022\/09\/ylfxottgobg.jpg\" style=\"background-image: url(https:\/\/nuestrosescritores.com\/luciagarciaramos\/wp-content\/uploads\/sites\/134\/2022\/09\/ylfxottgobg.jpg);background-position: center center;background-size: cover;background-attachment: fixed;\"><\/div><\/div>[\/vc_column][\/vc_row][vc_row][vc_column extend=&#8221;false&#8221;][vc_column_text]Vive cada d\u00eda como si fuera el \u00faltimo,<\/p>\n<p>vive cada d\u00eda como si fuera el primero,<\/p>\n<p>vive cada d\u00eda como si estuvieras naciendo,<\/p>\n<p>porque cada d\u00eda vivido, no es un d\u00eda perdido,<\/p>\n<p>porque cada d\u00eda vivido, es un d\u00eda ganado.<\/p>\n<p>&nbsp;<\/p>\n<span class='bctt-click-to-tweet'><span class='bctt-ctt-text'><a href='https:\/\/x.com\/intent\/tweet?url=https%3A%2F%2Fnuestrosescritores.com%2Fluciagarciaramos%2Fpoesia%2F&#038;text=Vive%20cada%20d%C3%ADa%2C%20se%20desborda%20del%20libro%20AMA%20DESDE%20TUS%20ADENTROS%20de%20LUC%C3%8DA%20GARC%C3%8DA%20RAMOS&#038;via=poesiaerestu&#038;related=poesiaerestu' target='_blank'rel=\"noopener noreferrer\">Vive cada d\u00eda, se desborda del libro AMA DESDE TUS ADENTROS de LUC\u00cdA GARC\u00cdA RAMOS <\/a><\/span><a href='https:\/\/x.com\/intent\/tweet?url=https%3A%2F%2Fnuestrosescritores.com%2Fluciagarciaramos%2Fpoesia%2F&#038;text=Vive%20cada%20d%C3%ADa%2C%20se%20desborda%20del%20libro%20AMA%20DESDE%20TUS%20ADENTROS%20de%20LUC%C3%8DA%20GARC%C3%8DA%20RAMOS&#038;via=poesiaerestu&#038;related=poesiaerestu' target='_blank' class='bctt-ctt-btn'rel=\"noopener noreferrer\">Compartir en X<\/a><\/span>\n<p>&nbsp;<\/p>\n<p>&nbsp;[\/vc_column_text][\/vc_column][\/vc_row][vc_row full_height=&#8221;yes&#8221; equal_height=&#8221;yes&#8221;][vc_column extend=&#8221;false&#8221;]<div id=\"rowvcpt-row-settings\" class=\"rowvcpt-row-set RowVcPt-row-setting69f0b9d61d122 \" data-no=\"RowVcPt-row-setting69f0b9d61d122\"><div class=\"columns-bg-wrap columns-bg-anim-colors columns-bg-image  columns_simple_image\" id=\"RowVcPt-image-bg-69f0b9d61d121\"   data-parallax_sense=\"30\" src=\"https:\/\/nuestrosescritores.com\/luciagarciaramos\/wp-content\/uploads\/sites\/134\/2022\/09\/7439459.jpg\" style=\"background-image: url(https:\/\/nuestrosescritores.com\/luciagarciaramos\/wp-content\/uploads\/sites\/134\/2022\/09\/7439459.jpg);background-position: center center;background-size: cover;background-attachment: fixed;\"><\/div><\/div><div class=\"ult-spacer spacer-69f0b9d61d3c9\" data-id=\"69f0b9d61d3c9\" data-height=\"150\" data-height-mobile=\"150\" data-height-tab=\"150\" data-height-tab-portrait=\"\" data-height-mobile-landscape=\"\" style=\"clear:both;display:block;\"><\/div>[vc_column_text]\n<p style=\"text-align: center;\"><a class=\"fasc-button fasc-size-xlarge fasc-type-glossy fasc-rounded-medium\" style=\"background-color: #33809e; color: #ffffff;\" href=\"https:\/\/librodepoesia.com\/libro\/ama-desde-tus-adentros-lucia-garcia-ramos\/\">Comprar el libro<\/a><\/p>\n[\/vc_column_text][\/vc_column][\/vc_row]\n<\/div>","protected":false},"excerpt":{"rendered":"<p>[vc_row full_width=&#8221;stretch_row_content_no_spaces&#8221; full_height=&#8221;yes&#8221; equal_height=&#8221;yes&#8221;][vc_column extend=&#8221;false&#8221;][\/vc_column][\/vc_row][vc_row][vc_column extend=&#8221;false&#8221;][vc_column_text]Cada cual crece de una forma, cada cual vive de una manera, cada cual elige con lo que sue\u00f1a. &nbsp; &nbsp; &nbsp; [\/vc_column_text][\/vc_column][\/vc_row][vc_row full_width=&#8221;stretch_row_content_no_spaces&#8221; full_height=&#8221;yes&#8221; equal_height=&#8221;yes&#8221;][vc_column extend=&#8221;false&#8221;][\/vc_column][\/vc_row][vc_row][vc_column extend=&#8221;false&#8221;][vc_column_text]Cada d\u00eda pasa el tiempo, cada d\u00eda no te tengo, cada d\u00eda no te siento, cada d\u00eda yo me muero. &nbsp; &nbsp; &nbsp;[\/vc_column_text][\/vc_column][\/vc_row][vc_row [&hellip;]<\/p>\n","protected":false},"author":1,"featured_media":0,"parent":0,"menu_order":0,"comment_status":"closed","ping_status":"closed","template":"","meta":{"_acf_changed":false,"footnotes":""},"class_list":["post-98","page","type-page","status-publish","hentry"],"acf":[],"yoast_head":"<!-- This site is optimized with the Yoast SEO Premium plugin v24.7 (Yoast SEO v27.4) - https:\/\/yoast.com\/product\/yoast-seo-premium-wordpress\/ -->\n<title>Poes\u00eda - Luc\u00eda Garc\u00eda Ramos<\/title>\n<meta name=\"description\" content=\"Poes\u00eda del libro AMA DESDE TUS ADENTROS de LUC\u00cdA GARC\u00cdA RAMOS. La escritora nos da una muestra tras publicar un libro.\" \/>\n<meta name=\"robots\" content=\"index, follow, max-snippet:-1, max-image-preview:large, max-video-preview:-1\" \/>\n<link rel=\"canonical\" href=\"https:\/\/nuestrosescritores.com\/luciagarciaramos\/poesia\/\" \/>\n<meta property=\"og:locale\" content=\"es_ES\" \/>\n<meta property=\"og:type\" content=\"article\" \/>\n<meta property=\"og:title\" content=\"Poes\u00eda\" \/>\n<meta property=\"og:description\" content=\"Poes\u00eda del libro AMA DESDE TUS ADENTROS de LUC\u00cdA GARC\u00cdA RAMOS. La escritora nos da una muestra tras publicar un libro.\" \/>\n<meta property=\"og:url\" content=\"https:\/\/nuestrosescritores.com\/luciagarciaramos\/poesia\/\" \/>\n<meta property=\"og:site_name\" content=\"Luc\u00eda Garc\u00eda Ramos\" \/>\n<meta property=\"article:modified_time\" content=\"2022-09-11T08:28:14+00:00\" \/>\n<meta name=\"twitter:card\" content=\"summary_large_image\" \/>\n<meta name=\"twitter:label1\" content=\"Tiempo de lectura\" \/>\n\t<meta name=\"twitter:data1\" content=\"1 minuto\" \/>\n<script type=\"application\/ld+json\" class=\"yoast-schema-graph\">{\"@context\":\"https:\\\/\\\/schema.org\",\"@graph\":[{\"@type\":\"WebPage\",\"@id\":\"https:\\\/\\\/nuestrosescritores.com\\\/luciagarciaramos\\\/poesia\\\/\",\"url\":\"https:\\\/\\\/nuestrosescritores.com\\\/luciagarciaramos\\\/poesia\\\/\",\"name\":\"Poes\u00eda - Luc\u00eda Garc\u00eda Ramos\",\"isPartOf\":{\"@id\":\"https:\\\/\\\/nuestrosescritores.com\\\/luciagarciaramos\\\/#website\"},\"datePublished\":\"2022-09-11T08:22:05+00:00\",\"dateModified\":\"2022-09-11T08:28:14+00:00\",\"description\":\"Poes\u00eda del libro AMA DESDE TUS ADENTROS de LUC\u00cdA GARC\u00cdA RAMOS. La escritora nos da una muestra tras publicar un libro.\",\"breadcrumb\":{\"@id\":\"https:\\\/\\\/nuestrosescritores.com\\\/luciagarciaramos\\\/poesia\\\/#breadcrumb\"},\"inLanguage\":\"es\",\"potentialAction\":[{\"@type\":\"ReadAction\",\"target\":[\"https:\\\/\\\/nuestrosescritores.com\\\/luciagarciaramos\\\/poesia\\\/\"]}]},{\"@type\":\"BreadcrumbList\",\"@id\":\"https:\\\/\\\/nuestrosescritores.com\\\/luciagarciaramos\\\/poesia\\\/#breadcrumb\",\"itemListElement\":[{\"@type\":\"ListItem\",\"position\":1,\"name\":\"Portada\",\"item\":\"https:\\\/\\\/nuestrosescritores.com\\\/luciagarciaramos\\\/\"},{\"@type\":\"ListItem\",\"position\":2,\"name\":\"Poes\u00eda\"}]},{\"@type\":\"WebSite\",\"@id\":\"https:\\\/\\\/nuestrosescritores.com\\\/luciagarciaramos\\\/#website\",\"url\":\"https:\\\/\\\/nuestrosescritores.com\\\/luciagarciaramos\\\/\",\"name\":\"Nuestros escritores\",\"description\":\"Escritora\",\"potentialAction\":[{\"@type\":\"SearchAction\",\"target\":{\"@type\":\"EntryPoint\",\"urlTemplate\":\"https:\\\/\\\/nuestrosescritores.com\\\/luciagarciaramos\\\/?s={search_term_string}\"},\"query-input\":{\"@type\":\"PropertyValueSpecification\",\"valueRequired\":true,\"valueName\":\"search_term_string\"}}],\"inLanguage\":\"es\"}]}<\/script>\n<!-- \/ Yoast SEO Premium plugin. -->","yoast_head_json":{"title":"Poes\u00eda - Luc\u00eda Garc\u00eda Ramos","description":"Poes\u00eda del libro AMA DESDE TUS ADENTROS de LUC\u00cdA GARC\u00cdA RAMOS. La escritora nos da una muestra tras publicar un libro.","robots":{"index":"index","follow":"follow","max-snippet":"max-snippet:-1","max-image-preview":"max-image-preview:large","max-video-preview":"max-video-preview:-1"},"canonical":"https:\/\/nuestrosescritores.com\/luciagarciaramos\/poesia\/","og_locale":"es_ES","og_type":"article","og_title":"Poes\u00eda","og_description":"Poes\u00eda del libro AMA DESDE TUS ADENTROS de LUC\u00cdA GARC\u00cdA RAMOS. La escritora nos da una muestra tras publicar un libro.","og_url":"https:\/\/nuestrosescritores.com\/luciagarciaramos\/poesia\/","og_site_name":"Luc\u00eda Garc\u00eda Ramos","article_modified_time":"2022-09-11T08:28:14+00:00","twitter_card":"summary_large_image","twitter_misc":{"Tiempo de lectura":"1 minuto"},"schema":{"@context":"https:\/\/schema.org","@graph":[{"@type":"WebPage","@id":"https:\/\/nuestrosescritores.com\/luciagarciaramos\/poesia\/","url":"https:\/\/nuestrosescritores.com\/luciagarciaramos\/poesia\/","name":"Poes\u00eda - Luc\u00eda Garc\u00eda Ramos","isPartOf":{"@id":"https:\/\/nuestrosescritores.com\/luciagarciaramos\/#website"},"datePublished":"2022-09-11T08:22:05+00:00","dateModified":"2022-09-11T08:28:14+00:00","description":"Poes\u00eda del libro AMA DESDE TUS ADENTROS de LUC\u00cdA GARC\u00cdA RAMOS. La escritora nos da una muestra tras publicar un libro.","breadcrumb":{"@id":"https:\/\/nuestrosescritores.com\/luciagarciaramos\/poesia\/#breadcrumb"},"inLanguage":"es","potentialAction":[{"@type":"ReadAction","target":["https:\/\/nuestrosescritores.com\/luciagarciaramos\/poesia\/"]}]},{"@type":"BreadcrumbList","@id":"https:\/\/nuestrosescritores.com\/luciagarciaramos\/poesia\/#breadcrumb","itemListElement":[{"@type":"ListItem","position":1,"name":"Portada","item":"https:\/\/nuestrosescritores.com\/luciagarciaramos\/"},{"@type":"ListItem","position":2,"name":"Poes\u00eda"}]},{"@type":"WebSite","@id":"https:\/\/nuestrosescritores.com\/luciagarciaramos\/#website","url":"https:\/\/nuestrosescritores.com\/luciagarciaramos\/","name":"Nuestros escritores","description":"Escritora","potentialAction":[{"@type":"SearchAction","target":{"@type":"EntryPoint","urlTemplate":"https:\/\/nuestrosescritores.com\/luciagarciaramos\/?s={search_term_string}"},"query-input":{"@type":"PropertyValueSpecification","valueRequired":true,"valueName":"search_term_string"}}],"inLanguage":"es"}]}},"_links":{"self":[{"href":"https:\/\/nuestrosescritores.com\/luciagarciaramos\/wp-json\/wp\/v2\/pages\/98","targetHints":{"allow":["GET"]}}],"collection":[{"href":"https:\/\/nuestrosescritores.com\/luciagarciaramos\/wp-json\/wp\/v2\/pages"}],"about":[{"href":"https:\/\/nuestrosescritores.com\/luciagarciaramos\/wp-json\/wp\/v2\/types\/page"}],"author":[{"embeddable":true,"href":"https:\/\/nuestrosescritores.com\/luciagarciaramos\/wp-json\/wp\/v2\/users\/1"}],"replies":[{"embeddable":true,"href":"https:\/\/nuestrosescritores.com\/luciagarciaramos\/wp-json\/wp\/v2\/comments?post=98"}],"version-history":[{"count":0,"href":"https:\/\/nuestrosescritores.com\/luciagarciaramos\/wp-json\/wp\/v2\/pages\/98\/revisions"}],"wp:attachment":[{"href":"https:\/\/nuestrosescritores.com\/luciagarciaramos\/wp-json\/wp\/v2\/media?parent=98"}],"curies":[{"name":"wp","href":"https:\/\/api.w.org\/{rel}","templated":true}]}}