{"id":65,"date":"2022-04-03T11:49:07","date_gmt":"2022-04-03T11:49:07","guid":{"rendered":"https:\/\/nuestrosescritores.com\/lmwhite\/?page_id=65"},"modified":"2022-04-03T17:58:34","modified_gmt":"2022-04-03T17:58:34","slug":"poesia","status":"publish","type":"page","link":"https:\/\/nuestrosescritores.com\/lmwhite\/poesia\/","title":{"rendered":"POES\u00cdA"},"content":{"rendered":"<div class=\"wpb-content-wrapper\">[vc_row full_width=&#8221;stretch_row_content_no_spaces&#8221; full_height=&#8221;yes&#8221; equal_height=&#8221;yes&#8221;][vc_column extend=&#8221;false&#8221;]<div id=\"rowvcpt-row-settings\" class=\"rowvcpt-row-set RowVcPt-row-setting69e4c3f3a81af \" data-no=\"RowVcPt-row-setting69e4c3f3a81af\"><div class=\"columns-bg-wrap columns-bg-anim-colors columns-bg-image  columns_simple_image\" id=\"RowVcPt-image-bg-69e4c3f3a81ae\"   data-parallax_sense=\"30\" src=\"https:\/\/nuestrosescritores.com\/lmwhite\/wp-content\/uploads\/sites\/127\/2022\/04\/rjnruei0upo.jpg\" style=\"background-image: url(https:\/\/nuestrosescritores.com\/lmwhite\/wp-content\/uploads\/sites\/127\/2022\/04\/rjnruei0upo.jpg);background-position: center center;background-size: cover;background-attachment: fixed;\"><\/div><\/div>[\/vc_column][\/vc_row][vc_row][vc_column extend=&#8221;false&#8221;][vc_column_text]\n<h1><a name=\"_Toc91443615\"><\/a><\/h1>\n<h1><a name=\"_Toc93310169\"><\/a><\/h1>\n<h1><a name=\"_Toc94637265\"><\/a><\/h1>\n<h1><a name=\"_Toc95985308\"><\/a><strong>VUELA<\/strong><\/h1>\n<p>&nbsp;<\/p>\n<p>Vuela.<\/p>\n<p>Vuela sin miedo a caer.<\/p>\n<p>Sin miedo a lo alto que puedas llegar.<\/p>\n<p>Sin miedo a la altura.<\/p>\n<p>Vuela sin importar qu\u00e9 te digan.<\/p>\n<p>Vuela sin estar so\u00f1ando,<\/p>\n<p>sin olvidar todo por lo que pasaste<\/p>\n<p>para alzar el vuelo,<\/p>\n<p>para abrir las alas.<\/p>\n<p>Vuela sin importar su tama\u00f1o,<\/p>\n<p>pues ya tendr\u00e1n tiempo de crecer.<\/p>\n<p>No temas emprender<\/p>\n<p>esa nueva vida<\/p>\n<p>que tanto deseaste,<\/p>\n<p>esa con la que tanto so\u00f1aste.<\/p>\n<p>No permitas<\/p>\n<p>que otras personas te digan que no puedes<\/p>\n<p>simplemente porque ellos se rindieron,<\/p>\n<p>simplemente porque ellos<\/p>\n<p>no pudieron dejar los temores en tierra firme.<\/p>\n<p>No los escuches<\/p>\n<p>cuando te digan que es una estupidez,<\/p>\n<p>y,<\/p>\n<p>cuando te infravaloren,<\/p>\n<p>ign\u00f3ralos.<\/p>\n<p>No les creas cuando te digan que<\/p>\n<p>no todo el mundo nace con alas para poder volar,<\/p>\n<p>pues no es cierto.<\/p>\n<p>&nbsp;<\/p>\n<p>Todos nacemos con alas,<\/p>\n<p>pero solo los m\u00e1s valientes,<\/p>\n<p>los m\u00e1s fuertes,<\/p>\n<p>son los que consiguen alzar al vuelo,<\/p>\n<p>&nbsp;<\/p>\n<p>y gritar a los cuatro vientos<\/p>\n<p>que lo lograron.<\/p>\n<p>&nbsp;<\/p>\n<span class='bctt-click-to-tweet'><span class='bctt-ctt-text'><a href='https:\/\/x.com\/intent\/tweet?url=https%3A%2F%2Fnuestrosescritores.com%2Flmwhite%2Fpoesia%2F&#038;text=VUELA%20del%20libro%20VUELA%2C%20SUE%C3%91A%2C%20VIVE.%20CR%C3%93NICAS%20DE%20UNA%20MENTE%20DESORDENADA%20de%20L.M.WHITE&#038;via=poesiaerestu&#038;related=poesiaerestu' target='_blank'rel=\"noopener noreferrer\">VUELA del libro VUELA, SUE\u00d1A, VIVE. CR\u00d3NICAS DE UNA MENTE DESORDENADA de L.M.WHITE <\/a><\/span><a href='https:\/\/x.com\/intent\/tweet?url=https%3A%2F%2Fnuestrosescritores.com%2Flmwhite%2Fpoesia%2F&#038;text=VUELA%20del%20libro%20VUELA%2C%20SUE%C3%91A%2C%20VIVE.%20CR%C3%93NICAS%20DE%20UNA%20MENTE%20DESORDENADA%20de%20L.M.WHITE&#038;via=poesiaerestu&#038;related=poesiaerestu' target='_blank' class='bctt-ctt-btn'rel=\"noopener noreferrer\">Compartir en X<\/a><\/span>[\/vc_column_text][\/vc_column][\/vc_row][vc_row full_width=&#8221;stretch_row_content_no_spaces&#8221; full_height=&#8221;yes&#8221; equal_height=&#8221;yes&#8221;][vc_column extend=&#8221;false&#8221;]<div id=\"rowvcpt-row-settings\" class=\"rowvcpt-row-set RowVcPt-row-setting69e4c3f3a86a2 \" data-no=\"RowVcPt-row-setting69e4c3f3a86a2\"><div class=\"columns-bg-wrap columns-bg-anim-colors columns-bg-image  columns_simple_image\" id=\"RowVcPt-image-bg-69e4c3f3a86a1\"   data-parallax_sense=\"30\" src=\"https:\/\/nuestrosescritores.com\/lmwhite\/wp-content\/uploads\/sites\/127\/2022\/04\/jay_wg4zxno.jpg\" style=\"background-image: url(https:\/\/nuestrosescritores.com\/lmwhite\/wp-content\/uploads\/sites\/127\/2022\/04\/jay_wg4zxno.jpg);background-position: center center;background-size: cover;background-attachment: fixed;\"><\/div><\/div>[\/vc_column][\/vc_row][vc_row][vc_column extend=&#8221;false&#8221;][vc_column_text]\n<h1><a name=\"_Toc91443618\"><\/a><\/h1>\n<h1>&nbsp;<\/h1>\n<h1><a name=\"_Toc94637269\"><\/a><\/h1>\n<h1><a name=\"_Toc95985314\"><\/a><strong>SISU<\/strong><\/h1>\n<p>&nbsp;<\/p>\n<p>Cobarde es aquel que,<\/p>\n<p>para brillar,<\/p>\n<p>apaga la luz de los dem\u00e1s.<\/p>\n<p>Desnuda tu alma,<\/p>\n<p>y muestra lo que de verdad importa.<\/p>\n<p>Ignora las cr\u00edticas<\/p>\n<p>que solo te romper\u00e1n en pedazos,<\/p>\n<p>y recoge las que te ayuden a crecer y aprender.<\/p>\n<p>C\u00e1ete.<\/p>\n<p>C\u00e1ete mucho.<\/p>\n<p>Cuanto m\u00e1s caigas mejor.<\/p>\n<p>Pero no te olvides<\/p>\n<p>de aprender de cada una de ellas.<\/p>\n<p>Aprende que para aprender<\/p>\n<p>solo se aprende equivoc\u00e1ndose,<\/p>\n<p>y que estar equivocado<\/p>\n<p>te har\u00e1 no equivocarte al siguiente intento.<\/p>\n<p>Intenta ense\u00f1ar lo que te ense\u00f1\u00f3 la experiencia.<\/p>\n<p>Experimenta y fracasa,<\/p>\n<p>pero no fracases sin haber experimentado.<\/p>\n<p>Experimenta otra vez, y ense\u00f1a la lecci\u00f3n.<\/p>\n<p>Experimenta,<\/p>\n<p>prueba,<\/p>\n<p>equiv\u00f3cate,<\/p>\n<p>aprende y ense\u00f1a,<\/p>\n<p>pero nunca apagues la luz de otros<\/p>\n<p>por miedo al fracaso,<\/p>\n<p>porque lo \u00fanico que har\u00e1s<\/p>\n<p>ser\u00e1 equivocarte de lecci\u00f3n,<\/p>\n<p>una que no habr\u00e1s aprendido.<\/p>\n<span class='bctt-click-to-tweet'><span class='bctt-ctt-text'><a href='https:\/\/x.com\/intent\/tweet?url=https%3A%2F%2Fnuestrosescritores.com%2Flmwhite%2Fpoesia%2F&#038;text=SISU%20del%20libro%20VUELA%2C%20SUE%C3%91A%2C%20VIVE.%20CR%C3%93NICAS%20DE%20UNA%20MENTE%20DESORDENADA%20de%20L.M.WHITE&#038;via=poesiaerestu&#038;related=poesiaerestu' target='_blank'rel=\"noopener noreferrer\">SISU del libro VUELA, SUE\u00d1A, VIVE. CR\u00d3NICAS DE UNA MENTE DESORDENADA de L.M.WHITE <\/a><\/span><a href='https:\/\/x.com\/intent\/tweet?url=https%3A%2F%2Fnuestrosescritores.com%2Flmwhite%2Fpoesia%2F&#038;text=SISU%20del%20libro%20VUELA%2C%20SUE%C3%91A%2C%20VIVE.%20CR%C3%93NICAS%20DE%20UNA%20MENTE%20DESORDENADA%20de%20L.M.WHITE&#038;via=poesiaerestu&#038;related=poesiaerestu' target='_blank' class='bctt-ctt-btn'rel=\"noopener noreferrer\">Compartir en X<\/a><\/span>\n<p>&nbsp;<\/p>\n<p>&nbsp;[\/vc_column_text][\/vc_column][\/vc_row][vc_row full_width=&#8221;stretch_row_content_no_spaces&#8221; full_height=&#8221;yes&#8221; equal_height=&#8221;yes&#8221;][vc_column extend=&#8221;false&#8221;]<div id=\"rowvcpt-row-settings\" class=\"rowvcpt-row-set RowVcPt-row-setting69e4c3f3a8a15 \" data-no=\"RowVcPt-row-setting69e4c3f3a8a15\"><div class=\"columns-bg-wrap columns-bg-anim-colors columns-bg-image  columns_simple_image\" id=\"RowVcPt-image-bg-69e4c3f3a8a14\"   data-parallax_sense=\"30\" src=\"https:\/\/nuestrosescritores.com\/lmwhite\/wp-content\/uploads\/sites\/127\/2022\/04\/6862969.jpg\" style=\"background-image: url(https:\/\/nuestrosescritores.com\/lmwhite\/wp-content\/uploads\/sites\/127\/2022\/04\/6862969.jpg);background-position: center center;background-size: cover;background-attachment: fixed;\"><\/div><\/div>[\/vc_column][\/vc_row][vc_row][vc_column extend=&#8221;false&#8221;][vc_column_text]\n<h1><a name=\"_Toc95985319\"><\/a><strong>Ser o no ser<\/strong><\/h1>\n<p>&nbsp;<\/p>\n<p>Nos escondemos del miedo al rechazo encubriendo nuestros propio gustos y opiniones solo para pretender encajar.<\/p>\n<p>Pero la realidad es que lo \u00fanico que verdaderamente conseguimos es provocar m\u00e1s inseguridades d\u00eda a d\u00eda, mentira tras mentira.<\/p>\n<p>Y es que nunca he entendido por qu\u00e9 intentamos encajar en un sitio donde no merece la pena malgastar nuestro valioso tiempo.<\/p>\n<p>Sal a la calle y mu\u00e9strate como eres, sin miedo a los prejuicios y a que te juzguen, porque solo as\u00ed encontrar\u00e1s a esa persona que de verdad vale la pena.<\/p>\n<p>Esa que te querr\u00e1 tal y como eres y aceptar\u00e1 todas y cada una de tus inseguridades y perfecciones.<\/p>\n<p>Solo mostr\u00e1ndote a ti mismo lograr\u00e1s conocerte.<\/p>\n<p>Y s\u00ed, esa persona que he mencionado antes, no se trata de otra m\u00e1s que de ti misma, porque recuerda siempre que, para conocer a gente nueva, primero debes conocerte t\u00fa.<\/p>\n<p>Que antes de querer a alguien, debes quererte a ti.<\/p>\n<p>Y que antes de aceptar tus influencias, debes aceptarte a ti.<\/p>\n<p>Que debes sentirte bien contigo para poder disfrutar con los dem\u00e1s.<\/p>\n<p>Porque cualquier relaci\u00f3n social que busquemos, primero debe estar en nosotros mismos.<\/p>\n<p>En nuestra conciencia.<\/p>\n<p>En nuestras perfecciones e inseguridades, en nuestros gustos y pasiones.<\/p>\n<p>Todo se basa en poder encontrar esa situaci\u00f3n de estabilidad personal.<\/p>\n<p>Lo dem\u00e1s, surge por s\u00ed solo.<\/p>\n<p>&nbsp;<\/p>\n<span class='bctt-click-to-tweet'><span class='bctt-ctt-text'><a href='https:\/\/x.com\/intent\/tweet?url=https%3A%2F%2Fnuestrosescritores.com%2Flmwhite%2Fpoesia%2F&#038;text=Ser%20o%20no%20ser%C2%A0del%20libro%20VUELA%2C%20SUE%C3%91A%2C%20VIVE.%20CR%C3%93NICAS%20DE%20UNA%20MENTE%20DESORDENADA%20de%20L.M.WHITE&#038;via=poesiaerestu&#038;related=poesiaerestu' target='_blank'rel=\"noopener noreferrer\">Ser o no ser&nbsp;del libro VUELA, SUE\u00d1A, VIVE. CR\u00d3NICAS DE UNA MENTE DESORDENADA de L.M.WHITE <\/a><\/span><a href='https:\/\/x.com\/intent\/tweet?url=https%3A%2F%2Fnuestrosescritores.com%2Flmwhite%2Fpoesia%2F&#038;text=Ser%20o%20no%20ser%C2%A0del%20libro%20VUELA%2C%20SUE%C3%91A%2C%20VIVE.%20CR%C3%93NICAS%20DE%20UNA%20MENTE%20DESORDENADA%20de%20L.M.WHITE&#038;via=poesiaerestu&#038;related=poesiaerestu' target='_blank' class='bctt-ctt-btn'rel=\"noopener noreferrer\">Compartir en X<\/a><\/span>\n<p>&nbsp;<\/p>\n<p>&nbsp;[\/vc_column_text][\/vc_column][\/vc_row][vc_row full_width=&#8221;stretch_row_content_no_spaces&#8221; full_height=&#8221;yes&#8221; equal_height=&#8221;yes&#8221;][vc_column extend=&#8221;false&#8221;]<div id=\"rowvcpt-row-settings\" class=\"rowvcpt-row-set RowVcPt-row-setting69e4c3f3a8cf7 \" data-no=\"RowVcPt-row-setting69e4c3f3a8cf7\"><div class=\"columns-bg-wrap columns-bg-anim-colors columns-bg-image  columns_simple_image\" id=\"RowVcPt-image-bg-69e4c3f3a8cf6\"   data-parallax_sense=\"30\" src=\"https:\/\/nuestrosescritores.com\/lmwhite\/wp-content\/uploads\/sites\/127\/2022\/04\/rtzuaxgeud4.jpg\" style=\"background-image: url(https:\/\/nuestrosescritores.com\/lmwhite\/wp-content\/uploads\/sites\/127\/2022\/04\/rtzuaxgeud4.jpg);background-position: center center;background-size: cover;background-attachment: fixed;\"><\/div><\/div>[\/vc_column][\/vc_row][vc_row][vc_column extend=&#8221;false&#8221;][vc_column_text]\n<h1>&nbsp;<\/h1>\n<h1><a name=\"_Toc95985336\"><\/a><strong>RIESGO<\/strong><\/h1>\n<p>&nbsp;<\/p>\n<p>Quiero bailar con la suerte,<\/p>\n<p>sabiendo que la puedo perder,<\/p>\n<p>que me puede romper.<\/p>\n<p>Quiero bailar con el agua,<\/p>\n<p>sabiendo que me puedo ahogar,<\/p>\n<p>sabiendo que puedo perder la conciencia.<\/p>\n<p>Quiero bailar con el miedo,<\/p>\n<p>sabiendo que me puedo perder,<\/p>\n<p>sabiendo que,<\/p>\n<p>despu\u00e9s de hacerlo,<\/p>\n<p>no vuelva a sonre\u00edr.<\/p>\n<p>Quiero bailar con el tiempo,<\/p>\n<p>sabiendo que se pueda congelar,<\/p>\n<p>sabiendo que pueda acabar.<\/p>\n<p>Quiero bailar con el horizonte,<\/p>\n<p>sabiendo que no hay destino,<\/p>\n<p>sabiendo que puedo caer.<\/p>\n<p>Quiero bailar con el vac\u00edo,<\/p>\n<p>aun sabiendo que est\u00e1 dentro de m\u00ed,<\/p>\n<p>aun sabiendo que mi luz pueda apagarse.<\/p>\n<p>Quiero bailar contigo,<\/p>\n<p>sabiendo que no existe destino alguno para los dos,<\/p>\n<p>sabiendo que t\u00fa no est\u00e1s en mi camino.<\/p>\n<p>Quiero bailar con tu piel,<\/p>\n<p>aunque sea seca como el desierto,<\/p>\n<p>sabiendo todos tus argumentos.<\/p>\n<p>Quiero bailar con tu mirada,<\/p>\n<p>sabiendo que me pierdo en ella,<\/p>\n<p>cada vez que la miro,<\/p>\n<p>cada vez que respiro.<\/p>\n<p>Y aun sabiendo que eres un sue\u00f1o,<\/p>\n<p>sigo queriendo bailar contigo.<\/p>\n<span class='bctt-click-to-tweet'><span class='bctt-ctt-text'><a href='https:\/\/x.com\/intent\/tweet?url=https%3A%2F%2Fnuestrosescritores.com%2Flmwhite%2Fpoesia%2F&#038;text=RIESGO%20del%20libro%20VUELA%2C%20SUE%C3%91A%2C%20VIVE.%20CR%C3%93NICAS%20DE%20UNA%20MENTE%20DESORDENADA%20de%20L.M.WHITE&#038;via=poesiaerestu&#038;related=poesiaerestu' target='_blank'rel=\"noopener noreferrer\">RIESGO del libro VUELA, SUE\u00d1A, VIVE. CR\u00d3NICAS DE UNA MENTE DESORDENADA de L.M.WHITE <\/a><\/span><a href='https:\/\/x.com\/intent\/tweet?url=https%3A%2F%2Fnuestrosescritores.com%2Flmwhite%2Fpoesia%2F&#038;text=RIESGO%20del%20libro%20VUELA%2C%20SUE%C3%91A%2C%20VIVE.%20CR%C3%93NICAS%20DE%20UNA%20MENTE%20DESORDENADA%20de%20L.M.WHITE&#038;via=poesiaerestu&#038;related=poesiaerestu' target='_blank' class='bctt-ctt-btn'rel=\"noopener noreferrer\">Compartir en X<\/a><\/span>\n<p>&nbsp;<\/p>\n<p>&nbsp;[\/vc_column_text][\/vc_column][\/vc_row][vc_row full_height=&#8221;yes&#8221; equal_height=&#8221;yes&#8221;][vc_column extend=&#8221;false&#8221;]<div id=\"rowvcpt-row-settings\" class=\"rowvcpt-row-set RowVcPt-row-setting69e4c3f3a9000 \" data-no=\"RowVcPt-row-setting69e4c3f3a9000\"><div class=\"columns-bg-wrap columns-bg-anim-colors columns-bg-image  columns_simple_image\" id=\"RowVcPt-image-bg-69e4c3f3a8fff\"   data-parallax_sense=\"30\" src=\"https:\/\/nuestrosescritores.com\/lmwhite\/wp-content\/uploads\/sites\/127\/2022\/04\/7004820.jpg\" style=\"background-image: url(https:\/\/nuestrosescritores.com\/lmwhite\/wp-content\/uploads\/sites\/127\/2022\/04\/7004820.jpg);background-position: center center;background-size: cover;background-attachment: fixed;\"><\/div><\/div><div class=\"ult-spacer spacer-69e4c3f3a9288\" data-id=\"69e4c3f3a9288\" data-height=\"150\" data-height-mobile=\"150\" data-height-tab=\"150\" data-height-tab-portrait=\"\" data-height-mobile-landscape=\"\" style=\"clear:both;display:block;\"><\/div>[vc_column_text]\n<p style=\"text-align: center;\"><a class=\"fasc-button fasc-size-xlarge fasc-type-glossy fasc-rounded-medium\" style=\"background-color: #33809e; color: #ffffff;\" href=\"https:\/\/librodepoesia.com\/libro\/vuela-suena-vive-cronicas-de-una-mente-desordenada-lorena-blanco-lopez\/\">Comprar el libro<\/a><\/p>\n[\/vc_column_text][\/vc_column][\/vc_row][vc_row][vc_column][vc_column_text]\n<p><a name=\"_Toc85047636\"><\/a><\/p>\n<p><a name=\"_Toc85385647\"><\/a><\/p>\n<p><a name=\"_Toc83400473\"><\/a>[\/vc_column_text][\/vc_column][\/vc_row]\n<\/div>","protected":false},"excerpt":{"rendered":"<p>[vc_row full_width=&#8221;stretch_row_content_no_spaces&#8221; full_height=&#8221;yes&#8221; equal_height=&#8221;yes&#8221;][vc_column extend=&#8221;false&#8221;][\/vc_column][\/vc_row][vc_row][vc_column extend=&#8221;false&#8221;][vc_column_text] VUELA &nbsp; Vuela. Vuela sin miedo a caer. Sin miedo a lo alto que puedas llegar. Sin miedo a la altura. Vuela sin importar qu\u00e9 te digan. Vuela sin estar so\u00f1ando, sin olvidar todo por lo que pasaste para alzar el vuelo, para abrir las alas. Vuela sin importar [&hellip;]<\/p>\n","protected":false},"author":1,"featured_media":0,"parent":0,"menu_order":0,"comment_status":"closed","ping_status":"closed","template":"","meta":{"_acf_changed":false,"footnotes":""},"class_list":["post-65","page","type-page","status-publish","hentry"],"acf":[],"yoast_head":"<!-- This site is optimized with the Yoast SEO Premium plugin v24.7 (Yoast SEO v27.4) - https:\/\/yoast.com\/product\/yoast-seo-premium-wordpress\/ -->\n<title>POES\u00cdA - L. M. White<\/title>\n<meta name=\"description\" content=\"Poes\u00eda del libro VUELA, SUE\u00d1A, VIVE. CR\u00d3NICAS DE UNA MENTE DESORDENADA de L.M.WHITE. La escritora acaba de publicar un libro de poes\u00eda.\" \/>\n<meta name=\"robots\" content=\"index, follow, max-snippet:-1, max-image-preview:large, max-video-preview:-1\" \/>\n<link rel=\"canonical\" href=\"https:\/\/nuestrosescritores.com\/lmwhite\/poesia\/\" \/>\n<meta property=\"og:locale\" content=\"es_ES\" \/>\n<meta property=\"og:type\" content=\"article\" \/>\n<meta property=\"og:title\" content=\"POES\u00cdA\" \/>\n<meta property=\"og:description\" content=\"Poes\u00eda del libro VUELA, SUE\u00d1A, VIVE. CR\u00d3NICAS DE UNA MENTE DESORDENADA de L.M.WHITE. La escritora acaba de publicar un libro de poes\u00eda.\" \/>\n<meta property=\"og:url\" content=\"https:\/\/nuestrosescritores.com\/lmwhite\/poesia\/\" \/>\n<meta property=\"og:site_name\" content=\"L. M. White\" \/>\n<meta property=\"article:modified_time\" content=\"2022-04-03T17:58:34+00:00\" \/>\n<meta name=\"twitter:card\" content=\"summary_large_image\" \/>\n<meta name=\"twitter:label1\" content=\"Tiempo de lectura\" \/>\n\t<meta name=\"twitter:data1\" content=\"4 minutos\" \/>\n<script type=\"application\/ld+json\" class=\"yoast-schema-graph\">{\"@context\":\"https:\\\/\\\/schema.org\",\"@graph\":[{\"@type\":\"WebPage\",\"@id\":\"https:\\\/\\\/nuestrosescritores.com\\\/lmwhite\\\/poesia\\\/\",\"url\":\"https:\\\/\\\/nuestrosescritores.com\\\/lmwhite\\\/poesia\\\/\",\"name\":\"POES\u00cdA - L. M. White\",\"isPartOf\":{\"@id\":\"https:\\\/\\\/nuestrosescritores.com\\\/lmwhite\\\/#website\"},\"datePublished\":\"2022-04-03T11:49:07+00:00\",\"dateModified\":\"2022-04-03T17:58:34+00:00\",\"description\":\"Poes\u00eda del libro VUELA, SUE\u00d1A, VIVE. CR\u00d3NICAS DE UNA MENTE DESORDENADA de L.M.WHITE. La escritora acaba de publicar un libro de poes\u00eda.\",\"breadcrumb\":{\"@id\":\"https:\\\/\\\/nuestrosescritores.com\\\/lmwhite\\\/poesia\\\/#breadcrumb\"},\"inLanguage\":\"es\",\"potentialAction\":[{\"@type\":\"ReadAction\",\"target\":[\"https:\\\/\\\/nuestrosescritores.com\\\/lmwhite\\\/poesia\\\/\"]}]},{\"@type\":\"BreadcrumbList\",\"@id\":\"https:\\\/\\\/nuestrosescritores.com\\\/lmwhite\\\/poesia\\\/#breadcrumb\",\"itemListElement\":[{\"@type\":\"ListItem\",\"position\":1,\"name\":\"Portada\",\"item\":\"https:\\\/\\\/nuestrosescritores.com\\\/lmwhite\\\/\"},{\"@type\":\"ListItem\",\"position\":2,\"name\":\"POES\u00cdA\"}]},{\"@type\":\"WebSite\",\"@id\":\"https:\\\/\\\/nuestrosescritores.com\\\/lmwhite\\\/#website\",\"url\":\"https:\\\/\\\/nuestrosescritores.com\\\/lmwhite\\\/\",\"name\":\"Nuestros escritores\",\"description\":\"Escritora\",\"potentialAction\":[{\"@type\":\"SearchAction\",\"target\":{\"@type\":\"EntryPoint\",\"urlTemplate\":\"https:\\\/\\\/nuestrosescritores.com\\\/lmwhite\\\/?s={search_term_string}\"},\"query-input\":{\"@type\":\"PropertyValueSpecification\",\"valueRequired\":true,\"valueName\":\"search_term_string\"}}],\"inLanguage\":\"es\"}]}<\/script>\n<!-- \/ Yoast SEO Premium plugin. -->","yoast_head_json":{"title":"POES\u00cdA - L. M. White","description":"Poes\u00eda del libro VUELA, SUE\u00d1A, VIVE. CR\u00d3NICAS DE UNA MENTE DESORDENADA de L.M.WHITE. La escritora acaba de publicar un libro de poes\u00eda.","robots":{"index":"index","follow":"follow","max-snippet":"max-snippet:-1","max-image-preview":"max-image-preview:large","max-video-preview":"max-video-preview:-1"},"canonical":"https:\/\/nuestrosescritores.com\/lmwhite\/poesia\/","og_locale":"es_ES","og_type":"article","og_title":"POES\u00cdA","og_description":"Poes\u00eda del libro VUELA, SUE\u00d1A, VIVE. CR\u00d3NICAS DE UNA MENTE DESORDENADA de L.M.WHITE. La escritora acaba de publicar un libro de poes\u00eda.","og_url":"https:\/\/nuestrosescritores.com\/lmwhite\/poesia\/","og_site_name":"L. M. White","article_modified_time":"2022-04-03T17:58:34+00:00","twitter_card":"summary_large_image","twitter_misc":{"Tiempo de lectura":"4 minutos"},"schema":{"@context":"https:\/\/schema.org","@graph":[{"@type":"WebPage","@id":"https:\/\/nuestrosescritores.com\/lmwhite\/poesia\/","url":"https:\/\/nuestrosescritores.com\/lmwhite\/poesia\/","name":"POES\u00cdA - L. M. White","isPartOf":{"@id":"https:\/\/nuestrosescritores.com\/lmwhite\/#website"},"datePublished":"2022-04-03T11:49:07+00:00","dateModified":"2022-04-03T17:58:34+00:00","description":"Poes\u00eda del libro VUELA, SUE\u00d1A, VIVE. CR\u00d3NICAS DE UNA MENTE DESORDENADA de L.M.WHITE. La escritora acaba de publicar un libro de poes\u00eda.","breadcrumb":{"@id":"https:\/\/nuestrosescritores.com\/lmwhite\/poesia\/#breadcrumb"},"inLanguage":"es","potentialAction":[{"@type":"ReadAction","target":["https:\/\/nuestrosescritores.com\/lmwhite\/poesia\/"]}]},{"@type":"BreadcrumbList","@id":"https:\/\/nuestrosescritores.com\/lmwhite\/poesia\/#breadcrumb","itemListElement":[{"@type":"ListItem","position":1,"name":"Portada","item":"https:\/\/nuestrosescritores.com\/lmwhite\/"},{"@type":"ListItem","position":2,"name":"POES\u00cdA"}]},{"@type":"WebSite","@id":"https:\/\/nuestrosescritores.com\/lmwhite\/#website","url":"https:\/\/nuestrosescritores.com\/lmwhite\/","name":"Nuestros escritores","description":"Escritora","potentialAction":[{"@type":"SearchAction","target":{"@type":"EntryPoint","urlTemplate":"https:\/\/nuestrosescritores.com\/lmwhite\/?s={search_term_string}"},"query-input":{"@type":"PropertyValueSpecification","valueRequired":true,"valueName":"search_term_string"}}],"inLanguage":"es"}]}},"_links":{"self":[{"href":"https:\/\/nuestrosescritores.com\/lmwhite\/wp-json\/wp\/v2\/pages\/65","targetHints":{"allow":["GET"]}}],"collection":[{"href":"https:\/\/nuestrosescritores.com\/lmwhite\/wp-json\/wp\/v2\/pages"}],"about":[{"href":"https:\/\/nuestrosescritores.com\/lmwhite\/wp-json\/wp\/v2\/types\/page"}],"author":[{"embeddable":true,"href":"https:\/\/nuestrosescritores.com\/lmwhite\/wp-json\/wp\/v2\/users\/1"}],"replies":[{"embeddable":true,"href":"https:\/\/nuestrosescritores.com\/lmwhite\/wp-json\/wp\/v2\/comments?post=65"}],"version-history":[{"count":0,"href":"https:\/\/nuestrosescritores.com\/lmwhite\/wp-json\/wp\/v2\/pages\/65\/revisions"}],"wp:attachment":[{"href":"https:\/\/nuestrosescritores.com\/lmwhite\/wp-json\/wp\/v2\/media?parent=65"}],"curies":[{"name":"wp","href":"https:\/\/api.w.org\/{rel}","templated":true}]}}