{"id":83,"date":"2020-03-14T12:06:03","date_gmt":"2020-03-14T12:06:03","guid":{"rendered":"https:\/\/nuestrosescritores.com\/keniamartineztrigo\/?page_id=83"},"modified":"2020-03-14T16:51:18","modified_gmt":"2020-03-14T16:51:18","slug":"poesia","status":"publish","type":"page","link":"https:\/\/nuestrosescritores.com\/keniamartineztrigo\/poesia\/","title":{"rendered":"Poes\u00eda"},"content":{"rendered":"<div class=\"wpb-content-wrapper\">[vc_row][vc_column extend=&#8221;false&#8221;][vc_column_text css=&#8221;.vc_custom_1582373099134{margin-top: -30000px !important;}&#8221;]\n<h1><strong><em><u>Poes\u00eda del libro LOBOS Y CACTUS de Kenia Mart\u00ednez Trigo. El escritor nos da una muestra tras publicar un libro.<\/u><\/em><\/strong><\/h1>\n<h2><strong><em><u><img fetchpriority=\"high\" decoding=\"async\" class=\"alignnone size-full wp-image-79\" src=\"https:\/\/nuestrosescritores.com\/keniamartineztrigo\/wp-content\/uploads\/sites\/32\/2020\/03\/Cubierta_Lobosycactus3.jpg\" alt=\"\" width=\"559\" height=\"794\">Poes\u00eda del libro LOBOS Y CACTUS de Kenia Mart\u00ednez Trigo El poeta nos da una muestra tras publicar un libro.<\/u><\/em><\/strong><\/h2>\n<h3><strong><em><u>Poes\u00eda del libro LOBOS Y CACTUS de Kenia Mart\u00ednez Trigo El autor nos da una muestra tras publicar un libro.<\/u><\/em><\/strong><\/h3>\n<h4><strong><em><u>Poes\u00eda del libro LOBOS Y CACTUS de Kenia Mart\u00ednez Trigo El autor nos da una muestra tras publicar un libro.<\/u><\/em><\/strong><\/h4>\n<h5><strong><em><u>Poes\u00eda del libro LOBOS Y CACTUS de Kenia Mart\u00ednez Trigo El autor nos da una muestra tras publicar un libro.<\/u><\/em><\/strong><\/h5>\n[\/vc_column_text][\/vc_column][\/vc_row][vc_row full_width=&#8221;stretch_row_content_no_spaces&#8221;][vc_column extend=&#8221;false&#8221;]<div class='gambit_parallax_row' data-bg-align='' data-direction='fixed' data-opacity='100' data-velocity='-0.3' data-mobile-enabled='' data-bg-height='1200' data-bg-width='801' data-bg-image='https:\/\/nuestrosescritores.com\/keniamartineztrigo\/wp-content\/uploads\/sites\/32\/2020\/03\/ytjjn_c7gwi.jpg' data-bg-repeat='false' data-id='' style='display: none'><\/div><div class=\"gambit_fullheight_row\" data-content-location=\"center\" style=\"display: none\"><\/div>[\/vc_column][\/vc_row][vc_row][vc_column extend=&#8221;false&#8221;][vc_column_text]\n<h1><a name=\"_Toc30617635\"><\/a><strong>CAF\u00c9 SOLO<\/strong><\/h1>\n<p>&nbsp;<\/p>\n<p>Hab\u00eda llovido y recuerdo haberte visto temblar<\/p>\n<p>antes de entrar en casa.<\/p>\n<p>Hab\u00eda caf\u00e9 hecho de esa misma ma\u00f1ana, un cenicero tirado<\/p>\n<p>y una persona en ruinas que no eras t\u00fa.<\/p>\n<p>&nbsp;<\/p>\n<p>Parec\u00eda incre\u00edble que aquella cocina<\/p>\n<p>fuera lo m\u00e1s ordenado de la casa (incluy\u00e9ndonos),<\/p>\n<p>con lo jodidamente llena de mierda que estaba.<\/p>\n<p>&nbsp;<\/p>\n<p>\u00c9ramos un caos.<\/p>\n<p>T\u00fa, tu vida, tus metas.<\/p>\n<p>Yo, mi vida, mis sue\u00f1os.<\/p>\n<p>Nosotros. Todo.<\/p>\n<p>Todo era un caos.<\/p>\n<p>&nbsp;<\/p>\n<p>Un caos precioso que me mataba y me reviv\u00eda<\/p>\n<p>cualquier noche fr\u00eda de invierno.<\/p>\n<p>Un caos que seguramente acabar\u00e1 por consumirnos<\/p>\n<p>y dejarnos un par de buenos recuerdos<\/p>\n<p>pero mal sabor de boca.<\/p>\n<p>&nbsp;<\/p>\n<p>Me serv\u00ed caf\u00e9 fr\u00edo<\/p>\n<p>y repet\u00ed la pregunta en mi cabeza<\/p>\n<p>exactamente diez veces antes de decirla en alto.<\/p>\n<p>&nbsp;<\/p>\n<p>\u2018\u00bfQu\u00e9 hacemos con nosotros?\u2019<\/p>\n<p>&nbsp;<\/p>\n<p>Respiraste hondo y dijiste lo de siempre:<\/p>\n<p>&nbsp;<\/p>\n<p>\u2018Es que no quiero hacerte da\u00f1o.\u2019<\/p>\n<p>&nbsp;<\/p>\n<p>Pero en ning\u00fan momento<\/p>\n<p>te das cuenta de que el da\u00f1o ya est\u00e1 hecho.<\/p>\n<p>&nbsp;<\/p>\n<p>Que s\u00f3lo queda remar, o dejarse hundir para siempre.<\/p>\n<p>Que ahora soy solo ruinas, sangre y sed.<\/p>\n<p>&nbsp;<\/p>\n<p>Y que solo hay una persona capaz de reconstruirme.<\/p>\n<p>&nbsp;<\/p>\n<p>&nbsp;<\/p>\n<span class='bctt-click-to-tweet'><span class='bctt-ctt-text'><a href='https:\/\/x.com\/intent\/tweet?url=https%3A%2F%2Fnuestrosescritores.com%2Fkeniamartineztrigo%2Fpoesia%2F&#038;text=CAF%C3%89%20SOLO%C2%A0del%20libro%20LOBOS%20Y%20CACTUS%20de%20Kenia%20Mart%C3%ADnez%20Trigo&#038;via=poesiaerestu&#038;related=poesiaerestu' target='_blank'rel=\"noopener noreferrer\">CAF\u00c9 SOLO&nbsp;del libro LOBOS Y CACTUS de Kenia Mart\u00ednez Trigo <\/a><\/span><a href='https:\/\/x.com\/intent\/tweet?url=https%3A%2F%2Fnuestrosescritores.com%2Fkeniamartineztrigo%2Fpoesia%2F&#038;text=CAF%C3%89%20SOLO%C2%A0del%20libro%20LOBOS%20Y%20CACTUS%20de%20Kenia%20Mart%C3%ADnez%20Trigo&#038;via=poesiaerestu&#038;related=poesiaerestu' target='_blank' class='bctt-ctt-btn'rel=\"noopener noreferrer\">Compartir en X<\/a><\/span>\n<p>&nbsp;[\/vc_column_text][\/vc_column][\/vc_row][vc_row full_width=&#8221;stretch_row_content_no_spaces&#8221;][vc_column extend=&#8221;false&#8221;]<div class='gambit_parallax_row' data-bg-align='' data-direction='fixed' data-opacity='100' data-velocity='-0.3' data-mobile-enabled='' data-bg-height='1067' data-bg-width='1600' data-bg-image='https:\/\/nuestrosescritores.com\/keniamartineztrigo\/wp-content\/uploads\/sites\/32\/2020\/03\/pjaeca8gagm.jpg' data-bg-repeat='false' data-id='' style='display: none'><\/div><div class=\"gambit_fullheight_row\" data-content-location=\"center\" style=\"display: none\"><\/div>[\/vc_column][\/vc_row][vc_row][vc_column extend=&#8221;false&#8221;][vc_column_text]\n<h1><a name=\"_Toc30617638\"><\/a><strong>MAREJADA<\/strong><\/h1>\n<p>&nbsp;<\/p>\n<p>Estaba pensando en el mar,<\/p>\n<p>para variar.<\/p>\n<p>&nbsp;<\/p>\n<p>En la cantidad de cosas que esconde<\/p>\n<p>mientras nosotros solo esperamos<\/p>\n<p>a coger vuelo e irnos lejos.<\/p>\n<p>&nbsp;<\/p>\n<p>Con las personas nos pasa un poco lo mismo:<\/p>\n<p>nos quedamos con lo de afuera<\/p>\n<p>pero preferimos irnos a otro nido,<\/p>\n<p>por si acaso, no vaya a ser que nos pille la tormenta.<\/p>\n<p>&nbsp;<\/p>\n<p>Es casi verano y sigo en el ojo del hurac\u00e1n,<\/p>\n<p>pero escucho el mar cerca<\/p>\n<p>y quiero quedarme.<\/p>\n<p>Como me pasa contigo.<\/p>\n<p>&nbsp;<\/p>\n<span class='bctt-click-to-tweet'><span class='bctt-ctt-text'><a href='https:\/\/x.com\/intent\/tweet?url=https%3A%2F%2Fnuestrosescritores.com%2Fkeniamartineztrigo%2Fpoesia%2F&#038;text=MAREJADA%20del%20libro%20LOBOS%20Y%20CACTUS%20de%20Kenia%20Mart%C3%ADnez%20Trigo&#038;via=poesiaerestu&#038;related=poesiaerestu' target='_blank'rel=\"noopener noreferrer\">MAREJADA del libro LOBOS Y CACTUS de Kenia Mart\u00ednez Trigo <\/a><\/span><a href='https:\/\/x.com\/intent\/tweet?url=https%3A%2F%2Fnuestrosescritores.com%2Fkeniamartineztrigo%2Fpoesia%2F&#038;text=MAREJADA%20del%20libro%20LOBOS%20Y%20CACTUS%20de%20Kenia%20Mart%C3%ADnez%20Trigo&#038;via=poesiaerestu&#038;related=poesiaerestu' target='_blank' class='bctt-ctt-btn'rel=\"noopener noreferrer\">Compartir en X<\/a><\/span>\n<p>&nbsp;<\/p>\n<p>&nbsp;[\/vc_column_text][\/vc_column][\/vc_row][vc_row][vc_column extend=&#8221;false&#8221;]<div class='gambit_parallax_row' data-bg-align='' data-direction='fixed' data-opacity='100' data-velocity='-0.3' data-mobile-enabled='' data-bg-height='1200' data-bg-width='800' data-bg-image='https:\/\/nuestrosescritores.com\/keniamartineztrigo\/wp-content\/uploads\/sites\/32\/2020\/03\/mjadizr6emy.jpg' data-bg-repeat='false' data-id='' style='display: none'><\/div><div class=\"gambit_fullheight_row\" data-content-location=\"center\" style=\"display: none\"><\/div>[\/vc_column][\/vc_row][vc_row][vc_column extend=&#8221;false&#8221;][vc_column_text]\n<h1><a name=\"_Toc30617647\"><\/a><strong>HIELO<\/strong><\/h1>\n<p>&nbsp;<\/p>\n<p>S\u00e9 que te quiero<\/p>\n<p>porque si est\u00e1s huelo la paz,<\/p>\n<p>puedo tocarla y disfrutarla.<\/p>\n<p>&nbsp;<\/p>\n<p>Y lo s\u00e9 tambi\u00e9n<\/p>\n<p>porque el \u00fanico miedo que tengo contigo<\/p>\n<p>es que te vayas y que solo me quede el fr\u00edo.<\/p>\n<p>&nbsp;<\/p>\n<p>&nbsp;<\/p>\n<p>&nbsp;<\/p>\n<p>&nbsp;<\/p>\n<p>&nbsp;<\/p>\n<p>&nbsp;<\/p>\n<span class='bctt-click-to-tweet'><span class='bctt-ctt-text'><a href='https:\/\/x.com\/intent\/tweet?url=https%3A%2F%2Fnuestrosescritores.com%2Fkeniamartineztrigo%2Fpoesia%2F&#038;text=HIELO%20del%20libro%20LOBOS%20Y%20CACTUS%20de%20Kenia%20Mart%C3%ADnez%20Trigo&#038;via=poesiaerestu&#038;related=poesiaerestu' target='_blank'rel=\"noopener noreferrer\">HIELO del libro LOBOS Y CACTUS de Kenia Mart\u00ednez Trigo <\/a><\/span><a href='https:\/\/x.com\/intent\/tweet?url=https%3A%2F%2Fnuestrosescritores.com%2Fkeniamartineztrigo%2Fpoesia%2F&#038;text=HIELO%20del%20libro%20LOBOS%20Y%20CACTUS%20de%20Kenia%20Mart%C3%ADnez%20Trigo&#038;via=poesiaerestu&#038;related=poesiaerestu' target='_blank' class='bctt-ctt-btn'rel=\"noopener noreferrer\">Compartir en X<\/a><\/span>[\/vc_column_text][\/vc_column][\/vc_row][vc_row][vc_column extend=&#8221;false&#8221;]<div class='gambit_parallax_row' data-bg-align='' data-direction='fixed' data-opacity='100' data-velocity='-0.3' data-mobile-enabled='' data-bg-height='1200' data-bg-width='960' data-bg-image='https:\/\/nuestrosescritores.com\/keniamartineztrigo\/wp-content\/uploads\/sites\/32\/2020\/03\/afjh-wflan0.jpg' data-bg-repeat='false' data-id='' style='display: none'><\/div><div class=\"gambit_fullheight_row\" data-content-location=\"center\" style=\"display: none\"><\/div>[\/vc_column][\/vc_row][vc_row][vc_column extend=&#8221;false&#8221;][vc_column_text]\n<h1><a name=\"_Toc30617655\"><\/a><strong>LISBOA<\/strong><\/h1>\n<p>&nbsp;<\/p>\n<p>He salido de mi ciudad<\/p>\n<p>con la clara intenci\u00f3n de escapar de todos,<\/p>\n<p>pero especialmente de ti.<\/p>\n<p>&nbsp;<\/p>\n<p>Menos mal que hab\u00eda alguien esper\u00e1ndome<\/p>\n<p>para cargarme mucho y bien las pilas.<\/p>\n<p>(Deber\u00edamos cuidar m\u00e1s a la gente que nos cuida).<\/p>\n<p>&nbsp;<\/p>\n<p>He tardado exactamente seis horas en llamarte.<\/p>\n<p>Despu\u00e9s de un mes<\/p>\n<p>mi trabajo de recuperaci\u00f3n se fue a la mierda.<\/p>\n<p>Otra vez.<\/p>\n<p>&nbsp;<\/p>\n<p>S\u00e9 que me echabas de menos<\/p>\n<p>porque te temblaba la voz<\/p>\n<p>y no sab\u00edas muy bien qu\u00e9 decir.<\/p>\n<p>\u2018Lo s\u00e9. Te entiendo. Yo tambi\u00e9n te quiero\u2019.<\/p>\n<p>&nbsp;<\/p>\n<p>Una pena que no nos queramos igual, oye.<\/p>\n<p>Supongo que saber que me quieres<\/p>\n<p>es uno de los motores para volver.<\/p>\n<p>&nbsp;<\/p>\n<p>Pero esta vez me quiero mucho m\u00e1s a m\u00ed.<\/p>\n<p>Y eso est\u00e1 muy bien.<\/p>\n<p>Quererse mucho, y luego al resto.<\/p>\n<p>&nbsp;<\/p>\n<span class='bctt-click-to-tweet'><span class='bctt-ctt-text'><a href='https:\/\/x.com\/intent\/tweet?url=https%3A%2F%2Fnuestrosescritores.com%2Fkeniamartineztrigo%2Fpoesia%2F&#038;text=LISBOA%20del%20libro%20LOBOS%20Y%20CACTUS%20de%20Kenia%20Mart%C3%ADnez%20Trigo&#038;via=poesiaerestu&#038;related=poesiaerestu' target='_blank'rel=\"noopener noreferrer\">LISBOA del libro LOBOS Y CACTUS de Kenia Mart\u00ednez Trigo <\/a><\/span><a href='https:\/\/x.com\/intent\/tweet?url=https%3A%2F%2Fnuestrosescritores.com%2Fkeniamartineztrigo%2Fpoesia%2F&#038;text=LISBOA%20del%20libro%20LOBOS%20Y%20CACTUS%20de%20Kenia%20Mart%C3%ADnez%20Trigo&#038;via=poesiaerestu&#038;related=poesiaerestu' target='_blank' class='bctt-ctt-btn'rel=\"noopener noreferrer\">Compartir en X<\/a><\/span>[\/vc_column_text][\/vc_column][\/vc_row][vc_row][vc_column extend=&#8221;false&#8221;]<div class='gambit_parallax_row' data-bg-align='' data-direction='fixed' data-opacity='100' data-velocity='-0.3' data-mobile-enabled='' data-bg-height='1200' data-bg-width='960' data-bg-image='https:\/\/nuestrosescritores.com\/keniamartineztrigo\/wp-content\/uploads\/sites\/32\/2020\/03\/afmo1_1qfeu.jpg' data-bg-repeat='false' data-id='' style='display: none'><\/div><div class=\"gambit_fullheight_row\" data-content-location=\"center\" style=\"display: none\"><\/div>[\/vc_column][\/vc_row][vc_row][vc_column extend=&#8221;false&#8221;][vc_column_text]\n<h1><a name=\"_Toc30617657\"><\/a><strong>NOCHES<\/strong><\/h1>\n<p>&nbsp;<\/p>\n<p>He so\u00f1ado que era martes<\/p>\n<p>y que algo hab\u00eda cambiado.<\/p>\n<p>&nbsp;<\/p>\n<p>Viv\u00eda en una casa que se parec\u00eda a la m\u00eda<\/p>\n<p>pero en la que no me sent\u00eda igual.<\/p>\n<p>Mi cama era la de siempre,<\/p>\n<p>y los muebles, y las plantas, todo.<\/p>\n<p>Todo excepto yo.<\/p>\n<p>&nbsp;<\/p>\n<p>Luego bajaba a la calle y todo era igual,<\/p>\n<p>el se\u00f1or del bar, el banco del portal, los \u00e1rboles, todo.<\/p>\n<p>Todo menos yo.<\/p>\n<p>&nbsp;<\/p>\n<p>Recuerdo estar rodeada por las caras de siempre,<\/p>\n<p>las mismas risas, las mismas voces, todo.<\/p>\n<p>Todo menos yo.<\/p>\n<p>&nbsp;<\/p>\n<p>Porque t\u00fa ya no estabas.<\/p>\n<p>&nbsp;<\/p>\n<p>&nbsp;<\/p>\n<p>&nbsp;<\/p>\n<p>&nbsp;<\/p>\n<span class='bctt-click-to-tweet'><span class='bctt-ctt-text'><a href='https:\/\/x.com\/intent\/tweet?url=https%3A%2F%2Fnuestrosescritores.com%2Fkeniamartineztrigo%2Fpoesia%2F&#038;text=NOCHES%20del%20libro%20LOBOS%20Y%20CACTUS%20de%20Kenia%20Mart%C3%ADnez%20Trigo&#038;via=poesiaerestu&#038;related=poesiaerestu' target='_blank'rel=\"noopener noreferrer\">NOCHES del libro LOBOS Y CACTUS de Kenia Mart\u00ednez Trigo <\/a><\/span><a href='https:\/\/x.com\/intent\/tweet?url=https%3A%2F%2Fnuestrosescritores.com%2Fkeniamartineztrigo%2Fpoesia%2F&#038;text=NOCHES%20del%20libro%20LOBOS%20Y%20CACTUS%20de%20Kenia%20Mart%C3%ADnez%20Trigo&#038;via=poesiaerestu&#038;related=poesiaerestu' target='_blank' class='bctt-ctt-btn'rel=\"noopener noreferrer\">Compartir en X<\/a><\/span>[\/vc_column_text][\/vc_column][\/vc_row][vc_row][vc_column extend=&#8221;false&#8221;]<div class='gambit_parallax_row' data-bg-align='' data-direction='fixed' data-opacity='100' data-velocity='-0.3' data-mobile-enabled='' data-bg-height='434' data-bg-width='1366' data-bg-image='https:\/\/nuestrosescritores.com\/keniamartineztrigo\/wp-content\/uploads\/sites\/32\/2020\/03\/Foto_Lobos_y_Cactus-copy_SSquare_Alargado-Mediano.jpg' data-bg-repeat='false' data-id='' style='display: none'><\/div><div class=\"gambit_fullheight_row\" data-content-location=\"center\" style=\"display: none\"><\/div>[vc_column_text]\n<p style=\"text-align: center;\"><a class=\"fasc-button fasc-size-xlarge fasc-type-glossy fasc-rounded-medium\" style=\"background-color: #33809e; color: #ffffff;\" href=\"https:\/\/librodepoesia.com\/producto\/lobos-y-cactus-kenia-martinez-trigo\/\">Comprar el libro<\/a><\/p>\n[\/vc_column_text][\/vc_column][\/vc_row][vc_row][vc_column extend=&#8221;false&#8221;][vc_column_text css=&#8221;.vc_custom_1549215104378{margin-top: -30000px !important;}&#8221;]\n<h1><strong><em><u>Poes\u00eda del libro LOBOS Y CACTUS de Kenia Mart\u00ednez Trigo. El escritor nos da una muestra tras publicar un libro.<\/u><\/em><\/strong><\/h1>\n<h2><strong><em><u>Poes\u00eda del libro LOBOS Y CACTUS de Kenia Mart\u00ednez Trigo El poeta nos da una muestra tras publicar un libro.<\/u><\/em><\/strong><\/h2>\n<h3><strong><em><u>Poes\u00eda del libro LOBOS Y CACTUS de Kenia Mart\u00ednez Trigo El autor nos da una muestra tras publicar un libro.<\/u><\/em><\/strong><\/h3>\n<h4><strong><em><u>Poes\u00eda del libro LOBOS Y CACTUS de Kenia Mart\u00ednez Trigo El autor nos da una muestra tras publicar un libro.<\/u><\/em><\/strong><\/h4>\n<h5><strong><em><u>Poes\u00eda del libro LOBOS Y CACTUS de Kenia Mart\u00ednez Trigo El autor nos da una muestra tras publicar un libro.<\/u><\/em><\/strong><\/h5>\n[\/vc_column_text][\/vc_column][\/vc_row]\n<\/div>","protected":false},"excerpt":{"rendered":"<p>[vc_row][vc_column extend=&#8221;false&#8221;][vc_column_text css=&#8221;.vc_custom_1582373099134{margin-top: -30000px !important;}&#8221;] Poes\u00eda del libro LOBOS Y CACTUS de Kenia Mart\u00ednez Trigo. El escritor nos da una muestra tras publicar un libro. Poes\u00eda del libro LOBOS Y CACTUS de Kenia Mart\u00ednez Trigo El poeta nos da una muestra tras publicar un libro. Poes\u00eda del libro LOBOS Y CACTUS de Kenia Mart\u00ednez Trigo [&hellip;]<\/p>\n","protected":false},"author":1,"featured_media":0,"parent":0,"menu_order":3,"comment_status":"closed","ping_status":"closed","template":"","meta":{"_acf_changed":false,"footnotes":""},"class_list":["post-83","page","type-page","status-publish","hentry"],"acf":[],"yoast_head":"<!-- This site is optimized with the Yoast SEO Premium plugin v24.7 (Yoast SEO v27.4) - https:\/\/yoast.com\/product\/yoast-seo-premium-wordpress\/ -->\n<title>Poes\u00eda - Kenia Mart\u00ednez Trigo<\/title>\n<meta name=\"description\" content=\"Poes\u00eda del libro LOBOS Y CACTUS de Kenia Mart\u00ednez Trigo, la autora nos da una muestra tras publicar un libro con la Editorial Poes\u00eda eres t\u00fa en el a\u00f1o 2020.\" \/>\n<meta name=\"robots\" content=\"index, follow, max-snippet:-1, max-image-preview:large, max-video-preview:-1\" \/>\n<link rel=\"canonical\" href=\"https:\/\/nuestrosescritores.com\/keniamartineztrigo\/poesia\/\" \/>\n<meta property=\"og:locale\" content=\"es_ES\" \/>\n<meta property=\"og:type\" content=\"article\" \/>\n<meta property=\"og:title\" content=\"Poes\u00eda\" \/>\n<meta property=\"og:description\" content=\"Poes\u00eda del libro LOBOS Y CACTUS de Kenia Mart\u00ednez Trigo, la autora nos da una muestra tras publicar un libro con la Editorial Poes\u00eda eres t\u00fa en el a\u00f1o 2020.\" \/>\n<meta property=\"og:url\" content=\"https:\/\/nuestrosescritores.com\/keniamartineztrigo\/poesia\/\" \/>\n<meta property=\"og:site_name\" content=\"Kenia Mart\u00ednez Trigo\" \/>\n<meta property=\"article:modified_time\" content=\"2020-03-14T16:51:18+00:00\" \/>\n<meta property=\"og:image\" content=\"https:\/\/nuestrosescritores.com\/keniamartineztrigo\/wp-content\/uploads\/sites\/32\/2020\/03\/Cubierta_Lobosycactus3.jpg\" \/>\n<meta name=\"twitter:card\" content=\"summary_large_image\" \/>\n<meta name=\"twitter:label1\" content=\"Tiempo de lectura\" \/>\n\t<meta name=\"twitter:data1\" content=\"6 minutos\" \/>\n<script type=\"application\/ld+json\" class=\"yoast-schema-graph\">{\"@context\":\"https:\\\/\\\/schema.org\",\"@graph\":[{\"@type\":\"WebPage\",\"@id\":\"https:\\\/\\\/nuestrosescritores.com\\\/keniamartineztrigo\\\/poesia\\\/\",\"url\":\"https:\\\/\\\/nuestrosescritores.com\\\/keniamartineztrigo\\\/poesia\\\/\",\"name\":\"Poes\u00eda - Kenia Mart\u00ednez Trigo\",\"isPartOf\":{\"@id\":\"https:\\\/\\\/nuestrosescritores.com\\\/keniamartineztrigo\\\/#website\"},\"primaryImageOfPage\":{\"@id\":\"https:\\\/\\\/nuestrosescritores.com\\\/keniamartineztrigo\\\/poesia\\\/#primaryimage\"},\"image\":{\"@id\":\"https:\\\/\\\/nuestrosescritores.com\\\/keniamartineztrigo\\\/poesia\\\/#primaryimage\"},\"thumbnailUrl\":\"https:\\\/\\\/nuestrosescritores.com\\\/keniamartineztrigo\\\/wp-content\\\/uploads\\\/sites\\\/32\\\/2020\\\/03\\\/Cubierta_Lobosycactus3.jpg\",\"datePublished\":\"2020-03-14T12:06:03+00:00\",\"dateModified\":\"2020-03-14T16:51:18+00:00\",\"description\":\"Poes\u00eda del libro LOBOS Y CACTUS de Kenia Mart\u00ednez Trigo, la autora nos da una muestra tras publicar un libro con la Editorial Poes\u00eda eres t\u00fa en el a\u00f1o 2020.\",\"breadcrumb\":{\"@id\":\"https:\\\/\\\/nuestrosescritores.com\\\/keniamartineztrigo\\\/poesia\\\/#breadcrumb\"},\"inLanguage\":\"es\",\"potentialAction\":[{\"@type\":\"ReadAction\",\"target\":[\"https:\\\/\\\/nuestrosescritores.com\\\/keniamartineztrigo\\\/poesia\\\/\"]}]},{\"@type\":\"ImageObject\",\"inLanguage\":\"es\",\"@id\":\"https:\\\/\\\/nuestrosescritores.com\\\/keniamartineztrigo\\\/poesia\\\/#primaryimage\",\"url\":\"https:\\\/\\\/nuestrosescritores.com\\\/keniamartineztrigo\\\/wp-content\\\/uploads\\\/sites\\\/32\\\/2020\\\/03\\\/Cubierta_Lobosycactus3.jpg\",\"contentUrl\":\"https:\\\/\\\/nuestrosescritores.com\\\/keniamartineztrigo\\\/wp-content\\\/uploads\\\/sites\\\/32\\\/2020\\\/03\\\/Cubierta_Lobosycactus3.jpg\",\"width\":559,\"height\":794},{\"@type\":\"BreadcrumbList\",\"@id\":\"https:\\\/\\\/nuestrosescritores.com\\\/keniamartineztrigo\\\/poesia\\\/#breadcrumb\",\"itemListElement\":[{\"@type\":\"ListItem\",\"position\":1,\"name\":\"Portada\",\"item\":\"https:\\\/\\\/nuestrosescritores.com\\\/keniamartineztrigo\\\/\"},{\"@type\":\"ListItem\",\"position\":2,\"name\":\"Poes\u00eda\"}]},{\"@type\":\"WebSite\",\"@id\":\"https:\\\/\\\/nuestrosescritores.com\\\/keniamartineztrigo\\\/#website\",\"url\":\"https:\\\/\\\/nuestrosescritores.com\\\/keniamartineztrigo\\\/\",\"name\":\"Nuestros escritores\",\"description\":\"Escritora\",\"potentialAction\":[{\"@type\":\"SearchAction\",\"target\":{\"@type\":\"EntryPoint\",\"urlTemplate\":\"https:\\\/\\\/nuestrosescritores.com\\\/keniamartineztrigo\\\/?s={search_term_string}\"},\"query-input\":{\"@type\":\"PropertyValueSpecification\",\"valueRequired\":true,\"valueName\":\"search_term_string\"}}],\"inLanguage\":\"es\"}]}<\/script>\n<!-- \/ Yoast SEO Premium plugin. -->","yoast_head_json":{"title":"Poes\u00eda - Kenia Mart\u00ednez Trigo","description":"Poes\u00eda del libro LOBOS Y CACTUS de Kenia Mart\u00ednez Trigo, la autora nos da una muestra tras publicar un libro con la Editorial Poes\u00eda eres t\u00fa en el a\u00f1o 2020.","robots":{"index":"index","follow":"follow","max-snippet":"max-snippet:-1","max-image-preview":"max-image-preview:large","max-video-preview":"max-video-preview:-1"},"canonical":"https:\/\/nuestrosescritores.com\/keniamartineztrigo\/poesia\/","og_locale":"es_ES","og_type":"article","og_title":"Poes\u00eda","og_description":"Poes\u00eda del libro LOBOS Y CACTUS de Kenia Mart\u00ednez Trigo, la autora nos da una muestra tras publicar un libro con la Editorial Poes\u00eda eres t\u00fa en el a\u00f1o 2020.","og_url":"https:\/\/nuestrosescritores.com\/keniamartineztrigo\/poesia\/","og_site_name":"Kenia Mart\u00ednez Trigo","article_modified_time":"2020-03-14T16:51:18+00:00","og_image":[{"url":"https:\/\/nuestrosescritores.com\/keniamartineztrigo\/wp-content\/uploads\/sites\/32\/2020\/03\/Cubierta_Lobosycactus3.jpg","type":"","width":"","height":""}],"twitter_card":"summary_large_image","twitter_misc":{"Tiempo de lectura":"6 minutos"},"schema":{"@context":"https:\/\/schema.org","@graph":[{"@type":"WebPage","@id":"https:\/\/nuestrosescritores.com\/keniamartineztrigo\/poesia\/","url":"https:\/\/nuestrosescritores.com\/keniamartineztrigo\/poesia\/","name":"Poes\u00eda - Kenia Mart\u00ednez Trigo","isPartOf":{"@id":"https:\/\/nuestrosescritores.com\/keniamartineztrigo\/#website"},"primaryImageOfPage":{"@id":"https:\/\/nuestrosescritores.com\/keniamartineztrigo\/poesia\/#primaryimage"},"image":{"@id":"https:\/\/nuestrosescritores.com\/keniamartineztrigo\/poesia\/#primaryimage"},"thumbnailUrl":"https:\/\/nuestrosescritores.com\/keniamartineztrigo\/wp-content\/uploads\/sites\/32\/2020\/03\/Cubierta_Lobosycactus3.jpg","datePublished":"2020-03-14T12:06:03+00:00","dateModified":"2020-03-14T16:51:18+00:00","description":"Poes\u00eda del libro LOBOS Y CACTUS de Kenia Mart\u00ednez Trigo, la autora nos da una muestra tras publicar un libro con la Editorial Poes\u00eda eres t\u00fa en el a\u00f1o 2020.","breadcrumb":{"@id":"https:\/\/nuestrosescritores.com\/keniamartineztrigo\/poesia\/#breadcrumb"},"inLanguage":"es","potentialAction":[{"@type":"ReadAction","target":["https:\/\/nuestrosescritores.com\/keniamartineztrigo\/poesia\/"]}]},{"@type":"ImageObject","inLanguage":"es","@id":"https:\/\/nuestrosescritores.com\/keniamartineztrigo\/poesia\/#primaryimage","url":"https:\/\/nuestrosescritores.com\/keniamartineztrigo\/wp-content\/uploads\/sites\/32\/2020\/03\/Cubierta_Lobosycactus3.jpg","contentUrl":"https:\/\/nuestrosescritores.com\/keniamartineztrigo\/wp-content\/uploads\/sites\/32\/2020\/03\/Cubierta_Lobosycactus3.jpg","width":559,"height":794},{"@type":"BreadcrumbList","@id":"https:\/\/nuestrosescritores.com\/keniamartineztrigo\/poesia\/#breadcrumb","itemListElement":[{"@type":"ListItem","position":1,"name":"Portada","item":"https:\/\/nuestrosescritores.com\/keniamartineztrigo\/"},{"@type":"ListItem","position":2,"name":"Poes\u00eda"}]},{"@type":"WebSite","@id":"https:\/\/nuestrosescritores.com\/keniamartineztrigo\/#website","url":"https:\/\/nuestrosescritores.com\/keniamartineztrigo\/","name":"Nuestros escritores","description":"Escritora","potentialAction":[{"@type":"SearchAction","target":{"@type":"EntryPoint","urlTemplate":"https:\/\/nuestrosescritores.com\/keniamartineztrigo\/?s={search_term_string}"},"query-input":{"@type":"PropertyValueSpecification","valueRequired":true,"valueName":"search_term_string"}}],"inLanguage":"es"}]}},"_links":{"self":[{"href":"https:\/\/nuestrosescritores.com\/keniamartineztrigo\/wp-json\/wp\/v2\/pages\/83","targetHints":{"allow":["GET"]}}],"collection":[{"href":"https:\/\/nuestrosescritores.com\/keniamartineztrigo\/wp-json\/wp\/v2\/pages"}],"about":[{"href":"https:\/\/nuestrosescritores.com\/keniamartineztrigo\/wp-json\/wp\/v2\/types\/page"}],"author":[{"embeddable":true,"href":"https:\/\/nuestrosescritores.com\/keniamartineztrigo\/wp-json\/wp\/v2\/users\/1"}],"replies":[{"embeddable":true,"href":"https:\/\/nuestrosescritores.com\/keniamartineztrigo\/wp-json\/wp\/v2\/comments?post=83"}],"version-history":[{"count":0,"href":"https:\/\/nuestrosescritores.com\/keniamartineztrigo\/wp-json\/wp\/v2\/pages\/83\/revisions"}],"wp:attachment":[{"href":"https:\/\/nuestrosescritores.com\/keniamartineztrigo\/wp-json\/wp\/v2\/media?parent=83"}],"curies":[{"name":"wp","href":"https:\/\/api.w.org\/{rel}","templated":true}]}}