{"id":93,"date":"2021-12-18T12:00:02","date_gmt":"2021-12-18T12:00:02","guid":{"rendered":"https:\/\/nuestrosescritores.com\/josecarlosturrado\/?page_id=93"},"modified":"2021-12-18T18:04:23","modified_gmt":"2021-12-18T18:04:23","slug":"poesia","status":"publish","type":"page","link":"https:\/\/nuestrosescritores.com\/josecarlosturrado\/poesia\/","title":{"rendered":"Poes\u00eda"},"content":{"rendered":"<div class=\"wpb-content-wrapper\">[vc_row full_width=&#8221;stretch_row_content_no_spaces&#8221; full_height=&#8221;yes&#8221; equal_height=&#8221;yes&#8221;][vc_column extend=&#8221;false&#8221;]<div id=\"rowvcpt-row-settings\" class=\"rowvcpt-row-set RowVcPt-row-setting69debae5a9f9d \" data-no=\"RowVcPt-row-setting69debae5a9f9d\"><div class=\"columns-bg-wrap columns-bg-anim-colors columns-bg-image  columns_simple_image\" id=\"RowVcPt-image-bg-69debae5a9f9c\"   data-parallax_sense=\"30\" src=\"https:\/\/nuestrosescritores.com\/josecarlosturrado\/wp-content\/uploads\/sites\/115\/2021\/12\/zwmb_omm7wg.jpg\" style=\"background-image: url(https:\/\/nuestrosescritores.com\/josecarlosturrado\/wp-content\/uploads\/sites\/115\/2021\/12\/zwmb_omm7wg.jpg);background-position: center center;background-size: cover;background-attachment: fixed;\"><\/div><\/div>[\/vc_column][\/vc_row][vc_row][vc_column extend=&#8221;false&#8221;][vc_column_text]\n<h1><a name=\"_Toc87812165\"><\/a><strong>1<\/strong><\/h1>\n<p>&nbsp;<\/p>\n<p>Una manzana se posa en la mesa,<\/p>\n<p>Discordia la don\u00f3 por escarmiento,<\/p>\n<p>a la m\u00e1s bella reconocimiento<\/p>\n<p>del \u00e1rbol santo que la alaba y besa;<\/p>\n<p>&nbsp;<\/p>\n<p>\u00bfqu\u00e9 beso devendr\u00e1, cu\u00e1l embelesa,<\/p>\n<p>cu\u00e1l mover\u00e1 mejor el pensamiento?,<\/p>\n<p>&nbsp;<\/p>\n<p>Mujer, Saber y Amor baten el viento<\/p>\n<p>y vence en este tercio la Promesa.<\/p>\n<p>&nbsp;<\/p>\n<p>Por eso es lucha vana tu argumento,<\/p>\n<p>fermento de un semblante suplicante<\/p>\n<p>m\u00e1s que un progreso azacanado y lento;<\/p>\n<p>&nbsp;<\/p>\n<p>inane el juicio, inane es el lamento,<\/p>\n<p>precisa la cautela, Dios mediante,<\/p>\n<p>subir por mechinal desde el cimiento.<\/p>\n<p>&nbsp;<\/p>\n<span class='bctt-click-to-tweet'><span class='bctt-ctt-text'><a href='https:\/\/x.com\/intent\/tweet?url=https%3A%2F%2Fnuestrosescritores.com%2Fjosecarlosturrado%2Fpoesia%2F&#038;text=1%20del%20libro%20RAZA%20PO%C3%89TICA%20de%20JOS%C3%89%20CARLOS%20TURRADO%20DE%20LA%20FUENTE&#038;via=poesiaerestu&#038;related=poesiaerestu' target='_blank'rel=\"noopener noreferrer\">1 del libro RAZA PO\u00c9TICA de JOS\u00c9 CARLOS TURRADO DE LA FUENTE <\/a><\/span><a href='https:\/\/x.com\/intent\/tweet?url=https%3A%2F%2Fnuestrosescritores.com%2Fjosecarlosturrado%2Fpoesia%2F&#038;text=1%20del%20libro%20RAZA%20PO%C3%89TICA%20de%20JOS%C3%89%20CARLOS%20TURRADO%20DE%20LA%20FUENTE&#038;via=poesiaerestu&#038;related=poesiaerestu' target='_blank' class='bctt-ctt-btn'rel=\"noopener noreferrer\">Compartir en X<\/a><\/span>[\/vc_column_text][\/vc_column][\/vc_row][vc_row full_width=&#8221;stretch_row_content_no_spaces&#8221; full_height=&#8221;yes&#8221; equal_height=&#8221;yes&#8221;][vc_column extend=&#8221;false&#8221;]<div id=\"rowvcpt-row-settings\" class=\"rowvcpt-row-set RowVcPt-row-setting69debae5aa4fe \" data-no=\"RowVcPt-row-setting69debae5aa4fe\"><div class=\"columns-bg-wrap columns-bg-anim-colors columns-bg-image  columns_simple_image\" id=\"RowVcPt-image-bg-69debae5aa4fd\"   data-parallax_sense=\"30\" src=\"https:\/\/nuestrosescritores.com\/josecarlosturrado\/wp-content\/uploads\/sites\/115\/2021\/12\/sthx-_tmmku.jpg\" style=\"background-image: url(https:\/\/nuestrosescritores.com\/josecarlosturrado\/wp-content\/uploads\/sites\/115\/2021\/12\/sthx-_tmmku.jpg);background-position: center center;background-size: cover;background-attachment: fixed;\"><\/div><\/div>[\/vc_column][\/vc_row][vc_row][vc_column extend=&#8221;false&#8221;][vc_column_text]\n<h1><a name=\"_Toc87812169\"><\/a><strong>5<\/strong><\/h1>\n<p>&nbsp;<\/p>\n<p>Los labios son rub\u00edes de tan finos<\/p>\n<p>y el talle se mece cual tallo esbelto,<\/p>\n<p>finura de milagro y luz envuelto,<\/p>\n<p>\u00a1qui\u00e9n te escuchara de virtud los trinos!;<\/p>\n<p>&nbsp;<\/p>\n<p>habr\u00e1n de ser hermosos tus destinos<\/p>\n<p>al par que libre vuela el pelo suelto,<\/p>\n<p>con perfume de n\u00e1cares disuelto,<\/p>\n<p>sabidur\u00eda en moldes purpurinos.<\/p>\n<p>&nbsp;<\/p>\n<p>Palabras de tu boca a cumbre uncida<\/p>\n<p>espero de este tiempo esperanzado,<\/p>\n<p>que a sus preceptos sabios te acomodes:<\/p>\n<p>&nbsp;<\/p>\n<p>\u201cYa s\u00e9 que me has entregado tu vida,<\/p>\n<p>y que en respuesta te la he destrozado,<\/p>\n<p>mas qu\u00e9 se le va a hacer; mira\u2026\u00a1te jodes!\u201d<\/p>\n<p>&nbsp;<\/p>\n<p>&nbsp;<\/p>\n<h1><span style=\"font-size: 16px;\">.<\/span><\/h1>\n<p>&nbsp;<\/p>\n<span class='bctt-click-to-tweet'><span class='bctt-ctt-text'><a href='https:\/\/x.com\/intent\/tweet?url=https%3A%2F%2Fnuestrosescritores.com%2Fjosecarlosturrado%2Fpoesia%2F&#038;text=5%20del%20libro%20RAZA%20PO%C3%89TICA%20de%20JOS%C3%89%20CARLOS%20TURRADO%20DE%20LA%20FUENTE&#038;via=poesiaerestu&#038;related=poesiaerestu' target='_blank'rel=\"noopener noreferrer\">5 del libro RAZA PO\u00c9TICA de JOS\u00c9 CARLOS TURRADO DE LA FUENTE <\/a><\/span><a href='https:\/\/x.com\/intent\/tweet?url=https%3A%2F%2Fnuestrosescritores.com%2Fjosecarlosturrado%2Fpoesia%2F&#038;text=5%20del%20libro%20RAZA%20PO%C3%89TICA%20de%20JOS%C3%89%20CARLOS%20TURRADO%20DE%20LA%20FUENTE&#038;via=poesiaerestu&#038;related=poesiaerestu' target='_blank' class='bctt-ctt-btn'rel=\"noopener noreferrer\">Compartir en X<\/a><\/span>\n<p>&nbsp;<\/p>\n<p>&nbsp;[\/vc_column_text][\/vc_column][\/vc_row][vc_row full_height=&#8221;yes&#8221;][vc_column extend=&#8221;false&#8221;]<div id=\"rowvcpt-row-settings\" class=\"rowvcpt-row-set RowVcPt-row-setting69debae5aa87c \" data-no=\"RowVcPt-row-setting69debae5aa87c\"><div class=\"columns-bg-wrap columns-bg-anim-colors columns-bg-image  columns_simple_image\" id=\"RowVcPt-image-bg-69debae5aa87b\"   data-parallax_sense=\"30\" src=\"https:\/\/nuestrosescritores.com\/josecarlosturrado\/wp-content\/uploads\/sites\/115\/2021\/12\/p0d649q7feo.jpg\" style=\"background-image: url(https:\/\/nuestrosescritores.com\/josecarlosturrado\/wp-content\/uploads\/sites\/115\/2021\/12\/p0d649q7feo.jpg);background-position: center top;background-size: cover;background-attachment: fixed;\"><\/div><\/div>[\/vc_column][\/vc_row][vc_row][vc_column extend=&#8221;false&#8221;][vc_column_text]\n<h1><a name=\"_Toc87812179\"><\/a><strong>15<\/strong><\/h1>\n<p>&nbsp;<\/p>\n<p>Consejo yo le doy, mas no haga caso,<\/p>\n<p>que se lo doy de viejo, usted es joven,<\/p>\n<p>que tiene tiempo y fuerza y que le roben<\/p>\n<p>es el marchar el mundo paso a paso;<\/p>\n<p>&nbsp;<\/p>\n<p>fracaso es la materia del Parnaso,<\/p>\n<p>y acaso como peces que desoven<\/p>\n<p>en l\u00e9gamos que los amantes troven<\/p>\n<p>sobre la grava o so dosel de raso.<\/p>\n<p>&nbsp;<\/p>\n<p>Del tiempo no es la ingenuidad lo grave,<\/p>\n<p>lo nuevo es que esta solfa no tiene hijos,<\/p>\n<p>est\u00e9ril como propio tiene s\u00f3lo;<\/p>\n<p>&nbsp;<\/p>\n<p>&nbsp;<\/p>\n<p>por eso mi consejo ya no cabe,<\/p>\n<p>urgen dictados muy menos prolijos,<\/p>\n<p>quiz\u00e1 simplificar el protocolo.<\/p>\n<p>&nbsp;<\/p>\n<p>&nbsp;<\/p>\n<p>&nbsp;<\/p>\n<span class='bctt-click-to-tweet'><span class='bctt-ctt-text'><a href='https:\/\/x.com\/intent\/tweet?url=https%3A%2F%2Fnuestrosescritores.com%2Fjosecarlosturrado%2Fpoesia%2F&#038;text=15%20del%20libro%20RAZA%20PO%C3%89TICA%20de%20JOS%C3%89%20CARLOS%20TURRADO%20DE%20LA%20FUENTE&#038;via=poesiaerestu&#038;related=poesiaerestu' target='_blank'rel=\"noopener noreferrer\">15 del libro RAZA PO\u00c9TICA de JOS\u00c9 CARLOS TURRADO DE LA FUENTE <\/a><\/span><a href='https:\/\/x.com\/intent\/tweet?url=https%3A%2F%2Fnuestrosescritores.com%2Fjosecarlosturrado%2Fpoesia%2F&#038;text=15%20del%20libro%20RAZA%20PO%C3%89TICA%20de%20JOS%C3%89%20CARLOS%20TURRADO%20DE%20LA%20FUENTE&#038;via=poesiaerestu&#038;related=poesiaerestu' target='_blank' class='bctt-ctt-btn'rel=\"noopener noreferrer\">Compartir en X<\/a><\/span>[\/vc_column_text][\/vc_column][\/vc_row][vc_row full_height=&#8221;yes&#8221; equal_height=&#8221;yes&#8221;][vc_column extend=&#8221;false&#8221;]<div id=\"rowvcpt-row-settings\" class=\"rowvcpt-row-set RowVcPt-row-setting69debae5aaca4 \" data-no=\"RowVcPt-row-setting69debae5aaca4\"><div class=\"columns-bg-wrap columns-bg-anim-colors columns-bg-image  columns_simple_image\" id=\"RowVcPt-image-bg-69debae5aaca3\"   data-parallax_sense=\"30\" src=\"https:\/\/nuestrosescritores.com\/josecarlosturrado\/wp-content\/uploads\/sites\/115\/2021\/12\/qbdzcexy5vs.jpg\" style=\"background-image: url(https:\/\/nuestrosescritores.com\/josecarlosturrado\/wp-content\/uploads\/sites\/115\/2021\/12\/qbdzcexy5vs.jpg);background-position: center center;background-size: cover;background-attachment: fixed;\"><\/div><\/div>[\/vc_column][\/vc_row][vc_row][vc_column extend=&#8221;false&#8221;][vc_column_text]\n<h1><a name=\"_Toc87812198\"><\/a><strong>34<\/strong><\/h1>\n<p>&nbsp;<\/p>\n<p>Te ruego que me escuches s\u00f3lo un verso,<\/p>\n<p>con eso ser\u00e1 saldada la aniaga,<\/p>\n<p>por cada oreja mil coplillas te haga<\/p>\n<p>si una llega hasta ti en rumbo disperso;<\/p>\n<p>&nbsp;<\/p>\n<p>memoria habr\u00e1 de serme el universo,<\/p>\n<p>supongo no me llega a m\u00e1s la paga,<\/p>\n<p>son muchos los que andar\u00e1n a la zaga,<\/p>\n<p>ya sabes que ni grito ni protesto.<\/p>\n<p>&nbsp;<\/p>\n<p>No llaga, quiero un verso por caricia,<\/p>\n<p>ni herida, una rima por cada beso,<\/p>\n<p>ni landre, un soneto por tu sonrisa;<\/p>\n<p>&nbsp;<\/p>\n<p>sonr\u00ede, por favor, con tu pericia,<\/p>\n<p>que necesito carne en este hueso<\/p>\n<p>y no me llega el cuello a la camisa.<\/p>\n<p>&nbsp;<\/p>\n<p>&nbsp;<\/p>\n<span class='bctt-click-to-tweet'><span class='bctt-ctt-text'><a href='https:\/\/x.com\/intent\/tweet?url=https%3A%2F%2Fnuestrosescritores.com%2Fjosecarlosturrado%2Fpoesia%2F&#038;text=34%20del%20libro%20RAZA%20PO%C3%89TICA%20de%20JOS%C3%89%20CARLOS%20TURRADO%20DE%20LA%20FUENTE&#038;via=poesiaerestu&#038;related=poesiaerestu' target='_blank'rel=\"noopener noreferrer\">34 del libro RAZA PO\u00c9TICA de JOS\u00c9 CARLOS TURRADO DE LA FUENTE <\/a><\/span><a href='https:\/\/x.com\/intent\/tweet?url=https%3A%2F%2Fnuestrosescritores.com%2Fjosecarlosturrado%2Fpoesia%2F&#038;text=34%20del%20libro%20RAZA%20PO%C3%89TICA%20de%20JOS%C3%89%20CARLOS%20TURRADO%20DE%20LA%20FUENTE&#038;via=poesiaerestu&#038;related=poesiaerestu' target='_blank' class='bctt-ctt-btn'rel=\"noopener noreferrer\">Compartir en X<\/a><\/span>[\/vc_column_text][\/vc_column][\/vc_row][vc_row full_height=&#8221;yes&#8221; equal_height=&#8221;yes&#8221;][vc_column extend=&#8221;false&#8221;]<div id=\"rowvcpt-row-settings\" class=\"rowvcpt-row-set RowVcPt-row-setting69debae5aafab \" data-no=\"RowVcPt-row-setting69debae5aafab\"><div class=\"columns-bg-wrap columns-bg-anim-colors columns-bg-image  columns_simple_image\" id=\"RowVcPt-image-bg-69debae5aafaa\"   data-parallax_sense=\"30\" src=\"https:\/\/nuestrosescritores.com\/josecarlosturrado\/wp-content\/uploads\/sites\/115\/2021\/12\/fvu7foxhkfy.jpg\" style=\"background-image: url(https:\/\/nuestrosescritores.com\/josecarlosturrado\/wp-content\/uploads\/sites\/115\/2021\/12\/fvu7foxhkfy.jpg);background-position: center center;background-size: cover;background-attachment: fixed;\"><\/div><\/div>[\/vc_column][\/vc_row][vc_row][vc_column extend=&#8221;false&#8221;][vc_column_text]\n<h1><a name=\"_Toc87812208\"><\/a><strong>44<\/strong><\/h1>\n<p>&nbsp;<\/p>\n<p>Con notas en fulgor<\/p>\n<p>he pensado en tu cuello por tan largo<\/p>\n<p>que ya me sabe amargo<\/p>\n<p>el sistro que yo llevo,<\/p>\n<p>sonaja tan lejos de su esplendor<\/p>\n<p>que me reprende vicio tan longevo,<\/p>\n<p>que ofrecen mis dos labios sinsabor.<\/p>\n<p>Amiga, finge al menos tu rubor,<\/p>\n<p>te juro que del resto yo me encargo,<\/p>\n<p>y aunque poco me muevo<\/p>\n<p>s\u00e9 bien sacarle br\u00edos al letargo;<\/p>\n<p>sonajero y amor,<\/p>\n<p>al par que sobre m\u00ed me enfr\u00edo y nievo<\/p>\n<p>conf\u00edo yo a tu cuello un beso nuevo.<\/p>\n<p>&nbsp;<\/p>\n<p>&nbsp;<\/p>\n<p>&nbsp;<\/p>\n<span class='bctt-click-to-tweet'><span class='bctt-ctt-text'><a href='https:\/\/x.com\/intent\/tweet?url=https%3A%2F%2Fnuestrosescritores.com%2Fjosecarlosturrado%2Fpoesia%2F&#038;text=44%C2%A0del%20libro%20RAZA%20PO%C3%89TICA%20de%20JOS%C3%89%20CARLOS%20TURRADO%20DE%20LA%20FUENTE&#038;via=poesiaerestu&#038;related=poesiaerestu' target='_blank'rel=\"noopener noreferrer\">44&nbsp;del libro RAZA PO\u00c9TICA de JOS\u00c9 CARLOS TURRADO DE LA FUENTE <\/a><\/span><a href='https:\/\/x.com\/intent\/tweet?url=https%3A%2F%2Fnuestrosescritores.com%2Fjosecarlosturrado%2Fpoesia%2F&#038;text=44%C2%A0del%20libro%20RAZA%20PO%C3%89TICA%20de%20JOS%C3%89%20CARLOS%20TURRADO%20DE%20LA%20FUENTE&#038;via=poesiaerestu&#038;related=poesiaerestu' target='_blank' class='bctt-ctt-btn'rel=\"noopener noreferrer\">Compartir en X<\/a><\/span>[\/vc_column_text][\/vc_column][\/vc_row][vc_row full_height=&#8221;yes&#8221; equal_height=&#8221;yes&#8221;][vc_column extend=&#8221;false&#8221;]<div id=\"rowvcpt-row-settings\" class=\"rowvcpt-row-set RowVcPt-row-setting69debae5ab30c \" data-no=\"RowVcPt-row-setting69debae5ab30c\"><div class=\"columns-bg-wrap columns-bg-anim-colors columns-bg-image  columns_simple_image\" id=\"RowVcPt-image-bg-69debae5ab30b\"   data-parallax_sense=\"30\" src=\"https:\/\/nuestrosescritores.com\/josecarlosturrado\/wp-content\/uploads\/sites\/115\/2021\/12\/JoseCarlosTurradodelafuenteSSquare_Escritor.jpg\" style=\"background-image: url(https:\/\/nuestrosescritores.com\/josecarlosturrado\/wp-content\/uploads\/sites\/115\/2021\/12\/JoseCarlosTurradodelafuenteSSquare_Escritor.jpg);background-position: center center;background-size: cover;background-attachment: fixed;\"><\/div><\/div><div class=\"ult-spacer spacer-69debae5ab629\" data-id=\"69debae5ab629\" data-height=\"150\" data-height-mobile=\"150\" data-height-tab=\"150\" data-height-tab-portrait=\"\" data-height-mobile-landscape=\"\" style=\"clear:both;display:block;\"><\/div>[vc_column_text]\n<p style=\"text-align: center;\"><a class=\"fasc-button fasc-size-xlarge fasc-type-glossy fasc-rounded-medium\" style=\"background-color: #33809e; color: #ffffff;\" href=\"https:\/\/librodepoesia.com\/libro\/raza-poetica-jose-carlos-turrado-de-la-fuente\/\">Comprar el libro<\/a><\/p>\n[\/vc_column_text][\/vc_column][\/vc_row][vc_row][vc_column][vc_column_text]\n<p><a name=\"_Toc85047636\"><\/a><\/p>\n<p><a name=\"_Toc85385647\"><\/a><\/p>\n<p><a name=\"_Toc83400473\"><\/a>[\/vc_column_text][\/vc_column][\/vc_row]\n<\/div>","protected":false},"excerpt":{"rendered":"<p>[vc_row full_width=&#8221;stretch_row_content_no_spaces&#8221; full_height=&#8221;yes&#8221; equal_height=&#8221;yes&#8221;][vc_column extend=&#8221;false&#8221;][\/vc_column][\/vc_row][vc_row][vc_column extend=&#8221;false&#8221;][vc_column_text] 1 &nbsp; Una manzana se posa en la mesa, Discordia la don\u00f3 por escarmiento, a la m\u00e1s bella reconocimiento del \u00e1rbol santo que la alaba y besa; &nbsp; \u00bfqu\u00e9 beso devendr\u00e1, cu\u00e1l embelesa, cu\u00e1l mover\u00e1 mejor el pensamiento?, &nbsp; Mujer, Saber y Amor baten el viento y vence en [&hellip;]<\/p>\n","protected":false},"author":1,"featured_media":0,"parent":0,"menu_order":0,"comment_status":"closed","ping_status":"closed","template":"","meta":{"_acf_changed":false,"footnotes":""},"class_list":["post-93","page","type-page","status-publish","hentry"],"acf":[],"yoast_head":"<!-- This site is optimized with the Yoast SEO Premium plugin v24.7 (Yoast SEO v27.4) - https:\/\/yoast.com\/product\/yoast-seo-premium-wordpress\/ -->\n<title>Poes\u00eda - Jos\u00e9 Carlos Turrado de la Fuente<\/title>\n<meta name=\"robots\" content=\"index, follow, max-snippet:-1, max-image-preview:large, max-video-preview:-1\" \/>\n<link rel=\"canonical\" href=\"https:\/\/nuestrosescritores.com\/josecarlosturrado\/poesia\/\" \/>\n<meta property=\"og:locale\" content=\"es_ES\" \/>\n<meta property=\"og:type\" content=\"article\" \/>\n<meta property=\"og:title\" content=\"Poes\u00eda\" \/>\n<meta property=\"og:description\" content=\"[vc_row full_width=&#8221;stretch_row_content_no_spaces&#8221; full_height=&#8221;yes&#8221; equal_height=&#8221;yes&#8221;][vc_column extend=&#8221;false&#8221;][\/vc_column][\/vc_row][vc_row][vc_column extend=&#8221;false&#8221;][vc_column_text] 1 &nbsp; Una manzana se posa en la mesa, Discordia la don\u00f3 por escarmiento, a la m\u00e1s bella reconocimiento del \u00e1rbol santo que la alaba y besa; &nbsp; \u00bfqu\u00e9 beso devendr\u00e1, cu\u00e1l embelesa, cu\u00e1l mover\u00e1 mejor el pensamiento?, &nbsp; Mujer, Saber y Amor baten el viento y vence en [&hellip;]\" \/>\n<meta property=\"og:url\" content=\"https:\/\/nuestrosescritores.com\/josecarlosturrado\/poesia\/\" \/>\n<meta property=\"og:site_name\" content=\"Jos\u00e9 Carlos Turrado de la Fuente\" \/>\n<meta property=\"article:modified_time\" content=\"2021-12-18T18:04:23+00:00\" \/>\n<meta name=\"twitter:card\" content=\"summary_large_image\" \/>\n<meta name=\"twitter:label1\" content=\"Tiempo de lectura\" \/>\n\t<meta name=\"twitter:data1\" content=\"3 minutos\" \/>\n<script type=\"application\/ld+json\" class=\"yoast-schema-graph\">{\"@context\":\"https:\\\/\\\/schema.org\",\"@graph\":[{\"@type\":\"WebPage\",\"@id\":\"https:\\\/\\\/nuestrosescritores.com\\\/josecarlosturrado\\\/poesia\\\/\",\"url\":\"https:\\\/\\\/nuestrosescritores.com\\\/josecarlosturrado\\\/poesia\\\/\",\"name\":\"Poes\u00eda - Jos\u00e9 Carlos Turrado de la Fuente\",\"isPartOf\":{\"@id\":\"https:\\\/\\\/nuestrosescritores.com\\\/josecarlosturrado\\\/#website\"},\"datePublished\":\"2021-12-18T12:00:02+00:00\",\"dateModified\":\"2021-12-18T18:04:23+00:00\",\"breadcrumb\":{\"@id\":\"https:\\\/\\\/nuestrosescritores.com\\\/josecarlosturrado\\\/poesia\\\/#breadcrumb\"},\"inLanguage\":\"es\",\"potentialAction\":[{\"@type\":\"ReadAction\",\"target\":[\"https:\\\/\\\/nuestrosescritores.com\\\/josecarlosturrado\\\/poesia\\\/\"]}]},{\"@type\":\"BreadcrumbList\",\"@id\":\"https:\\\/\\\/nuestrosescritores.com\\\/josecarlosturrado\\\/poesia\\\/#breadcrumb\",\"itemListElement\":[{\"@type\":\"ListItem\",\"position\":1,\"name\":\"Portada\",\"item\":\"https:\\\/\\\/nuestrosescritores.com\\\/josecarlosturrado\\\/\"},{\"@type\":\"ListItem\",\"position\":2,\"name\":\"Poes\u00eda\"}]},{\"@type\":\"WebSite\",\"@id\":\"https:\\\/\\\/nuestrosescritores.com\\\/josecarlosturrado\\\/#website\",\"url\":\"https:\\\/\\\/nuestrosescritores.com\\\/josecarlosturrado\\\/\",\"name\":\"Nuestros escritores\",\"description\":\"Escritor\",\"potentialAction\":[{\"@type\":\"SearchAction\",\"target\":{\"@type\":\"EntryPoint\",\"urlTemplate\":\"https:\\\/\\\/nuestrosescritores.com\\\/josecarlosturrado\\\/?s={search_term_string}\"},\"query-input\":{\"@type\":\"PropertyValueSpecification\",\"valueRequired\":true,\"valueName\":\"search_term_string\"}}],\"inLanguage\":\"es\"}]}<\/script>\n<!-- \/ Yoast SEO Premium plugin. -->","yoast_head_json":{"title":"Poes\u00eda - Jos\u00e9 Carlos Turrado de la Fuente","robots":{"index":"index","follow":"follow","max-snippet":"max-snippet:-1","max-image-preview":"max-image-preview:large","max-video-preview":"max-video-preview:-1"},"canonical":"https:\/\/nuestrosescritores.com\/josecarlosturrado\/poesia\/","og_locale":"es_ES","og_type":"article","og_title":"Poes\u00eda","og_description":"[vc_row full_width=&#8221;stretch_row_content_no_spaces&#8221; full_height=&#8221;yes&#8221; equal_height=&#8221;yes&#8221;][vc_column extend=&#8221;false&#8221;][\/vc_column][\/vc_row][vc_row][vc_column extend=&#8221;false&#8221;][vc_column_text] 1 &nbsp; Una manzana se posa en la mesa, Discordia la don\u00f3 por escarmiento, a la m\u00e1s bella reconocimiento del \u00e1rbol santo que la alaba y besa; &nbsp; \u00bfqu\u00e9 beso devendr\u00e1, cu\u00e1l embelesa, cu\u00e1l mover\u00e1 mejor el pensamiento?, &nbsp; Mujer, Saber y Amor baten el viento y vence en [&hellip;]","og_url":"https:\/\/nuestrosescritores.com\/josecarlosturrado\/poesia\/","og_site_name":"Jos\u00e9 Carlos Turrado de la Fuente","article_modified_time":"2021-12-18T18:04:23+00:00","twitter_card":"summary_large_image","twitter_misc":{"Tiempo de lectura":"3 minutos"},"schema":{"@context":"https:\/\/schema.org","@graph":[{"@type":"WebPage","@id":"https:\/\/nuestrosescritores.com\/josecarlosturrado\/poesia\/","url":"https:\/\/nuestrosescritores.com\/josecarlosturrado\/poesia\/","name":"Poes\u00eda - Jos\u00e9 Carlos Turrado de la Fuente","isPartOf":{"@id":"https:\/\/nuestrosescritores.com\/josecarlosturrado\/#website"},"datePublished":"2021-12-18T12:00:02+00:00","dateModified":"2021-12-18T18:04:23+00:00","breadcrumb":{"@id":"https:\/\/nuestrosescritores.com\/josecarlosturrado\/poesia\/#breadcrumb"},"inLanguage":"es","potentialAction":[{"@type":"ReadAction","target":["https:\/\/nuestrosescritores.com\/josecarlosturrado\/poesia\/"]}]},{"@type":"BreadcrumbList","@id":"https:\/\/nuestrosescritores.com\/josecarlosturrado\/poesia\/#breadcrumb","itemListElement":[{"@type":"ListItem","position":1,"name":"Portada","item":"https:\/\/nuestrosescritores.com\/josecarlosturrado\/"},{"@type":"ListItem","position":2,"name":"Poes\u00eda"}]},{"@type":"WebSite","@id":"https:\/\/nuestrosescritores.com\/josecarlosturrado\/#website","url":"https:\/\/nuestrosescritores.com\/josecarlosturrado\/","name":"Nuestros escritores","description":"Escritor","potentialAction":[{"@type":"SearchAction","target":{"@type":"EntryPoint","urlTemplate":"https:\/\/nuestrosescritores.com\/josecarlosturrado\/?s={search_term_string}"},"query-input":{"@type":"PropertyValueSpecification","valueRequired":true,"valueName":"search_term_string"}}],"inLanguage":"es"}]}},"_links":{"self":[{"href":"https:\/\/nuestrosescritores.com\/josecarlosturrado\/wp-json\/wp\/v2\/pages\/93","targetHints":{"allow":["GET"]}}],"collection":[{"href":"https:\/\/nuestrosescritores.com\/josecarlosturrado\/wp-json\/wp\/v2\/pages"}],"about":[{"href":"https:\/\/nuestrosescritores.com\/josecarlosturrado\/wp-json\/wp\/v2\/types\/page"}],"author":[{"embeddable":true,"href":"https:\/\/nuestrosescritores.com\/josecarlosturrado\/wp-json\/wp\/v2\/users\/1"}],"replies":[{"embeddable":true,"href":"https:\/\/nuestrosescritores.com\/josecarlosturrado\/wp-json\/wp\/v2\/comments?post=93"}],"version-history":[{"count":0,"href":"https:\/\/nuestrosescritores.com\/josecarlosturrado\/wp-json\/wp\/v2\/pages\/93\/revisions"}],"wp:attachment":[{"href":"https:\/\/nuestrosescritores.com\/josecarlosturrado\/wp-json\/wp\/v2\/media?parent=93"}],"curies":[{"name":"wp","href":"https:\/\/api.w.org\/{rel}","templated":true}]}}