{"id":299,"date":"2024-10-12T08:01:41","date_gmt":"2024-10-12T08:01:41","guid":{"rendered":"https:\/\/nuestrosescritores.com\/josecarlosturrado\/?page_id=299"},"modified":"2025-12-09T09:14:40","modified_gmt":"2025-12-09T09:14:40","slug":"libros","status":"publish","type":"page","link":"https:\/\/nuestrosescritores.com\/josecarlosturrado\/libros\/","title":{"rendered":"LIBROS"},"content":{"rendered":"<div class=\"wpb-content-wrapper\">[vc_row][vc_column][vc_column_text css=&#8221;&#8221;]<a href=\"https:\/\/nuestrosescritores.com\/josecarlosturrado\/raza-poetica\/\"><img fetchpriority=\"high\" decoding=\"async\" class=\"alignnone size-full wp-image-65\" src=\"https:\/\/nuestrosescritores.com\/josecarlosturrado\/wp-content\/uploads\/sites\/115\/2021\/12\/0_Portada_RazaPoetica.jpg\" alt=\"\" width=\"559\" height=\"794\" srcset=\"https:\/\/nuestrosescritores.com\/josecarlosturrado\/wp-content\/uploads\/sites\/115\/2021\/12\/0_Portada_RazaPoetica.jpg 559w, https:\/\/nuestrosescritores.com\/josecarlosturrado\/wp-content\/uploads\/sites\/115\/2021\/12\/0_Portada_RazaPoetica-500x710.jpg 500w\" sizes=\"(max-width: 559px) 100vw, 559px\" \/><\/a><a href=\"https:\/\/nuestrosescritores.com\/josecarlosturrado\/egloga-del-orbigo-y-otros-poemas\/\"><img decoding=\"async\" class=\"alignnone size-full wp-image-121\" src=\"https:\/\/nuestrosescritores.com\/josecarlosturrado\/wp-content\/uploads\/sites\/115\/2022\/10\/0_Portada_Eglogadelorbigo.jpg\" alt=\"\" width=\"559\" height=\"794\" srcset=\"https:\/\/nuestrosescritores.com\/josecarlosturrado\/wp-content\/uploads\/sites\/115\/2022\/10\/0_Portada_Eglogadelorbigo.jpg 559w, https:\/\/nuestrosescritores.com\/josecarlosturrado\/wp-content\/uploads\/sites\/115\/2022\/10\/0_Portada_Eglogadelorbigo-500x710.jpg 500w\" sizes=\"(max-width: 559px) 100vw, 559px\" \/><\/a><a href=\"https:\/\/nuestrosescritores.com\/josecarlosturrado\/exequias-castellanas\/\"><img decoding=\"async\" class=\"alignnone size-full wp-image-149\" src=\"https:\/\/nuestrosescritores.com\/josecarlosturrado\/wp-content\/uploads\/sites\/115\/2023\/06\/0_Portada_Exequiascastellanas.jpg\" alt=\"\" width=\"559\" height=\"794\" srcset=\"https:\/\/nuestrosescritores.com\/josecarlosturrado\/wp-content\/uploads\/sites\/115\/2023\/06\/0_Portada_Exequiascastellanas.jpg 559w, https:\/\/nuestrosescritores.com\/josecarlosturrado\/wp-content\/uploads\/sites\/115\/2023\/06\/0_Portada_Exequiascastellanas-500x710.jpg 500w\" sizes=\"(max-width: 559px) 100vw, 559px\" \/><\/a><a href=\"https:\/\/nuestrosescritores.com\/josecarlosturrado\/el-romance-y-la-flor\/\"><img loading=\"lazy\" decoding=\"async\" class=\"alignnone size-full wp-image-191\" src=\"https:\/\/nuestrosescritores.com\/josecarlosturrado\/wp-content\/uploads\/sites\/115\/2024\/03\/0_Portada_Elromanceylaflor.jpg\" alt=\"\" width=\"559\" height=\"794\" srcset=\"https:\/\/nuestrosescritores.com\/josecarlosturrado\/wp-content\/uploads\/sites\/115\/2024\/03\/0_Portada_Elromanceylaflor.jpg 559w, https:\/\/nuestrosescritores.com\/josecarlosturrado\/wp-content\/uploads\/sites\/115\/2024\/03\/0_Portada_Elromanceylaflor-500x710.jpg 500w\" sizes=\"(max-width: 559px) 100vw, 559px\" \/><\/a><a href=\"https:\/\/nuestrosescritores.com\/josecarlosturrado\/la-mandolina\/\"><img loading=\"lazy\" decoding=\"async\" class=\"alignnone size-full wp-image-247\" src=\"https:\/\/nuestrosescritores.com\/josecarlosturrado\/wp-content\/uploads\/sites\/115\/2024\/07\/0_Portada_Mandolina.jpg\" alt=\"\" width=\"559\" height=\"794\" srcset=\"https:\/\/nuestrosescritores.com\/josecarlosturrado\/wp-content\/uploads\/sites\/115\/2024\/07\/0_Portada_Mandolina.jpg 559w, https:\/\/nuestrosescritores.com\/josecarlosturrado\/wp-content\/uploads\/sites\/115\/2024\/07\/0_Portada_Mandolina-500x710.jpg 500w\" sizes=\"(max-width: 559px) 100vw, 559px\" \/><\/a><a href=\"https:\/\/nuestrosescritores.com\/josecarlosturrado\/elegias\/\"><img loading=\"lazy\" decoding=\"async\" class=\"alignnone size-full wp-image-287\" src=\"https:\/\/nuestrosescritores.com\/josecarlosturrado\/wp-content\/uploads\/sites\/115\/2024\/10\/0_Portada_Caprichoespanol.jpg\" alt=\"\" width=\"559\" height=\"794\" srcset=\"https:\/\/nuestrosescritores.com\/josecarlosturrado\/wp-content\/uploads\/sites\/115\/2024\/10\/0_Portada_Caprichoespanol.jpg 559w, https:\/\/nuestrosescritores.com\/josecarlosturrado\/wp-content\/uploads\/sites\/115\/2024\/10\/0_Portada_Caprichoespanol-500x710.jpg 500w\" sizes=\"(max-width: 559px) 100vw, 559px\" \/><img loading=\"lazy\" decoding=\"async\" class=\"size-full wp-image-370 alignleft\" src=\"https:\/\/nuestrosescritores.com\/josecarlosturrado\/wp-content\/uploads\/sites\/115\/2025\/06\/0_Portada_Elegias.jpg\" alt=\"\" width=\"559\" height=\"794\" srcset=\"https:\/\/nuestrosescritores.com\/josecarlosturrado\/wp-content\/uploads\/sites\/115\/2025\/06\/0_Portada_Elegias.jpg 559w, https:\/\/nuestrosescritores.com\/josecarlosturrado\/wp-content\/uploads\/sites\/115\/2025\/06\/0_Portada_Elegias-500x710.jpg 500w\" sizes=\"(max-width: 559px) 100vw, 559px\" \/><\/a><\/p>\n<p><a href=\"https:\/\/nuestrosescritores.com\/josecarlosturrado\/libros\/juguetes-liricos\/\"><img loading=\"lazy\" decoding=\"async\" class=\"size-full wp-image-470 alignleft\" src=\"https:\/\/nuestrosescritores.com\/josecarlosturrado\/wp-content\/uploads\/sites\/115\/2025\/12\/0_Portada_Juguetes-Liricos-1.jpg\" alt=\"\" width=\"559\" height=\"794\" srcset=\"https:\/\/nuestrosescritores.com\/josecarlosturrado\/wp-content\/uploads\/sites\/115\/2025\/12\/0_Portada_Juguetes-Liricos-1.jpg 559w, https:\/\/nuestrosescritores.com\/josecarlosturrado\/wp-content\/uploads\/sites\/115\/2025\/12\/0_Portada_Juguetes-Liricos-1-500x710.jpg 500w\" sizes=\"(max-width: 559px) 100vw, 559px\" \/><\/a>[\/vc_column_text][\/vc_column][\/vc_row][vc_row][vc_column][vc_column_text css=&#8221;&#8221;]\n<h1 id=\"bibliografa-completa-de-jos-carlos-turrado-de-la-f\" class=\"font-display first:mt-xs mb-3 mt-8 text-lg font-[500] leading-[1.5em] lg:text-xl dark:font-[475]\">Bibliograf\u00eda Completa de Jos\u00e9 Carlos Turrado de la Fuente<\/h1>\n<p class=\"my-0\">Jos\u00e9 Carlos Turrado de la Fuente (Valladolid, 1980) es profesor de Lengua y Literatura, autor de m\u00e1s de 30 obras en diversos g\u00e9neros.<\/p>\n<hr class=\"bg-offsetPlus dark:bg-offsetPlusDark h-px border-0\" \/>\n<h2 id=\"\" class=\"mb-2 mt-6 text-lg font-[500] first:mt-0 dark:font-[475] [hr+&amp;]:mt-4\"><strong>Poes\u00eda<\/strong><\/h2>\n<ol class=\"marker:text-textOff list-decimal\">\n<li>\n<p class=\"my-0\"><strong>\u00c9gloga del \u00d3rbigo y otros poemas<\/strong><\/p>\n<ul class=\"marker:text-textOff list-disc\">\n<li>\n<p class=\"my-0\">Editorial: Poes\u00eda eres t\u00fa (2022)<\/p>\n<\/li>\n<li>\n<p class=\"my-0\">ISBN: 978-84-18893-37-7<\/p>\n<\/li>\n<li>\n<p class=\"my-0\">Reconocimiento: Seleccionado por la Asociaci\u00f3n de Editores de Poes\u00eda (2022).<\/p>\n<\/li>\n<\/ul>\n<\/li>\n<li>\n<p class=\"my-0\"><strong>Exequias castellanas<\/strong><\/p>\n<ul class=\"marker:text-textOff list-disc\">\n<li>\n<p class=\"my-0\">Editorial: Poes\u00eda eres t\u00fa (2023)<\/p>\n<\/li>\n<li>\n<p class=\"my-0\">ISBN: 978-84-18893-57-5<\/p>\n<\/li>\n<li>\n<p class=\"my-0\">Premio: Mejor libro en lengua espa\u00f1ola (AEP, 2023).<\/p>\n<\/li>\n<\/ul>\n<\/li>\n<li>\n<p class=\"my-0\"><strong>La mandolina<\/strong><\/p>\n<ul class=\"marker:text-textOff list-disc\">\n<li>\n<p class=\"my-0\">Editorial: Ediciones Rilke (2024)<\/p>\n<\/li>\n<li>\n<p class=\"my-0\">ISBN: 978-84-18566-44-8<\/p>\n<\/li>\n<li>\n<p class=\"my-0\">Reconocimiento: Seleccionado por la AEP (2024).<\/p>\n<\/li>\n<\/ul>\n<\/li>\n<li>\n<p class=\"my-0\"><strong>Danzas<\/strong><\/p>\n<ul class=\"marker:text-textOff list-disc\">\n<li>\n<p class=\"my-0\">Editorial: \u00c1peiron Ediciones (2024)<\/p>\n<\/li>\n<li>\n<p class=\"my-0\">ISBN: 978-84-128568-7-3<\/p>\n<\/li>\n<li>\n<p class=\"my-0\">Premio: IX Premio Internacional de Poes\u00eda \u00c1lvaro de Tarfe (2024).<\/p>\n<\/li>\n<\/ul>\n<\/li>\n<li>\n<p class=\"my-0\"><strong>Capricho espa\u00f1ol<\/strong><\/p>\n<ul class=\"marker:text-textOff list-disc\">\n<li>\n<p class=\"my-0\">Editorial: Ediciones Rilke (2024)<\/p>\n<\/li>\n<li>\n<p class=\"my-0\">ISBN: 978-84-18566-46-2<\/p>\n<\/li>\n<\/ul>\n<\/li>\n<li>\n<p class=\"my-0\"><strong>Raza po\u00e9tica<\/strong><\/p>\n<ul class=\"marker:text-textOff list-disc\">\n<li>\n<p class=\"my-0\">Editorial: Poes\u00eda eres t\u00fa (2021)<\/p>\n<\/li>\n<li>\n<p class=\"my-0\">ISBN: 978-84-18893-15-5<\/p>\n<\/li>\n<\/ul>\n<\/li>\n<li>\n<p class=\"my-0\"><strong>Canciones<\/strong><\/p>\n<ul class=\"marker:text-textOff list-disc\">\n<li>\n<p class=\"my-0\">Editorial: Poes\u00eda eres t\u00fa<\/p>\n<\/li>\n<li>\n<p class=\"my-0\">ISBN: 978-84-15907-60-2<\/p>\n<\/li>\n<\/ul>\n<\/li>\n<li>\n<p class=\"my-0\"><strong>Infraliteratura y pecado<\/strong><\/p>\n<ul class=\"marker:text-textOff list-disc\">\n<li>\n<p class=\"my-0\">Editorial: Editorial Adarve (2022)<\/p>\n<\/li>\n<li>\n<p class=\"my-0\">ISBN: 978-84-19439-42-0<\/p>\n<\/li>\n<\/ul>\n<\/li>\n<\/ol>\n<hr class=\"bg-offsetPlus dark:bg-offsetPlusDark h-px border-0\" \/>\n<h2 id=\"\" class=\"mb-2 mt-6 text-lg font-[500] first:mt-0 dark:font-[475] [hr+&amp;]:mt-4\"><strong>Novela<\/strong><\/h2>\n<ol class=\"marker:text-textOff list-decimal\">\n<li>\n<p class=\"my-0\"><strong>El caballero Gladiando<\/strong><\/p>\n<ul class=\"marker:text-textOff list-disc\">\n<li>\n<p class=\"my-0\">Editorial: Ediciones Atlantis (2019)<\/p>\n<\/li>\n<li>\n<p class=\"my-0\">ISBN: 978-84-9074-946-3<\/p>\n<\/li>\n<\/ul>\n<\/li>\n<li>\n<p class=\"my-0\"><strong>Apolog\u00eda del martirio<\/strong><\/p>\n<ul class=\"marker:text-textOff list-disc\">\n<li>\n<p class=\"my-0\">Editorial: Ediciones Atlantis (2021)<\/p>\n<\/li>\n<li>\n<p class=\"my-0\">ISBN (ebook): 978-989-37-2118-6<\/p>\n<\/li>\n<\/ul>\n<\/li>\n<li>\n<p class=\"my-0\"><strong>La Atl\u00e1ntida<\/strong><\/p>\n<ul class=\"marker:text-textOff list-disc\">\n<li>\n<p class=\"my-0\">Editorial: Ediciones Atlantis (2019)<\/p>\n<\/li>\n<li>\n<p class=\"my-0\">Sinopsis: Novela sat\u00edrica sobre la vida de un profesor de provincias.<\/p>\n<\/li>\n<\/ul>\n<\/li>\n<li>\n<p class=\"my-0\"><strong>Libro franc\u00e9s de las iron\u00edas rotas y volterianas<\/strong><\/p>\n<ul class=\"marker:text-textOff list-disc\">\n<li>\n<p class=\"my-0\">Editorial: Ediciones Atlantis<\/p>\n<\/li>\n<\/ul>\n<\/li>\n<li>\n<p class=\"my-0\"><strong>El descuartizador del peine<\/strong><\/p>\n<ul class=\"marker:text-textOff list-disc\">\n<li>\n<p class=\"my-0\">Editorial: \u00cdBERA EDICIONES (2014)<\/p>\n<\/li>\n<li>\n<p class=\"my-0\">G\u00e9nero: Novela policiaca ambientada en Valladolid.<\/p>\n<\/li>\n<\/ul>\n<\/li>\n<li>\n<p class=\"my-0\"><strong>Fontioso \/ Orfeo<\/strong><\/p>\n<ul class=\"marker:text-textOff list-disc\">\n<li>\n<p class=\"my-0\">Editorial: \u00c1peiron Ediciones<\/p>\n<\/li>\n<li>\n<p class=\"my-0\">ISBN: 978-84-129976-5-1<\/p>\n<\/li>\n<\/ul>\n<\/li>\n<li>\n<p class=\"my-0\"><strong>Kerenski y otros grandes \u00e9xitos<\/strong><\/p>\n<ul class=\"marker:text-textOff list-disc\">\n<li>\n<p class=\"my-0\">Editorial: Ediciones Atlantis (en proceso de publicaci\u00f3n).<\/p>\n<\/li>\n<\/ul>\n<\/li>\n<\/ol>\n<hr class=\"bg-offsetPlus dark:bg-offsetPlusDark h-px border-0\" \/>\n<h2 id=\"\" class=\"mb-2 mt-6 text-lg font-[500] first:mt-0 dark:font-[475] [hr+&amp;]:mt-4\"><strong>Cuentos<\/strong><\/h2>\n<ol class=\"marker:text-textOff list-decimal\">\n<li>\n<p class=\"my-0\"><strong>Cuarenta y ocho cuentos, un pantano y un altar<\/strong><\/p>\n<ul class=\"marker:text-textOff list-disc\">\n<li>\n<p class=\"my-0\">Editorial: Editorial Adarve (2022)<\/p>\n<\/li>\n<li>\n<p class=\"my-0\">ISBN: 978-84-19340-68-9<\/p>\n<\/li>\n<li>\n<p class=\"my-0\">Tema: Relatos sobre la Espa\u00f1a rural y la despoblaci\u00f3n.<\/p>\n<\/li>\n<\/ul>\n<\/li>\n<li>\n<p class=\"my-0\"><strong>Las veladas del Campo Grande<\/strong><\/p>\n<ul class=\"marker:text-textOff list-disc\">\n<li>\n<p class=\"my-0\">Editorial: \u00c1peiron Ediciones<\/p>\n<\/li>\n<li>\n<p class=\"my-0\">ISBN: 978-84-126448-2-1<\/p>\n<\/li>\n<\/ul>\n<\/li>\n<\/ol>\n<hr class=\"bg-offsetPlus dark:bg-offsetPlusDark h-px border-0\" \/>\n<h2 id=\"\" class=\"mb-2 mt-6 text-lg font-[500] first:mt-0 dark:font-[475] [hr+&amp;]:mt-4\"><strong>Teatro<\/strong><\/h2>\n<ol class=\"marker:text-textOff list-decimal\">\n<li>\n<p class=\"my-0\"><strong>Tamar y Absal\u00f3n<\/strong><\/p>\n<ul class=\"marker:text-textOff list-disc\">\n<li>\n<p class=\"my-0\">Editorial: \u00c1peiron Ediciones (2023)<\/p>\n<\/li>\n<li>\n<p class=\"my-0\">ISBN: 978-84-1269921-0<\/p>\n<\/li>\n<li>\n<p class=\"my-0\">G\u00e9nero: Tragedia en verso.<\/p>\n<\/li>\n<\/ul>\n<\/li>\n<li>\n<p class=\"my-0\"><strong>Ciruelando y Leperita<\/strong><\/p>\n<ul class=\"marker:text-textOff list-disc\">\n<li>\n<p class=\"my-0\">Editorial: \u00cdBERA EDICIONES<\/p>\n<\/li>\n<li>\n<p class=\"my-0\">G\u00e9nero: Comedia.<\/p>\n<\/li>\n<\/ul>\n<\/li>\n<\/ol>\n<hr class=\"bg-offsetPlus dark:bg-offsetPlusDark h-px border-0\" \/>\n<h2 id=\"\" class=\"mb-2 mt-6 text-lg font-[500] first:mt-0 dark:font-[475] [hr+&amp;]:mt-4\"><strong>Ensayo y Otros G\u00e9neros<\/strong><\/h2>\n<ol class=\"marker:text-textOff list-decimal\">\n<li>\n<p class=\"my-0\"><strong>Manual castellano<\/strong><\/p>\n<ul class=\"marker:text-textOff list-disc\">\n<li>\n<p class=\"my-0\">Editorial: Ediciones Atlantis<\/p>\n<\/li>\n<li>\n<p class=\"my-0\">Contenido: Reflexiones sobre la identidad cultural castellana.<\/p>\n<\/li>\n<\/ul>\n<\/li>\n<li>\n<p class=\"my-0\"><strong>El libro de las penitencias<\/strong><\/p>\n<ul class=\"marker:text-textOff list-disc\">\n<li>\n<p class=\"my-0\">Editorial: Ediciones Atlantis<\/p>\n<\/li>\n<li>\n<p class=\"my-0\">ISBN: 978-84-10253-88-9<\/p>\n<\/li>\n<\/ul>\n<\/li>\n<li>\n<p class=\"my-0\"><strong>Caballito de Co\u00edn<\/strong><\/p>\n<ul class=\"marker:text-textOff list-disc\">\n<li>\n<p class=\"my-0\">Editorial: \u00c1peiron Ediciones<\/p>\n<\/li>\n<li>\n<p class=\"my-0\">ISBN: 978-84-128198-5-4<\/p>\n<\/li>\n<\/ul>\n<\/li>\n<\/ol>\n<hr class=\"bg-offsetPlus dark:bg-offsetPlusDark h-px border-0\" \/>\n<h2 id=\"\" class=\"mb-2 mt-6 text-lg font-[500] first:mt-0 dark:font-[475] [hr+&amp;]:mt-4\"><strong>Reconocimientos Destacados<\/strong><\/h2>\n<ul class=\"marker:text-textOff list-disc\">\n<li>\n<p class=\"my-0\">Tres poemarios seleccionados por la\u00a0<strong>Asociaci\u00f3n de Editores de Poes\u00eda<\/strong>\u00a0(2022, 2023, 2024).<\/p>\n<\/li>\n<li>\n<p class=\"my-0\"><strong>Premio Internacional de Poes\u00eda \u00c1lvaro de Tarfe<\/strong>\u00a0(2024) por\u00a0<em>Danzas<\/em>.<\/p>\n<\/li>\n<li>\n<p class=\"my-0\">Menci\u00f3n en antolog\u00edas y estudios sobre literatura contempor\u00e1nea espa\u00f1ola.<\/p>\n<\/li>\n<\/ul>\n<hr class=\"bg-offsetPlus dark:bg-offsetPlusDark h-px border-0\" \/>\n<p class=\"my-0\"><strong>Nota:<\/strong>\u00a0Esta bibliograf\u00eda se basa en fuentes editoriales y plataformas especializadas. Dada la prolificidad del autor, es posible que existan obras adicionales no documentadas en los registros p\u00fablicos actuales. Para consultas espec\u00edficas, se recomienda contactar con las editoriales mencionadas.<\/p>\n[\/vc_column_text][\/vc_column][\/vc_row]\n<\/div>","protected":false},"excerpt":{"rendered":"<p>[vc_row][vc_column][vc_column_text css=&#8221;&#8221;] [\/vc_column_text][\/vc_column][\/vc_row][vc_row][vc_column][vc_column_text css=&#8221;&#8221;] Bibliograf\u00eda Completa de Jos\u00e9 Carlos Turrado de la Fuente Jos\u00e9 Carlos Turrado de la Fuente (Valladolid, 1980) es profesor de Lengua y Literatura, autor de m\u00e1s de 30 obras en diversos g\u00e9neros. Poes\u00eda \u00c9gloga del \u00d3rbigo y otros poemas Editorial: Poes\u00eda eres t\u00fa (2022) ISBN: 978-84-18893-37-7 Reconocimiento: Seleccionado por la Asociaci\u00f3n [&hellip;]<\/p>\n","protected":false},"author":1,"featured_media":0,"parent":0,"menu_order":0,"comment_status":"closed","ping_status":"closed","template":"","meta":{"_acf_changed":false,"footnotes":""},"class_list":["post-299","page","type-page","status-publish","hentry"],"acf":[],"yoast_head":"<!-- This site is optimized with the Yoast SEO Premium plugin v24.7 (Yoast SEO v27.4) - https:\/\/yoast.com\/product\/yoast-seo-premium-wordpress\/ -->\n<title>LIBROS - Jos\u00e9 Carlos Turrado de la Fuente<\/title>\n<meta name=\"description\" content=\"Libros de poes\u00eda de JOS\u00c9 CARLOS TURRADO DE LA FUENTE\" \/>\n<meta name=\"robots\" content=\"index, follow, max-snippet:-1, max-image-preview:large, max-video-preview:-1\" \/>\n<link rel=\"canonical\" href=\"https:\/\/nuestrosescritores.com\/josecarlosturrado\/libros\/\" \/>\n<meta property=\"og:locale\" content=\"es_ES\" \/>\n<meta property=\"og:type\" content=\"article\" \/>\n<meta property=\"og:title\" content=\"LIBROS\" \/>\n<meta property=\"og:description\" content=\"Libros de poes\u00eda de JOS\u00c9 CARLOS TURRADO DE LA FUENTE\" \/>\n<meta property=\"og:url\" content=\"https:\/\/nuestrosescritores.com\/josecarlosturrado\/libros\/\" \/>\n<meta property=\"og:site_name\" content=\"Jos\u00e9 Carlos Turrado de la Fuente\" \/>\n<meta property=\"article:modified_time\" content=\"2025-12-09T09:14:40+00:00\" \/>\n<meta property=\"og:image\" content=\"https:\/\/nuestrosescritores.com\/josecarlosturrado\/wp-content\/uploads\/sites\/115\/2021\/12\/0_Portada_RazaPoetica.jpg\" \/>\n\t<meta property=\"og:image:width\" content=\"559\" \/>\n\t<meta property=\"og:image:height\" content=\"794\" \/>\n\t<meta property=\"og:image:type\" content=\"image\/jpeg\" \/>\n<meta name=\"twitter:card\" content=\"summary_large_image\" \/>\n<meta name=\"twitter:label1\" content=\"Tiempo de lectura\" \/>\n\t<meta name=\"twitter:data1\" content=\"4 minutos\" \/>\n<script type=\"application\/ld+json\" class=\"yoast-schema-graph\">{\"@context\":\"https:\\\/\\\/schema.org\",\"@graph\":[{\"@type\":\"WebPage\",\"@id\":\"https:\\\/\\\/nuestrosescritores.com\\\/josecarlosturrado\\\/libros\\\/\",\"url\":\"https:\\\/\\\/nuestrosescritores.com\\\/josecarlosturrado\\\/libros\\\/\",\"name\":\"LIBROS - Jos\u00e9 Carlos Turrado de la Fuente\",\"isPartOf\":{\"@id\":\"https:\\\/\\\/nuestrosescritores.com\\\/josecarlosturrado\\\/#website\"},\"primaryImageOfPage\":{\"@id\":\"https:\\\/\\\/nuestrosescritores.com\\\/josecarlosturrado\\\/libros\\\/#primaryimage\"},\"image\":{\"@id\":\"https:\\\/\\\/nuestrosescritores.com\\\/josecarlosturrado\\\/libros\\\/#primaryimage\"},\"thumbnailUrl\":\"https:\\\/\\\/nuestrosescritores.com\\\/josecarlosturrado\\\/wp-content\\\/uploads\\\/sites\\\/115\\\/2021\\\/12\\\/0_Portada_RazaPoetica.jpg\",\"datePublished\":\"2024-10-12T08:01:41+00:00\",\"dateModified\":\"2025-12-09T09:14:40+00:00\",\"description\":\"Libros de poes\u00eda de JOS\u00c9 CARLOS TURRADO DE LA FUENTE\",\"breadcrumb\":{\"@id\":\"https:\\\/\\\/nuestrosescritores.com\\\/josecarlosturrado\\\/libros\\\/#breadcrumb\"},\"inLanguage\":\"es\",\"potentialAction\":[{\"@type\":\"ReadAction\",\"target\":[\"https:\\\/\\\/nuestrosescritores.com\\\/josecarlosturrado\\\/libros\\\/\"]}]},{\"@type\":\"ImageObject\",\"inLanguage\":\"es\",\"@id\":\"https:\\\/\\\/nuestrosescritores.com\\\/josecarlosturrado\\\/libros\\\/#primaryimage\",\"url\":\"https:\\\/\\\/nuestrosescritores.com\\\/josecarlosturrado\\\/wp-content\\\/uploads\\\/sites\\\/115\\\/2021\\\/12\\\/0_Portada_RazaPoetica.jpg\",\"contentUrl\":\"https:\\\/\\\/nuestrosescritores.com\\\/josecarlosturrado\\\/wp-content\\\/uploads\\\/sites\\\/115\\\/2021\\\/12\\\/0_Portada_RazaPoetica.jpg\",\"width\":559,\"height\":794},{\"@type\":\"BreadcrumbList\",\"@id\":\"https:\\\/\\\/nuestrosescritores.com\\\/josecarlosturrado\\\/libros\\\/#breadcrumb\",\"itemListElement\":[{\"@type\":\"ListItem\",\"position\":1,\"name\":\"Portada\",\"item\":\"https:\\\/\\\/nuestrosescritores.com\\\/josecarlosturrado\\\/\"},{\"@type\":\"ListItem\",\"position\":2,\"name\":\"LIBROS\"}]},{\"@type\":\"WebSite\",\"@id\":\"https:\\\/\\\/nuestrosescritores.com\\\/josecarlosturrado\\\/#website\",\"url\":\"https:\\\/\\\/nuestrosescritores.com\\\/josecarlosturrado\\\/\",\"name\":\"Nuestros escritores\",\"description\":\"Escritor\",\"potentialAction\":[{\"@type\":\"SearchAction\",\"target\":{\"@type\":\"EntryPoint\",\"urlTemplate\":\"https:\\\/\\\/nuestrosescritores.com\\\/josecarlosturrado\\\/?s={search_term_string}\"},\"query-input\":{\"@type\":\"PropertyValueSpecification\",\"valueRequired\":true,\"valueName\":\"search_term_string\"}}],\"inLanguage\":\"es\"}]}<\/script>\n<!-- \/ Yoast SEO Premium plugin. -->","yoast_head_json":{"title":"LIBROS - Jos\u00e9 Carlos Turrado de la Fuente","description":"Libros de poes\u00eda de JOS\u00c9 CARLOS TURRADO DE LA FUENTE","robots":{"index":"index","follow":"follow","max-snippet":"max-snippet:-1","max-image-preview":"max-image-preview:large","max-video-preview":"max-video-preview:-1"},"canonical":"https:\/\/nuestrosescritores.com\/josecarlosturrado\/libros\/","og_locale":"es_ES","og_type":"article","og_title":"LIBROS","og_description":"Libros de poes\u00eda de JOS\u00c9 CARLOS TURRADO DE LA FUENTE","og_url":"https:\/\/nuestrosescritores.com\/josecarlosturrado\/libros\/","og_site_name":"Jos\u00e9 Carlos Turrado de la Fuente","article_modified_time":"2025-12-09T09:14:40+00:00","og_image":[{"width":559,"height":794,"url":"https:\/\/nuestrosescritores.com\/josecarlosturrado\/wp-content\/uploads\/sites\/115\/2021\/12\/0_Portada_RazaPoetica.jpg","type":"image\/jpeg"}],"twitter_card":"summary_large_image","twitter_misc":{"Tiempo de lectura":"4 minutos"},"schema":{"@context":"https:\/\/schema.org","@graph":[{"@type":"WebPage","@id":"https:\/\/nuestrosescritores.com\/josecarlosturrado\/libros\/","url":"https:\/\/nuestrosescritores.com\/josecarlosturrado\/libros\/","name":"LIBROS - Jos\u00e9 Carlos Turrado de la Fuente","isPartOf":{"@id":"https:\/\/nuestrosescritores.com\/josecarlosturrado\/#website"},"primaryImageOfPage":{"@id":"https:\/\/nuestrosescritores.com\/josecarlosturrado\/libros\/#primaryimage"},"image":{"@id":"https:\/\/nuestrosescritores.com\/josecarlosturrado\/libros\/#primaryimage"},"thumbnailUrl":"https:\/\/nuestrosescritores.com\/josecarlosturrado\/wp-content\/uploads\/sites\/115\/2021\/12\/0_Portada_RazaPoetica.jpg","datePublished":"2024-10-12T08:01:41+00:00","dateModified":"2025-12-09T09:14:40+00:00","description":"Libros de poes\u00eda de JOS\u00c9 CARLOS TURRADO DE LA FUENTE","breadcrumb":{"@id":"https:\/\/nuestrosescritores.com\/josecarlosturrado\/libros\/#breadcrumb"},"inLanguage":"es","potentialAction":[{"@type":"ReadAction","target":["https:\/\/nuestrosescritores.com\/josecarlosturrado\/libros\/"]}]},{"@type":"ImageObject","inLanguage":"es","@id":"https:\/\/nuestrosescritores.com\/josecarlosturrado\/libros\/#primaryimage","url":"https:\/\/nuestrosescritores.com\/josecarlosturrado\/wp-content\/uploads\/sites\/115\/2021\/12\/0_Portada_RazaPoetica.jpg","contentUrl":"https:\/\/nuestrosescritores.com\/josecarlosturrado\/wp-content\/uploads\/sites\/115\/2021\/12\/0_Portada_RazaPoetica.jpg","width":559,"height":794},{"@type":"BreadcrumbList","@id":"https:\/\/nuestrosescritores.com\/josecarlosturrado\/libros\/#breadcrumb","itemListElement":[{"@type":"ListItem","position":1,"name":"Portada","item":"https:\/\/nuestrosescritores.com\/josecarlosturrado\/"},{"@type":"ListItem","position":2,"name":"LIBROS"}]},{"@type":"WebSite","@id":"https:\/\/nuestrosescritores.com\/josecarlosturrado\/#website","url":"https:\/\/nuestrosescritores.com\/josecarlosturrado\/","name":"Nuestros escritores","description":"Escritor","potentialAction":[{"@type":"SearchAction","target":{"@type":"EntryPoint","urlTemplate":"https:\/\/nuestrosescritores.com\/josecarlosturrado\/?s={search_term_string}"},"query-input":{"@type":"PropertyValueSpecification","valueRequired":true,"valueName":"search_term_string"}}],"inLanguage":"es"}]}},"_links":{"self":[{"href":"https:\/\/nuestrosescritores.com\/josecarlosturrado\/wp-json\/wp\/v2\/pages\/299","targetHints":{"allow":["GET"]}}],"collection":[{"href":"https:\/\/nuestrosescritores.com\/josecarlosturrado\/wp-json\/wp\/v2\/pages"}],"about":[{"href":"https:\/\/nuestrosescritores.com\/josecarlosturrado\/wp-json\/wp\/v2\/types\/page"}],"author":[{"embeddable":true,"href":"https:\/\/nuestrosescritores.com\/josecarlosturrado\/wp-json\/wp\/v2\/users\/1"}],"replies":[{"embeddable":true,"href":"https:\/\/nuestrosescritores.com\/josecarlosturrado\/wp-json\/wp\/v2\/comments?post=299"}],"version-history":[{"count":0,"href":"https:\/\/nuestrosescritores.com\/josecarlosturrado\/wp-json\/wp\/v2\/pages\/299\/revisions"}],"wp:attachment":[{"href":"https:\/\/nuestrosescritores.com\/josecarlosturrado\/wp-json\/wp\/v2\/media?parent=299"}],"curies":[{"name":"wp","href":"https:\/\/api.w.org\/{rel}","templated":true}]}}