{"id":156,"date":"2025-09-07T18:45:39","date_gmt":"2025-09-07T16:45:39","guid":{"rendered":"https:\/\/nuestrosescritores.com\/josecarlosbalaguedomenech\/?page_id=156"},"modified":"2025-09-07T18:45:39","modified_gmt":"2025-09-07T16:45:39","slug":"poesias","status":"publish","type":"page","link":"https:\/\/nuestrosescritores.com\/josecarlosbalaguedomenech\/poesias\/","title":{"rendered":"POESIAS"},"content":{"rendered":"<div class=\"wpb-content-wrapper\">[vc_row full_width=&#8221;stretch_row_content_no_spaces&#8221;][vc_column extend=&#8221;false&#8221;]<div class='gambit_parallax_row' data-bg-align='' data-direction='fixed' data-opacity='100' data-velocity='-0.3' data-mobile-enabled='' data-bg-height='1456' data-bg-width='1088' data-bg-image='https:\/\/nuestrosescritores.com\/josecarlosbalaguedomenech\/wp-content\/uploads\/sites\/213\/2025\/09\/freepik__crea-una-imagen-de-representando-a-una-bella-crist__50827.webp' data-bg-repeat='false' data-id='' style='display: none'><\/div><div class=\"gambit_fullheight_row\" data-content-location=\"center\" style=\"display: none\"><\/div>[\/vc_column][\/vc_row][vc_row][vc_column extend=&#8221;false&#8221;][vc_column_text css=&#8221;&#8221;]\n<h2><strong>Prefacio. El rapto<\/strong><\/h2>\n<p>&nbsp;<\/p>\n<p>Oto\u00f1o<\/p>\n<p>&nbsp;<\/p>\n<p>En brazos del berebere<\/p>\n<p>que en yegua blanca cabalga<\/p>\n<p>asustada y temerosa<\/p>\n<p>llorando va la cristiana<\/p>\n<p>que con veinte bereberes<\/p>\n<p>con otras cuatro raptara<\/p>\n<p>de sus casas de Toledo<\/p>\n<p>en las tierras castellanas.<\/p>\n<p>Al pasar por la ribera<\/p>\n<p>de Puente Genil, al alba,<\/p>\n<p>la melena suelta al viento<\/p>\n<p>de aquella bella cristiana,<\/p>\n<p>negra como el azabache,<\/p>\n<p>limpia cual chorro de agua,<\/p>\n<p>enred\u00f3sele al gomel<\/p>\n<p>en los pelos de la barba,<\/p>\n<p>introd\u00fajose en sus labios,<\/p>\n<p>peg\u00f3sele en la su cara,<\/p>\n<p>priv\u00e1ndole de visi\u00f3n<\/p>\n<p>por unos instantes; nada.<\/p>\n<p>Con una sonrisa el moro<\/p>\n<p>ligeramente esbozada<\/p>\n<p>apart\u00f3se con dulzura<\/p>\n<p>los cabellos de la cara<\/p>\n<p>sin cesar de cabalgar<\/p>\n<p>al tiempo que musitaba<\/p>\n<p>casi pegado al o\u00eddo<\/p>\n<p>de la hermosa castellana:<\/p>\n<p><em>\u2014A dulce de cidra saben<\/em><\/p>\n<p><em>tus cabellos, bella dama\u2014.<\/em><\/p>\n<p>Tras nada corto viaje<\/p>\n<p>de horas de cabalgada<\/p>\n<p>llegaron a su destino<\/p>\n<p>que era palacio en Granada,<\/p>\n<p>escondido entre jardines,<\/p>\n<p>muy cerquita de la Alhambra,<\/p>\n<p>rico en rosas y claveles,<\/p>\n<p>azucenas y albahacas,<\/p>\n<p>surtidores de cien ca\u00f1os<\/p>\n<p>por donde brincan las aguas.<\/p>\n<p>Ning\u00fan da\u00f1o les hicieron<\/p>\n<p>las noches de la acampada<\/p>\n<p>cuando en los alfaneques<\/p>\n<p>dejaron que descansaran<\/p>\n<p>Nadie se acerc\u00f3 a su vera.<\/p>\n<p>Nadie intent\u00f3 molestarlas.<\/p>\n<span class='bctt-click-to-tweet'><span class='bctt-ctt-text'><a href='https:\/\/x.com\/intent\/tweet?url=https%3A%2F%2Fnuestrosescritores.com%2Fjosecarlosbalaguedomenech%2Fpoesias%2F&#038;text=Prefacio.%20El%20rapto%C2%A0del%20libro%20ROMANCE%20DE%20LAS%20CRISTIANAS%20RAPTADAS%20de%20JOS%C3%89%20CARLOS%20BALAGU%C3%89%20DOM%C3%89NECH&#038;via=poesiaerestu&#038;related=poesiaerestu' target='_blank'rel=\"noopener noreferrer\">Prefacio. El rapto&nbsp;del libro ROMANCE DE LAS CRISTIANAS RAPTADAS de JOS\u00c9 CARLOS BALAGU\u00c9 DOM\u00c9NECH <\/a><\/span><a href='https:\/\/x.com\/intent\/tweet?url=https%3A%2F%2Fnuestrosescritores.com%2Fjosecarlosbalaguedomenech%2Fpoesias%2F&#038;text=Prefacio.%20El%20rapto%C2%A0del%20libro%20ROMANCE%20DE%20LAS%20CRISTIANAS%20RAPTADAS%20de%20JOS%C3%89%20CARLOS%20BALAGU%C3%89%20DOM%C3%89NECH&#038;via=poesiaerestu&#038;related=poesiaerestu' target='_blank' class='bctt-ctt-btn'rel=\"noopener noreferrer\">Compartir en X<\/a><\/span>\n<p>&nbsp;[\/vc_column_text][\/vc_column][\/vc_row][vc_row][vc_column extend=&#8221;false&#8221;]<div class='gambit_parallax_row' data-bg-align='' data-direction='fixed' data-opacity='100' data-velocity='-0.3' data-mobile-enabled='' data-bg-height='1184' data-bg-width='880' data-bg-image='https:\/\/nuestrosescritores.com\/josecarlosbalaguedomenech\/wp-content\/uploads\/sites\/213\/2025\/09\/freepik__crea-una-imagen-de-representando-a-una-bella-crist__50826.webp' data-bg-repeat='false' data-id='' style='display: none'><\/div><div class=\"gambit_fullheight_row\" data-content-location=\"center\" style=\"display: none\"><\/div>[vc_column_text css=&#8221;&#8221;]\n<p style=\"text-align: center;\"><a class=\"fasc-button fasc-size-xlarge fasc-type-glossy fasc-rounded-medium\" style=\"background-color: #33809e; color: #ffffff;\" href=\"https:\/\/gepa.es\/producto\/romance-de-las-cristianas-raptadas-jose-carlos-balague-domenech\/\">Comprar el libro<\/a><\/p>\n[\/vc_column_text][\/vc_column][\/vc_row]\n<\/div>","protected":false},"excerpt":{"rendered":"<p>[vc_row full_width=&#8221;stretch_row_content_no_spaces&#8221;][vc_column extend=&#8221;false&#8221;][\/vc_column][\/vc_row][vc_row][vc_column extend=&#8221;false&#8221;][vc_column_text css=&#8221;&#8221;] Prefacio. El rapto &nbsp; Oto\u00f1o &nbsp; En brazos del berebere que en yegua blanca cabalga asustada y temerosa llorando va la cristiana que con veinte bereberes con otras cuatro raptara de sus casas de Toledo en las tierras castellanas. Al pasar por la ribera de Puente Genil, al alba, la [&hellip;]<\/p>\n","protected":false},"author":1,"featured_media":50,"parent":0,"menu_order":0,"comment_status":"closed","ping_status":"closed","template":"","meta":{"_acf_changed":false,"footnotes":""},"class_list":["post-156","page","type-page","status-publish","has-post-thumbnail","hentry"],"acf":[],"yoast_head":"<!-- This site is optimized with the Yoast SEO Premium plugin v24.7 (Yoast SEO v27.5) - https:\/\/yoast.com\/product\/yoast-seo-premium-wordpress\/ -->\n<title>POESIAS - Jos\u00e9 Carlos Balagu\u00e9 Dom\u00e9nech<\/title>\n<meta name=\"description\" content=\"JOS\u00c9 CARLOS BALAGU\u00c9 DOM\u00c9NECH nos da una muestra de ROMANCE DE LAS CRISTIANAS RAPTADAS tras publicar el libro de poes\u00eda.\" \/>\n<meta name=\"robots\" content=\"index, follow, max-snippet:-1, max-image-preview:large, max-video-preview:-1\" \/>\n<link rel=\"canonical\" href=\"https:\/\/nuestrosescritores.com\/josecarlosbalaguedomenech\/poesias\/\" \/>\n<meta property=\"og:locale\" content=\"es_ES\" \/>\n<meta property=\"og:type\" content=\"article\" \/>\n<meta property=\"og:title\" content=\"POESIAS\" \/>\n<meta property=\"og:description\" content=\"JOS\u00c9 CARLOS BALAGU\u00c9 DOM\u00c9NECH nos da una muestra de ROMANCE DE LAS CRISTIANAS RAPTADAS tras publicar el libro de poes\u00eda.\" \/>\n<meta property=\"og:url\" content=\"https:\/\/nuestrosescritores.com\/josecarlosbalaguedomenech\/poesias\/\" \/>\n<meta property=\"og:site_name\" content=\"Jos\u00e9 Carlos Balagu\u00e9 Dom\u00e9nech\" \/>\n<meta property=\"og:image\" content=\"http:\/\/nuestrosescritores.com\/josecarlosbalaguedomenech\/wp-content\/uploads\/sites\/213\/2025\/09\/book5.png\" \/>\n\t<meta property=\"og:image:width\" content=\"839\" \/>\n\t<meta property=\"og:image:height\" content=\"794\" \/>\n\t<meta property=\"og:image:type\" content=\"image\/png\" \/>\n<meta name=\"twitter:card\" content=\"summary_large_image\" \/>\n<meta name=\"twitter:label1\" content=\"Tiempo de lectura\" \/>\n\t<meta name=\"twitter:data1\" content=\"2 minutos\" \/>\n<script type=\"application\/ld+json\" class=\"yoast-schema-graph\">{\"@context\":\"https:\\\/\\\/schema.org\",\"@graph\":[{\"@type\":\"WebPage\",\"@id\":\"https:\\\/\\\/nuestrosescritores.com\\\/josecarlosbalaguedomenech\\\/poesias\\\/\",\"url\":\"https:\\\/\\\/nuestrosescritores.com\\\/josecarlosbalaguedomenech\\\/poesias\\\/\",\"name\":\"POESIAS - Jos\u00e9 Carlos Balagu\u00e9 Dom\u00e9nech\",\"isPartOf\":{\"@id\":\"https:\\\/\\\/nuestrosescritores.com\\\/josecarlosbalaguedomenech\\\/#website\"},\"primaryImageOfPage\":{\"@id\":\"https:\\\/\\\/nuestrosescritores.com\\\/josecarlosbalaguedomenech\\\/poesias\\\/#primaryimage\"},\"image\":{\"@id\":\"https:\\\/\\\/nuestrosescritores.com\\\/josecarlosbalaguedomenech\\\/poesias\\\/#primaryimage\"},\"thumbnailUrl\":\"https:\\\/\\\/nuestrosescritores.com\\\/josecarlosbalaguedomenech\\\/wp-content\\\/uploads\\\/sites\\\/213\\\/2025\\\/09\\\/book5.png\",\"datePublished\":\"2025-09-07T16:45:39+00:00\",\"description\":\"JOS\u00c9 CARLOS BALAGU\u00c9 DOM\u00c9NECH nos da una muestra de ROMANCE DE LAS CRISTIANAS RAPTADAS tras publicar el libro de poes\u00eda.\",\"breadcrumb\":{\"@id\":\"https:\\\/\\\/nuestrosescritores.com\\\/josecarlosbalaguedomenech\\\/poesias\\\/#breadcrumb\"},\"inLanguage\":\"es\",\"potentialAction\":[{\"@type\":\"ReadAction\",\"target\":[\"https:\\\/\\\/nuestrosescritores.com\\\/josecarlosbalaguedomenech\\\/poesias\\\/\"]}]},{\"@type\":\"ImageObject\",\"inLanguage\":\"es\",\"@id\":\"https:\\\/\\\/nuestrosescritores.com\\\/josecarlosbalaguedomenech\\\/poesias\\\/#primaryimage\",\"url\":\"https:\\\/\\\/nuestrosescritores.com\\\/josecarlosbalaguedomenech\\\/wp-content\\\/uploads\\\/sites\\\/213\\\/2025\\\/09\\\/book5.png\",\"contentUrl\":\"https:\\\/\\\/nuestrosescritores.com\\\/josecarlosbalaguedomenech\\\/wp-content\\\/uploads\\\/sites\\\/213\\\/2025\\\/09\\\/book5.png\",\"width\":839,\"height\":794},{\"@type\":\"BreadcrumbList\",\"@id\":\"https:\\\/\\\/nuestrosescritores.com\\\/josecarlosbalaguedomenech\\\/poesias\\\/#breadcrumb\",\"itemListElement\":[{\"@type\":\"ListItem\",\"position\":1,\"name\":\"Portada\",\"item\":\"https:\\\/\\\/nuestrosescritores.com\\\/josecarlosbalaguedomenech\\\/\"},{\"@type\":\"ListItem\",\"position\":2,\"name\":\"POESIAS\"}]},{\"@type\":\"WebSite\",\"@id\":\"https:\\\/\\\/nuestrosescritores.com\\\/josecarlosbalaguedomenech\\\/#website\",\"url\":\"https:\\\/\\\/nuestrosescritores.com\\\/josecarlosbalaguedomenech\\\/\",\"name\":\"Nuestros escritores\",\"description\":\"Escritor\",\"potentialAction\":[{\"@type\":\"SearchAction\",\"target\":{\"@type\":\"EntryPoint\",\"urlTemplate\":\"https:\\\/\\\/nuestrosescritores.com\\\/josecarlosbalaguedomenech\\\/?s={search_term_string}\"},\"query-input\":{\"@type\":\"PropertyValueSpecification\",\"valueRequired\":true,\"valueName\":\"search_term_string\"}}],\"inLanguage\":\"es\"}]}<\/script>\n<!-- \/ Yoast SEO Premium plugin. -->","yoast_head_json":{"title":"POESIAS - Jos\u00e9 Carlos Balagu\u00e9 Dom\u00e9nech","description":"JOS\u00c9 CARLOS BALAGU\u00c9 DOM\u00c9NECH nos da una muestra de ROMANCE DE LAS CRISTIANAS RAPTADAS tras publicar el libro de poes\u00eda.","robots":{"index":"index","follow":"follow","max-snippet":"max-snippet:-1","max-image-preview":"max-image-preview:large","max-video-preview":"max-video-preview:-1"},"canonical":"https:\/\/nuestrosescritores.com\/josecarlosbalaguedomenech\/poesias\/","og_locale":"es_ES","og_type":"article","og_title":"POESIAS","og_description":"JOS\u00c9 CARLOS BALAGU\u00c9 DOM\u00c9NECH nos da una muestra de ROMANCE DE LAS CRISTIANAS RAPTADAS tras publicar el libro de poes\u00eda.","og_url":"https:\/\/nuestrosescritores.com\/josecarlosbalaguedomenech\/poesias\/","og_site_name":"Jos\u00e9 Carlos Balagu\u00e9 Dom\u00e9nech","og_image":[{"width":839,"height":794,"url":"http:\/\/nuestrosescritores.com\/josecarlosbalaguedomenech\/wp-content\/uploads\/sites\/213\/2025\/09\/book5.png","type":"image\/png"}],"twitter_card":"summary_large_image","twitter_misc":{"Tiempo de lectura":"2 minutos"},"schema":{"@context":"https:\/\/schema.org","@graph":[{"@type":"WebPage","@id":"https:\/\/nuestrosescritores.com\/josecarlosbalaguedomenech\/poesias\/","url":"https:\/\/nuestrosescritores.com\/josecarlosbalaguedomenech\/poesias\/","name":"POESIAS - Jos\u00e9 Carlos Balagu\u00e9 Dom\u00e9nech","isPartOf":{"@id":"https:\/\/nuestrosescritores.com\/josecarlosbalaguedomenech\/#website"},"primaryImageOfPage":{"@id":"https:\/\/nuestrosescritores.com\/josecarlosbalaguedomenech\/poesias\/#primaryimage"},"image":{"@id":"https:\/\/nuestrosescritores.com\/josecarlosbalaguedomenech\/poesias\/#primaryimage"},"thumbnailUrl":"https:\/\/nuestrosescritores.com\/josecarlosbalaguedomenech\/wp-content\/uploads\/sites\/213\/2025\/09\/book5.png","datePublished":"2025-09-07T16:45:39+00:00","description":"JOS\u00c9 CARLOS BALAGU\u00c9 DOM\u00c9NECH nos da una muestra de ROMANCE DE LAS CRISTIANAS RAPTADAS tras publicar el libro de poes\u00eda.","breadcrumb":{"@id":"https:\/\/nuestrosescritores.com\/josecarlosbalaguedomenech\/poesias\/#breadcrumb"},"inLanguage":"es","potentialAction":[{"@type":"ReadAction","target":["https:\/\/nuestrosescritores.com\/josecarlosbalaguedomenech\/poesias\/"]}]},{"@type":"ImageObject","inLanguage":"es","@id":"https:\/\/nuestrosescritores.com\/josecarlosbalaguedomenech\/poesias\/#primaryimage","url":"https:\/\/nuestrosescritores.com\/josecarlosbalaguedomenech\/wp-content\/uploads\/sites\/213\/2025\/09\/book5.png","contentUrl":"https:\/\/nuestrosescritores.com\/josecarlosbalaguedomenech\/wp-content\/uploads\/sites\/213\/2025\/09\/book5.png","width":839,"height":794},{"@type":"BreadcrumbList","@id":"https:\/\/nuestrosescritores.com\/josecarlosbalaguedomenech\/poesias\/#breadcrumb","itemListElement":[{"@type":"ListItem","position":1,"name":"Portada","item":"https:\/\/nuestrosescritores.com\/josecarlosbalaguedomenech\/"},{"@type":"ListItem","position":2,"name":"POESIAS"}]},{"@type":"WebSite","@id":"https:\/\/nuestrosescritores.com\/josecarlosbalaguedomenech\/#website","url":"https:\/\/nuestrosescritores.com\/josecarlosbalaguedomenech\/","name":"Nuestros escritores","description":"Escritor","potentialAction":[{"@type":"SearchAction","target":{"@type":"EntryPoint","urlTemplate":"https:\/\/nuestrosescritores.com\/josecarlosbalaguedomenech\/?s={search_term_string}"},"query-input":{"@type":"PropertyValueSpecification","valueRequired":true,"valueName":"search_term_string"}}],"inLanguage":"es"}]}},"_links":{"self":[{"href":"https:\/\/nuestrosescritores.com\/josecarlosbalaguedomenech\/wp-json\/wp\/v2\/pages\/156","targetHints":{"allow":["GET"]}}],"collection":[{"href":"https:\/\/nuestrosescritores.com\/josecarlosbalaguedomenech\/wp-json\/wp\/v2\/pages"}],"about":[{"href":"https:\/\/nuestrosescritores.com\/josecarlosbalaguedomenech\/wp-json\/wp\/v2\/types\/page"}],"author":[{"embeddable":true,"href":"https:\/\/nuestrosescritores.com\/josecarlosbalaguedomenech\/wp-json\/wp\/v2\/users\/1"}],"replies":[{"embeddable":true,"href":"https:\/\/nuestrosescritores.com\/josecarlosbalaguedomenech\/wp-json\/wp\/v2\/comments?post=156"}],"version-history":[{"count":0,"href":"https:\/\/nuestrosescritores.com\/josecarlosbalaguedomenech\/wp-json\/wp\/v2\/pages\/156\/revisions"}],"wp:featuredmedia":[{"embeddable":true,"href":"https:\/\/nuestrosescritores.com\/josecarlosbalaguedomenech\/wp-json\/wp\/v2\/media\/50"}],"wp:attachment":[{"href":"https:\/\/nuestrosescritores.com\/josecarlosbalaguedomenech\/wp-json\/wp\/v2\/media?parent=156"}],"curies":[{"name":"wp","href":"https:\/\/api.w.org\/{rel}","templated":true}]}}