{"id":282,"date":"2023-05-14T07:04:32","date_gmt":"2023-05-14T07:04:32","guid":{"rendered":"https:\/\/nuestrosescritores.com\/jesussanchezrivas\/?page_id=282"},"modified":"2023-05-14T07:50:50","modified_gmt":"2023-05-14T07:50:50","slug":"poesia","status":"publish","type":"page","link":"https:\/\/nuestrosescritores.com\/jesussanchezrivas\/poesia\/","title":{"rendered":"POES\u00cdA"},"content":{"rendered":"\t\t<div data-elementor-type=\"wp-page\" data-elementor-id=\"282\" class=\"elementor elementor-282\">\n\t\t\t\t\t\t<section class=\"elementor-section elementor-top-section elementor-element elementor-element-4cb5af5 elementor-section-full_width elementor-section-height-full elementor-section-content-middle back elementor-section-height-default elementor-section-items-middle\" data-id=\"4cb5af5\" data-element_type=\"section\" data-e-type=\"section\">\n\t\t\t\t\t\t\t<div class=\"elementor-background-overlay\"><\/div>\n\t\t\t\t\t\t\t<div class=\"elementor-container elementor-column-gap-no\">\n\t\t\t\t\t<div class=\"aux-parallax-section elementor-column elementor-col-100 elementor-top-column elementor-element elementor-element-ccaa32e\" data-id=\"ccaa32e\" data-element_type=\"column\" data-e-type=\"column\">\n\t\t\t<div class=\"elementor-widget-wrap\">\n\t\t\t\t\t\t\t<\/div>\n\t\t<\/div>\n\t\t\t\t\t<\/div>\n\t\t<\/section>\n\t\t\t\t<section class=\"elementor-section elementor-top-section elementor-element elementor-element-c7c6103 elementor-section-boxed elementor-section-height-default elementor-section-height-default\" data-id=\"c7c6103\" data-element_type=\"section\" data-e-type=\"section\">\n\t\t\t\t\t\t<div class=\"elementor-container elementor-column-gap-default\">\n\t\t\t\t\t<div class=\"aux-parallax-section elementor-column elementor-col-100 elementor-top-column elementor-element elementor-element-a6cbde4\" data-id=\"a6cbde4\" data-element_type=\"column\" data-e-type=\"column\">\n\t\t\t<div class=\"elementor-widget-wrap elementor-element-populated\">\n\t\t\t\t\t\t<div class=\"elementor-element elementor-element-a2eb034 elementor-widget elementor-widget-text-editor\" data-id=\"a2eb034\" data-element_type=\"widget\" data-e-type=\"widget\" data-widget_type=\"text-editor.default\">\n\t\t\t\t<div class=\"elementor-widget-container\">\n\t\t\t\t\t\t\t\t\t<h1><a name=\"_Toc132999983\"><\/a><strong>TU FE<\/strong><\/h1><p>\u00a0<\/p><p>A veces envidio tu fe,<\/p><p>yo que solo creo en las letras<\/p><p>aunque viva a diario entre n\u00fameros;<\/p><p>tu fe, que no me atrevo a llamar ciega,<\/p><p>porque siempre la razonas.<\/p><p>\u00a0<\/p><p>Yo, que escribo sobre lo que amo<\/p><p>y a veces sobre lo que no entiendo.<\/p><p>Que cuento lo que no tengo,<\/p><p>y sue\u00f1o con lo que deseo.<\/p><p>\u00a0<\/p><p>Todo lo vuelvo palabras<\/p><p>que quiero hacer hermosas,<\/p><p>darles un motor que palpite con ellas,<\/p><p>como tu fe lo hace contigo, cada noche.<\/p><p>\u00a0<\/p><p><span class='bctt-click-to-tweet'><span class='bctt-ctt-text'><a href='https:\/\/x.com\/intent\/tweet?url=https%3A%2F%2Fnuestrosescritores.com%2Fjesussanchezrivas%2Fpoesia%2F&#038;text=Tu%20fe%20del%20libro%20DONDE%20T%C3%9A%20EST%C3%81S%20de%20JES%C3%9AS%20S%C3%81NCHEZ%20RIVAS.&#038;related' target='_blank'rel=\"noopener noreferrer\">Tu fe del libro DONDE T\u00da EST\u00c1S de JES\u00daS S\u00c1NCHEZ RIVAS. <\/a><\/span><a href='https:\/\/x.com\/intent\/tweet?url=https%3A%2F%2Fnuestrosescritores.com%2Fjesussanchezrivas%2Fpoesia%2F&#038;text=Tu%20fe%20del%20libro%20DONDE%20T%C3%9A%20EST%C3%81S%20de%20JES%C3%9AS%20S%C3%81NCHEZ%20RIVAS.&#038;related' target='_blank' class='bctt-ctt-btn'rel=\"noopener noreferrer\">Compartir en X<\/a><\/span><\/p><p>\u00a0<\/p>\t\t\t\t\t\t\t\t<\/div>\n\t\t\t\t<\/div>\n\t\t\t\t\t<\/div>\n\t\t<\/div>\n\t\t\t\t\t<\/div>\n\t\t<\/section>\n\t\t\t\t<section class=\"elementor-section elementor-top-section elementor-element elementor-element-0b18f3b elementor-section-height-full elementor-section-content-middle back elementor-section-boxed elementor-section-height-default elementor-section-items-middle\" data-id=\"0b18f3b\" data-element_type=\"section\" data-e-type=\"section\">\n\t\t\t\t\t\t\t<div class=\"elementor-background-overlay\"><\/div>\n\t\t\t\t\t\t\t<div class=\"elementor-container elementor-column-gap-no\">\n\t\t\t\t\t<div class=\"aux-parallax-section elementor-column elementor-col-100 elementor-top-column elementor-element elementor-element-dd41a03\" data-id=\"dd41a03\" data-element_type=\"column\" data-e-type=\"column\">\n\t\t\t<div class=\"elementor-widget-wrap\">\n\t\t\t\t\t\t\t<\/div>\n\t\t<\/div>\n\t\t\t\t\t<\/div>\n\t\t<\/section>\n\t\t\t\t<section class=\"elementor-section elementor-top-section elementor-element elementor-element-1d93048 elementor-section-full_width elementor-section-height-full elementor-section-height-default elementor-section-items-middle\" data-id=\"1d93048\" data-element_type=\"section\" data-e-type=\"section\">\n\t\t\t\t\t\t<div class=\"elementor-container elementor-column-gap-default\">\n\t\t\t\t\t<div class=\"aux-parallax-section elementor-column elementor-col-100 elementor-top-column elementor-element elementor-element-e82fc17\" data-id=\"e82fc17\" data-element_type=\"column\" data-e-type=\"column\">\n\t\t\t<div class=\"elementor-widget-wrap elementor-element-populated\">\n\t\t\t\t\t\t<div class=\"elementor-element elementor-element-f3663a5 elementor-widget elementor-widget-text-editor\" data-id=\"f3663a5\" data-element_type=\"widget\" data-e-type=\"widget\" data-widget_type=\"text-editor.default\">\n\t\t\t\t<div class=\"elementor-widget-container\">\n\t\t\t\t\t\t\t\t\t<h1><a name=\"_Toc132999983\"><\/a><\/h1><h1><a name=\"_Toc132999987\"><\/a><strong>BAJO LA NEGRURA SALPICADA<\/strong><\/h1><p>\u00a0<\/p><p>\u00a0<\/p><p>En este negro anochecer,<\/p><p>te miro a los ojos,<\/p><p>cuando se diluye tu recuerdo<\/p><p>en el aire ennegrecido,<\/p><p>en el bosque apagado y sin luz<\/p><p>que ya se va a dormir,<\/p><p>pues no hay nadie sino yo<\/p><p>(que al fin no soy nadie),<\/p><p>y solo el silencio nos embarga<\/p><p>a m\u00ed, a tus ojos, al bosque entero,<\/p><p>en el albur de las primeras<\/p><p>titilantes estrellas,<\/p><p>que andan llamando a la luna,<\/p><p>para vernos el rostro a ambos,<\/p><p>bajo la negrura salpicada<\/p><p>de este cielo de invierno<\/p><p>que nos atrap\u00f3 en este ocaso.<\/p><p>\u00a0<\/p><p><span class='bctt-click-to-tweet'><span class='bctt-ctt-text'><a href='https:\/\/x.com\/intent\/tweet?url=https%3A%2F%2Fnuestrosescritores.com%2Fjesussanchezrivas%2Fpoesia%2F&#038;text=BAJO%20LA%20NEGRURA%20SALPICADA%20del%20libro%20DONDE%20T%C3%9A%20EST%C3%81S%20de%20JES%C3%9AS%20S%C3%81NCHEZ%20RIVAS.&#038;related' target='_blank'rel=\"noopener noreferrer\">BAJO LA NEGRURA SALPICADA del libro DONDE T\u00da EST\u00c1S de JES\u00daS S\u00c1NCHEZ RIVAS. <\/a><\/span><a href='https:\/\/x.com\/intent\/tweet?url=https%3A%2F%2Fnuestrosescritores.com%2Fjesussanchezrivas%2Fpoesia%2F&#038;text=BAJO%20LA%20NEGRURA%20SALPICADA%20del%20libro%20DONDE%20T%C3%9A%20EST%C3%81S%20de%20JES%C3%9AS%20S%C3%81NCHEZ%20RIVAS.&#038;related' target='_blank' class='bctt-ctt-btn'rel=\"noopener noreferrer\">Compartir en X<\/a><\/span><\/p>\t\t\t\t\t\t\t\t<\/div>\n\t\t\t\t<\/div>\n\t\t\t\t\t<\/div>\n\t\t<\/div>\n\t\t\t\t\t<\/div>\n\t\t<\/section>\n\t\t\t\t<section class=\"elementor-section elementor-top-section elementor-element elementor-element-bbb8984 elementor-section-full_width elementor-section-height-full elementor-section-content-middle back elementor-section-height-default elementor-section-items-middle\" data-id=\"bbb8984\" data-element_type=\"section\" data-e-type=\"section\">\n\t\t\t\t\t\t\t<div class=\"elementor-background-overlay\"><\/div>\n\t\t\t\t\t\t\t<div class=\"elementor-container elementor-column-gap-no\">\n\t\t\t\t\t<div class=\"aux-parallax-section elementor-column elementor-col-100 elementor-top-column elementor-element elementor-element-8b6912a\" data-id=\"8b6912a\" data-element_type=\"column\" data-e-type=\"column\">\n\t\t\t<div class=\"elementor-widget-wrap\">\n\t\t\t\t\t\t\t<\/div>\n\t\t<\/div>\n\t\t\t\t\t<\/div>\n\t\t<\/section>\n\t\t\t\t<section class=\"elementor-section elementor-top-section elementor-element elementor-element-f50d3a2 elementor-section-boxed elementor-section-height-default elementor-section-height-default\" data-id=\"f50d3a2\" data-element_type=\"section\" data-e-type=\"section\">\n\t\t\t\t\t\t<div class=\"elementor-container elementor-column-gap-default\">\n\t\t\t\t\t<div class=\"aux-parallax-section elementor-column elementor-col-100 elementor-top-column elementor-element elementor-element-fa4a434\" data-id=\"fa4a434\" data-element_type=\"column\" data-e-type=\"column\">\n\t\t\t<div class=\"elementor-widget-wrap elementor-element-populated\">\n\t\t\t\t\t\t<div class=\"elementor-element elementor-element-56cc24f elementor-widget elementor-widget-text-editor\" data-id=\"56cc24f\" data-element_type=\"widget\" data-e-type=\"widget\" data-widget_type=\"text-editor.default\">\n\t\t\t\t<div class=\"elementor-widget-container\">\n\t\t\t\t\t\t\t\t\t<h1><a name=\"_Toc132999983\"><\/a><\/h1><h1><a name=\"_Toc132999987\"><\/a><\/h1><h1><a name=\"_Toc133000005\"><\/a><strong>Y AH\u00cd, ME ROMPO<\/strong><\/h1><p>\u00a0<\/p><p>\u00a0<\/p><p>Es en el alba m\u00e1s joven.<\/p><p>Cuando el sol<\/p><p>me ense\u00f1a apenas las pesta\u00f1as,<\/p><p>y las hojas de las encinas<\/p><p>rezuman su roc\u00edo,<\/p><p>cuando te despido<\/p><p>entre brumas y silencios,<\/p><p>con el cuerpo contrito<\/p><p>y el alma henchida.<\/p><p>\u00a0<\/p><p>Y ah\u00ed,<\/p><p>me rompo todo,<\/p><p>para ti,<\/p><p>y me compongo de nuevo,<\/p><p>para el mundo.<\/p><p>Y subsisto.<\/p><p><span class='bctt-click-to-tweet'><span class='bctt-ctt-text'><a href='https:\/\/x.com\/intent\/tweet?url=https%3A%2F%2Fnuestrosescritores.com%2Fjesussanchezrivas%2Fpoesia%2F&#038;text=Y%20AH%C3%8D%2C%20ME%20ROMPO%20del%20libro%20DONDE%20T%C3%9A%20EST%C3%81S%20de%20JES%C3%9AS%20S%C3%81NCHEZ%20RIVAS.&#038;related' target='_blank'rel=\"noopener noreferrer\">Y AH\u00cd, ME ROMPO del libro DONDE T\u00da EST\u00c1S de JES\u00daS S\u00c1NCHEZ RIVAS. <\/a><\/span><a href='https:\/\/x.com\/intent\/tweet?url=https%3A%2F%2Fnuestrosescritores.com%2Fjesussanchezrivas%2Fpoesia%2F&#038;text=Y%20AH%C3%8D%2C%20ME%20ROMPO%20del%20libro%20DONDE%20T%C3%9A%20EST%C3%81S%20de%20JES%C3%9AS%20S%C3%81NCHEZ%20RIVAS.&#038;related' target='_blank' class='bctt-ctt-btn'rel=\"noopener noreferrer\">Compartir en X<\/a><\/span><\/p>\t\t\t\t\t\t\t\t<\/div>\n\t\t\t\t<\/div>\n\t\t\t\t\t<\/div>\n\t\t<\/div>\n\t\t\t\t\t<\/div>\n\t\t<\/section>\n\t\t\t\t<section class=\"elementor-section elementor-top-section elementor-element elementor-element-e4fbbf0 elementor-section-full_width elementor-section-height-full elementor-section-content-middle back elementor-section-height-default elementor-section-items-middle\" data-id=\"e4fbbf0\" data-element_type=\"section\" data-e-type=\"section\">\n\t\t\t\t\t\t\t<div class=\"elementor-background-overlay\"><\/div>\n\t\t\t\t\t\t\t<div class=\"elementor-container elementor-column-gap-no\">\n\t\t\t\t\t<div class=\"aux-parallax-section elementor-column elementor-col-100 elementor-top-column elementor-element elementor-element-3f7482a\" data-id=\"3f7482a\" data-element_type=\"column\" data-e-type=\"column\">\n\t\t\t<div class=\"elementor-widget-wrap\">\n\t\t\t\t\t\t\t<\/div>\n\t\t<\/div>\n\t\t\t\t\t<\/div>\n\t\t<\/section>\n\t\t\t\t<section class=\"elementor-section elementor-top-section elementor-element elementor-element-f2f2be7 elementor-section-boxed elementor-section-height-default elementor-section-height-default\" data-id=\"f2f2be7\" data-element_type=\"section\" data-e-type=\"section\">\n\t\t\t\t\t\t<div class=\"elementor-container elementor-column-gap-default\">\n\t\t\t\t\t<div class=\"aux-parallax-section elementor-column elementor-col-100 elementor-top-column elementor-element elementor-element-cd1d3dc\" data-id=\"cd1d3dc\" data-element_type=\"column\" data-e-type=\"column\">\n\t\t\t<div class=\"elementor-widget-wrap elementor-element-populated\">\n\t\t\t\t\t\t<div class=\"elementor-element elementor-element-e5bc3e8 elementor-widget elementor-widget-text-editor\" data-id=\"e5bc3e8\" data-element_type=\"widget\" data-e-type=\"widget\" data-widget_type=\"text-editor.default\">\n\t\t\t\t<div class=\"elementor-widget-container\">\n\t\t\t\t\t\t\t\t\t<h1><a name=\"_Toc133000005\"><\/a><\/h1><h1><a name=\"_Toc133000014\"><\/a><strong>LA TIERRA ME REH\u00daYE<\/strong><\/h1><p>\u00a0<\/p><p>\u00a0<\/p><p>La tierra me reh\u00faye quem\u00e1ndome los pies,<\/p><p>como si no aceptara mi presencia.<\/p><p>Me mantiene en movimiento continuo,<\/p><p>aunque en una deriva incomprensible.<\/p><p>La tierra me resulta extra\u00f1a, como si fuera<\/p><p>de un planeta al que no perteneciera.<\/p><p>Las aguas que nos separan,<\/p><p>tan profundas y heladas, habitadas<\/p><p>por monstruos inauditos, que no reconozco,<\/p><p>me espantan el entendimiento<\/p><p>y me secuestran la lucidez.<\/p><p>Y sus sirenas cantan en un idioma<\/p><p>que no entiendo y que nada me transmite.<\/p><p>En esta eterna b\u00fasqueda me he extraviado,<\/p><p>de imperceptible forma, y deambulo<\/p><p>en la tierra que me reh\u00faye, quem\u00e1ndome<\/p><p>los pies como si no aceptara mi presencia,<\/p><p>pero tampoco quiere absorberme.<\/p><p>Estoy perdido desde que no est\u00e1s.<\/p><p><span class='bctt-click-to-tweet'><span class='bctt-ctt-text'><a href='https:\/\/x.com\/intent\/tweet?url=https%3A%2F%2Fnuestrosescritores.com%2Fjesussanchezrivas%2Fpoesia%2F&#038;text=LA%20TIERRA%20ME%20REH%C3%9AYE%20del%20libro%20DONDE%20T%C3%9A%20EST%C3%81S%20de%20JES%C3%9AS%20S%C3%81NCHEZ%20RIVAS.&#038;related' target='_blank'rel=\"noopener noreferrer\">LA TIERRA ME REH\u00daYE del libro DONDE T\u00da EST\u00c1S de JES\u00daS S\u00c1NCHEZ RIVAS. <\/a><\/span><a href='https:\/\/x.com\/intent\/tweet?url=https%3A%2F%2Fnuestrosescritores.com%2Fjesussanchezrivas%2Fpoesia%2F&#038;text=LA%20TIERRA%20ME%20REH%C3%9AYE%20del%20libro%20DONDE%20T%C3%9A%20EST%C3%81S%20de%20JES%C3%9AS%20S%C3%81NCHEZ%20RIVAS.&#038;related' target='_blank' class='bctt-ctt-btn'rel=\"noopener noreferrer\">Compartir en X<\/a><\/span><\/p>\t\t\t\t\t\t\t\t<\/div>\n\t\t\t\t<\/div>\n\t\t\t\t\t<\/div>\n\t\t<\/div>\n\t\t\t\t\t<\/div>\n\t\t<\/section>\n\t\t\t\t<section class=\"elementor-section elementor-top-section elementor-element elementor-element-db38f5a elementor-section-full_width elementor-section-height-full elementor-section-content-middle back elementor-section-height-default elementor-section-items-middle\" data-id=\"db38f5a\" data-element_type=\"section\" data-e-type=\"section\">\n\t\t\t\t\t\t\t<div class=\"elementor-background-overlay\"><\/div>\n\t\t\t\t\t\t\t<div class=\"elementor-container elementor-column-gap-no\">\n\t\t\t\t\t<div class=\"aux-parallax-section elementor-column elementor-col-100 elementor-top-column elementor-element elementor-element-266469e\" data-id=\"266469e\" data-element_type=\"column\" data-e-type=\"column\">\n\t\t\t<div class=\"elementor-widget-wrap\">\n\t\t\t\t\t\t\t<\/div>\n\t\t<\/div>\n\t\t\t\t\t<\/div>\n\t\t<\/section>\n\t\t\t\t<section class=\"elementor-section elementor-top-section elementor-element elementor-element-15220a5 elementor-section-boxed elementor-section-height-default elementor-section-height-default\" data-id=\"15220a5\" data-element_type=\"section\" data-e-type=\"section\">\n\t\t\t\t\t\t<div class=\"elementor-container elementor-column-gap-default\">\n\t\t\t\t\t<div class=\"aux-parallax-section elementor-column elementor-col-100 elementor-top-column elementor-element elementor-element-ec9f16e\" data-id=\"ec9f16e\" data-element_type=\"column\" data-e-type=\"column\">\n\t\t\t<div class=\"elementor-widget-wrap elementor-element-populated\">\n\t\t\t\t\t\t<div class=\"elementor-element elementor-element-74bc9be elementor-widget elementor-widget-text-editor\" data-id=\"74bc9be\" data-element_type=\"widget\" data-e-type=\"widget\" data-widget_type=\"text-editor.default\">\n\t\t\t\t<div class=\"elementor-widget-container\">\n\t\t\t\t\t\t\t\t\t<h1><a name=\"_Toc133000005\"><\/a><\/h1><h1><a name=\"_Toc133000031\"><\/a><strong>HOY QUIERO RECORDARTE DESPACIO<\/strong><\/h1><p>\u00a0<\/p><p>\u00a0<\/p><p>Hoy quiero recordarte despacio,<\/p><p>recordar despacio tu prisa,<\/p><p>o\u00edr tu voz aguda llamarme, por continuarte<\/p><p>oyendo, como un eco profundo y alejado.<\/p><p>Hoy quiero recordarte despacio,<\/p><p>con la mansedumbre de la sombra primera,<\/p><p>romper mis besos al aire, como tus pies<\/p><p>rompen el agua del mar fr\u00edo, poco a poco.<\/p><p>Hoy quiero recordarte despacio,<\/p><p>como mana el agua fresca de aquella fuente,<\/p><p>furtiva de la roca madre, como canto de alondra,<\/p><p>as\u00ed te quiero recordar, en tragos peque\u00f1os,<\/p><p>como los p\u00e9talos de mis margaritas, que arranco,<\/p><p>despacio, como te quiero recordar.<\/p><p><span class='bctt-click-to-tweet'><span class='bctt-ctt-text'><a href='https:\/\/x.com\/intent\/tweet?url=https%3A%2F%2Fnuestrosescritores.com%2Fjesussanchezrivas%2Fpoesia%2F&#038;text=HOY%20QUIERO%20RECORDARTE%20DESPACIO%20del%20libro%20DONDE%20T%C3%9A%20EST%C3%81S%20de%20JES%C3%9AS%20S%C3%81NCHEZ%20RIVAS.&#038;related' target='_blank'rel=\"noopener noreferrer\">HOY QUIERO RECORDARTE DESPACIO del libro DONDE T\u00da EST\u00c1S de JES\u00daS S\u00c1NCHEZ RIVAS. <\/a><\/span><a href='https:\/\/x.com\/intent\/tweet?url=https%3A%2F%2Fnuestrosescritores.com%2Fjesussanchezrivas%2Fpoesia%2F&#038;text=HOY%20QUIERO%20RECORDARTE%20DESPACIO%20del%20libro%20DONDE%20T%C3%9A%20EST%C3%81S%20de%20JES%C3%9AS%20S%C3%81NCHEZ%20RIVAS.&#038;related' target='_blank' class='bctt-ctt-btn'rel=\"noopener noreferrer\">Compartir en X<\/a><\/span><\/p>\t\t\t\t\t\t\t\t<\/div>\n\t\t\t\t<\/div>\n\t\t\t\t\t<\/div>\n\t\t<\/div>\n\t\t\t\t\t<\/div>\n\t\t<\/section>\n\t\t\t\t<section class=\"elementor-section elementor-top-section elementor-element elementor-element-f9f1971 elementor-section-full_width elementor-section-height-full elementor-section-content-middle back elementor-section-height-default elementor-section-items-middle\" data-id=\"f9f1971\" data-element_type=\"section\" data-e-type=\"section\">\n\t\t\t\t\t\t\t<div class=\"elementor-background-overlay\"><\/div>\n\t\t\t\t\t\t\t<div class=\"elementor-container elementor-column-gap-no\">\n\t\t\t\t\t<div class=\"aux-parallax-section elementor-column elementor-col-100 elementor-top-column elementor-element elementor-element-f270a10\" data-id=\"f270a10\" data-element_type=\"column\" data-e-type=\"column\">\n\t\t\t<div class=\"elementor-widget-wrap elementor-element-populated\">\n\t\t\t\t\t\t<div class=\"elementor-element elementor-element-bee7345 elementor-button-success elementor-align-center elementor-widget elementor-widget-button\" data-id=\"bee7345\" data-element_type=\"widget\" data-e-type=\"widget\" data-widget_type=\"button.default\">\n\t\t\t\t<div class=\"elementor-widget-container\">\n\t\t\t\t\t\t\t\t\t<div class=\"elementor-button-wrapper\">\n\t\t\t\t\t<a class=\"elementor-button elementor-button-link elementor-size-xl\" href=\"https:\/\/librodepoesia.com\/libro\/donde-tu-estas-jesus-sanchez-rivas\/\">\n\t\t\t\t\t\t<span class=\"elementor-button-content-wrapper\">\n\t\t\t\t\t\t\t\t\t<span class=\"elementor-button-text\">COMPRAR EL LIBRO<\/span>\n\t\t\t\t\t<\/span>\n\t\t\t\t\t<\/a>\n\t\t\t\t<\/div>\n\t\t\t\t\t\t\t\t<\/div>\n\t\t\t\t<\/div>\n\t\t\t\t\t<\/div>\n\t\t<\/div>\n\t\t\t\t\t<\/div>\n\t\t<\/section>\n\t\t\t\t<\/div>\n\t\t","protected":false},"excerpt":{"rendered":"<p>TU FE A veces envidio tu fe, yo que solo creo en las letras aunque viva a diario entre n\u00fameros; tu fe, que no me atrevo a llamar ciega, porque siempre la razonas. Yo, que escribo sobre lo que amo y a veces sobre lo que no entiendo. Que cuento lo que no tengo, y [&hellip;]<\/p>\n","protected":false},"author":1,"featured_media":0,"parent":0,"menu_order":0,"comment_status":"closed","ping_status":"closed","template":"","meta":{"_acf_changed":false,"footnotes":""},"class_list":["post-282","page","type-page","status-publish","hentry"],"acf":[],"yoast_head":"<!-- This site is optimized with the Yoast SEO Premium plugin v24.7 (Yoast SEO v27.5) - https:\/\/yoast.com\/product\/yoast-seo-premium-wordpress\/ -->\n<title>POES\u00cdA - Jes\u00fas S\u00e1nchez Rivas<\/title>\n<meta name=\"description\" content=\"Poes\u00eda del libro DONDE T\u00da EST\u00c1S, el autor nos da una muestra de su libro, tras publicar un libro con la Editorial Poes\u00eda eres t\u00fa.\" \/>\n<meta name=\"robots\" content=\"index, follow, max-snippet:-1, max-image-preview:large, max-video-preview:-1\" \/>\n<link rel=\"canonical\" href=\"https:\/\/nuestrosescritores.com\/jesussanchezrivas\/poesia\/\" \/>\n<meta property=\"og:locale\" content=\"es_ES\" \/>\n<meta property=\"og:type\" content=\"article\" \/>\n<meta property=\"og:title\" content=\"POES\u00cdA\" \/>\n<meta property=\"og:description\" content=\"Poes\u00eda del libro DONDE T\u00da EST\u00c1S, el autor nos da una muestra de su libro, tras publicar un libro con la Editorial Poes\u00eda eres t\u00fa.\" \/>\n<meta property=\"og:url\" content=\"https:\/\/nuestrosescritores.com\/jesussanchezrivas\/poesia\/\" \/>\n<meta property=\"og:site_name\" content=\"Jes\u00fas S\u00e1nchez Rivas\" \/>\n<meta property=\"article:modified_time\" content=\"2023-05-14T07:50:50+00:00\" \/>\n<meta name=\"twitter:card\" content=\"summary_large_image\" \/>\n<meta name=\"twitter:label1\" content=\"Tiempo de lectura\" \/>\n\t<meta name=\"twitter:data1\" content=\"3 minutos\" \/>\n<script type=\"application\/ld+json\" class=\"yoast-schema-graph\">{\"@context\":\"https:\\\/\\\/schema.org\",\"@graph\":[{\"@type\":\"WebPage\",\"@id\":\"https:\\\/\\\/nuestrosescritores.com\\\/jesussanchezrivas\\\/poesia\\\/\",\"url\":\"https:\\\/\\\/nuestrosescritores.com\\\/jesussanchezrivas\\\/poesia\\\/\",\"name\":\"POES\u00cdA - Jes\u00fas S\u00e1nchez Rivas\",\"isPartOf\":{\"@id\":\"https:\\\/\\\/nuestrosescritores.com\\\/jesussanchezrivas\\\/#website\"},\"datePublished\":\"2023-05-14T07:04:32+00:00\",\"dateModified\":\"2023-05-14T07:50:50+00:00\",\"description\":\"Poes\u00eda del libro DONDE T\u00da EST\u00c1S, el autor nos da una muestra de su libro, tras publicar un libro con la Editorial Poes\u00eda eres t\u00fa.\",\"breadcrumb\":{\"@id\":\"https:\\\/\\\/nuestrosescritores.com\\\/jesussanchezrivas\\\/poesia\\\/#breadcrumb\"},\"inLanguage\":\"es\",\"potentialAction\":[{\"@type\":\"ReadAction\",\"target\":[\"https:\\\/\\\/nuestrosescritores.com\\\/jesussanchezrivas\\\/poesia\\\/\"]}]},{\"@type\":\"BreadcrumbList\",\"@id\":\"https:\\\/\\\/nuestrosescritores.com\\\/jesussanchezrivas\\\/poesia\\\/#breadcrumb\",\"itemListElement\":[{\"@type\":\"ListItem\",\"position\":1,\"name\":\"Portada\",\"item\":\"https:\\\/\\\/nuestrosescritores.com\\\/jesussanchezrivas\\\/\"},{\"@type\":\"ListItem\",\"position\":2,\"name\":\"POES\u00cdA\"}]},{\"@type\":\"WebSite\",\"@id\":\"https:\\\/\\\/nuestrosescritores.com\\\/jesussanchezrivas\\\/#website\",\"url\":\"https:\\\/\\\/nuestrosescritores.com\\\/jesussanchezrivas\\\/\",\"name\":\"Nuestros escritores\",\"description\":\"Escritor\",\"potentialAction\":[{\"@type\":\"SearchAction\",\"target\":{\"@type\":\"EntryPoint\",\"urlTemplate\":\"https:\\\/\\\/nuestrosescritores.com\\\/jesussanchezrivas\\\/?s={search_term_string}\"},\"query-input\":{\"@type\":\"PropertyValueSpecification\",\"valueRequired\":true,\"valueName\":\"search_term_string\"}}],\"inLanguage\":\"es\"}]}<\/script>\n<!-- \/ Yoast SEO Premium plugin. -->","yoast_head_json":{"title":"POES\u00cdA - Jes\u00fas S\u00e1nchez Rivas","description":"Poes\u00eda del libro DONDE T\u00da EST\u00c1S, el autor nos da una muestra de su libro, tras publicar un libro con la Editorial Poes\u00eda eres t\u00fa.","robots":{"index":"index","follow":"follow","max-snippet":"max-snippet:-1","max-image-preview":"max-image-preview:large","max-video-preview":"max-video-preview:-1"},"canonical":"https:\/\/nuestrosescritores.com\/jesussanchezrivas\/poesia\/","og_locale":"es_ES","og_type":"article","og_title":"POES\u00cdA","og_description":"Poes\u00eda del libro DONDE T\u00da EST\u00c1S, el autor nos da una muestra de su libro, tras publicar un libro con la Editorial Poes\u00eda eres t\u00fa.","og_url":"https:\/\/nuestrosescritores.com\/jesussanchezrivas\/poesia\/","og_site_name":"Jes\u00fas S\u00e1nchez Rivas","article_modified_time":"2023-05-14T07:50:50+00:00","twitter_card":"summary_large_image","twitter_misc":{"Tiempo de lectura":"3 minutos"},"schema":{"@context":"https:\/\/schema.org","@graph":[{"@type":"WebPage","@id":"https:\/\/nuestrosescritores.com\/jesussanchezrivas\/poesia\/","url":"https:\/\/nuestrosescritores.com\/jesussanchezrivas\/poesia\/","name":"POES\u00cdA - Jes\u00fas S\u00e1nchez Rivas","isPartOf":{"@id":"https:\/\/nuestrosescritores.com\/jesussanchezrivas\/#website"},"datePublished":"2023-05-14T07:04:32+00:00","dateModified":"2023-05-14T07:50:50+00:00","description":"Poes\u00eda del libro DONDE T\u00da EST\u00c1S, el autor nos da una muestra de su libro, tras publicar un libro con la Editorial Poes\u00eda eres t\u00fa.","breadcrumb":{"@id":"https:\/\/nuestrosescritores.com\/jesussanchezrivas\/poesia\/#breadcrumb"},"inLanguage":"es","potentialAction":[{"@type":"ReadAction","target":["https:\/\/nuestrosescritores.com\/jesussanchezrivas\/poesia\/"]}]},{"@type":"BreadcrumbList","@id":"https:\/\/nuestrosescritores.com\/jesussanchezrivas\/poesia\/#breadcrumb","itemListElement":[{"@type":"ListItem","position":1,"name":"Portada","item":"https:\/\/nuestrosescritores.com\/jesussanchezrivas\/"},{"@type":"ListItem","position":2,"name":"POES\u00cdA"}]},{"@type":"WebSite","@id":"https:\/\/nuestrosescritores.com\/jesussanchezrivas\/#website","url":"https:\/\/nuestrosescritores.com\/jesussanchezrivas\/","name":"Nuestros escritores","description":"Escritor","potentialAction":[{"@type":"SearchAction","target":{"@type":"EntryPoint","urlTemplate":"https:\/\/nuestrosescritores.com\/jesussanchezrivas\/?s={search_term_string}"},"query-input":{"@type":"PropertyValueSpecification","valueRequired":true,"valueName":"search_term_string"}}],"inLanguage":"es"}]}},"_links":{"self":[{"href":"https:\/\/nuestrosescritores.com\/jesussanchezrivas\/wp-json\/wp\/v2\/pages\/282","targetHints":{"allow":["GET"]}}],"collection":[{"href":"https:\/\/nuestrosescritores.com\/jesussanchezrivas\/wp-json\/wp\/v2\/pages"}],"about":[{"href":"https:\/\/nuestrosescritores.com\/jesussanchezrivas\/wp-json\/wp\/v2\/types\/page"}],"author":[{"embeddable":true,"href":"https:\/\/nuestrosescritores.com\/jesussanchezrivas\/wp-json\/wp\/v2\/users\/1"}],"replies":[{"embeddable":true,"href":"https:\/\/nuestrosescritores.com\/jesussanchezrivas\/wp-json\/wp\/v2\/comments?post=282"}],"version-history":[{"count":0,"href":"https:\/\/nuestrosescritores.com\/jesussanchezrivas\/wp-json\/wp\/v2\/pages\/282\/revisions"}],"wp:attachment":[{"href":"https:\/\/nuestrosescritores.com\/jesussanchezrivas\/wp-json\/wp\/v2\/media?parent=282"}],"curies":[{"name":"wp","href":"https:\/\/api.w.org\/{rel}","templated":true}]}}