{"id":82,"date":"2020-09-30T11:33:22","date_gmt":"2020-09-30T11:33:22","guid":{"rendered":"https:\/\/nuestrosescritores.com\/jesusmanzanequequintanar\/?page_id=82"},"modified":"2020-10-01T11:14:25","modified_gmt":"2020-10-01T11:14:25","slug":"poesia","status":"publish","type":"page","link":"https:\/\/nuestrosescritores.com\/jesusmanzanequequintanar\/poesia\/","title":{"rendered":"Poes\u00eda"},"content":{"rendered":"<div class=\"wpb-content-wrapper\">[vc_row][vc_column extend=&#8221;false&#8221;][vc_column_text css=&#8221;.vc_custom_1582373099134{margin-top: -30000px !important;}&#8221;]\n&lt;h1&gt;&lt;strong&gt;&lt;em&gt;&lt;u&gt;Poes\u00eda del libro UNO, TRINO Y S\u00c9PTUPLA de JES\u00daS MANZANEQUE QUINTANAR. El escritor nos da una muestra tras publicar un libro.&lt;\/u&gt;&lt;\/em&gt;&lt;\/strong&gt;&lt;\/h1&gt;<br \/>\n&lt;h2&gt;&lt;strong&gt;&lt;em&gt;&lt;u&gt;&lt;img class=&#8221;alignnone size-full wp-image-52&#8243; src=&#8221;https:\/\/nuestrosescritores.com\/andreaquintela\/wp-content\/uploads\/sites\/36\/2020\/05\/0_PortadaBesamelasheridas-1.jpg&#8221; alt=&#8221;&#8221; width=&#8221;559&#8243; height=&#8221;794&#8243;&gt;Poes\u00eda del libro UNO, TRINO Y S\u00c9PTUPLA de JES\u00daS MANZANEQUE QUINTANAR El poeta nos da una muestra tras publicar un libro.&lt;\/u&gt;&lt;\/em&gt;&lt;\/strong&gt;&lt;\/h2&gt;<br \/>\n&lt;h3&gt;&lt;strong&gt;&lt;em&gt;&lt;u&gt;Poes\u00eda del libro UNO, TRINO Y S\u00c9PTUPLA de JES\u00daS MANZANEQUE QUINTANAR El autor nos da una muestra tras publicar un libro.&lt;\/u&gt;&lt;\/em&gt;&lt;\/strong&gt;&lt;\/h3&gt;<br \/>\n&lt;h4&gt;&lt;strong&gt;&lt;em&gt;&lt;u&gt;Poes\u00eda del libro UNO, TRINO Y S\u00c9PTUPLA de JES\u00daS MANZANEQUE QUINTANAR El autor nos da una muestra tras publicar un libro.&lt;\/u&gt;&lt;\/em&gt;&lt;\/strong&gt;&lt;\/h4&gt;<br \/>\n&lt;h5&gt;&lt;strong&gt;&lt;em&gt;&lt;u&gt;Poes\u00eda del libro UNO, TRINO Y S\u00c9PTUPLA de JES\u00daS MANZANEQUE QUINTANAR El autor nos da una muestra tras publicar un libro.&lt;\/u&gt;&lt;\/em&gt;&lt;\/strong&gt;&lt;\/h5&gt;<br \/>\n[\/vc_column_text][\/vc_column][\/vc_row][vc_row full_width=&#8221;stretch_row_content_no_spaces&#8221;][vc_column extend=&#8221;false&#8221;]<div class='gambit_parallax_row' data-bg-align='' data-direction='fixed' data-opacity='100' data-velocity='-0.3' data-mobile-enabled='' data-bg-height='2560' data-bg-width='1703' data-bg-image='https:\/\/nuestrosescritores.com\/jesusmanzanequequintanar\/wp-content\/uploads\/sites\/55\/2020\/09\/7ceytlgievk-scaled.jpg' data-bg-repeat='false' data-id='' style='display: none'><\/div><div class=\"gambit_fullheight_row\" data-content-location=\"center\" style=\"display: none\"><\/div>[\/vc_column][\/vc_row][vc_row][vc_column extend=&#8221;false&#8221;][vc_column_text]<a name=\"_Toc49020168\"><\/a><strong>Haz bien<\/strong> y no mires a quien.<\/p>\n<p>Si la gente se emborracha es por miedo<\/p>\n<p>a cruzar la charca.<\/p>\n<p>La tramoya y la hoya no caben en la olla.<\/p>\n<p>Prepara asistente y no digas a la gente.<\/p>\n<p>Sigue camino y no olvides echar el pestillo.<\/p>\n<p>Al hato, por supuesto, no te roben en el camino.<\/p>\n<p>Corre, corre que te pillo,<\/p>\n<p>es risa y juego, no te han de faltar.<\/p>\n<p>Si rompes cartas de Oso, ya est\u00e1 integrado,<\/p>\n<p>es una adulteraci\u00f3n del buen hacer de la vida.<\/p>\n<span class='bctt-click-to-tweet'><span class='bctt-ctt-text'><a href='https:\/\/x.com\/intent\/tweet?url=https%3A%2F%2Fnuestrosescritores.com%2Fjesusmanzanequequintanar%2Fpoesia%2F&#038;text=Haz%20bien%20del%20libro%20UNO%2C%20TRINO%20Y%20S%C3%89PTUPLA%20de%20JES%C3%9AS%20MANZANEQUE%20QUINTANAR&#038;via=poesiaerestu&#038;related=poesiaerestu' target='_blank'rel=\"noopener noreferrer\">Haz bien del libro UNO, TRINO Y S\u00c9PTUPLA de JES\u00daS MANZANEQUE QUINTANAR <\/a><\/span><a href='https:\/\/x.com\/intent\/tweet?url=https%3A%2F%2Fnuestrosescritores.com%2Fjesusmanzanequequintanar%2Fpoesia%2F&#038;text=Haz%20bien%20del%20libro%20UNO%2C%20TRINO%20Y%20S%C3%89PTUPLA%20de%20JES%C3%9AS%20MANZANEQUE%20QUINTANAR&#038;via=poesiaerestu&#038;related=poesiaerestu' target='_blank' class='bctt-ctt-btn'rel=\"noopener noreferrer\">Compartir en X<\/a><\/span>\n<p>&nbsp;[\/vc_column_text][\/vc_column][\/vc_row][vc_row full_width=&#8221;stretch_row_content_no_spaces&#8221;][vc_column extend=&#8221;false&#8221;]<div class='gambit_parallax_row' data-bg-align='' data-direction='fixed' data-opacity='100' data-velocity='-0.3' data-mobile-enabled='' data-bg-height='2560' data-bg-width='1707' data-bg-image='https:\/\/nuestrosescritores.com\/jesusmanzanequequintanar\/wp-content\/uploads\/sites\/55\/2020\/09\/mylelrr1w7i-scaled.jpg' data-bg-repeat='false' data-id='' style='display: none'><\/div><div class=\"gambit_fullheight_row\" data-content-location=\"center\" style=\"display: none\"><\/div>[\/vc_column][\/vc_row][vc_row][vc_column extend=&#8221;false&#8221;][vc_column_text]\n<h1><a name=\"_Toc49020174\"><\/a><strong>Ni\u00f1os Cristal Cuneiforme 2009<\/strong><\/h1>\n<p>&nbsp;<\/p>\n<p>Nacimiento con premura. Prisas por llegar.<\/p>\n<p>Pausas aceleradas. Sinton\u00edas pesta\u00f1eadas.<\/p>\n<p>A traici\u00f3n, a traici\u00f3n,<\/p>\n<p>cojamos al valor desprevenido,<\/p>\n<p>en azul y oro vertido,<\/p>\n<p>chorreado por los laterales del olvido.<\/p>\n<p>Amanece cenit y el atardecer<\/p>\n<p>es suprema belleza que enloquece.<\/p>\n<p>Despierta; con despertares,<\/p>\n<p>con amores y sinsabores.<\/p>\n<p>La vida enriquece al alma<\/p>\n<p>y la muerte transmuta la suerte<\/p>\n<p>y as\u00ed habr\u00e1 siempre valores, inconfundibles,<\/p>\n<p>en el capacho o zurr\u00f3n de cada uno.<\/p>\n<span class='bctt-click-to-tweet'><span class='bctt-ctt-text'><a href='https:\/\/x.com\/intent\/tweet?url=https%3A%2F%2Fnuestrosescritores.com%2Fjesusmanzanequequintanar%2Fpoesia%2F&#038;text=Ni%C3%B1os%20Cristal%20Cuneiforme%202009%C2%A0del%20libro%20UNO%2C%20TRINO%20Y%20S%C3%89PTUPLA%20de%20JES%C3%9AS%20MANZANEQUE%20QUINTANAR&#038;via=poesiaerestu&#038;related=poesiaerestu' target='_blank'rel=\"noopener noreferrer\">Ni\u00f1os Cristal Cuneiforme 2009&nbsp;del libro UNO, TRINO Y S\u00c9PTUPLA de JES\u00daS MANZANEQUE QUINTANAR <\/a><\/span><a href='https:\/\/x.com\/intent\/tweet?url=https%3A%2F%2Fnuestrosescritores.com%2Fjesusmanzanequequintanar%2Fpoesia%2F&#038;text=Ni%C3%B1os%20Cristal%20Cuneiforme%202009%C2%A0del%20libro%20UNO%2C%20TRINO%20Y%20S%C3%89PTUPLA%20de%20JES%C3%9AS%20MANZANEQUE%20QUINTANAR&#038;via=poesiaerestu&#038;related=poesiaerestu' target='_blank' class='bctt-ctt-btn'rel=\"noopener noreferrer\">Compartir en X<\/a><\/span>\n<p>&nbsp;<\/p>\n<p>&nbsp;[\/vc_column_text][\/vc_column][\/vc_row][vc_row][vc_column extend=&#8221;false&#8221;]<div class='gambit_parallax_row' data-bg-align='' data-direction='fixed' data-opacity='100' data-velocity='-0.3' data-mobile-enabled='' data-bg-height='2560' data-bg-width='1705' data-bg-image='https:\/\/nuestrosescritores.com\/jesusmanzanequequintanar\/wp-content\/uploads\/sites\/55\/2020\/09\/orhcm32vzb0-scaled.jpg' data-bg-repeat='false' data-id='' style='display: none'><\/div><div class=\"gambit_fullheight_row\" data-content-location=\"center\" style=\"display: none\"><\/div>[\/vc_column][\/vc_row][vc_row][vc_column extend=&#8221;false&#8221;][vc_column_text]<a name=\"_Toc49020199\"><\/a><strong>Coraz\u00f3n de corazones<\/strong><\/p>\n<p>almas de embriones,<\/p>\n<p>arduas carreras que a la investigaci\u00f3n llevan.<\/p>\n<p>Llevan a trav\u00e9s de las fronteras,<\/p>\n<p>rotas las rejas, el viento llueva<\/p>\n<p>y las aguas en poltrona sacan sinf\u00edn de las rocas.<\/p>\n<p>&nbsp;<\/p>\n<p>Todo se hace menudo y a simple vista es cornudo.<\/p>\n<p>Sin sabor de la tierra el amor en danza lleva<\/p>\n<p>y estrecha, de buena manera,<\/p>\n<p>la falda de la monta\u00f1a que a veces duela.<\/p>\n<p>El martillo salpica dientes y vida que pica<\/p>\n<p>como picante guindilla y la suerte marinera<\/p>\n<p>anida grullas, cabestros y ardillas.<\/p>\n<p>&nbsp;<\/p>\n<p>Qu\u00e9 sinsabores bendigan a la naturaleza herida,<\/p>\n<p>y por doquier escriba, escriba que escriba,<\/p>\n<p>que con tan solo el amor se brilla. Amen.<\/p>\n<p>&nbsp;<\/p>\n<span class='bctt-click-to-tweet'><span class='bctt-ctt-text'><a href='https:\/\/x.com\/intent\/tweet?url=https%3A%2F%2Fnuestrosescritores.com%2Fjesusmanzanequequintanar%2Fpoesia%2F&#038;text=Coraz%C3%B3n%20de%20corazones%C2%A0del%20libro%20UNO%2C%20TRINO%20Y%20S%C3%89PTUPLA%20de%20JES%C3%9AS%20MANZANEQUE%20QUINTANAR&#038;via=poesiaerestu&#038;related=poesiaerestu' target='_blank'rel=\"noopener noreferrer\">Coraz\u00f3n de corazones&nbsp;del libro UNO, TRINO Y S\u00c9PTUPLA de JES\u00daS MANZANEQUE QUINTANAR <\/a><\/span><a href='https:\/\/x.com\/intent\/tweet?url=https%3A%2F%2Fnuestrosescritores.com%2Fjesusmanzanequequintanar%2Fpoesia%2F&#038;text=Coraz%C3%B3n%20de%20corazones%C2%A0del%20libro%20UNO%2C%20TRINO%20Y%20S%C3%89PTUPLA%20de%20JES%C3%9AS%20MANZANEQUE%20QUINTANAR&#038;via=poesiaerestu&#038;related=poesiaerestu' target='_blank' class='bctt-ctt-btn'rel=\"noopener noreferrer\">Compartir en X<\/a><\/span>[\/vc_column_text][\/vc_column][\/vc_row][vc_row][vc_column extend=&#8221;false&#8221;]<div class='gambit_parallax_row' data-bg-align='' data-direction='fixed' data-opacity='100' data-velocity='-0.3' data-mobile-enabled='' data-bg-height='2560' data-bg-width='1707' data-bg-image='https:\/\/nuestrosescritores.com\/jesusmanzanequequintanar\/wp-content\/uploads\/sites\/55\/2020\/09\/h77ao3ybd6k-scaled.jpg' data-bg-repeat='false' data-id='' style='display: none'><\/div><div class=\"gambit_fullheight_row\" data-content-location=\"center\" style=\"display: none\"><\/div>[\/vc_column][\/vc_row][vc_row][vc_column extend=&#8221;false&#8221;][vc_column_text]<a name=\"_Toc49020215\"><\/a><strong>La<\/strong> Hermosura del Esplendor del Dios Uno y Trino, es manifestada a trav\u00e9s del sonido y los c\u00e1nticos, expresados desde el m\u00e1s rec\u00f3ndito lugar del alma-\u00e1nima, y desde ah\u00ed, surge, en estallido perfecto, la curaci\u00f3n total para todo ser, que desee, de verdad, sanar en vida.<\/p>\n<p>Esta manifestaci\u00f3n, del invierno, nos quiere ofrecer la salida para todo aquello insano que poseemos en nuestro interior.<\/p>\n<p>Todos los sonidos pueden entremezclarse, ya que todos son Hologramas venidos de la manifestaci\u00f3n de los n\u00fameros. Amor, gracias por todo este regalo de navidades invernales.<\/p>\n<p>&nbsp;<\/p>\n<p>&nbsp;<\/p>\n<span class='bctt-click-to-tweet'><span class='bctt-ctt-text'><a href='https:\/\/x.com\/intent\/tweet?url=https%3A%2F%2Fnuestrosescritores.com%2Fjesusmanzanequequintanar%2Fpoesia%2F&#038;text=La%20Hermosura%20del%20Esplendor%20del%20Dios%C2%A0del%20libro%20UNO%2C%20TRINO%20Y%20S%C3%89PTUPLA%20de%20JES%C3%9AS%20MANZANEQUE%20QUINTANAR&#038;via=poesiaerestu&#038;related=poesiaerestu' target='_blank'rel=\"noopener noreferrer\">La Hermosura del Esplendor del Dios&nbsp;del libro UNO, TRINO Y S\u00c9PTUPLA de JES\u00daS MANZANEQUE QUINTANAR <\/a><\/span><a href='https:\/\/x.com\/intent\/tweet?url=https%3A%2F%2Fnuestrosescritores.com%2Fjesusmanzanequequintanar%2Fpoesia%2F&#038;text=La%20Hermosura%20del%20Esplendor%20del%20Dios%C2%A0del%20libro%20UNO%2C%20TRINO%20Y%20S%C3%89PTUPLA%20de%20JES%C3%9AS%20MANZANEQUE%20QUINTANAR&#038;via=poesiaerestu&#038;related=poesiaerestu' target='_blank' class='bctt-ctt-btn'rel=\"noopener noreferrer\">Compartir en X<\/a><\/span>[\/vc_column_text][\/vc_column][\/vc_row][vc_row][vc_column extend=&#8221;false&#8221;]<div class='gambit_parallax_row' data-bg-align='' data-direction='fixed' data-opacity='100' data-velocity='-0.3' data-mobile-enabled='' data-bg-height='1707' data-bg-width='2560' data-bg-image='https:\/\/nuestrosescritores.com\/jesusmanzanequequintanar\/wp-content\/uploads\/sites\/55\/2020\/09\/lphjeximkjg-scaled.jpg' data-bg-repeat='false' data-id='' style='display: none'><\/div><div class=\"gambit_fullheight_row\" data-content-location=\"center\" style=\"display: none\"><\/div>[\/vc_column][\/vc_row][vc_row][vc_column extend=&#8221;false&#8221;][vc_column_text]\n<h1><a name=\"_Toc49020221\"><\/a><strong>Amor a dentelladas,<\/strong><\/h1>\n<p>amor bruto, salvaje.<\/p>\n<p>Ese fue el comienzo, todo suaviza en su crecer y se va tornando en amor libado, dulce.<\/p>\n<p>Antes, extraviado, ahora en aspavientos,<\/p>\n<p>del crecer algo perturbado, sin raz\u00f3n desleal,<\/p>\n<p>viejo y trasnochado.<\/p>\n<p>El camino se allana enmendando la plana,<\/p>\n<p>el saber con sabor azul y grana,<\/p>\n<p>sin rechazos de mala gana.<\/p>\n<p>Con el adulterio necesario, para sacar el tiempo<\/p>\n<p>exacto, en el recorrido de blanco, verde,<\/p>\n<p>rosa que aplana y llena caminos,<\/p>\n<p>de flores que consuelan el alma.<\/p>\n<p>El despertar cada vez m\u00e1s consciente,<\/p>\n<p>del saber con sabor de alma recuperada.<\/p>\n<span class='bctt-click-to-tweet'><span class='bctt-ctt-text'><a href='https:\/\/x.com\/intent\/tweet?url=https%3A%2F%2Fnuestrosescritores.com%2Fjesusmanzanequequintanar%2Fpoesia%2F&#038;text=Amor%20a%20dentelladas%20del%20libro%20UNO%2C%20TRINO%20Y%20S%C3%89PTUPLA%20de%20JES%C3%9AS%20MANZANEQUE%20QUINTANAR&#038;via=poesiaerestu&#038;related=poesiaerestu' target='_blank'rel=\"noopener noreferrer\">Amor a dentelladas del libro UNO, TRINO Y S\u00c9PTUPLA de JES\u00daS MANZANEQUE QUINTANAR <\/a><\/span><a href='https:\/\/x.com\/intent\/tweet?url=https%3A%2F%2Fnuestrosescritores.com%2Fjesusmanzanequequintanar%2Fpoesia%2F&#038;text=Amor%20a%20dentelladas%20del%20libro%20UNO%2C%20TRINO%20Y%20S%C3%89PTUPLA%20de%20JES%C3%9AS%20MANZANEQUE%20QUINTANAR&#038;via=poesiaerestu&#038;related=poesiaerestu' target='_blank' class='bctt-ctt-btn'rel=\"noopener noreferrer\">Compartir en X<\/a><\/span>[\/vc_column_text][\/vc_column][\/vc_row][vc_row][vc_column extend=&#8221;false&#8221;]<div class='gambit_parallax_row' data-bg-align='' data-direction='fixed' data-opacity='100' data-velocity='-0.3' data-mobile-enabled='' data-bg-height='421' data-bg-width='1366' data-bg-image='https:\/\/nuestrosescritores.com\/jesusmanzanequequintanar\/wp-content\/uploads\/sites\/55\/2020\/09\/20180924_192904_2-SSquare_Alargado-Medium.jpg' data-bg-repeat='false' data-id='' style='display: none'><\/div><div class=\"gambit_fullheight_row\" data-content-location=\"center\" style=\"display: none\"><\/div>[vc_column_text]\n<p style=\"text-align: center;\"><a class=\"fasc-button fasc-size-xlarge fasc-type-glossy fasc-rounded-medium\" style=\"background-color: #33809e; color: #ffffff;\" href=\"https:\/\/librodepoesia.com\/producto\/uno-trino-y-septupla-jesus-manzaneque-quintanar\/\">Comprar el libro<\/a><\/p>\n[\/vc_column_text][\/vc_column][\/vc_row][vc_row][vc_column extend=&#8221;false&#8221;][vc_column_text css=&#8221;.vc_custom_1549215104378{margin-top: -30000px !important;}&#8221;]\n&lt;h1&gt;&lt;strong&gt;&lt;em&gt;&lt;u&gt;Poes\u00eda del libro UNO, TRINO Y S\u00c9PTUPLA de JES\u00daS MANZANEQUE QUINTANAR. El escritor nos da una muestra tras publicar un libro.&lt;\/u&gt;&lt;\/em&gt;&lt;\/strong&gt;&lt;\/h1&gt;<br \/>\n&lt;h2&gt;&lt;strong&gt;&lt;em&gt;&lt;u&gt;Poes\u00eda del libro UNO, TRINO Y S\u00c9PTUPLA de JES\u00daS MANZANEQUE QUINTANAR El poeta nos da una muestra tras publicar un libro.&lt;\/u&gt;&lt;\/em&gt;&lt;\/strong&gt;&lt;\/h2&gt;<br \/>\n&lt;h3&gt;&lt;strong&gt;&lt;em&gt;&lt;u&gt;Poes\u00eda del libro UNO, TRINO Y S\u00c9PTUPLA de JES\u00daS MANZANEQUE QUINTANAR El autor nos da una muestra tras publicar un libro.&lt;\/u&gt;&lt;\/em&gt;&lt;\/strong&gt;&lt;\/h3&gt;<br \/>\n&lt;h4&gt;&lt;strong&gt;&lt;em&gt;&lt;u&gt;Poes\u00eda del libro UNO, TRINO Y S\u00c9PTUPLA de JES\u00daS MANZANEQUE QUINTANAR El autor nos da una muestra tras publicar un libro.&lt;\/u&gt;&lt;\/em&gt;&lt;\/strong&gt;&lt;\/h4&gt;<br \/>\n&lt;h5&gt;&lt;strong&gt;&lt;em&gt;&lt;u&gt;Poes\u00eda del libro UNO, TRINO Y S\u00c9PTUPLA de JES\u00daS MANZANEQUE QUINTANAR El autor nos da una muestra tras publicar un libro.&lt;\/u&gt;&lt;\/em&gt;&lt;\/strong&gt;&lt;\/h5&gt;<br \/>\n[\/vc_column_text][\/vc_column][\/vc_row]\n<\/div>","protected":false},"excerpt":{"rendered":"<p>[vc_row][vc_column extend=&#8221;false&#8221;][vc_column_text css=&#8221;.vc_custom_1582373099134{margin-top: -30000px !important;}&#8221;] &lt;h1&gt;&lt;strong&gt;&lt;em&gt;&lt;u&gt;Poes\u00eda del libro UNO, TRINO Y S\u00c9PTUPLA de JES\u00daS MANZANEQUE QUINTANAR. El escritor nos da una muestra tras publicar un libro.&lt;\/u&gt;&lt;\/em&gt;&lt;\/strong&gt;&lt;\/h1&gt; &lt;h2&gt;&lt;strong&gt;&lt;em&gt;&lt;u&gt;&lt;img class=&#8221;alignnone size-full wp-image-52&#8243; src=&#8221;https:\/\/nuestrosescritores.com\/andreaquintela\/wp-content\/uploads\/sites\/36\/2020\/05\/0_PortadaBesamelasheridas-1.jpg&#8221; alt=&#8221;&#8221; width=&#8221;559&#8243; height=&#8221;794&#8243;&gt;Poes\u00eda del libro UNO, TRINO Y S\u00c9PTUPLA de JES\u00daS MANZANEQUE QUINTANAR El poeta nos da una muestra tras publicar un libro.&lt;\/u&gt;&lt;\/em&gt;&lt;\/strong&gt;&lt;\/h2&gt; &lt;h3&gt;&lt;strong&gt;&lt;em&gt;&lt;u&gt;Poes\u00eda [&hellip;]<\/p>\n","protected":false},"author":1,"featured_media":0,"parent":0,"menu_order":0,"comment_status":"closed","ping_status":"closed","template":"","meta":{"_acf_changed":false,"footnotes":""},"class_list":["post-82","page","type-page","status-publish","hentry"],"acf":[],"yoast_head":"<!-- This site is optimized with the Yoast SEO Premium plugin v24.7 (Yoast SEO v27.3) - https:\/\/yoast.com\/product\/yoast-seo-premium-wordpress\/ -->\n<title>Poes\u00eda - Jes\u00fas Manzaneque Quintanar<\/title>\n<meta name=\"description\" content=\"Poes\u00eda del libro UNO, TRINO Y S\u00c9PTUPLA, el escritor JES\u00daS MANZANEQUE QUINTANAR nos da una muestra tras publicar un libro con la Editorial Poes\u00eda eres t\u00fa.\" \/>\n<meta name=\"robots\" content=\"index, follow, max-snippet:-1, max-image-preview:large, max-video-preview:-1\" \/>\n<link rel=\"canonical\" href=\"https:\/\/nuestrosescritores.com\/jesusmanzanequequintanar\/poesia\/\" \/>\n<meta property=\"og:locale\" content=\"es_ES\" \/>\n<meta property=\"og:type\" content=\"article\" \/>\n<meta property=\"og:title\" content=\"Poes\u00eda\" \/>\n<meta property=\"og:description\" content=\"Poes\u00eda del libro UNO, TRINO Y S\u00c9PTUPLA, el escritor JES\u00daS MANZANEQUE QUINTANAR nos da una muestra tras publicar un libro con la Editorial Poes\u00eda eres t\u00fa.\" \/>\n<meta property=\"og:url\" content=\"https:\/\/nuestrosescritores.com\/jesusmanzanequequintanar\/poesia\/\" \/>\n<meta property=\"og:site_name\" content=\"Jes\u00fas Manzaneque Quintanar\" \/>\n<meta property=\"article:modified_time\" content=\"2020-10-01T11:14:25+00:00\" \/>\n<meta name=\"twitter:card\" content=\"summary_large_image\" \/>\n<meta name=\"twitter:label1\" content=\"Tiempo de lectura\" \/>\n\t<meta name=\"twitter:data1\" content=\"7 minutos\" \/>\n<script type=\"application\/ld+json\" class=\"yoast-schema-graph\">{\"@context\":\"https:\\\/\\\/schema.org\",\"@graph\":[{\"@type\":\"WebPage\",\"@id\":\"https:\\\/\\\/nuestrosescritores.com\\\/jesusmanzanequequintanar\\\/poesia\\\/\",\"url\":\"https:\\\/\\\/nuestrosescritores.com\\\/jesusmanzanequequintanar\\\/poesia\\\/\",\"name\":\"Poes\u00eda - Jes\u00fas Manzaneque Quintanar\",\"isPartOf\":{\"@id\":\"https:\\\/\\\/nuestrosescritores.com\\\/jesusmanzanequequintanar\\\/#website\"},\"datePublished\":\"2020-09-30T11:33:22+00:00\",\"dateModified\":\"2020-10-01T11:14:25+00:00\",\"description\":\"Poes\u00eda del libro UNO, TRINO Y S\u00c9PTUPLA, el escritor JES\u00daS MANZANEQUE QUINTANAR nos da una muestra tras publicar un libro con la Editorial Poes\u00eda eres t\u00fa.\",\"breadcrumb\":{\"@id\":\"https:\\\/\\\/nuestrosescritores.com\\\/jesusmanzanequequintanar\\\/poesia\\\/#breadcrumb\"},\"inLanguage\":\"es\",\"potentialAction\":[{\"@type\":\"ReadAction\",\"target\":[\"https:\\\/\\\/nuestrosescritores.com\\\/jesusmanzanequequintanar\\\/poesia\\\/\"]}]},{\"@type\":\"BreadcrumbList\",\"@id\":\"https:\\\/\\\/nuestrosescritores.com\\\/jesusmanzanequequintanar\\\/poesia\\\/#breadcrumb\",\"itemListElement\":[{\"@type\":\"ListItem\",\"position\":1,\"name\":\"Portada\",\"item\":\"https:\\\/\\\/nuestrosescritores.com\\\/jesusmanzanequequintanar\\\/\"},{\"@type\":\"ListItem\",\"position\":2,\"name\":\"Poes\u00eda\"}]},{\"@type\":\"WebSite\",\"@id\":\"https:\\\/\\\/nuestrosescritores.com\\\/jesusmanzanequequintanar\\\/#website\",\"url\":\"https:\\\/\\\/nuestrosescritores.com\\\/jesusmanzanequequintanar\\\/\",\"name\":\"Nuestros escritores\",\"description\":\"Escritor\",\"potentialAction\":[{\"@type\":\"SearchAction\",\"target\":{\"@type\":\"EntryPoint\",\"urlTemplate\":\"https:\\\/\\\/nuestrosescritores.com\\\/jesusmanzanequequintanar\\\/?s={search_term_string}\"},\"query-input\":{\"@type\":\"PropertyValueSpecification\",\"valueRequired\":true,\"valueName\":\"search_term_string\"}}],\"inLanguage\":\"es\"}]}<\/script>\n<!-- \/ Yoast SEO Premium plugin. -->","yoast_head_json":{"title":"Poes\u00eda - Jes\u00fas Manzaneque Quintanar","description":"Poes\u00eda del libro UNO, TRINO Y S\u00c9PTUPLA, el escritor JES\u00daS MANZANEQUE QUINTANAR nos da una muestra tras publicar un libro con la Editorial Poes\u00eda eres t\u00fa.","robots":{"index":"index","follow":"follow","max-snippet":"max-snippet:-1","max-image-preview":"max-image-preview:large","max-video-preview":"max-video-preview:-1"},"canonical":"https:\/\/nuestrosescritores.com\/jesusmanzanequequintanar\/poesia\/","og_locale":"es_ES","og_type":"article","og_title":"Poes\u00eda","og_description":"Poes\u00eda del libro UNO, TRINO Y S\u00c9PTUPLA, el escritor JES\u00daS MANZANEQUE QUINTANAR nos da una muestra tras publicar un libro con la Editorial Poes\u00eda eres t\u00fa.","og_url":"https:\/\/nuestrosescritores.com\/jesusmanzanequequintanar\/poesia\/","og_site_name":"Jes\u00fas Manzaneque Quintanar","article_modified_time":"2020-10-01T11:14:25+00:00","twitter_card":"summary_large_image","twitter_misc":{"Tiempo de lectura":"7 minutos"},"schema":{"@context":"https:\/\/schema.org","@graph":[{"@type":"WebPage","@id":"https:\/\/nuestrosescritores.com\/jesusmanzanequequintanar\/poesia\/","url":"https:\/\/nuestrosescritores.com\/jesusmanzanequequintanar\/poesia\/","name":"Poes\u00eda - Jes\u00fas Manzaneque Quintanar","isPartOf":{"@id":"https:\/\/nuestrosescritores.com\/jesusmanzanequequintanar\/#website"},"datePublished":"2020-09-30T11:33:22+00:00","dateModified":"2020-10-01T11:14:25+00:00","description":"Poes\u00eda del libro UNO, TRINO Y S\u00c9PTUPLA, el escritor JES\u00daS MANZANEQUE QUINTANAR nos da una muestra tras publicar un libro con la Editorial Poes\u00eda eres t\u00fa.","breadcrumb":{"@id":"https:\/\/nuestrosescritores.com\/jesusmanzanequequintanar\/poesia\/#breadcrumb"},"inLanguage":"es","potentialAction":[{"@type":"ReadAction","target":["https:\/\/nuestrosescritores.com\/jesusmanzanequequintanar\/poesia\/"]}]},{"@type":"BreadcrumbList","@id":"https:\/\/nuestrosescritores.com\/jesusmanzanequequintanar\/poesia\/#breadcrumb","itemListElement":[{"@type":"ListItem","position":1,"name":"Portada","item":"https:\/\/nuestrosescritores.com\/jesusmanzanequequintanar\/"},{"@type":"ListItem","position":2,"name":"Poes\u00eda"}]},{"@type":"WebSite","@id":"https:\/\/nuestrosescritores.com\/jesusmanzanequequintanar\/#website","url":"https:\/\/nuestrosescritores.com\/jesusmanzanequequintanar\/","name":"Nuestros escritores","description":"Escritor","potentialAction":[{"@type":"SearchAction","target":{"@type":"EntryPoint","urlTemplate":"https:\/\/nuestrosescritores.com\/jesusmanzanequequintanar\/?s={search_term_string}"},"query-input":{"@type":"PropertyValueSpecification","valueRequired":true,"valueName":"search_term_string"}}],"inLanguage":"es"}]}},"_links":{"self":[{"href":"https:\/\/nuestrosescritores.com\/jesusmanzanequequintanar\/wp-json\/wp\/v2\/pages\/82","targetHints":{"allow":["GET"]}}],"collection":[{"href":"https:\/\/nuestrosescritores.com\/jesusmanzanequequintanar\/wp-json\/wp\/v2\/pages"}],"about":[{"href":"https:\/\/nuestrosescritores.com\/jesusmanzanequequintanar\/wp-json\/wp\/v2\/types\/page"}],"author":[{"embeddable":true,"href":"https:\/\/nuestrosescritores.com\/jesusmanzanequequintanar\/wp-json\/wp\/v2\/users\/1"}],"replies":[{"embeddable":true,"href":"https:\/\/nuestrosescritores.com\/jesusmanzanequequintanar\/wp-json\/wp\/v2\/comments?post=82"}],"version-history":[{"count":0,"href":"https:\/\/nuestrosescritores.com\/jesusmanzanequequintanar\/wp-json\/wp\/v2\/pages\/82\/revisions"}],"wp:attachment":[{"href":"https:\/\/nuestrosescritores.com\/jesusmanzanequequintanar\/wp-json\/wp\/v2\/media?parent=82"}],"curies":[{"name":"wp","href":"https:\/\/api.w.org\/{rel}","templated":true}]}}