{"id":81,"date":"2023-06-25T08:54:43","date_gmt":"2023-06-25T06:54:43","guid":{"rendered":"https:\/\/nuestrosescritores.com\/javierpnavarro\/?page_id=81"},"modified":"2023-06-25T09:39:31","modified_gmt":"2023-06-25T07:39:31","slug":"poesia","status":"publish","type":"page","link":"https:\/\/nuestrosescritores.com\/javierpnavarro\/poesia\/","title":{"rendered":"POES\u00cdA"},"content":{"rendered":"\t\t<div data-elementor-type=\"wp-page\" data-elementor-id=\"81\" class=\"elementor elementor-81\">\n\t\t\t\t\t\t<section class=\"elementor-section elementor-top-section elementor-element elementor-element-63192d7a elementor-section-full_width elementor-section-height-full elementor-section-content-middle back elementor-section-height-default elementor-section-items-middle\" data-id=\"63192d7a\" data-element_type=\"section\" data-e-type=\"section\">\n\t\t\t\t\t\t\t<div class=\"elementor-background-overlay\"><\/div>\n\t\t\t\t\t\t\t<div class=\"elementor-container elementor-column-gap-no\">\n\t\t\t\t\t<div class=\"aux-parallax-section elementor-column elementor-col-100 elementor-top-column elementor-element elementor-element-6690081b\" data-id=\"6690081b\" data-element_type=\"column\" data-e-type=\"column\">\n\t\t\t<div class=\"elementor-widget-wrap\">\n\t\t\t\t\t\t\t<\/div>\n\t\t<\/div>\n\t\t\t\t\t<\/div>\n\t\t<\/section>\n\t\t\t\t<section class=\"elementor-section elementor-top-section elementor-element elementor-element-58cc4c4f elementor-section-boxed elementor-section-height-default elementor-section-height-default\" data-id=\"58cc4c4f\" data-element_type=\"section\" data-e-type=\"section\">\n\t\t\t\t\t\t<div class=\"elementor-container elementor-column-gap-default\">\n\t\t\t\t\t<div class=\"aux-parallax-section elementor-column elementor-col-100 elementor-top-column elementor-element elementor-element-2e0a3cde\" data-id=\"2e0a3cde\" data-element_type=\"column\" data-e-type=\"column\">\n\t\t\t<div class=\"elementor-widget-wrap elementor-element-populated\">\n\t\t\t\t\t\t<div class=\"elementor-element elementor-element-242db324 elementor-widget elementor-widget-text-editor\" data-id=\"242db324\" data-element_type=\"widget\" data-e-type=\"widget\" data-widget_type=\"text-editor.default\">\n\t\t\t\t<div class=\"elementor-widget-container\">\n\t\t\t\t\t\t\t\t\t<h1><a name=\"_Toc135477517\"><\/a><strong>VIERNES SANTO<\/strong><\/h1><p>\u00a0<\/p><p>Conozco esas ganas de llorar conozco<\/p><p>el oc\u00e9ano de unos labios grises<\/p><p>que atenazan la garganta conozco<\/p><p>entonces me acerco a los sucesos<\/p><p>un andamio un hombre el fin<\/p><p>de semana ha sido canceroso<\/p><p>veinte a\u00f1os cumpl\u00eda el Etna<\/p><p>se incendian los hoteles con pistolas<\/p><p>y s\u00edndromes de tos ferina entonces<\/p><p>me acerco a ti Se\u00f1or y rezo<\/p><p>profundamente en tus heridas rezo<\/p><p>conozco que escampa el arco\u00edris<\/p><p>sonr\u00ede la vida se hace de peque\u00f1os<\/p><p>milagros mirando a los dem\u00e1s<\/p><p>la noria de los premios se hace<\/p><p>la alegr\u00eda no es un mito conozco.<\/p><p><span class='bctt-click-to-tweet'><span class='bctt-ctt-text'><a href='https:\/\/x.com\/intent\/tweet?url=https%3A%2F%2Fnuestrosescritores.com%2Fjavierpnavarro%2Fpoesia%2F&#038;text=Tu%20fe%20del%20libro%20VIERNES%20SANTO%20de%20JAVIER%20PE%C3%91AS%20NAVARRO.&#038;related' target='_blank'rel=\"noopener noreferrer\">Tu fe del libro VIERNES SANTO de JAVIER PE\u00d1AS NAVARRO. <\/a><\/span><a href='https:\/\/x.com\/intent\/tweet?url=https%3A%2F%2Fnuestrosescritores.com%2Fjavierpnavarro%2Fpoesia%2F&#038;text=Tu%20fe%20del%20libro%20VIERNES%20SANTO%20de%20JAVIER%20PE%C3%91AS%20NAVARRO.&#038;related' target='_blank' class='bctt-ctt-btn'rel=\"noopener noreferrer\">Compartir en X<\/a><\/span><\/p>\t\t\t\t\t\t\t\t<\/div>\n\t\t\t\t<\/div>\n\t\t\t\t\t<\/div>\n\t\t<\/div>\n\t\t\t\t\t<\/div>\n\t\t<\/section>\n\t\t\t\t<section class=\"elementor-section elementor-top-section elementor-element elementor-element-379effca elementor-section-height-full elementor-section-content-middle back elementor-section-boxed elementor-section-height-default elementor-section-items-middle\" data-id=\"379effca\" data-element_type=\"section\" data-e-type=\"section\">\n\t\t\t\t\t\t\t<div class=\"elementor-background-overlay\"><\/div>\n\t\t\t\t\t\t\t<div class=\"elementor-container elementor-column-gap-no\">\n\t\t\t\t\t<div class=\"aux-parallax-section elementor-column elementor-col-100 elementor-top-column elementor-element elementor-element-60fedb3c\" data-id=\"60fedb3c\" data-element_type=\"column\" data-e-type=\"column\">\n\t\t\t<div class=\"elementor-widget-wrap\">\n\t\t\t\t\t\t\t<\/div>\n\t\t<\/div>\n\t\t\t\t\t<\/div>\n\t\t<\/section>\n\t\t\t\t<section class=\"elementor-section elementor-top-section elementor-element elementor-element-27f26bc5 elementor-section-full_width elementor-section-height-full elementor-section-height-default elementor-section-items-middle\" data-id=\"27f26bc5\" data-element_type=\"section\" data-e-type=\"section\">\n\t\t\t\t\t\t<div class=\"elementor-container elementor-column-gap-default\">\n\t\t\t\t\t<div class=\"aux-parallax-section elementor-column elementor-col-100 elementor-top-column elementor-element elementor-element-334e4eff\" data-id=\"334e4eff\" data-element_type=\"column\" data-e-type=\"column\">\n\t\t\t<div class=\"elementor-widget-wrap elementor-element-populated\">\n\t\t\t\t\t\t<div class=\"elementor-element elementor-element-6143a245 elementor-widget elementor-widget-text-editor\" data-id=\"6143a245\" data-element_type=\"widget\" data-e-type=\"widget\" data-widget_type=\"text-editor.default\">\n\t\t\t\t<div class=\"elementor-widget-container\">\n\t\t\t\t\t\t\t\t\t<h1><a name=\"_Toc132999983\"><\/a><\/h1><h1><a name=\"_Toc132999987\"><\/a><\/h1><h1><strong>El facistol.<\/strong><\/h1><p>Poes\u00eda de las cosas quietas,<\/p><p>la nieve, un <em>Stabat Mater<\/em><\/p><p>cayendo al coraz\u00f3n.<\/p><p>La luz viol\u00e1cea<\/p><p>tambi\u00e9n, como un fardo,<\/p><p>cae, se esparce en los muros.<\/p><p>El facistol. Su madera<\/p><p>de vejez insoslayable,<\/p><p>un libro pintado,<\/p><p>la oscura siller\u00eda.<\/p><p>El tiempo ordinario<\/p><p>se desgrana entre oros<\/p><p>de trigo. Oto\u00f1an los campos.<\/p><p>Y en el pergamino<\/p><p>las notas voladizas<\/p><p>saltan a los labios.<\/p><p>Mi coraz\u00f3n lo sabe.<\/p><p><span class='bctt-click-to-tweet'><span class='bctt-ctt-text'><a href='https:\/\/x.com\/intent\/tweet?url=https%3A%2F%2Fnuestrosescritores.com%2Fjavierpnavarro%2Fpoesia%2F&#038;text=El%20facistol%20del%20libro%20DIOS%20EN%20MIS%20POEMAS%20de%20AVIER%20PE%C3%91AS%20NAVARRO&#038;related' target='_blank'rel=\"noopener noreferrer\">El facistol del libro DIOS EN MIS POEMAS de AVIER PE\u00d1AS NAVARRO <\/a><\/span><a href='https:\/\/x.com\/intent\/tweet?url=https%3A%2F%2Fnuestrosescritores.com%2Fjavierpnavarro%2Fpoesia%2F&#038;text=El%20facistol%20del%20libro%20DIOS%20EN%20MIS%20POEMAS%20de%20AVIER%20PE%C3%91AS%20NAVARRO&#038;related' target='_blank' class='bctt-ctt-btn'rel=\"noopener noreferrer\">Compartir en X<\/a><\/span><\/p>\t\t\t\t\t\t\t\t<\/div>\n\t\t\t\t<\/div>\n\t\t\t\t\t<\/div>\n\t\t<\/div>\n\t\t\t\t\t<\/div>\n\t\t<\/section>\n\t\t\t\t<section class=\"elementor-section elementor-top-section elementor-element elementor-element-5b734148 elementor-section-full_width elementor-section-height-full elementor-section-content-middle back elementor-section-height-default elementor-section-items-middle\" data-id=\"5b734148\" data-element_type=\"section\" data-e-type=\"section\">\n\t\t\t\t\t\t\t<div class=\"elementor-background-overlay\"><\/div>\n\t\t\t\t\t\t\t<div class=\"elementor-container elementor-column-gap-no\">\n\t\t\t\t\t<div class=\"aux-parallax-section elementor-column elementor-col-100 elementor-top-column elementor-element elementor-element-354a1a2d\" data-id=\"354a1a2d\" data-element_type=\"column\" data-e-type=\"column\">\n\t\t\t<div class=\"elementor-widget-wrap\">\n\t\t\t\t\t\t\t<\/div>\n\t\t<\/div>\n\t\t\t\t\t<\/div>\n\t\t<\/section>\n\t\t\t\t<section class=\"elementor-section elementor-top-section elementor-element elementor-element-382f1352 elementor-section-boxed elementor-section-height-default elementor-section-height-default\" data-id=\"382f1352\" data-element_type=\"section\" data-e-type=\"section\">\n\t\t\t\t\t\t<div class=\"elementor-container elementor-column-gap-default\">\n\t\t\t\t\t<div class=\"aux-parallax-section elementor-column elementor-col-100 elementor-top-column elementor-element elementor-element-4072d19b\" data-id=\"4072d19b\" data-element_type=\"column\" data-e-type=\"column\">\n\t\t\t<div class=\"elementor-widget-wrap elementor-element-populated\">\n\t\t\t\t\t\t<div class=\"elementor-element elementor-element-66fa5e5d elementor-widget elementor-widget-text-editor\" data-id=\"66fa5e5d\" data-element_type=\"widget\" data-e-type=\"widget\" data-widget_type=\"text-editor.default\">\n\t\t\t\t<div class=\"elementor-widget-container\">\n\t\t\t\t\t\t\t\t\t<h1><a name=\"_Toc132999983\"><\/a><\/h1><h1><a name=\"_Toc132999987\"><\/a><\/h1><h1><a name=\"_Toc133000005\"><\/a><\/h1><h1><a name=\"_Toc135477554\"><\/a><strong>CONVERSIONES A MEDIAS<\/strong><\/h1><p>\u00a0<\/p><p>\u00a0<\/p><p>Grupos de personas cabizbajas<\/p><p>se retiran, sin odio.<\/p><p>Querr\u00edan acaso vivir<\/p><p>de triunfo en triunfo,<\/p><p>de milagro en milagro.<\/p><p>El honor de la fe<\/p><p>se les presenta inc\u00f3modo,<\/p><p>escasamente art\u00edstico;<\/p><p>es un honor de piedra,<\/p><p>fundacional de ra\u00edz.<\/p><p>Jes\u00fas lee dentro<\/p><p>la veleidad del olvido,<\/p><p>bolas de hojarasca<\/p><p>al albur de los vientos.<\/p><p><span class='bctt-click-to-tweet'><span class='bctt-ctt-text'><a href='https:\/\/x.com\/intent\/tweet?url=https%3A%2F%2Fnuestrosescritores.com%2Fjavierpnavarro%2Fpoesia%2F&#038;text=CONVERSIONES%20A%20MEDIAS%20del%20libro%20DIOS%20EN%20MIS%20POEMAS%20deJAVIER%20PE%C3%91AS%20NAVARRO.&#038;related' target='_blank'rel=\"noopener noreferrer\">CONVERSIONES A MEDIAS del libro DIOS EN MIS POEMAS deJAVIER PE\u00d1AS NAVARRO. <\/a><\/span><a href='https:\/\/x.com\/intent\/tweet?url=https%3A%2F%2Fnuestrosescritores.com%2Fjavierpnavarro%2Fpoesia%2F&#038;text=CONVERSIONES%20A%20MEDIAS%20del%20libro%20DIOS%20EN%20MIS%20POEMAS%20deJAVIER%20PE%C3%91AS%20NAVARRO.&#038;related' target='_blank' class='bctt-ctt-btn'rel=\"noopener noreferrer\">Compartir en X<\/a><\/span><\/p>\t\t\t\t\t\t\t\t<\/div>\n\t\t\t\t<\/div>\n\t\t\t\t\t<\/div>\n\t\t<\/div>\n\t\t\t\t\t<\/div>\n\t\t<\/section>\n\t\t\t\t<section class=\"elementor-section elementor-top-section elementor-element elementor-element-3fa430eb elementor-section-full_width elementor-section-height-full elementor-section-content-middle back elementor-section-height-default elementor-section-items-middle\" data-id=\"3fa430eb\" data-element_type=\"section\" data-e-type=\"section\">\n\t\t\t\t\t\t\t<div class=\"elementor-background-overlay\"><\/div>\n\t\t\t\t\t\t\t<div class=\"elementor-container elementor-column-gap-no\">\n\t\t\t\t\t<div class=\"aux-parallax-section elementor-column elementor-col-100 elementor-top-column elementor-element elementor-element-7daac335\" data-id=\"7daac335\" data-element_type=\"column\" data-e-type=\"column\">\n\t\t\t<div class=\"elementor-widget-wrap\">\n\t\t\t\t\t\t\t<\/div>\n\t\t<\/div>\n\t\t\t\t\t<\/div>\n\t\t<\/section>\n\t\t\t\t<section class=\"elementor-section elementor-top-section elementor-element elementor-element-20adf45c elementor-section-boxed elementor-section-height-default elementor-section-height-default\" data-id=\"20adf45c\" data-element_type=\"section\" data-e-type=\"section\">\n\t\t\t\t\t\t<div class=\"elementor-container elementor-column-gap-default\">\n\t\t\t\t\t<div class=\"aux-parallax-section elementor-column elementor-col-100 elementor-top-column elementor-element elementor-element-700d7fbb\" data-id=\"700d7fbb\" data-element_type=\"column\" data-e-type=\"column\">\n\t\t\t<div class=\"elementor-widget-wrap elementor-element-populated\">\n\t\t\t\t\t\t<div class=\"elementor-element elementor-element-1a9bd821 elementor-widget elementor-widget-text-editor\" data-id=\"1a9bd821\" data-element_type=\"widget\" data-e-type=\"widget\" data-widget_type=\"text-editor.default\">\n\t\t\t\t<div class=\"elementor-widget-container\">\n\t\t\t\t\t\t\t\t\t<h1><a name=\"_Toc133000005\"><\/a><\/h1><h1><a name=\"_Toc133000014\"><\/a><\/h1><h1><strong>\u201cYO OS HE ELEGIDO\u201d<\/strong><\/h1><p>\u00a0<\/p><p>\u00a0<\/p><p>Tres a\u00f1os desde que el Se\u00f1or,<\/p><p>con el aldab\u00f3n de sus ojos,<\/p><p>se los fue llevando consigo.<\/p><p>Vinieron su Palabra y sus obras<\/p><p>a ganar revuelos, tajantes<\/p><p>rechazos, conversiones,<\/p><p>extra\u00f1ezas, \u00edntimas condenas,<\/p><p>divisi\u00f3n en familias\u2026<\/p><p>Lo vieron guarecerse en el retiro<\/p><p>del monte, para hablar con su Padre,<\/p><p>anhelantes semanas.<\/p><p>En su adi\u00f3s les anuncia<\/p><p>que ser\u00e1n las saetas ardorosas<\/p><p>que prendan en el mundo. Decididas,<\/p><p>porque no estar\u00e1n solos.<\/p><p><span class='bctt-click-to-tweet'><span class='bctt-ctt-text'><a href='https:\/\/x.com\/intent\/tweet?url=https%3A%2F%2Fnuestrosescritores.com%2Fjavierpnavarro%2Fpoesia%2F&#038;text=YO%20OS%20HE%20ELEGIDO%20del%20libro%20DIOS%20EN%20MIS%20POEMAS%20de%20JAVIER%20PE%C3%91AS%20NAVARRO.&#038;related' target='_blank'rel=\"noopener noreferrer\">YO OS HE ELEGIDO del libro DIOS EN MIS POEMAS de JAVIER PE\u00d1AS NAVARRO. <\/a><\/span><a href='https:\/\/x.com\/intent\/tweet?url=https%3A%2F%2Fnuestrosescritores.com%2Fjavierpnavarro%2Fpoesia%2F&#038;text=YO%20OS%20HE%20ELEGIDO%20del%20libro%20DIOS%20EN%20MIS%20POEMAS%20de%20JAVIER%20PE%C3%91AS%20NAVARRO.&#038;related' target='_blank' class='bctt-ctt-btn'rel=\"noopener noreferrer\">Compartir en X<\/a><\/span><\/p>\t\t\t\t\t\t\t\t<\/div>\n\t\t\t\t<\/div>\n\t\t\t\t\t<\/div>\n\t\t<\/div>\n\t\t\t\t\t<\/div>\n\t\t<\/section>\n\t\t\t\t<section class=\"elementor-section elementor-top-section elementor-element elementor-element-52f0253 elementor-section-full_width elementor-section-height-full elementor-section-content-middle back elementor-section-height-default elementor-section-items-middle\" data-id=\"52f0253\" data-element_type=\"section\" data-e-type=\"section\">\n\t\t\t\t\t\t\t<div class=\"elementor-background-overlay\"><\/div>\n\t\t\t\t\t\t\t<div class=\"elementor-container elementor-column-gap-no\">\n\t\t\t\t\t<div class=\"aux-parallax-section elementor-column elementor-col-100 elementor-top-column elementor-element elementor-element-3f08a47b\" data-id=\"3f08a47b\" data-element_type=\"column\" data-e-type=\"column\">\n\t\t\t<div class=\"elementor-widget-wrap\">\n\t\t\t\t\t\t\t<\/div>\n\t\t<\/div>\n\t\t\t\t\t<\/div>\n\t\t<\/section>\n\t\t\t\t<section class=\"elementor-section elementor-top-section elementor-element elementor-element-d61b785 elementor-section-boxed elementor-section-height-default elementor-section-height-default\" data-id=\"d61b785\" data-element_type=\"section\" data-e-type=\"section\">\n\t\t\t\t\t\t<div class=\"elementor-container elementor-column-gap-default\">\n\t\t\t\t\t<div class=\"aux-parallax-section elementor-column elementor-col-100 elementor-top-column elementor-element elementor-element-fba0bfb\" data-id=\"fba0bfb\" data-element_type=\"column\" data-e-type=\"column\">\n\t\t\t<div class=\"elementor-widget-wrap elementor-element-populated\">\n\t\t\t\t\t\t<div class=\"elementor-element elementor-element-2fdea05f elementor-widget elementor-widget-text-editor\" data-id=\"2fdea05f\" data-element_type=\"widget\" data-e-type=\"widget\" data-widget_type=\"text-editor.default\">\n\t\t\t\t<div class=\"elementor-widget-container\">\n\t\t\t\t\t\t\t\t\t<h1><a name=\"_Toc133000005\"><\/a><\/h1><h1><a name=\"_Toc133000031\"><\/a><\/h1><h1><a name=\"_Toc135477608\"><\/a><strong>El paisaje es de niebla, sin embargo en dos ni\u00f1os,<\/strong><\/h1><p>s\u00f3lo de pensarse confiados viajeros del tren,<\/p><p>llamea un tornasol de graciosa esperanza;<\/p><p>y es tanta la vida granada que en ellos asoma<\/p><p>que transvive un venero de pr\u00edstina luz,<\/p><p>como si en sus ojos amantes se hallara una tarde<\/p><p>en fulgor de septiembre traspasando un hayedo.<\/p><p>Van al padre por el padre, hacia la afrenta del fr\u00edo,<\/p><p>en la oquedad de un expreso destino Alemania,<\/p><p>un tren que a medida que troncha violetas dispone<\/p><p>en cajita de plata<\/p><p>un coraz\u00f3n com\u00fan despojado en la niebla<\/p><p>con despensa infinita de amor en s\u00ed mismo.<\/p><p>Siempre est\u00e1 nutrido el amor con la fe.<\/p><p>Buscan locos al padre con la luz de sus ojos<\/p><p>y, una vez hallado, en el tren de regreso,<\/p><p>le dir\u00e1n rebosantes de penuria y caricia:<\/p><p>\u201cSe\u00f1or pobre y viajero, aceptad nuestra gracia<\/p><p>de vos siempre manada, que por vos centuplique;<\/p><p>compartamos el hambre de sentirnos dichosos<\/p><p>a tientas<\/p><p>\u2014lo claro es a veces lo eterno en un vaso\u2014,<\/p><p>medidos por la venda de blanca tiniebla\u201d.<\/p><p><span class='bctt-click-to-tweet'><span class='bctt-ctt-text'><a href='https:\/\/x.com\/intent\/tweet?url=https%3A%2F%2Fnuestrosescritores.com%2Fjavierpnavarro%2Fpoesia%2F&#038;text=El%20paisaje%20es%20de%20niebla%2C%20sin%20embargo%20en%20dos%20ni%C3%B1os&#038;related' target='_blank'rel=\"noopener noreferrer\">El paisaje es de niebla, sin embargo en dos ni\u00f1os <\/a><\/span><a href='https:\/\/x.com\/intent\/tweet?url=https%3A%2F%2Fnuestrosescritores.com%2Fjavierpnavarro%2Fpoesia%2F&#038;text=El%20paisaje%20es%20de%20niebla%2C%20sin%20embargo%20en%20dos%20ni%C3%B1os&#038;related' target='_blank' class='bctt-ctt-btn'rel=\"noopener noreferrer\">Compartir en X<\/a><\/span><\/p>\t\t\t\t\t\t\t\t<\/div>\n\t\t\t\t<\/div>\n\t\t\t\t\t<\/div>\n\t\t<\/div>\n\t\t\t\t\t<\/div>\n\t\t<\/section>\n\t\t\t\t<section class=\"elementor-section elementor-top-section elementor-element elementor-element-6381b3c0 elementor-section-full_width elementor-section-height-full elementor-section-content-middle back elementor-section-height-default elementor-section-items-middle\" data-id=\"6381b3c0\" data-element_type=\"section\" data-e-type=\"section\">\n\t\t\t\t\t\t\t<div class=\"elementor-background-overlay\"><\/div>\n\t\t\t\t\t\t\t<div class=\"elementor-container elementor-column-gap-no\">\n\t\t\t\t\t<div class=\"aux-parallax-section elementor-column elementor-col-100 elementor-top-column elementor-element elementor-element-14b178d4\" data-id=\"14b178d4\" data-element_type=\"column\" data-e-type=\"column\">\n\t\t\t<div class=\"elementor-widget-wrap elementor-element-populated\">\n\t\t\t\t\t\t<div class=\"elementor-element elementor-element-1b115a52 elementor-button-success elementor-align-center elementor-widget elementor-widget-button\" data-id=\"1b115a52\" data-element_type=\"widget\" data-e-type=\"widget\" data-widget_type=\"button.default\">\n\t\t\t\t<div class=\"elementor-widget-container\">\n\t\t\t\t\t\t\t\t\t<div class=\"elementor-button-wrapper\">\n\t\t\t\t\t<a class=\"elementor-button elementor-button-link elementor-size-xl\" href=\"https:\/\/librodepoesia.com\/libro\/dios-en-mis-poemas-javier-penas-navarro\/\">\n\t\t\t\t\t\t<span class=\"elementor-button-content-wrapper\">\n\t\t\t\t\t\t\t\t\t<span class=\"elementor-button-text\">COMPRAR EL LIBRO<\/span>\n\t\t\t\t\t<\/span>\n\t\t\t\t\t<\/a>\n\t\t\t\t<\/div>\n\t\t\t\t\t\t\t\t<\/div>\n\t\t\t\t<\/div>\n\t\t\t\t\t<\/div>\n\t\t<\/div>\n\t\t\t\t\t<\/div>\n\t\t<\/section>\n\t\t\t\t<\/div>\n\t\t","protected":false},"excerpt":{"rendered":"<p>VIERNES SANTO Conozco esas ganas de llorar conozco el oc\u00e9ano de unos labios grises que atenazan la garganta conozco entonces me acerco a los sucesos un andamio un hombre el fin de semana ha sido canceroso veinte a\u00f1os cumpl\u00eda el Etna se incendian los hoteles con pistolas y s\u00edndromes de tos ferina entonces me acerco [&hellip;]<\/p>\n","protected":false},"author":1,"featured_media":0,"parent":0,"menu_order":0,"comment_status":"closed","ping_status":"closed","template":"","meta":{"_acf_changed":false,"footnotes":""},"class_list":["post-81","page","type-page","status-publish","hentry"],"acf":[],"yoast_head":"<!-- This site is optimized with the Yoast SEO Premium plugin v24.7 (Yoast SEO v27.5) - https:\/\/yoast.com\/product\/yoast-seo-premium-wordpress\/ -->\n<title>POES\u00cdA - Javier Pe\u00f1as Navarro<\/title>\n<meta name=\"description\" content=\"Poes\u00eda del libro DIOS EN MIS POEMAS, el escritor nos da una muestra tras publicar un libro con la editorial Ediciones Rilke.\" \/>\n<meta name=\"robots\" content=\"index, follow, max-snippet:-1, max-image-preview:large, max-video-preview:-1\" \/>\n<link rel=\"canonical\" href=\"https:\/\/nuestrosescritores.com\/javierpnavarro\/poesia\/\" \/>\n<meta property=\"og:locale\" content=\"es_ES\" \/>\n<meta property=\"og:type\" content=\"article\" \/>\n<meta property=\"og:title\" content=\"POES\u00cdA\" \/>\n<meta property=\"og:description\" content=\"Poes\u00eda del libro DIOS EN MIS POEMAS, el escritor nos da una muestra tras publicar un libro con la editorial Ediciones Rilke.\" \/>\n<meta property=\"og:url\" content=\"https:\/\/nuestrosescritores.com\/javierpnavarro\/poesia\/\" \/>\n<meta property=\"og:site_name\" content=\"Javier Pe\u00f1as Navarro\" \/>\n<meta property=\"article:modified_time\" content=\"2023-06-25T07:39:31+00:00\" \/>\n<meta name=\"twitter:card\" content=\"summary_large_image\" \/>\n<meta name=\"twitter:label1\" content=\"Tiempo de lectura\" \/>\n\t<meta name=\"twitter:data1\" content=\"3 minutos\" \/>\n<script type=\"application\/ld+json\" class=\"yoast-schema-graph\">{\"@context\":\"https:\\\/\\\/schema.org\",\"@graph\":[{\"@type\":\"WebPage\",\"@id\":\"https:\\\/\\\/nuestrosescritores.com\\\/javierpnavarro\\\/poesia\\\/\",\"url\":\"https:\\\/\\\/nuestrosescritores.com\\\/javierpnavarro\\\/poesia\\\/\",\"name\":\"POES\u00cdA - Javier Pe\u00f1as Navarro\",\"isPartOf\":{\"@id\":\"https:\\\/\\\/nuestrosescritores.com\\\/javierpnavarro\\\/#website\"},\"datePublished\":\"2023-06-25T06:54:43+00:00\",\"dateModified\":\"2023-06-25T07:39:31+00:00\",\"description\":\"Poes\u00eda del libro DIOS EN MIS POEMAS, el escritor nos da una muestra tras publicar un libro con la editorial Ediciones Rilke.\",\"breadcrumb\":{\"@id\":\"https:\\\/\\\/nuestrosescritores.com\\\/javierpnavarro\\\/poesia\\\/#breadcrumb\"},\"inLanguage\":\"es\",\"potentialAction\":[{\"@type\":\"ReadAction\",\"target\":[\"https:\\\/\\\/nuestrosescritores.com\\\/javierpnavarro\\\/poesia\\\/\"]}]},{\"@type\":\"BreadcrumbList\",\"@id\":\"https:\\\/\\\/nuestrosescritores.com\\\/javierpnavarro\\\/poesia\\\/#breadcrumb\",\"itemListElement\":[{\"@type\":\"ListItem\",\"position\":1,\"name\":\"Portada\",\"item\":\"https:\\\/\\\/nuestrosescritores.com\\\/javierpnavarro\\\/\"},{\"@type\":\"ListItem\",\"position\":2,\"name\":\"POES\u00cdA\"}]},{\"@type\":\"WebSite\",\"@id\":\"https:\\\/\\\/nuestrosescritores.com\\\/javierpnavarro\\\/#website\",\"url\":\"https:\\\/\\\/nuestrosescritores.com\\\/javierpnavarro\\\/\",\"name\":\"Nuestros escritores\",\"description\":\"Escritor\",\"potentialAction\":[{\"@type\":\"SearchAction\",\"target\":{\"@type\":\"EntryPoint\",\"urlTemplate\":\"https:\\\/\\\/nuestrosescritores.com\\\/javierpnavarro\\\/?s={search_term_string}\"},\"query-input\":{\"@type\":\"PropertyValueSpecification\",\"valueRequired\":true,\"valueName\":\"search_term_string\"}}],\"inLanguage\":\"es\"}]}<\/script>\n<!-- \/ Yoast SEO Premium plugin. -->","yoast_head_json":{"title":"POES\u00cdA - Javier Pe\u00f1as Navarro","description":"Poes\u00eda del libro DIOS EN MIS POEMAS, el escritor nos da una muestra tras publicar un libro con la editorial Ediciones Rilke.","robots":{"index":"index","follow":"follow","max-snippet":"max-snippet:-1","max-image-preview":"max-image-preview:large","max-video-preview":"max-video-preview:-1"},"canonical":"https:\/\/nuestrosescritores.com\/javierpnavarro\/poesia\/","og_locale":"es_ES","og_type":"article","og_title":"POES\u00cdA","og_description":"Poes\u00eda del libro DIOS EN MIS POEMAS, el escritor nos da una muestra tras publicar un libro con la editorial Ediciones Rilke.","og_url":"https:\/\/nuestrosescritores.com\/javierpnavarro\/poesia\/","og_site_name":"Javier Pe\u00f1as Navarro","article_modified_time":"2023-06-25T07:39:31+00:00","twitter_card":"summary_large_image","twitter_misc":{"Tiempo de lectura":"3 minutos"},"schema":{"@context":"https:\/\/schema.org","@graph":[{"@type":"WebPage","@id":"https:\/\/nuestrosescritores.com\/javierpnavarro\/poesia\/","url":"https:\/\/nuestrosescritores.com\/javierpnavarro\/poesia\/","name":"POES\u00cdA - Javier Pe\u00f1as Navarro","isPartOf":{"@id":"https:\/\/nuestrosescritores.com\/javierpnavarro\/#website"},"datePublished":"2023-06-25T06:54:43+00:00","dateModified":"2023-06-25T07:39:31+00:00","description":"Poes\u00eda del libro DIOS EN MIS POEMAS, el escritor nos da una muestra tras publicar un libro con la editorial Ediciones Rilke.","breadcrumb":{"@id":"https:\/\/nuestrosescritores.com\/javierpnavarro\/poesia\/#breadcrumb"},"inLanguage":"es","potentialAction":[{"@type":"ReadAction","target":["https:\/\/nuestrosescritores.com\/javierpnavarro\/poesia\/"]}]},{"@type":"BreadcrumbList","@id":"https:\/\/nuestrosescritores.com\/javierpnavarro\/poesia\/#breadcrumb","itemListElement":[{"@type":"ListItem","position":1,"name":"Portada","item":"https:\/\/nuestrosescritores.com\/javierpnavarro\/"},{"@type":"ListItem","position":2,"name":"POES\u00cdA"}]},{"@type":"WebSite","@id":"https:\/\/nuestrosescritores.com\/javierpnavarro\/#website","url":"https:\/\/nuestrosescritores.com\/javierpnavarro\/","name":"Nuestros escritores","description":"Escritor","potentialAction":[{"@type":"SearchAction","target":{"@type":"EntryPoint","urlTemplate":"https:\/\/nuestrosescritores.com\/javierpnavarro\/?s={search_term_string}"},"query-input":{"@type":"PropertyValueSpecification","valueRequired":true,"valueName":"search_term_string"}}],"inLanguage":"es"}]}},"_links":{"self":[{"href":"https:\/\/nuestrosescritores.com\/javierpnavarro\/wp-json\/wp\/v2\/pages\/81","targetHints":{"allow":["GET"]}}],"collection":[{"href":"https:\/\/nuestrosescritores.com\/javierpnavarro\/wp-json\/wp\/v2\/pages"}],"about":[{"href":"https:\/\/nuestrosescritores.com\/javierpnavarro\/wp-json\/wp\/v2\/types\/page"}],"author":[{"embeddable":true,"href":"https:\/\/nuestrosescritores.com\/javierpnavarro\/wp-json\/wp\/v2\/users\/1"}],"replies":[{"embeddable":true,"href":"https:\/\/nuestrosescritores.com\/javierpnavarro\/wp-json\/wp\/v2\/comments?post=81"}],"version-history":[{"count":0,"href":"https:\/\/nuestrosescritores.com\/javierpnavarro\/wp-json\/wp\/v2\/pages\/81\/revisions"}],"wp:attachment":[{"href":"https:\/\/nuestrosescritores.com\/javierpnavarro\/wp-json\/wp\/v2\/media?parent=81"}],"curies":[{"name":"wp","href":"https:\/\/api.w.org\/{rel}","templated":true}]}}