{"id":85,"date":"2024-11-02T18:17:40","date_gmt":"2024-11-02T17:17:40","guid":{"rendered":"https:\/\/nuestrosescritores.com\/javierlopezcazalla\/?page_id=85"},"modified":"2024-11-02T18:22:32","modified_gmt":"2024-11-02T17:22:32","slug":"poesia","status":"publish","type":"page","link":"https:\/\/nuestrosescritores.com\/javierlopezcazalla\/poesia\/","title":{"rendered":"POES\u00cdA"},"content":{"rendered":"\t\t<div data-elementor-type=\"wp-page\" data-elementor-id=\"85\" class=\"elementor elementor-85\">\n\t\t\t\t\t\t<section class=\"elementor-section elementor-top-section elementor-element elementor-element-7ec42e88 elementor-section-full_width elementor-section-height-full elementor-section-content-middle back elementor-section-height-default elementor-section-items-middle\" data-id=\"7ec42e88\" data-element_type=\"section\" data-e-type=\"section\">\n\t\t\t\t\t\t\t<div class=\"elementor-background-overlay\"><\/div>\n\t\t\t\t\t\t\t<div class=\"elementor-container elementor-column-gap-no\">\n\t\t\t\t\t<div class=\"aux-parallax-section elementor-column elementor-col-100 elementor-top-column elementor-element elementor-element-4327d628\" data-id=\"4327d628\" data-element_type=\"column\" data-e-type=\"column\">\n\t\t\t<div class=\"elementor-widget-wrap\">\n\t\t\t\t\t\t\t<\/div>\n\t\t<\/div>\n\t\t\t\t\t<\/div>\n\t\t<\/section>\n\t\t\t\t<section class=\"elementor-section elementor-top-section elementor-element elementor-element-5ad871ea elementor-section-boxed elementor-section-height-default elementor-section-height-default\" data-id=\"5ad871ea\" data-element_type=\"section\" data-e-type=\"section\">\n\t\t\t\t\t\t<div class=\"elementor-container elementor-column-gap-default\">\n\t\t\t\t\t<div class=\"aux-parallax-section elementor-column elementor-col-100 elementor-top-column elementor-element elementor-element-3c848215\" data-id=\"3c848215\" data-element_type=\"column\" data-e-type=\"column\">\n\t\t\t<div class=\"elementor-widget-wrap elementor-element-populated\">\n\t\t\t\t\t\t<div class=\"elementor-element elementor-element-136ddf18 elementor-widget elementor-widget-text-editor\" data-id=\"136ddf18\" data-element_type=\"widget\" data-e-type=\"widget\" data-widget_type=\"text-editor.default\">\n\t\t\t\t<div class=\"elementor-widget-container\">\n\t\t\t\t\t\t\t\t\t<h1><a name=\"_Toc132999983\"><\/a><\/h1><h1><a name=\"_Toc178433742\"><\/a><strong>EMPECEMOS DE NUEVO<\/strong><\/h1><p>Me gustar\u00eda poder volver<br \/>a la tarde en que nos conocimos<br \/>solamente para poder ver<br \/>la \u00faltima vez que m\u00e1s nos quisimos.<\/p><p>Quisiera regresar al pasado<br \/>cuando los dos \u00e9ramos felices<br \/>estando el amor de nuestro lado<br \/>y el coraz\u00f3n limpio de matices.<\/p><p>Desear\u00eda empezar de nuevo<br \/>donde se besaron nuestras bocas<br \/>porque ahora mismo no me atrevo<br \/>a reprocharte que te equivocas.<\/p><p>Pues no s\u00e9 en qu\u00e9 preciso momento<br \/>perdimos esa felicidad<br \/>que nos impulsaba como el viento<br \/>a amarnos toda la eternidad.<\/p><p><span class='bctt-click-to-tweet'><span class='bctt-ctt-text'><a href='https:\/\/x.com\/intent\/tweet?url=https%3A%2F%2Fnuestrosescritores.com%2Fjavierlopezcazalla%2Fpoesia%2F&#038;text=EMPECEMOS%20DE%20NUEVO%20del%20libro%20LA%20ETERNA%20FUGACIDAD%20de%20JAVIER%20L%C3%93PEZ%20CAZALLA.&#038;related' target='_blank'rel=\"noopener noreferrer\">EMPECEMOS DE NUEVO del libro LA ETERNA FUGACIDAD de JAVIER L\u00d3PEZ CAZALLA. <\/a><\/span><a href='https:\/\/x.com\/intent\/tweet?url=https%3A%2F%2Fnuestrosescritores.com%2Fjavierlopezcazalla%2Fpoesia%2F&#038;text=EMPECEMOS%20DE%20NUEVO%20del%20libro%20LA%20ETERNA%20FUGACIDAD%20de%20JAVIER%20L%C3%93PEZ%20CAZALLA.&#038;related' target='_blank' class='bctt-ctt-btn'rel=\"noopener noreferrer\">Compartir en X<\/a><\/span><\/p>\t\t\t\t\t\t\t\t<\/div>\n\t\t\t\t<\/div>\n\t\t\t\t\t<\/div>\n\t\t<\/div>\n\t\t\t\t\t<\/div>\n\t\t<\/section>\n\t\t\t\t<section class=\"elementor-section elementor-top-section elementor-element elementor-element-6cfa4a3b elementor-section-height-full elementor-section-content-middle back elementor-section-boxed elementor-section-height-default elementor-section-items-middle\" data-id=\"6cfa4a3b\" data-element_type=\"section\" data-e-type=\"section\">\n\t\t\t\t\t\t\t<div class=\"elementor-background-overlay\"><\/div>\n\t\t\t\t\t\t\t<div class=\"elementor-container elementor-column-gap-no\">\n\t\t\t\t\t<div class=\"aux-parallax-section elementor-column elementor-col-100 elementor-top-column elementor-element elementor-element-b2879f9\" data-id=\"b2879f9\" data-element_type=\"column\" data-e-type=\"column\">\n\t\t\t<div class=\"elementor-widget-wrap\">\n\t\t\t\t\t\t\t<\/div>\n\t\t<\/div>\n\t\t\t\t\t<\/div>\n\t\t<\/section>\n\t\t\t\t<section class=\"elementor-section elementor-top-section elementor-element elementor-element-7f7ec89e elementor-section-full_width elementor-section-height-full elementor-section-height-default elementor-section-items-middle\" data-id=\"7f7ec89e\" data-element_type=\"section\" data-e-type=\"section\">\n\t\t\t\t\t\t<div class=\"elementor-container elementor-column-gap-default\">\n\t\t\t\t\t<div class=\"aux-parallax-section elementor-column elementor-col-100 elementor-top-column elementor-element elementor-element-7cd5c357\" data-id=\"7cd5c357\" data-element_type=\"column\" data-e-type=\"column\">\n\t\t\t<div class=\"elementor-widget-wrap elementor-element-populated\">\n\t\t\t\t\t\t<div class=\"elementor-element elementor-element-7a00bde6 elementor-widget elementor-widget-text-editor\" data-id=\"7a00bde6\" data-element_type=\"widget\" data-e-type=\"widget\" data-widget_type=\"text-editor.default\">\n\t\t\t\t<div class=\"elementor-widget-container\">\n\t\t\t\t\t\t\t\t\t<h1><a name=\"_Toc132999983\"><\/a><\/h1><h1><a name=\"_Toc132999987\"><\/a><\/h1><h1><a name=\"_Toc178433752\"><\/a><strong>UN AMOR DISTINTO<\/strong><\/h1><p>No nos parecemos en nada,<br \/>somos como el d\u00eda y la noche,<br \/>cuando salgo de madrugada<br \/>ella est\u00e1 volviendo en su coche.<\/p><p>Ella siempre sale de fiesta<br \/>cuando yo prefiero la cama,<br \/>y cuando voy a dormir la siesta<br \/>no quiere ponerse el pijama.<\/p><p>A ella le gusta ir a conciertos<br \/>y a m\u00ed me gusta ir a museos,<br \/>ella no cree en los expertos<br \/>y yo no creo en los deseos.<\/p><p>Ella llega pasada la hora<br \/>y yo llego siempre puntual,<br \/>ella por casi nada llora<br \/>y a m\u00ed todo me sienta mal.<\/p><p>Y aunque m\u00e1s de una pretendienta<br \/>sea a m\u00ed m\u00e1s que parecida<br \/>ni aunque se preste de sirvienta<br \/>dejo yo al amor de mi vida.<\/p><p>Pues si os soy realmente honesto<br \/>me encanta poderos decir<br \/>que he encontrado a mi polo opuesto<br \/>y que es quien me inspira a escribir.<\/p><p><span class='bctt-click-to-tweet'><span class='bctt-ctt-text'><a href='https:\/\/x.com\/intent\/tweet?url=https%3A%2F%2Fnuestrosescritores.com%2Fjavierlopezcazalla%2Fpoesia%2F&#038;text=UN%20AMOR%20DISTINTO%20del%20libro%20LA%20ETERNA%20FUGACIDAD%20de%20JAVIER%20L%C3%93PEZ%20CAZALLA.&#038;related' target='_blank'rel=\"noopener noreferrer\">UN AMOR DISTINTO del libro LA ETERNA FUGACIDAD de JAVIER L\u00d3PEZ CAZALLA. <\/a><\/span><a href='https:\/\/x.com\/intent\/tweet?url=https%3A%2F%2Fnuestrosescritores.com%2Fjavierlopezcazalla%2Fpoesia%2F&#038;text=UN%20AMOR%20DISTINTO%20del%20libro%20LA%20ETERNA%20FUGACIDAD%20de%20JAVIER%20L%C3%93PEZ%20CAZALLA.&#038;related' target='_blank' class='bctt-ctt-btn'rel=\"noopener noreferrer\">Compartir en X<\/a><\/span><\/p>\t\t\t\t\t\t\t\t<\/div>\n\t\t\t\t<\/div>\n\t\t\t\t\t<\/div>\n\t\t<\/div>\n\t\t\t\t\t<\/div>\n\t\t<\/section>\n\t\t\t\t<section class=\"elementor-section elementor-top-section elementor-element elementor-element-15f7d039 elementor-section-full_width elementor-section-height-full elementor-section-content-middle back elementor-section-height-default elementor-section-items-middle\" data-id=\"15f7d039\" data-element_type=\"section\" data-e-type=\"section\">\n\t\t\t\t\t\t\t<div class=\"elementor-background-overlay\"><\/div>\n\t\t\t\t\t\t\t<div class=\"elementor-container elementor-column-gap-no\">\n\t\t\t\t\t<div class=\"aux-parallax-section elementor-column elementor-col-100 elementor-top-column elementor-element elementor-element-16973e7b\" data-id=\"16973e7b\" data-element_type=\"column\" data-e-type=\"column\">\n\t\t\t<div class=\"elementor-widget-wrap\">\n\t\t\t\t\t\t\t<\/div>\n\t\t<\/div>\n\t\t\t\t\t<\/div>\n\t\t<\/section>\n\t\t\t\t<section class=\"elementor-section elementor-top-section elementor-element elementor-element-254affb3 elementor-section-boxed elementor-section-height-default elementor-section-height-default\" data-id=\"254affb3\" data-element_type=\"section\" data-e-type=\"section\">\n\t\t\t\t\t\t<div class=\"elementor-container elementor-column-gap-default\">\n\t\t\t\t\t<div class=\"aux-parallax-section elementor-column elementor-col-100 elementor-top-column elementor-element elementor-element-735b3a30\" data-id=\"735b3a30\" data-element_type=\"column\" data-e-type=\"column\">\n\t\t\t<div class=\"elementor-widget-wrap elementor-element-populated\">\n\t\t\t\t\t\t<div class=\"elementor-element elementor-element-16b99a60 elementor-widget elementor-widget-text-editor\" data-id=\"16b99a60\" data-element_type=\"widget\" data-e-type=\"widget\" data-widget_type=\"text-editor.default\">\n\t\t\t\t<div class=\"elementor-widget-container\">\n\t\t\t\t\t\t\t\t\t<h1><a name=\"_Toc132999983\"><\/a><\/h1><h1><a name=\"_Toc132999987\"><\/a><\/h1><h1><a name=\"_Toc178433780\"><\/a><strong>A LA VUELTA DE TUS OJOS<\/strong><\/h1><p>Las estrellas barajadas<br \/>por capricho del azar<br \/>est\u00e1n todas enterradas<br \/>bajo la sombra del mar.<\/p><p>La l\u00e1grima contenida<br \/>por la quietud de la duna<br \/>en mi pecho est\u00e1 perdida<br \/>bajo la voz de la luna.<\/p><p>La piedra que se ha doblado<br \/>por los pitones del viento<br \/>en silencio se ha quedado<br \/>bajo un oscuro lamento.<\/p><p>Y la noche medio muerta<br \/>por un \u00e1rbol sin postura<br \/>en el sue\u00f1o se despierta<br \/>bajo tu hermosa figura.<\/p><p><span class='bctt-click-to-tweet'><span class='bctt-ctt-text'><a href='https:\/\/x.com\/intent\/tweet?url=https%3A%2F%2Fnuestrosescritores.com%2Fjavierlopezcazalla%2Fpoesia%2F&#038;text=A%20LA%20VUELTA%20DE%20TUS%20OJOS%20del%20libro%20LA%20ETERNA%20FUGACIDAD%20de%20JAVIER%20L%C3%93PEZ%20CAZALLA.&#038;related' target='_blank'rel=\"noopener noreferrer\">A LA VUELTA DE TUS OJOS del libro LA ETERNA FUGACIDAD de JAVIER L\u00d3PEZ CAZALLA. <\/a><\/span><a href='https:\/\/x.com\/intent\/tweet?url=https%3A%2F%2Fnuestrosescritores.com%2Fjavierlopezcazalla%2Fpoesia%2F&#038;text=A%20LA%20VUELTA%20DE%20TUS%20OJOS%20del%20libro%20LA%20ETERNA%20FUGACIDAD%20de%20JAVIER%20L%C3%93PEZ%20CAZALLA.&#038;related' target='_blank' class='bctt-ctt-btn'rel=\"noopener noreferrer\">Compartir en X<\/a><\/span><\/p>\t\t\t\t\t\t\t\t<\/div>\n\t\t\t\t<\/div>\n\t\t\t\t\t<\/div>\n\t\t<\/div>\n\t\t\t\t\t<\/div>\n\t\t<\/section>\n\t\t\t\t<section class=\"elementor-section elementor-top-section elementor-element elementor-element-2ed73b74 elementor-section-full_width elementor-section-height-full elementor-section-content-middle back elementor-section-height-default elementor-section-items-middle\" data-id=\"2ed73b74\" data-element_type=\"section\" data-e-type=\"section\">\n\t\t\t\t\t\t\t<div class=\"elementor-background-overlay\"><\/div>\n\t\t\t\t\t\t\t<div class=\"elementor-container elementor-column-gap-no\">\n\t\t\t\t\t<div class=\"aux-parallax-section elementor-column elementor-col-100 elementor-top-column elementor-element elementor-element-29b95890\" data-id=\"29b95890\" data-element_type=\"column\" data-e-type=\"column\">\n\t\t\t<div class=\"elementor-widget-wrap\">\n\t\t\t\t\t\t\t<\/div>\n\t\t<\/div>\n\t\t\t\t\t<\/div>\n\t\t<\/section>\n\t\t\t\t<section class=\"elementor-section elementor-top-section elementor-element elementor-element-5e1be151 elementor-section-boxed elementor-section-height-default elementor-section-height-default\" data-id=\"5e1be151\" data-element_type=\"section\" data-e-type=\"section\">\n\t\t\t\t\t\t<div class=\"elementor-container elementor-column-gap-default\">\n\t\t\t\t\t<div class=\"aux-parallax-section elementor-column elementor-col-100 elementor-top-column elementor-element elementor-element-39609995\" data-id=\"39609995\" data-element_type=\"column\" data-e-type=\"column\">\n\t\t\t<div class=\"elementor-widget-wrap elementor-element-populated\">\n\t\t\t\t\t\t<div class=\"elementor-element elementor-element-28d0aeb2 elementor-widget elementor-widget-text-editor\" data-id=\"28d0aeb2\" data-element_type=\"widget\" data-e-type=\"widget\" data-widget_type=\"text-editor.default\">\n\t\t\t\t<div class=\"elementor-widget-container\">\n\t\t\t\t\t\t\t\t\t<h1><a name=\"_Toc133000005\"><\/a><\/h1><h1><a name=\"_Toc133000014\"><\/a><\/h1><h1><a name=\"_Toc178433804\"><\/a><strong>EL AMOR ES ALEGR\u00cdA<\/strong><\/h1><p>Cuando me besas, mi cuerpo vuela<br \/>m\u00e1s all\u00e1 de la felicidad<br \/>porque en ti encontr\u00e9 al alma gemela<br \/>que le faltaba a mi otra mitad.<\/p><p>Cuando tu dulce lengua me toca<br \/>siento entre t\u00fa y yo una conexi\u00f3n<br \/>que hace que te sue\u00f1e con la boca<br \/>y te piense con el coraz\u00f3n.<\/p><p>Y cuando nuestro amor sin medida<br \/>me tiene entre tus labios envuelto<br \/>entregar\u00eda por ti mi vida<br \/>de igual modo que me la has devuelto.<\/p><p><span class='bctt-click-to-tweet'><span class='bctt-ctt-text'><a href='https:\/\/x.com\/intent\/tweet?url=https%3A%2F%2Fnuestrosescritores.com%2Fjavierlopezcazalla%2Fpoesia%2F&#038;text=EL%20AMOR%20ES%20ALEGR%C3%8DA%20del%20libro%20LA%20ETERNA%20FUGACIDAD%20de%20JAVIER%20L%C3%93PEZ%20CAZALLA.&#038;related' target='_blank'rel=\"noopener noreferrer\">EL AMOR ES ALEGR\u00cdA del libro LA ETERNA FUGACIDAD de JAVIER L\u00d3PEZ CAZALLA. <\/a><\/span><a href='https:\/\/x.com\/intent\/tweet?url=https%3A%2F%2Fnuestrosescritores.com%2Fjavierlopezcazalla%2Fpoesia%2F&#038;text=EL%20AMOR%20ES%20ALEGR%C3%8DA%20del%20libro%20LA%20ETERNA%20FUGACIDAD%20de%20JAVIER%20L%C3%93PEZ%20CAZALLA.&#038;related' target='_blank' class='bctt-ctt-btn'rel=\"noopener noreferrer\">Compartir en X<\/a><\/span><\/p>\t\t\t\t\t\t\t\t<\/div>\n\t\t\t\t<\/div>\n\t\t\t\t\t<\/div>\n\t\t<\/div>\n\t\t\t\t\t<\/div>\n\t\t<\/section>\n\t\t\t\t<section class=\"elementor-section elementor-top-section elementor-element elementor-element-78245664 elementor-section-full_width elementor-section-height-full elementor-section-content-middle back elementor-section-height-default elementor-section-items-middle\" data-id=\"78245664\" data-element_type=\"section\" data-e-type=\"section\">\n\t\t\t\t\t\t\t<div class=\"elementor-background-overlay\"><\/div>\n\t\t\t\t\t\t\t<div class=\"elementor-container elementor-column-gap-no\">\n\t\t\t\t\t<div class=\"aux-parallax-section elementor-column elementor-col-100 elementor-top-column elementor-element elementor-element-580d6a57\" data-id=\"580d6a57\" data-element_type=\"column\" data-e-type=\"column\">\n\t\t\t<div class=\"elementor-widget-wrap\">\n\t\t\t\t\t\t\t<\/div>\n\t\t<\/div>\n\t\t\t\t\t<\/div>\n\t\t<\/section>\n\t\t\t\t<section class=\"elementor-section elementor-top-section elementor-element elementor-element-530a6a2c elementor-section-boxed elementor-section-height-default elementor-section-height-default\" data-id=\"530a6a2c\" data-element_type=\"section\" data-e-type=\"section\">\n\t\t\t\t\t\t<div class=\"elementor-container elementor-column-gap-default\">\n\t\t\t\t\t<div class=\"aux-parallax-section elementor-column elementor-col-100 elementor-top-column elementor-element elementor-element-7b960617\" data-id=\"7b960617\" data-element_type=\"column\" data-e-type=\"column\">\n\t\t\t<div class=\"elementor-widget-wrap elementor-element-populated\">\n\t\t\t\t\t\t<div class=\"elementor-element elementor-element-42958187 elementor-widget elementor-widget-text-editor\" data-id=\"42958187\" data-element_type=\"widget\" data-e-type=\"widget\" data-widget_type=\"text-editor.default\">\n\t\t\t\t<div class=\"elementor-widget-container\">\n\t\t\t\t\t\t\t\t\t<h1><a name=\"_Toc133000005\"><\/a><\/h1><h1><a name=\"_Toc133000031\"><\/a><\/h1><h1><a name=\"_Toc178433754\"><\/a>EL JUICIO FINAL<\/h1><p>\u00bfQui\u00e9n fue el que encerr\u00f3 a la luna<br \/>en una gota de cielo<br \/>para dejar sin fortuna<br \/>a quienes mueren sin duelo?<\/p><p>\u00bfQui\u00e9n fue el que le puso al fuego<br \/>alfileres en sus bordes<br \/>porque le pareci\u00f3 un juego<br \/>de silencios y de acordes?<\/p><p>\u00bfQui\u00e9n fue a quien le entr\u00f3 la prisa<br \/>en crear la primavera<br \/>sin quitarle la sonrisa<br \/>a la muerte que la espera?<\/p><p>\u00bfY qui\u00e9n fue el de la ocurrencia<br \/>de ponerle vida al mundo<br \/>cometiendo la imprudencia<br \/>de acabarla en un segundo?<\/p><p>Pues quien sea el responsable<br \/>deber\u00e1 de ser juzgado<br \/>por la voz inapelable<br \/>que a todos nos ha faltado.<\/p><p><span class='bctt-click-to-tweet'><span class='bctt-ctt-text'><a href='https:\/\/x.com\/intent\/tweet?url=https%3A%2F%2Fnuestrosescritores.com%2Fjavierlopezcazalla%2Fpoesia%2F&#038;text=EL%20JUICIO%20FINAL%20del%20libro%20LA%20ETERNA%20FUGACIDAD%20de%20JAVIER%20L%C3%93PEZ%20CAZALLA.&#038;related' target='_blank'rel=\"noopener noreferrer\">EL JUICIO FINAL del libro LA ETERNA FUGACIDAD de JAVIER L\u00d3PEZ CAZALLA. <\/a><\/span><a href='https:\/\/x.com\/intent\/tweet?url=https%3A%2F%2Fnuestrosescritores.com%2Fjavierlopezcazalla%2Fpoesia%2F&#038;text=EL%20JUICIO%20FINAL%20del%20libro%20LA%20ETERNA%20FUGACIDAD%20de%20JAVIER%20L%C3%93PEZ%20CAZALLA.&#038;related' target='_blank' class='bctt-ctt-btn'rel=\"noopener noreferrer\">Compartir en X<\/a><\/span><\/p>\t\t\t\t\t\t\t\t<\/div>\n\t\t\t\t<\/div>\n\t\t\t\t\t<\/div>\n\t\t<\/div>\n\t\t\t\t\t<\/div>\n\t\t<\/section>\n\t\t\t\t<section class=\"elementor-section elementor-top-section elementor-element elementor-element-83a9de0 elementor-section-full_width elementor-section-height-full elementor-section-content-middle back elementor-section-height-default elementor-section-items-middle\" data-id=\"83a9de0\" data-element_type=\"section\" data-e-type=\"section\">\n\t\t\t\t\t\t\t<div class=\"elementor-background-overlay\"><\/div>\n\t\t\t\t\t\t\t<div class=\"elementor-container elementor-column-gap-no\">\n\t\t\t\t\t<div class=\"aux-parallax-section elementor-column elementor-col-100 elementor-top-column elementor-element elementor-element-52d131fb\" data-id=\"52d131fb\" data-element_type=\"column\" data-e-type=\"column\">\n\t\t\t<div class=\"elementor-widget-wrap elementor-element-populated\">\n\t\t\t\t\t\t<div class=\"elementor-element elementor-element-570c16ed elementor-button-success elementor-align-center elementor-widget elementor-widget-button\" data-id=\"570c16ed\" data-element_type=\"widget\" data-e-type=\"widget\" data-widget_type=\"button.default\">\n\t\t\t\t<div class=\"elementor-widget-container\">\n\t\t\t\t\t\t\t\t\t<div class=\"elementor-button-wrapper\">\n\t\t\t\t\t<a class=\"elementor-button elementor-button-link elementor-size-xl\" href=\"https:\/\/librodepoesia.com\/libro\/la-eterna-fugacidad-javier-lopez-cazalla\/\">\n\t\t\t\t\t\t<span class=\"elementor-button-content-wrapper\">\n\t\t\t\t\t\t\t\t\t<span class=\"elementor-button-text\">COMPRAR EL LIBRO<\/span>\n\t\t\t\t\t<\/span>\n\t\t\t\t\t<\/a>\n\t\t\t\t<\/div>\n\t\t\t\t\t\t\t\t<\/div>\n\t\t\t\t<\/div>\n\t\t\t\t\t<\/div>\n\t\t<\/div>\n\t\t\t\t\t<\/div>\n\t\t<\/section>\n\t\t\t\t<\/div>\n\t\t","protected":false},"excerpt":{"rendered":"<p>EMPECEMOS DE NUEVO Me gustar\u00eda poder volvera la tarde en que nos conocimossolamente para poder verla \u00faltima vez que m\u00e1s nos quisimos. Quisiera regresar al pasadocuando los dos \u00e9ramos felicesestando el amor de nuestro ladoy el coraz\u00f3n limpio de matices. Desear\u00eda empezar de nuevodonde se besaron nuestras bocasporque ahora mismo no me atrevoa reprocharte que [&hellip;]<\/p>\n","protected":false},"author":1,"featured_media":0,"parent":0,"menu_order":0,"comment_status":"closed","ping_status":"closed","template":"","meta":{"_acf_changed":false,"footnotes":""},"class_list":["post-85","page","type-page","status-publish","hentry"],"acf":[],"yoast_head":"<!-- This site is optimized with the Yoast SEO Premium plugin v24.7 (Yoast SEO v27.4) - https:\/\/yoast.com\/product\/yoast-seo-premium-wordpress\/ -->\n<title>POES\u00cdA - Javier L\u00f3pez Cazalla<\/title>\n<meta name=\"robots\" content=\"index, follow, max-snippet:-1, max-image-preview:large, max-video-preview:-1\" \/>\n<link rel=\"canonical\" href=\"https:\/\/nuestrosescritores.com\/javierlopezcazalla\/poesia\/\" \/>\n<meta property=\"og:locale\" content=\"es_ES\" \/>\n<meta property=\"og:type\" content=\"article\" \/>\n<meta property=\"og:title\" content=\"POES\u00cdA\" \/>\n<meta property=\"og:description\" content=\"EMPECEMOS DE NUEVO Me gustar\u00eda poder volvera la tarde en que nos conocimossolamente para poder verla \u00faltima vez que m\u00e1s nos quisimos. Quisiera regresar al pasadocuando los dos \u00e9ramos felicesestando el amor de nuestro ladoy el coraz\u00f3n limpio de matices. Desear\u00eda empezar de nuevodonde se besaron nuestras bocasporque ahora mismo no me atrevoa reprocharte que [&hellip;]\" \/>\n<meta property=\"og:url\" content=\"https:\/\/nuestrosescritores.com\/javierlopezcazalla\/poesia\/\" \/>\n<meta property=\"og:site_name\" content=\"Javier L\u00f3pez Cazalla\" \/>\n<meta property=\"article:modified_time\" content=\"2024-11-02T17:22:32+00:00\" \/>\n<meta name=\"twitter:card\" content=\"summary_large_image\" \/>\n<meta name=\"twitter:label1\" content=\"Tiempo de lectura\" \/>\n\t<meta name=\"twitter:data1\" content=\"3 minutos\" \/>\n<script type=\"application\/ld+json\" class=\"yoast-schema-graph\">{\"@context\":\"https:\\\/\\\/schema.org\",\"@graph\":[{\"@type\":\"WebPage\",\"@id\":\"https:\\\/\\\/nuestrosescritores.com\\\/javierlopezcazalla\\\/poesia\\\/\",\"url\":\"https:\\\/\\\/nuestrosescritores.com\\\/javierlopezcazalla\\\/poesia\\\/\",\"name\":\"POES\u00cdA - Javier L\u00f3pez Cazalla\",\"isPartOf\":{\"@id\":\"https:\\\/\\\/nuestrosescritores.com\\\/javierlopezcazalla\\\/#website\"},\"datePublished\":\"2024-11-02T17:17:40+00:00\",\"dateModified\":\"2024-11-02T17:22:32+00:00\",\"breadcrumb\":{\"@id\":\"https:\\\/\\\/nuestrosescritores.com\\\/javierlopezcazalla\\\/poesia\\\/#breadcrumb\"},\"inLanguage\":\"es\",\"potentialAction\":[{\"@type\":\"ReadAction\",\"target\":[\"https:\\\/\\\/nuestrosescritores.com\\\/javierlopezcazalla\\\/poesia\\\/\"]}]},{\"@type\":\"BreadcrumbList\",\"@id\":\"https:\\\/\\\/nuestrosescritores.com\\\/javierlopezcazalla\\\/poesia\\\/#breadcrumb\",\"itemListElement\":[{\"@type\":\"ListItem\",\"position\":1,\"name\":\"Portada\",\"item\":\"https:\\\/\\\/nuestrosescritores.com\\\/javierlopezcazalla\\\/\"},{\"@type\":\"ListItem\",\"position\":2,\"name\":\"POES\u00cdA\"}]},{\"@type\":\"WebSite\",\"@id\":\"https:\\\/\\\/nuestrosescritores.com\\\/javierlopezcazalla\\\/#website\",\"url\":\"https:\\\/\\\/nuestrosescritores.com\\\/javierlopezcazalla\\\/\",\"name\":\"Nuestros escritores\",\"description\":\"Escritor\",\"potentialAction\":[{\"@type\":\"SearchAction\",\"target\":{\"@type\":\"EntryPoint\",\"urlTemplate\":\"https:\\\/\\\/nuestrosescritores.com\\\/javierlopezcazalla\\\/?s={search_term_string}\"},\"query-input\":{\"@type\":\"PropertyValueSpecification\",\"valueRequired\":true,\"valueName\":\"search_term_string\"}}],\"inLanguage\":\"es\"}]}<\/script>\n<!-- \/ Yoast SEO Premium plugin. -->","yoast_head_json":{"title":"POES\u00cdA - Javier L\u00f3pez Cazalla","robots":{"index":"index","follow":"follow","max-snippet":"max-snippet:-1","max-image-preview":"max-image-preview:large","max-video-preview":"max-video-preview:-1"},"canonical":"https:\/\/nuestrosescritores.com\/javierlopezcazalla\/poesia\/","og_locale":"es_ES","og_type":"article","og_title":"POES\u00cdA","og_description":"EMPECEMOS DE NUEVO Me gustar\u00eda poder volvera la tarde en que nos conocimossolamente para poder verla \u00faltima vez que m\u00e1s nos quisimos. Quisiera regresar al pasadocuando los dos \u00e9ramos felicesestando el amor de nuestro ladoy el coraz\u00f3n limpio de matices. Desear\u00eda empezar de nuevodonde se besaron nuestras bocasporque ahora mismo no me atrevoa reprocharte que [&hellip;]","og_url":"https:\/\/nuestrosescritores.com\/javierlopezcazalla\/poesia\/","og_site_name":"Javier L\u00f3pez Cazalla","article_modified_time":"2024-11-02T17:22:32+00:00","twitter_card":"summary_large_image","twitter_misc":{"Tiempo de lectura":"3 minutos"},"schema":{"@context":"https:\/\/schema.org","@graph":[{"@type":"WebPage","@id":"https:\/\/nuestrosescritores.com\/javierlopezcazalla\/poesia\/","url":"https:\/\/nuestrosescritores.com\/javierlopezcazalla\/poesia\/","name":"POES\u00cdA - Javier L\u00f3pez Cazalla","isPartOf":{"@id":"https:\/\/nuestrosescritores.com\/javierlopezcazalla\/#website"},"datePublished":"2024-11-02T17:17:40+00:00","dateModified":"2024-11-02T17:22:32+00:00","breadcrumb":{"@id":"https:\/\/nuestrosescritores.com\/javierlopezcazalla\/poesia\/#breadcrumb"},"inLanguage":"es","potentialAction":[{"@type":"ReadAction","target":["https:\/\/nuestrosescritores.com\/javierlopezcazalla\/poesia\/"]}]},{"@type":"BreadcrumbList","@id":"https:\/\/nuestrosescritores.com\/javierlopezcazalla\/poesia\/#breadcrumb","itemListElement":[{"@type":"ListItem","position":1,"name":"Portada","item":"https:\/\/nuestrosescritores.com\/javierlopezcazalla\/"},{"@type":"ListItem","position":2,"name":"POES\u00cdA"}]},{"@type":"WebSite","@id":"https:\/\/nuestrosescritores.com\/javierlopezcazalla\/#website","url":"https:\/\/nuestrosescritores.com\/javierlopezcazalla\/","name":"Nuestros escritores","description":"Escritor","potentialAction":[{"@type":"SearchAction","target":{"@type":"EntryPoint","urlTemplate":"https:\/\/nuestrosescritores.com\/javierlopezcazalla\/?s={search_term_string}"},"query-input":{"@type":"PropertyValueSpecification","valueRequired":true,"valueName":"search_term_string"}}],"inLanguage":"es"}]}},"_links":{"self":[{"href":"https:\/\/nuestrosescritores.com\/javierlopezcazalla\/wp-json\/wp\/v2\/pages\/85","targetHints":{"allow":["GET"]}}],"collection":[{"href":"https:\/\/nuestrosescritores.com\/javierlopezcazalla\/wp-json\/wp\/v2\/pages"}],"about":[{"href":"https:\/\/nuestrosescritores.com\/javierlopezcazalla\/wp-json\/wp\/v2\/types\/page"}],"author":[{"embeddable":true,"href":"https:\/\/nuestrosescritores.com\/javierlopezcazalla\/wp-json\/wp\/v2\/users\/1"}],"replies":[{"embeddable":true,"href":"https:\/\/nuestrosescritores.com\/javierlopezcazalla\/wp-json\/wp\/v2\/comments?post=85"}],"version-history":[{"count":0,"href":"https:\/\/nuestrosescritores.com\/javierlopezcazalla\/wp-json\/wp\/v2\/pages\/85\/revisions"}],"wp:attachment":[{"href":"https:\/\/nuestrosescritores.com\/javierlopezcazalla\/wp-json\/wp\/v2\/media?parent=85"}],"curies":[{"name":"wp","href":"https:\/\/api.w.org\/{rel}","templated":true}]}}