{"id":27,"date":"2021-07-11T11:35:17","date_gmt":"2021-07-11T11:35:17","guid":{"rendered":"https:\/\/nuestrosescritores.com\/ivanmauriciolombanavillalba\/?page_id=27"},"modified":"2021-07-11T11:35:29","modified_gmt":"2021-07-11T11:35:29","slug":"poesia","status":"publish","type":"page","link":"https:\/\/nuestrosescritores.com\/ivanmauriciolombanavillalba\/poesia\/","title":{"rendered":"POES\u00cdA"},"content":{"rendered":"<div class=\"wpb-content-wrapper\">[vc_row full_width=&#8221;stretch_row_content_no_spaces&#8221;][vc_column extend=&#8221;false&#8221;]<div class='gambit_parallax_row' data-bg-align='' data-direction='fixed' data-opacity='100' data-velocity='-0.3' data-mobile-enabled='' data-bg-height='1200' data-bg-width='756' data-bg-image='https:\/\/nuestrosescritores.com\/ivanmauriciolombanavillalba\/wp-content\/uploads\/sites\/100\/2021\/07\/mfo9fwzudq4.jpg' data-bg-repeat='false' data-id='' style='display: none'><\/div><div class=\"gambit_fullheight_row\" data-content-location=\"center\" style=\"display: none\"><\/div>[\/vc_column][\/vc_row][vc_row][vc_column extend=&#8221;false&#8221;][vc_column_text]\n<h1>&nbsp;<\/h1>\n<h1><a name=\"_Toc72690508\"><\/a><\/h1>\n<h1><a name=\"_Toc74501096\"><\/a><strong>Digresi\u00f3n<\/strong><\/h1>\n<p>&nbsp;<\/p>\n<p>Se va hacia afuera;<\/p>\n<p>sin esperar m\u00e1s, no se tiene<\/p>\n<p>ni a d\u00f3nde volver,<\/p>\n<p>enajenado el amor,<\/p>\n<p>perjuro y esquivo<\/p>\n<p>que se insiste en buscar.<\/p>\n<p>&nbsp;<\/p>\n<p>De cuando en cuanto,<\/p>\n<p>empieza el asecho,<\/p>\n<p>sin duelo, vestido o sustento;<\/p>\n<p>y mientras tanto,<\/p>\n<p>se oye caer a la desolaci\u00f3n<\/p>\n<p>sobre la ciudad tumultuosa.<\/p>\n<p>&nbsp;<\/p>\n<p>Afuera se quedan;<\/p>\n<p>ah\u00ed nada est\u00e1.<\/p>\n<p>&nbsp;<\/p>\n<p>Un d\u00eda, de improviso<\/p>\n<p>se llevan un cuerpo infectado,<\/p>\n<p>tras morir a la intemperie<\/p>\n<p>y sin provisiones.<\/p>\n<p>&nbsp;<\/p>\n<p>Resta huir aunque nunca<\/p>\n<p>todav\u00eda buscan, obligados<\/p>\n<p>a acabar con el verter de l\u00e1grimas.<\/p>\n<p>&nbsp;<\/p>\n<p>Sin despedida, ser\u00e1s piedra y ceniza<\/p>\n<p>sin cofre ni despedida.<\/p>\n<p>&nbsp;<\/p>\n<p>No est\u00e1 ah\u00ed.<\/p>\n<p>&nbsp;<\/p>\n<span class='bctt-click-to-tweet'><span class='bctt-ctt-text'><a href='https:\/\/x.com\/intent\/tweet?url=https%3A%2F%2Fnuestrosescritores.com%2Fivanmauriciolombanavillalba%2Fpoesia%2F&#038;text=Digresi%C3%B3n%20del%20libro%20CALICLES%20O%20DE%20LA%20FUERZA%20CONTRA%20LA%20LEY%20de%20IV%C3%81N%20MAURICIO%20LOMBANA%20VILLALBA&#038;via=poesiaerestu&#038;related=poesiaerestu' target='_blank'rel=\"noopener noreferrer\">Digresi\u00f3n del libro CALICLES O DE LA FUERZA CONTRA LA LEY de IV\u00c1N MAURICIO LOMBANA VILLALBA <\/a><\/span><a href='https:\/\/x.com\/intent\/tweet?url=https%3A%2F%2Fnuestrosescritores.com%2Fivanmauriciolombanavillalba%2Fpoesia%2F&#038;text=Digresi%C3%B3n%20del%20libro%20CALICLES%20O%20DE%20LA%20FUERZA%20CONTRA%20LA%20LEY%20de%20IV%C3%81N%20MAURICIO%20LOMBANA%20VILLALBA&#038;via=poesiaerestu&#038;related=poesiaerestu' target='_blank' class='bctt-ctt-btn'rel=\"noopener noreferrer\">Compartir en X<\/a><\/span>[\/vc_column_text][\/vc_column][\/vc_row][vc_row full_width=&#8221;stretch_row_content_no_spaces&#8221;][vc_column extend=&#8221;false&#8221;]<div class='gambit_parallax_row' data-bg-align='' data-direction='fixed' data-opacity='100' data-velocity='-0.3' data-mobile-enabled='' data-bg-height='1200' data-bg-width='800' data-bg-image='https:\/\/nuestrosescritores.com\/ivanmauriciolombanavillalba\/wp-content\/uploads\/sites\/100\/2021\/07\/ksg92gkudpw.jpg' data-bg-repeat='false' data-id='' style='display: none'><\/div><div class=\"gambit_fullheight_row\" data-content-location=\"center\" style=\"display: none\"><\/div>[\/vc_column][\/vc_row][vc_row][vc_column extend=&#8221;false&#8221;][vc_column_text]\n<h1>&nbsp;<\/h1>\n<h1><a name=\"_Toc71223738\"><\/a><\/h1>\n<h1><a name=\"_Toc74754287\"><\/a><\/h1>\n<h1><a name=\"_Toc72690514\"><\/a><\/h1>\n<h1><a name=\"_Toc74501103\"><\/a><strong>Retener<\/strong><\/h1>\n<p>&nbsp;<\/p>\n<p>Resurge nada de las cenizas,<\/p>\n<p>pero modesto y redivivo Gorgias,<\/p>\n<p>sol\u00eda recatarse con risa espont\u00e1nea,<\/p>\n<p>ante la afrenta del fanfarr\u00f3n,<\/p>\n<p>sa\u00f1udo e inc\u00f3lume S\u00f3crates.<\/p>\n<p>&nbsp;<\/p>\n<p>Aunque no por el escarnio,<\/p>\n<p>sino al aterrarse de la parte<\/p>\n<p>que le tocaba en suerte;<\/p>\n<p>y al verse obligado a callar<\/p>\n<p>y a limitarse a escuchar,<\/p>\n<p>acotados a\u00fan los pensamientos;<\/p>\n<p>rezagados, hasta tener que retirarse.<\/p>\n<p>&nbsp;<\/p>\n<p>S\u00f3lo ten\u00eda que tragarse lo dicho S\u00f3crates,<\/p>\n<p>y consumirse en la pena<\/p>\n<p>por hablar de m\u00e1s.<\/p>\n<p>&nbsp;<\/p>\n<p>No se debe osar, decir de s\u00ed,<\/p>\n<p>y menos verter las congojas<\/p>\n<p>en escucha ajena.<\/p>\n<p>&nbsp;<\/p>\n<p>Sol\u00eda recatarse Gorgias<\/p>\n<p>por la parte que le tocaba en suerte;<\/p>\n<p>nada surge de arg\u00fcir<\/p>\n<p>o al demandar razones.<\/p>\n<p>&nbsp;<\/p>\n<span class='bctt-click-to-tweet'><span class='bctt-ctt-text'><a href='https:\/\/x.com\/intent\/tweet?url=https%3A%2F%2Fnuestrosescritores.com%2Fivanmauriciolombanavillalba%2Fpoesia%2F&#038;text=Retener%20del%20libro%20CALICLES%20O%20DE%20LA%20FUERZA%20CONTRA%20LA%20LEY%20de%20IV%C3%81N%20MAURICIO%20LOMBANA%20VILLALBA&#038;via=poesiaerestu&#038;related=poesiaerestu' target='_blank'rel=\"noopener noreferrer\">Retener del libro CALICLES O DE LA FUERZA CONTRA LA LEY de IV\u00c1N MAURICIO LOMBANA VILLALBA <\/a><\/span><a href='https:\/\/x.com\/intent\/tweet?url=https%3A%2F%2Fnuestrosescritores.com%2Fivanmauriciolombanavillalba%2Fpoesia%2F&#038;text=Retener%20del%20libro%20CALICLES%20O%20DE%20LA%20FUERZA%20CONTRA%20LA%20LEY%20de%20IV%C3%81N%20MAURICIO%20LOMBANA%20VILLALBA&#038;via=poesiaerestu&#038;related=poesiaerestu' target='_blank' class='bctt-ctt-btn'rel=\"noopener noreferrer\">Compartir en X<\/a><\/span>\n<p>&nbsp;<\/p>\n<p>&nbsp;[\/vc_column_text][\/vc_column][\/vc_row][vc_row][vc_column extend=&#8221;false&#8221;]<div class='gambit_parallax_row' data-bg-align='' data-direction='fixed' data-opacity='100' data-velocity='-0.3' data-mobile-enabled='' data-bg-height='1200' data-bg-width='800' data-bg-image='https:\/\/nuestrosescritores.com\/ivanmauriciolombanavillalba\/wp-content\/uploads\/sites\/100\/2021\/07\/wzfqobnrsvc.jpg' data-bg-repeat='false' data-id='' style='display: none'><\/div><div class=\"gambit_fullheight_row\" data-content-location=\"center\" style=\"display: none\"><\/div>[\/vc_column][\/vc_row][vc_row][vc_column extend=&#8221;false&#8221;][vc_column_text]\n<h1><a name=\"_Toc68808797\"><\/a><\/h1>\n<h1><a name=\"_Toc69056939\"><\/a><\/h1>\n<h1><a name=\"_Toc74754292\"><\/a><\/h1>\n<h1>Disonancia<\/h1>\n<p>Se presentan los problemas al disentir,<br \/>\nen vez de obviar la pol\u00edtica.<\/p>\n<p>Est\u00e1 mejor atender a lo que sobrevenga,<br \/>\ny salir con prisa<br \/>\nde donde hayan m\u00e1s de dos personas,<br \/>\nque con discursos de leyes y derechos<br \/>\nimpongan sus resoluciones.<\/p>\n<p>Todav\u00eda es peor,<br \/>\ncaer bajo la direcci\u00f3n de subalternos,<br \/>\no la correcci\u00f3n de los cient\u00edficos,<br \/>\npara los que nada existe<br \/>\nsin un documento p\u00fabico<br \/>\nque apruebe y avale.<\/p>\n<p>Tambi\u00e9n anticipa a la belleza,<br \/>\nsu ser para la muerte, la mujer.<\/p>\n<p>Se pierde el tiempo al ayudar<br \/>\no al mantenerse discordante<br \/>\nentre disputas, con insistencia.<\/p>\n<p>Se indignan si no puedes amar m\u00e1s,<br \/>\ntal cual quisieran.<\/p>\n<p>Se pierde, por m\u00e1s tiempo que pase,<br \/>\ny te desacreditan a\u00fan m\u00e1s.<\/p>\n<p>&nbsp;<\/p>\n<p>&nbsp;<\/p>\n<span class='bctt-click-to-tweet'><span class='bctt-ctt-text'><a href='https:\/\/x.com\/intent\/tweet?url=https%3A%2F%2Fnuestrosescritores.com%2Fivanmauriciolombanavillalba%2Fpoesia%2F&#038;text=Disonancia%20del%20libro%20CALICLES%20O%20DE%20LA%20FUERZA%20CONTRA%20LA%20LEY%20de%20IV%C3%81N%20MAURICIO%20LOMBANA%20VILLALBA&#038;via=poesiaerestu&#038;related=poesiaerestu' target='_blank'rel=\"noopener noreferrer\">Disonancia del libro CALICLES O DE LA FUERZA CONTRA LA LEY de IV\u00c1N MAURICIO LOMBANA VILLALBA <\/a><\/span><a href='https:\/\/x.com\/intent\/tweet?url=https%3A%2F%2Fnuestrosescritores.com%2Fivanmauriciolombanavillalba%2Fpoesia%2F&#038;text=Disonancia%20del%20libro%20CALICLES%20O%20DE%20LA%20FUERZA%20CONTRA%20LA%20LEY%20de%20IV%C3%81N%20MAURICIO%20LOMBANA%20VILLALBA&#038;via=poesiaerestu&#038;related=poesiaerestu' target='_blank' class='bctt-ctt-btn'rel=\"noopener noreferrer\">Compartir en X<\/a><\/span>[\/vc_column_text][\/vc_column][\/vc_row][vc_row][vc_column extend=&#8221;false&#8221;]<div class='gambit_parallax_row' data-bg-align='' data-direction='fixed' data-opacity='100' data-velocity='-0.3' data-mobile-enabled='' data-bg-height='1200' data-bg-width='800' data-bg-image='https:\/\/nuestrosescritores.com\/ivanmauriciolombanavillalba\/wp-content\/uploads\/sites\/100\/2021\/07\/amfnvovlavw.jpg' data-bg-repeat='false' data-id='' style='display: none'><\/div><div class=\"gambit_fullheight_row\" data-content-location=\"center\" style=\"display: none\"><\/div>[\/vc_column][\/vc_row][vc_row][vc_column extend=&#8221;false&#8221;][vc_column_text]<a name=\"_Toc67933181\"><\/a><\/p>\n<h1><a name=\"_Toc71223746\"><\/a><\/h1>\n<h1><a name=\"_Toc74754308\"><\/a><\/h1>\n<h1><a name=\"_Toc72690523\"><\/a><\/h1>\n<h1><a name=\"_Toc74501127\"><\/a><strong>Trepar<\/strong><\/h1>\n<p>&nbsp;<\/p>\n<p>Se apartan de los caminos<\/p>\n<p>y dirigen los pasos hacia la colina<\/p>\n<p>con la cabeza hacia el cielo,<\/p>\n<p>para amar a escondidas<\/p>\n<p>con la vista del mar,<\/p>\n<p>sin reparar en algo m\u00e1s que los rodea.<\/p>\n<p>&nbsp;<\/p>\n<p>Sin reparar en lo mejor o en la felicidad,<\/p>\n<p>en los caminos que apartan,<\/p>\n<p>se preservan lejos del hogar.<\/p>\n<p>&nbsp;<\/p>\n<p>Es apenas natural,<\/p>\n<p>que la madre defienda al criminal<\/p>\n<p>y a los que se sirven de la democracia,<\/p>\n<p>de la educaci\u00f3n y el derecho,<\/p>\n<p>para subir al poder.<\/p>\n<p>&nbsp;<\/p>\n<p>&nbsp;<\/p>\n<span class='bctt-click-to-tweet'><span class='bctt-ctt-text'><a href='https:\/\/x.com\/intent\/tweet?url=https%3A%2F%2Fnuestrosescritores.com%2Fivanmauriciolombanavillalba%2Fpoesia%2F&#038;text=Trepar%20del%20libro%20CALICLES%20O%20DE%20LA%20FUERZA%20CONTRA%20LA%20LEY%20de%20IV%C3%81N%20MAURICIO%20LOMBANA%20VILLALBA&#038;via=poesiaerestu&#038;related=poesiaerestu' target='_blank'rel=\"noopener noreferrer\">Trepar del libro CALICLES O DE LA FUERZA CONTRA LA LEY de IV\u00c1N MAURICIO LOMBANA VILLALBA <\/a><\/span><a href='https:\/\/x.com\/intent\/tweet?url=https%3A%2F%2Fnuestrosescritores.com%2Fivanmauriciolombanavillalba%2Fpoesia%2F&#038;text=Trepar%20del%20libro%20CALICLES%20O%20DE%20LA%20FUERZA%20CONTRA%20LA%20LEY%20de%20IV%C3%81N%20MAURICIO%20LOMBANA%20VILLALBA&#038;via=poesiaerestu&#038;related=poesiaerestu' target='_blank' class='bctt-ctt-btn'rel=\"noopener noreferrer\">Compartir en X<\/a><\/span>[\/vc_column_text][\/vc_column][\/vc_row][vc_row][vc_column extend=&#8221;false&#8221;]<div class='gambit_parallax_row' data-bg-align='' data-direction='fixed' data-opacity='100' data-velocity='-0.3' data-mobile-enabled='' data-bg-height='1200' data-bg-width='800' data-bg-image='https:\/\/nuestrosescritores.com\/ivanmauriciolombanavillalba\/wp-content\/uploads\/sites\/100\/2021\/07\/fk6noq1lu_u.jpg' data-bg-repeat='false' data-id='' style='display: none'><\/div><div class=\"gambit_fullheight_row\" data-content-location=\"center\" style=\"display: none\"><\/div>[\/vc_column][\/vc_row][vc_row][vc_column extend=&#8221;false&#8221;][vc_column_text]\n<h1>&nbsp;<\/h1>\n<h1><a name=\"_Toc67238204\"><\/a><a name=\"_Toc68029894\"><\/a><\/h1>\n<h1>&nbsp;<\/h1>\n<h1>&nbsp;<\/h1>\n<h1><a name=\"_Toc71223749\"><\/a><\/h1>\n<h1><a name=\"_Toc74754334\"><\/a><\/h1>\n<h1><a name=\"_Toc72690527\"><\/a><\/h1>\n<h1><a name=\"_Toc74501158\"><\/a><strong>Avanzar<\/strong><\/h1>\n<p>&nbsp;<\/p>\n<p>Una vez m\u00e1s se contradice<\/p>\n<p>el discurso fuerte de S\u00f3crates,<\/p>\n<p>y a refutar invita, despu\u00e9s de rechazar<\/p>\n<p>cualquier variaci\u00f3n en el pensar<\/p>\n<p>que se desv\u00ede de la rectitud<\/p>\n<p>del bien y la justicia.<\/p>\n<p>&nbsp;<\/p>\n<p>No hay que estar a acordes;<\/p>\n<p>o inconformes, con lo que se afirma,<\/p>\n<p>e intentar templar el \u00e1nimo,<\/p>\n<p>sin l\u00f3gica alguna, con simple arte<\/p>\n<p>para dictaminar mejor lo mejor.<\/p>\n<p>&nbsp;<\/p>\n<p>M\u00e1s luego, habr\u00e1 que considerar,<\/p>\n<p>lo contradictorio; no solo lo contrario,<\/p>\n<p>para considerase y conseguir lo bueno<\/p>\n<p>adem\u00e1s de pensar.<\/p>\n<p>&nbsp;<\/p>\n<p>Una vez m\u00e1s, rechazan la erudici\u00f3n,<\/p>\n<p>y s\u00f3lo se fija, de buenas a primeras,<\/p>\n<p>en figuras, im\u00e1genes y formas,<\/p>\n<p>lo bello, lo hermoso y la pulcritud.<\/p>\n<p>&nbsp;<\/p>\n<span class='bctt-click-to-tweet'><span class='bctt-ctt-text'><a href='https:\/\/x.com\/intent\/tweet?url=https%3A%2F%2Fnuestrosescritores.com%2Fivanmauriciolombanavillalba%2Fpoesia%2F&#038;text=Avanzar%C2%A0del%20libro%20CALICLES%20O%20DE%20LA%20FUERZA%20CONTRA%20LA%20LEY%20de%20IV%C3%81N%20MAURICIO%20LOMBANA%20VILLALBA&#038;via=poesiaerestu&#038;related=poesiaerestu' target='_blank'rel=\"noopener noreferrer\">Avanzar&nbsp;del libro CALICLES O DE LA FUERZA CONTRA LA LEY de IV\u00c1N MAURICIO LOMBANA VILLALBA <\/a><\/span><a href='https:\/\/x.com\/intent\/tweet?url=https%3A%2F%2Fnuestrosescritores.com%2Fivanmauriciolombanavillalba%2Fpoesia%2F&#038;text=Avanzar%C2%A0del%20libro%20CALICLES%20O%20DE%20LA%20FUERZA%20CONTRA%20LA%20LEY%20de%20IV%C3%81N%20MAURICIO%20LOMBANA%20VILLALBA&#038;via=poesiaerestu&#038;related=poesiaerestu' target='_blank' class='bctt-ctt-btn'rel=\"noopener noreferrer\">Compartir en X<\/a><\/span>[\/vc_column_text][\/vc_column][\/vc_row][vc_row][vc_column extend=&#8221;false&#8221;]<div class='gambit_parallax_row' data-bg-align='' data-direction='fixed' data-opacity='100' data-velocity='-0.3' data-mobile-enabled='' data-bg-height='794' data-bg-width='559' data-bg-image='https:\/\/nuestrosescritores.com\/ivanmauriciolombanavillalba\/wp-content\/uploads\/sites\/100\/2021\/07\/0_PortadaCalicles.jpg' data-bg-repeat='false' data-id='' style='display: none'><\/div><div class=\"gambit_fullheight_row\" data-content-location=\"center\" style=\"display: none\"><\/div>[vc_column_text]\n<p style=\"text-align: center;\"><a class=\"fasc-button fasc-size-xlarge fasc-type-glossy fasc-rounded-medium\" style=\"background-color: #33809e; color: #ffffff;\" href=\"https:\/\/librodepoesia.com\/producto\/calicles-o-de-la-fuerza-contra-la-ley-ivan-mauricio-lombana-villalba\/\">Comprar el libro<\/a><\/p>\n[\/vc_column_text][\/vc_column][\/vc_row]\n<\/div>","protected":false},"excerpt":{"rendered":"<p>[vc_row full_width=&#8221;stretch_row_content_no_spaces&#8221;][vc_column extend=&#8221;false&#8221;][\/vc_column][\/vc_row][vc_row][vc_column extend=&#8221;false&#8221;][vc_column_text] &nbsp; Digresi\u00f3n &nbsp; Se va hacia afuera; sin esperar m\u00e1s, no se tiene ni a d\u00f3nde volver, enajenado el amor, perjuro y esquivo que se insiste en buscar. &nbsp; De cuando en cuanto, empieza el asecho, sin duelo, vestido o sustento; y mientras tanto, se oye caer a la desolaci\u00f3n sobre [&hellip;]<\/p>\n","protected":false},"author":1,"featured_media":0,"parent":0,"menu_order":0,"comment_status":"closed","ping_status":"closed","template":"","meta":{"_acf_changed":false,"footnotes":""},"class_list":["post-27","page","type-page","status-publish","hentry"],"acf":[],"yoast_head":"<!-- This site is optimized with the Yoast SEO Premium plugin v24.7 (Yoast SEO v27.6) - https:\/\/yoast.com\/product\/yoast-seo-premium-wordpress\/ -->\n<title>POES\u00cdA - Iv\u00e1n Mauricio Lombana Villalba<\/title>\n<meta name=\"robots\" content=\"index, follow, max-snippet:-1, max-image-preview:large, max-video-preview:-1\" \/>\n<link rel=\"canonical\" href=\"https:\/\/nuestrosescritores.com\/ivanmauriciolombanavillalba\/poesia\/\" \/>\n<meta property=\"og:locale\" content=\"es_ES\" \/>\n<meta property=\"og:type\" content=\"article\" \/>\n<meta property=\"og:title\" content=\"POES\u00cdA\" \/>\n<meta property=\"og:description\" content=\"[vc_row full_width=&#8221;stretch_row_content_no_spaces&#8221;][vc_column extend=&#8221;false&#8221;][\/vc_column][\/vc_row][vc_row][vc_column extend=&#8221;false&#8221;][vc_column_text] &nbsp; Digresi\u00f3n &nbsp; Se va hacia afuera; sin esperar m\u00e1s, no se tiene ni a d\u00f3nde volver, enajenado el amor, perjuro y esquivo que se insiste en buscar. &nbsp; De cuando en cuanto, empieza el asecho, sin duelo, vestido o sustento; y mientras tanto, se oye caer a la desolaci\u00f3n sobre [&hellip;]\" \/>\n<meta property=\"og:url\" content=\"https:\/\/nuestrosescritores.com\/ivanmauriciolombanavillalba\/poesia\/\" \/>\n<meta property=\"og:site_name\" content=\"Iv\u00e1n Mauricio Lombana Villalba\" \/>\n<meta property=\"article:modified_time\" content=\"2021-07-11T11:35:29+00:00\" \/>\n<meta name=\"twitter:card\" content=\"summary_large_image\" \/>\n<meta name=\"twitter:label1\" content=\"Tiempo de lectura\" \/>\n\t<meta name=\"twitter:data1\" content=\"3 minutos\" \/>\n<script type=\"application\/ld+json\" class=\"yoast-schema-graph\">{\"@context\":\"https:\\\/\\\/schema.org\",\"@graph\":[{\"@type\":\"WebPage\",\"@id\":\"https:\\\/\\\/nuestrosescritores.com\\\/ivanmauriciolombanavillalba\\\/poesia\\\/\",\"url\":\"https:\\\/\\\/nuestrosescritores.com\\\/ivanmauriciolombanavillalba\\\/poesia\\\/\",\"name\":\"POES\u00cdA - Iv\u00e1n Mauricio Lombana Villalba\",\"isPartOf\":{\"@id\":\"https:\\\/\\\/nuestrosescritores.com\\\/ivanmauriciolombanavillalba\\\/#website\"},\"datePublished\":\"2021-07-11T11:35:17+00:00\",\"dateModified\":\"2021-07-11T11:35:29+00:00\",\"breadcrumb\":{\"@id\":\"https:\\\/\\\/nuestrosescritores.com\\\/ivanmauriciolombanavillalba\\\/poesia\\\/#breadcrumb\"},\"inLanguage\":\"es\",\"potentialAction\":[{\"@type\":\"ReadAction\",\"target\":[\"https:\\\/\\\/nuestrosescritores.com\\\/ivanmauriciolombanavillalba\\\/poesia\\\/\"]}]},{\"@type\":\"BreadcrumbList\",\"@id\":\"https:\\\/\\\/nuestrosescritores.com\\\/ivanmauriciolombanavillalba\\\/poesia\\\/#breadcrumb\",\"itemListElement\":[{\"@type\":\"ListItem\",\"position\":1,\"name\":\"Portada\",\"item\":\"https:\\\/\\\/nuestrosescritores.com\\\/ivanmauriciolombanavillalba\\\/\"},{\"@type\":\"ListItem\",\"position\":2,\"name\":\"POES\u00cdA\"}]},{\"@type\":\"WebSite\",\"@id\":\"https:\\\/\\\/nuestrosescritores.com\\\/ivanmauriciolombanavillalba\\\/#website\",\"url\":\"https:\\\/\\\/nuestrosescritores.com\\\/ivanmauriciolombanavillalba\\\/\",\"name\":\"Nuestros escritores\",\"description\":\"ESCRITOR\",\"potentialAction\":[{\"@type\":\"SearchAction\",\"target\":{\"@type\":\"EntryPoint\",\"urlTemplate\":\"https:\\\/\\\/nuestrosescritores.com\\\/ivanmauriciolombanavillalba\\\/?s={search_term_string}\"},\"query-input\":{\"@type\":\"PropertyValueSpecification\",\"valueRequired\":true,\"valueName\":\"search_term_string\"}}],\"inLanguage\":\"es\"}]}<\/script>\n<!-- \/ Yoast SEO Premium plugin. -->","yoast_head_json":{"title":"POES\u00cdA - Iv\u00e1n Mauricio Lombana Villalba","robots":{"index":"index","follow":"follow","max-snippet":"max-snippet:-1","max-image-preview":"max-image-preview:large","max-video-preview":"max-video-preview:-1"},"canonical":"https:\/\/nuestrosescritores.com\/ivanmauriciolombanavillalba\/poesia\/","og_locale":"es_ES","og_type":"article","og_title":"POES\u00cdA","og_description":"[vc_row full_width=&#8221;stretch_row_content_no_spaces&#8221;][vc_column extend=&#8221;false&#8221;][\/vc_column][\/vc_row][vc_row][vc_column extend=&#8221;false&#8221;][vc_column_text] &nbsp; Digresi\u00f3n &nbsp; Se va hacia afuera; sin esperar m\u00e1s, no se tiene ni a d\u00f3nde volver, enajenado el amor, perjuro y esquivo que se insiste en buscar. &nbsp; De cuando en cuanto, empieza el asecho, sin duelo, vestido o sustento; y mientras tanto, se oye caer a la desolaci\u00f3n sobre [&hellip;]","og_url":"https:\/\/nuestrosescritores.com\/ivanmauriciolombanavillalba\/poesia\/","og_site_name":"Iv\u00e1n Mauricio Lombana Villalba","article_modified_time":"2021-07-11T11:35:29+00:00","twitter_card":"summary_large_image","twitter_misc":{"Tiempo de lectura":"3 minutos"},"schema":{"@context":"https:\/\/schema.org","@graph":[{"@type":"WebPage","@id":"https:\/\/nuestrosescritores.com\/ivanmauriciolombanavillalba\/poesia\/","url":"https:\/\/nuestrosescritores.com\/ivanmauriciolombanavillalba\/poesia\/","name":"POES\u00cdA - Iv\u00e1n Mauricio Lombana Villalba","isPartOf":{"@id":"https:\/\/nuestrosescritores.com\/ivanmauriciolombanavillalba\/#website"},"datePublished":"2021-07-11T11:35:17+00:00","dateModified":"2021-07-11T11:35:29+00:00","breadcrumb":{"@id":"https:\/\/nuestrosescritores.com\/ivanmauriciolombanavillalba\/poesia\/#breadcrumb"},"inLanguage":"es","potentialAction":[{"@type":"ReadAction","target":["https:\/\/nuestrosescritores.com\/ivanmauriciolombanavillalba\/poesia\/"]}]},{"@type":"BreadcrumbList","@id":"https:\/\/nuestrosescritores.com\/ivanmauriciolombanavillalba\/poesia\/#breadcrumb","itemListElement":[{"@type":"ListItem","position":1,"name":"Portada","item":"https:\/\/nuestrosescritores.com\/ivanmauriciolombanavillalba\/"},{"@type":"ListItem","position":2,"name":"POES\u00cdA"}]},{"@type":"WebSite","@id":"https:\/\/nuestrosescritores.com\/ivanmauriciolombanavillalba\/#website","url":"https:\/\/nuestrosescritores.com\/ivanmauriciolombanavillalba\/","name":"Nuestros escritores","description":"ESCRITOR","potentialAction":[{"@type":"SearchAction","target":{"@type":"EntryPoint","urlTemplate":"https:\/\/nuestrosescritores.com\/ivanmauriciolombanavillalba\/?s={search_term_string}"},"query-input":{"@type":"PropertyValueSpecification","valueRequired":true,"valueName":"search_term_string"}}],"inLanguage":"es"}]}},"_links":{"self":[{"href":"https:\/\/nuestrosescritores.com\/ivanmauriciolombanavillalba\/wp-json\/wp\/v2\/pages\/27","targetHints":{"allow":["GET"]}}],"collection":[{"href":"https:\/\/nuestrosescritores.com\/ivanmauriciolombanavillalba\/wp-json\/wp\/v2\/pages"}],"about":[{"href":"https:\/\/nuestrosescritores.com\/ivanmauriciolombanavillalba\/wp-json\/wp\/v2\/types\/page"}],"author":[{"embeddable":true,"href":"https:\/\/nuestrosescritores.com\/ivanmauriciolombanavillalba\/wp-json\/wp\/v2\/users\/1"}],"replies":[{"embeddable":true,"href":"https:\/\/nuestrosescritores.com\/ivanmauriciolombanavillalba\/wp-json\/wp\/v2\/comments?post=27"}],"version-history":[{"count":0,"href":"https:\/\/nuestrosescritores.com\/ivanmauriciolombanavillalba\/wp-json\/wp\/v2\/pages\/27\/revisions"}],"wp:attachment":[{"href":"https:\/\/nuestrosescritores.com\/ivanmauriciolombanavillalba\/wp-json\/wp\/v2\/media?parent=27"}],"curies":[{"name":"wp","href":"https:\/\/api.w.org\/{rel}","templated":true}]}}