{"id":44,"date":"2020-10-11T10:52:49","date_gmt":"2020-10-11T10:52:49","guid":{"rendered":"https:\/\/nuestrosescritores.com\/irenealba\/?page_id=44"},"modified":"2020-10-11T11:41:00","modified_gmt":"2020-10-11T11:41:00","slug":"poesia","status":"publish","type":"page","link":"https:\/\/nuestrosescritores.com\/irenealba\/poesia\/","title":{"rendered":"Poes\u00eda"},"content":{"rendered":"<div class=\"wpb-content-wrapper\">[vc_row][vc_column extend=&#8221;false&#8221;][vc_column_text css=&#8221;.vc_custom_1574620857038{margin-top: -30000px !important;}&#8221;]\n<h1><strong><em><u>Poes\u00eda del libro EL VOLVER DE LOS PECES de IRENE ALBA CALDER\u00d3N. El escritor nos da una muestra tras publicar un libro.<\/u><\/em><\/strong><\/h1>\n<h2><strong><em><u><img fetchpriority=\"high\" decoding=\"async\" class=\"alignnone size-full wp-image-9\" src=\"https:\/\/nuestrosescritores.com\/irenealba\/wp-content\/uploads\/sites\/58\/2020\/10\/Cubierta_Elvolverdelospeces3.jpg\" alt=\"\" width=\"559\" height=\"794\" srcset=\"https:\/\/nuestrosescritores.com\/irenealba\/wp-content\/uploads\/sites\/58\/2020\/10\/Cubierta_Elvolverdelospeces3.jpg 559w, https:\/\/nuestrosescritores.com\/irenealba\/wp-content\/uploads\/sites\/58\/2020\/10\/Cubierta_Elvolverdelospeces3-500x710.jpg 500w\" sizes=\"(max-width: 559px) 100vw, 559px\" \/>Poes\u00eda del libro EL VOLVER DE LOS PECES de IRENE ALBA CALDER\u00d3N El poeta nos da una muestra tras publicar un libro.<\/u><\/em><\/strong><\/h2>\n<h3><strong><em><u>Poes\u00eda del libro EL VOLVER DE LOS PECES de IRENE ALBA CALDER\u00d3N El autor nos da una muestra tras publicar un libro.<\/u><\/em><\/strong><\/h3>\n<h4><strong><em><u>Poes\u00eda del libro EL VOLVER DE LOS PECES de IRENE ALBA CALDER\u00d3N El autor nos da una muestra tras publicar un libro.<\/u><\/em><\/strong><\/h4>\n<h5><strong><em><u>Poes\u00eda del libro EL VOLVER DE LOS PECES de IRENE ALBA CALDER\u00d3N El autor nos da una muestra tras publicar un libro.<\/u><\/em><\/strong><\/h5>\n[\/vc_column_text][\/vc_column][\/vc_row][vc_row full_width=&#8221;stretch_row_content_no_spaces&#8221;][vc_column extend=&#8221;false&#8221;]<div class='gambit_parallax_row' data-bg-align='' data-direction='fixed' data-opacity='100' data-velocity='-0.3' data-mobile-enabled='' data-bg-height='768' data-bg-width='1152' data-bg-image='https:\/\/nuestrosescritores.com\/irenealba\/wp-content\/uploads\/sites\/58\/2020\/10\/pag40-Medium.jpg' data-bg-repeat='false' data-id='' style='display: none'><\/div><div class=\"gambit_fullheight_row\" data-content-location=\"center\" style=\"display: none\"><\/div>[\/vc_column][\/vc_row][vc_row][vc_column extend=&#8221;false&#8221;][vc_column_text]\n<h1><a name=\"_Toc50920071\"><\/a><strong>Amanece<\/strong><\/h1>\n<p>&nbsp;<\/p>\n<p>Es rosa,<\/p>\n<p>que me cala dentro<\/p>\n<p>me mira a los ojos<\/p>\n<p>y explota.<\/p>\n<p>Los destellos de luz<\/p>\n<p>me iluminan.<\/p>\n<p>&nbsp;<\/p>\n<p>Es rosa,<\/p>\n<p>me sabe amargo,<\/p>\n<p>hiel.<\/p>\n<p>No dispares todav\u00eda<\/p>\n<p>espera a que llegue el alba.<\/p>\n<p>&nbsp;<\/p>\n<p>Es rosa el color<\/p>\n<p>de la ma\u00f1ana.<\/p>\n<p>Es calma<\/p>\n<p>rosa rosae.<\/p>\n<p><strong>&nbsp;<\/strong><\/p>\n<p><strong>&nbsp;<\/strong><\/p>\n<p><a name=\"_Toc50920076\"><\/a>Es una postal<\/p>\n<p>sin remitente,<\/p>\n<p>un canto de entereza<\/p>\n<p>y de un no saber.<\/p>\n<p>Me recreo<\/p>\n<p>en este enigma<\/p>\n<p>y tus palabras<\/p>\n<p>ya no calan.<\/p>\n<p>El olvido<\/p>\n<p>se hace grande<\/p>\n<p>y me quedo<\/p>\n<p>con lo que no cabe.<\/p>\n<p>El aire me estremece<\/p>\n<p>y la gallina<\/p>\n<p>la tengo de piel.<\/p>\n<p>&nbsp;<\/p>\n<span class='bctt-click-to-tweet'><span class='bctt-ctt-text'><a href='https:\/\/x.com\/intent\/tweet?url=https%3A%2F%2Fnuestrosescritores.com%2Firenealba%2Fpoesia%2F&#038;text=Amanece%C2%A0del%20libro%20EL%20VOLVER%20DE%20LOS%20PECES%20de%20IRENE%20ALBA%20CALDER%C3%93N&#038;via=poesiaerestu&#038;related=poesiaerestu' target='_blank'rel=\"noopener noreferrer\">Amanece&nbsp;del libro EL VOLVER DE LOS PECES de IRENE ALBA CALDER\u00d3N <\/a><\/span><a href='https:\/\/x.com\/intent\/tweet?url=https%3A%2F%2Fnuestrosescritores.com%2Firenealba%2Fpoesia%2F&#038;text=Amanece%C2%A0del%20libro%20EL%20VOLVER%20DE%20LOS%20PECES%20de%20IRENE%20ALBA%20CALDER%C3%93N&#038;via=poesiaerestu&#038;related=poesiaerestu' target='_blank' class='bctt-ctt-btn'rel=\"noopener noreferrer\">Compartir en X<\/a><\/span>\n<p>&nbsp;[\/vc_column_text][\/vc_column][\/vc_row][vc_row full_width=&#8221;stretch_row_content_no_spaces&#8221;][vc_column extend=&#8221;false&#8221;]<div class='gambit_parallax_row' data-bg-align='' data-direction='fixed' data-opacity='100' data-velocity='-0.3' data-mobile-enabled='' data-bg-height='768' data-bg-width='1152' data-bg-image='https:\/\/nuestrosescritores.com\/irenealba\/wp-content\/uploads\/sites\/58\/2020\/10\/pag34-Medium.jpg' data-bg-repeat='false' data-id='' style='display: none'><\/div><div class=\"gambit_fullheight_row\" data-content-location=\"center\" style=\"display: none\"><\/div>[\/vc_column][\/vc_row][vc_row][vc_column extend=&#8221;false&#8221;][vc_column_text]<a name=\"_Toc50920076\"><\/a>Es una postal<\/p>\n<p>sin remitente,<\/p>\n<p>un canto de entereza<\/p>\n<p>y de un no saber.<\/p>\n<p>Me recreo<\/p>\n<p>en este enigma<\/p>\n<p>y tus palabras<\/p>\n<p>ya no calan.<\/p>\n<p>El olvido<\/p>\n<p>se hace grande<\/p>\n<p>y me quedo<\/p>\n<p>con lo que no cabe.<\/p>\n<p>El aire me estremece<\/p>\n<p>y la gallina<\/p>\n<p>la tengo de piel.<\/p>\n<p>&nbsp;<\/p>\n<span class='bctt-click-to-tweet'><span class='bctt-ctt-text'><a href='https:\/\/x.com\/intent\/tweet?url=https%3A%2F%2Fnuestrosescritores.com%2Firenealba%2Fpoesia%2F&#038;text=Es%20una%20postal%20del%20libro%20EL%20VOLVER%20DE%20LOS%20PECES%20de%20IRENE%20ALBA%20CALDER%C3%93N&#038;via=poesiaerestu&#038;related=poesiaerestu' target='_blank'rel=\"noopener noreferrer\">Es una postal del libro EL VOLVER DE LOS PECES de IRENE ALBA CALDER\u00d3N <\/a><\/span><a href='https:\/\/x.com\/intent\/tweet?url=https%3A%2F%2Fnuestrosescritores.com%2Firenealba%2Fpoesia%2F&#038;text=Es%20una%20postal%20del%20libro%20EL%20VOLVER%20DE%20LOS%20PECES%20de%20IRENE%20ALBA%20CALDER%C3%93N&#038;via=poesiaerestu&#038;related=poesiaerestu' target='_blank' class='bctt-ctt-btn'rel=\"noopener noreferrer\">Compartir en X<\/a><\/span>\n<p>&nbsp;<\/p>\n<p>&nbsp;[\/vc_column_text][\/vc_column][\/vc_row][vc_row][vc_column extend=&#8221;false&#8221;]<div class='gambit_parallax_row' data-bg-align='' data-direction='fixed' data-opacity='100' data-velocity='-0.3' data-mobile-enabled='' data-bg-height='1152' data-bg-width='768' data-bg-image='https:\/\/nuestrosescritores.com\/irenealba\/wp-content\/uploads\/sites\/58\/2020\/10\/pag16-Medium-rotated.jpg' data-bg-repeat='false' data-id='' style='display: none'><\/div><div class=\"gambit_fullheight_row\" data-content-location=\"center\" style=\"display: none\"><\/div>[\/vc_column][\/vc_row][vc_row][vc_column extend=&#8221;false&#8221;][vc_column_text]\n<h1><a name=\"_Toc50920080\"><\/a><strong>Poes\u00eda<\/strong><\/h1>\n<p>&nbsp;<\/p>\n<p>No ser\u00e9 yo<\/p>\n<p>quien le quite<\/p>\n<p>la rima a este poema.<\/p>\n<p>La poes\u00eda<\/p>\n<p>me da vida,<\/p>\n<p>me remueve<\/p>\n<p>y me da calambre.<\/p>\n<p>Es un camino<\/p>\n<p>de zapatos rojos<\/p>\n<p>y el amarillo<\/p>\n<p>me rompe en<\/p>\n<p>mil pedazos.<\/p>\n<p>Los girasoles<\/p>\n<p>se asoman<\/p>\n<p>de la nada,<\/p>\n<p>porque la nada<\/p>\n<p>es nada.<\/p>\n<p>&nbsp;<\/p>\n<p>&nbsp;<\/p>\n<span class='bctt-click-to-tweet'><span class='bctt-ctt-text'><a href='https:\/\/x.com\/intent\/tweet?url=https%3A%2F%2Fnuestrosescritores.com%2Firenealba%2Fpoesia%2F&#038;text=Poes%C3%ADa%20del%20libro%20EL%20VOLVER%20DE%20LOS%20PECES%20de%20IRENE%20ALBA%20CALDER%C3%93N&#038;via=poesiaerestu&#038;related=poesiaerestu' target='_blank'rel=\"noopener noreferrer\">Poes\u00eda del libro EL VOLVER DE LOS PECES de IRENE ALBA CALDER\u00d3N <\/a><\/span><a href='https:\/\/x.com\/intent\/tweet?url=https%3A%2F%2Fnuestrosescritores.com%2Firenealba%2Fpoesia%2F&#038;text=Poes%C3%ADa%20del%20libro%20EL%20VOLVER%20DE%20LOS%20PECES%20de%20IRENE%20ALBA%20CALDER%C3%93N&#038;via=poesiaerestu&#038;related=poesiaerestu' target='_blank' class='bctt-ctt-btn'rel=\"noopener noreferrer\">Compartir en X<\/a><\/span>[\/vc_column_text][\/vc_column][\/vc_row][vc_row][vc_column extend=&#8221;false&#8221;]<div class='gambit_parallax_row' data-bg-align='' data-direction='fixed' data-opacity='100' data-velocity='-0.3' data-mobile-enabled='' data-bg-height='1152' data-bg-width='768' data-bg-image='https:\/\/nuestrosescritores.com\/irenealba\/wp-content\/uploads\/sites\/58\/2020\/10\/pag-27-Medium.jpg' data-bg-repeat='false' data-id='' style='display: none'><\/div><div class=\"gambit_fullheight_row\" data-content-location=\"center\" style=\"display: none\"><\/div>[\/vc_column][\/vc_row][vc_row][vc_column extend=&#8221;false&#8221;][vc_column_text]<a name=\"_Toc50920084\"><\/a>Recu\u00e9rdame<\/p>\n<p>que deje<\/p>\n<p>los dramas<\/p>\n<p>en remojo.<\/p>\n<p>Las arrugas<\/p>\n<p>se disparan<\/p>\n<p>y la falta<\/p>\n<p>de tacto<\/p>\n<p>me enloquece.<\/p>\n<p>D\u00e9mosle un<\/p>\n<p>te quiero<\/p>\n<p>al verde.<\/p>\n<p>&nbsp;<\/p>\n<p>&nbsp;<\/p>\n<span class='bctt-click-to-tweet'><span class='bctt-ctt-text'><a href='https:\/\/x.com\/intent\/tweet?url=https%3A%2F%2Fnuestrosescritores.com%2Firenealba%2Fpoesia%2F&#038;text=Recu%C3%A9rdame%20del%20libro%20EL%20VOLVER%20DE%20LOS%20PECES%20de%20IRENE%20ALBA%20CALDER%C3%93N&#038;via=poesiaerestu&#038;related=poesiaerestu' target='_blank'rel=\"noopener noreferrer\">Recu\u00e9rdame del libro EL VOLVER DE LOS PECES de IRENE ALBA CALDER\u00d3N <\/a><\/span><a href='https:\/\/x.com\/intent\/tweet?url=https%3A%2F%2Fnuestrosescritores.com%2Firenealba%2Fpoesia%2F&#038;text=Recu%C3%A9rdame%20del%20libro%20EL%20VOLVER%20DE%20LOS%20PECES%20de%20IRENE%20ALBA%20CALDER%C3%93N&#038;via=poesiaerestu&#038;related=poesiaerestu' target='_blank' class='bctt-ctt-btn'rel=\"noopener noreferrer\">Compartir en X<\/a><\/span>[\/vc_column_text][\/vc_column][\/vc_row][vc_row][vc_column extend=&#8221;false&#8221;]<div class='gambit_parallax_row' data-bg-align='' data-direction='fixed' data-opacity='100' data-velocity='-0.3' data-mobile-enabled='' data-bg-height='1152' data-bg-width='768' data-bg-image='https:\/\/nuestrosescritores.com\/irenealba\/wp-content\/uploads\/sites\/58\/2020\/10\/Pag48-Medium.jpg' data-bg-repeat='false' data-id='' style='display: none'><\/div><div class=\"gambit_fullheight_row\" data-content-location=\"center\" style=\"display: none\"><\/div>[\/vc_column][\/vc_row][vc_row][vc_column extend=&#8221;false&#8221;][vc_column_text]<a name=\"_Toc50920096\"><\/a>Si la luz se apagara,<\/p>\n<p>creer\u00eda que es un reflejo<\/p>\n<p>de lo que llegu\u00e9 a perder.<\/p>\n<p>Me asfalto en una carretera<\/p>\n<p>que se hunde al caminar,<\/p>\n<p>pero es entonces que recuerdo<\/p>\n<p>que el duro caminar<\/p>\n<p>no me pertenec\u00eda.<\/p>\n<p>Simplemente empec\u00e9 a olvidar<\/p>\n<p>mis pasos<\/p>\n<p>y cre\u00ed que esa mujer no era yo.<\/p>\n<p>Qu\u00e9 duro es el olvido,<\/p>\n<p>qu\u00e9 duro es no querer mirar atr\u00e1s<\/p>\n<p>para darte de bruces<\/p>\n<p>con la sencilla realidad.<\/p>\n<p>&nbsp;<\/p>\n<p>&nbsp;<\/p>\n<span class='bctt-click-to-tweet'><span class='bctt-ctt-text'><a href='https:\/\/x.com\/intent\/tweet?url=https%3A%2F%2Fnuestrosescritores.com%2Firenealba%2Fpoesia%2F&#038;text=Si%20la%20luz%20se%20apagara%20del%20libro%20EL%20VOLVER%20DE%20LOS%20PECES%20de%20IRENE%20ALBA%20CALDER%C3%93N&#038;via=poesiaerestu&#038;related=poesiaerestu' target='_blank'rel=\"noopener noreferrer\">Si la luz se apagara del libro EL VOLVER DE LOS PECES de IRENE ALBA CALDER\u00d3N <\/a><\/span><a href='https:\/\/x.com\/intent\/tweet?url=https%3A%2F%2Fnuestrosescritores.com%2Firenealba%2Fpoesia%2F&#038;text=Si%20la%20luz%20se%20apagara%20del%20libro%20EL%20VOLVER%20DE%20LOS%20PECES%20de%20IRENE%20ALBA%20CALDER%C3%93N&#038;via=poesiaerestu&#038;related=poesiaerestu' target='_blank' class='bctt-ctt-btn'rel=\"noopener noreferrer\">Compartir en X<\/a><\/span>[\/vc_column_text][\/vc_column][\/vc_row][vc_row][vc_column extend=&#8221;false&#8221;]<div class='gambit_parallax_row' data-bg-align='' data-direction='fixed' data-opacity='100' data-velocity='-0.3' data-mobile-enabled='' data-bg-height='519' data-bg-width='1366' data-bg-image='https:\/\/nuestrosescritores.com\/irenealba\/wp-content\/uploads\/sites\/58\/2020\/10\/IreneAlba-SSquareAlargado-Medium.jpg' data-bg-repeat='false' data-id='' style='display: none'><\/div><div class=\"gambit_fullheight_row\" data-content-location=\"center\" style=\"display: none\"><\/div>[vc_column_text]\n<p style=\"text-align: center;\"><a class=\"fasc-button fasc-size-xlarge fasc-type-glossy fasc-rounded-medium\" style=\"background-color: #33809e; color: #ffffff;\" href=\"https:\/\/librodepoesia.com\/producto\/el-volver-de-los-peces-irene-alba-calderon\/\">Comprar el libro<\/a><\/p>\n[\/vc_column_text][\/vc_column][\/vc_row][vc_row][vc_column extend=&#8221;false&#8221;][vc_column_text css=&#8221;.vc_custom_1549215104378{margin-top: -30000px !important;}&#8221;]\n<h1><strong><em><u>Poes\u00eda del libro EL VOLVER DE LOS PECES de IRENE ALBA CALDER\u00d3N. El escritor nos da una muestra tras publicar un libro.<\/u><\/em><\/strong><\/h1>\n<h2><strong><em><u>Poes\u00eda del libro EL VOLVER DE LOS PECES de IRENE ALBA CALDER\u00d3N El poeta nos da una muestra tras publicar un libro.<\/u><\/em><\/strong><\/h2>\n<h3><strong><em><u>Poes\u00eda del libro EL VOLVER DE LOS PECES de IRENE ALBA CALDER\u00d3N El autor nos da una muestra tras publicar un libro.<\/u><\/em><\/strong><\/h3>\n<h4><strong><em><u>Poes\u00eda del libro EL VOLVER DE LOS PECES de IRENE ALBA CALDER\u00d3N El autor nos da una muestra tras publicar un libro.<\/u><\/em><\/strong><\/h4>\n<h5><strong><em><u>Poes\u00eda del libro EL VOLVER DE LOS PECES de IRENE ALBA CALDER\u00d3N El autor nos da una muestra tras publicar un libro.<\/u><\/em><\/strong><\/h5>\n[\/vc_column_text][\/vc_column][\/vc_row]\n<\/div>","protected":false},"excerpt":{"rendered":"<p>[vc_row][vc_column extend=&#8221;false&#8221;][vc_column_text css=&#8221;.vc_custom_1574620857038{margin-top: -30000px !important;}&#8221;] Poes\u00eda del libro EL VOLVER DE LOS PECES de IRENE ALBA CALDER\u00d3N. El escritor nos da una muestra tras publicar un libro. Poes\u00eda del libro EL VOLVER DE LOS PECES de IRENE ALBA CALDER\u00d3N El poeta nos da una muestra tras publicar un libro. Poes\u00eda del libro EL VOLVER DE [&hellip;]<\/p>\n","protected":false},"author":1,"featured_media":0,"parent":0,"menu_order":0,"comment_status":"closed","ping_status":"closed","template":"","meta":{"_acf_changed":false,"footnotes":""},"class_list":["post-44","page","type-page","status-publish","hentry"],"acf":[],"yoast_head":"<!-- This site is optimized with the Yoast SEO Premium plugin v24.7 (Yoast SEO v27.3) - https:\/\/yoast.com\/product\/yoast-seo-premium-wordpress\/ -->\n<title>Poes\u00eda - Irene Alba Calder\u00f3n<\/title>\n<meta name=\"description\" content=\"Poes\u00eda del libro EL VOLVER DE LOS PECES de Irene Alba Calder\u00f3n la autora nos da una muestra tras publicar un libro.\" \/>\n<meta name=\"robots\" content=\"index, follow, max-snippet:-1, max-image-preview:large, max-video-preview:-1\" \/>\n<link rel=\"canonical\" href=\"https:\/\/nuestrosescritores.com\/irenealba\/poesia\/\" \/>\n<meta property=\"og:locale\" content=\"es_ES\" \/>\n<meta property=\"og:type\" content=\"article\" \/>\n<meta property=\"og:title\" content=\"Poes\u00eda\" \/>\n<meta property=\"og:description\" content=\"Poes\u00eda del libro EL VOLVER DE LOS PECES de Irene Alba Calder\u00f3n la autora nos da una muestra tras publicar un libro.\" \/>\n<meta property=\"og:url\" content=\"https:\/\/nuestrosescritores.com\/irenealba\/poesia\/\" \/>\n<meta property=\"og:site_name\" content=\"Irene Alba Calder\u00f3n\" \/>\n<meta property=\"article:modified_time\" content=\"2020-10-11T11:41:00+00:00\" \/>\n<meta property=\"og:image\" content=\"https:\/\/nuestrosescritores.com\/irenealba\/wp-content\/uploads\/sites\/58\/2020\/10\/Cubierta_Elvolverdelospeces3.jpg\" \/>\n<meta name=\"twitter:card\" content=\"summary_large_image\" \/>\n<meta name=\"twitter:label1\" content=\"Tiempo de lectura\" \/>\n\t<meta name=\"twitter:data1\" content=\"5 minutos\" \/>\n<script type=\"application\/ld+json\" class=\"yoast-schema-graph\">{\"@context\":\"https:\\\/\\\/schema.org\",\"@graph\":[{\"@type\":\"WebPage\",\"@id\":\"https:\\\/\\\/nuestrosescritores.com\\\/irenealba\\\/poesia\\\/\",\"url\":\"https:\\\/\\\/nuestrosescritores.com\\\/irenealba\\\/poesia\\\/\",\"name\":\"Poes\u00eda - Irene Alba Calder\u00f3n\",\"isPartOf\":{\"@id\":\"https:\\\/\\\/nuestrosescritores.com\\\/irenealba\\\/#website\"},\"primaryImageOfPage\":{\"@id\":\"https:\\\/\\\/nuestrosescritores.com\\\/irenealba\\\/poesia\\\/#primaryimage\"},\"image\":{\"@id\":\"https:\\\/\\\/nuestrosescritores.com\\\/irenealba\\\/poesia\\\/#primaryimage\"},\"thumbnailUrl\":\"https:\\\/\\\/nuestrosescritores.com\\\/irenealba\\\/wp-content\\\/uploads\\\/sites\\\/58\\\/2020\\\/10\\\/Cubierta_Elvolverdelospeces3.jpg\",\"datePublished\":\"2020-10-11T10:52:49+00:00\",\"dateModified\":\"2020-10-11T11:41:00+00:00\",\"description\":\"Poes\u00eda del libro EL VOLVER DE LOS PECES de Irene Alba Calder\u00f3n la autora nos da una muestra tras publicar un libro.\",\"breadcrumb\":{\"@id\":\"https:\\\/\\\/nuestrosescritores.com\\\/irenealba\\\/poesia\\\/#breadcrumb\"},\"inLanguage\":\"es\",\"potentialAction\":[{\"@type\":\"ReadAction\",\"target\":[\"https:\\\/\\\/nuestrosescritores.com\\\/irenealba\\\/poesia\\\/\"]}]},{\"@type\":\"ImageObject\",\"inLanguage\":\"es\",\"@id\":\"https:\\\/\\\/nuestrosescritores.com\\\/irenealba\\\/poesia\\\/#primaryimage\",\"url\":\"https:\\\/\\\/nuestrosescritores.com\\\/irenealba\\\/wp-content\\\/uploads\\\/sites\\\/58\\\/2020\\\/10\\\/Cubierta_Elvolverdelospeces3.jpg\",\"contentUrl\":\"https:\\\/\\\/nuestrosescritores.com\\\/irenealba\\\/wp-content\\\/uploads\\\/sites\\\/58\\\/2020\\\/10\\\/Cubierta_Elvolverdelospeces3.jpg\",\"width\":559,\"height\":794},{\"@type\":\"BreadcrumbList\",\"@id\":\"https:\\\/\\\/nuestrosescritores.com\\\/irenealba\\\/poesia\\\/#breadcrumb\",\"itemListElement\":[{\"@type\":\"ListItem\",\"position\":1,\"name\":\"Portada\",\"item\":\"https:\\\/\\\/nuestrosescritores.com\\\/irenealba\\\/\"},{\"@type\":\"ListItem\",\"position\":2,\"name\":\"Poes\u00eda\"}]},{\"@type\":\"WebSite\",\"@id\":\"https:\\\/\\\/nuestrosescritores.com\\\/irenealba\\\/#website\",\"url\":\"https:\\\/\\\/nuestrosescritores.com\\\/irenealba\\\/\",\"name\":\"Nuestros escritores\",\"description\":\"Escritora\",\"potentialAction\":[{\"@type\":\"SearchAction\",\"target\":{\"@type\":\"EntryPoint\",\"urlTemplate\":\"https:\\\/\\\/nuestrosescritores.com\\\/irenealba\\\/?s={search_term_string}\"},\"query-input\":{\"@type\":\"PropertyValueSpecification\",\"valueRequired\":true,\"valueName\":\"search_term_string\"}}],\"inLanguage\":\"es\"}]}<\/script>\n<!-- \/ Yoast SEO Premium plugin. -->","yoast_head_json":{"title":"Poes\u00eda - Irene Alba Calder\u00f3n","description":"Poes\u00eda del libro EL VOLVER DE LOS PECES de Irene Alba Calder\u00f3n la autora nos da una muestra tras publicar un libro.","robots":{"index":"index","follow":"follow","max-snippet":"max-snippet:-1","max-image-preview":"max-image-preview:large","max-video-preview":"max-video-preview:-1"},"canonical":"https:\/\/nuestrosescritores.com\/irenealba\/poesia\/","og_locale":"es_ES","og_type":"article","og_title":"Poes\u00eda","og_description":"Poes\u00eda del libro EL VOLVER DE LOS PECES de Irene Alba Calder\u00f3n la autora nos da una muestra tras publicar un libro.","og_url":"https:\/\/nuestrosescritores.com\/irenealba\/poesia\/","og_site_name":"Irene Alba Calder\u00f3n","article_modified_time":"2020-10-11T11:41:00+00:00","og_image":[{"url":"https:\/\/nuestrosescritores.com\/irenealba\/wp-content\/uploads\/sites\/58\/2020\/10\/Cubierta_Elvolverdelospeces3.jpg","type":"","width":"","height":""}],"twitter_card":"summary_large_image","twitter_misc":{"Tiempo de lectura":"5 minutos"},"schema":{"@context":"https:\/\/schema.org","@graph":[{"@type":"WebPage","@id":"https:\/\/nuestrosescritores.com\/irenealba\/poesia\/","url":"https:\/\/nuestrosescritores.com\/irenealba\/poesia\/","name":"Poes\u00eda - Irene Alba Calder\u00f3n","isPartOf":{"@id":"https:\/\/nuestrosescritores.com\/irenealba\/#website"},"primaryImageOfPage":{"@id":"https:\/\/nuestrosescritores.com\/irenealba\/poesia\/#primaryimage"},"image":{"@id":"https:\/\/nuestrosescritores.com\/irenealba\/poesia\/#primaryimage"},"thumbnailUrl":"https:\/\/nuestrosescritores.com\/irenealba\/wp-content\/uploads\/sites\/58\/2020\/10\/Cubierta_Elvolverdelospeces3.jpg","datePublished":"2020-10-11T10:52:49+00:00","dateModified":"2020-10-11T11:41:00+00:00","description":"Poes\u00eda del libro EL VOLVER DE LOS PECES de Irene Alba Calder\u00f3n la autora nos da una muestra tras publicar un libro.","breadcrumb":{"@id":"https:\/\/nuestrosescritores.com\/irenealba\/poesia\/#breadcrumb"},"inLanguage":"es","potentialAction":[{"@type":"ReadAction","target":["https:\/\/nuestrosescritores.com\/irenealba\/poesia\/"]}]},{"@type":"ImageObject","inLanguage":"es","@id":"https:\/\/nuestrosescritores.com\/irenealba\/poesia\/#primaryimage","url":"https:\/\/nuestrosescritores.com\/irenealba\/wp-content\/uploads\/sites\/58\/2020\/10\/Cubierta_Elvolverdelospeces3.jpg","contentUrl":"https:\/\/nuestrosescritores.com\/irenealba\/wp-content\/uploads\/sites\/58\/2020\/10\/Cubierta_Elvolverdelospeces3.jpg","width":559,"height":794},{"@type":"BreadcrumbList","@id":"https:\/\/nuestrosescritores.com\/irenealba\/poesia\/#breadcrumb","itemListElement":[{"@type":"ListItem","position":1,"name":"Portada","item":"https:\/\/nuestrosescritores.com\/irenealba\/"},{"@type":"ListItem","position":2,"name":"Poes\u00eda"}]},{"@type":"WebSite","@id":"https:\/\/nuestrosescritores.com\/irenealba\/#website","url":"https:\/\/nuestrosescritores.com\/irenealba\/","name":"Nuestros escritores","description":"Escritora","potentialAction":[{"@type":"SearchAction","target":{"@type":"EntryPoint","urlTemplate":"https:\/\/nuestrosescritores.com\/irenealba\/?s={search_term_string}"},"query-input":{"@type":"PropertyValueSpecification","valueRequired":true,"valueName":"search_term_string"}}],"inLanguage":"es"}]}},"_links":{"self":[{"href":"https:\/\/nuestrosescritores.com\/irenealba\/wp-json\/wp\/v2\/pages\/44","targetHints":{"allow":["GET"]}}],"collection":[{"href":"https:\/\/nuestrosescritores.com\/irenealba\/wp-json\/wp\/v2\/pages"}],"about":[{"href":"https:\/\/nuestrosescritores.com\/irenealba\/wp-json\/wp\/v2\/types\/page"}],"author":[{"embeddable":true,"href":"https:\/\/nuestrosescritores.com\/irenealba\/wp-json\/wp\/v2\/users\/1"}],"replies":[{"embeddable":true,"href":"https:\/\/nuestrosescritores.com\/irenealba\/wp-json\/wp\/v2\/comments?post=44"}],"version-history":[{"count":0,"href":"https:\/\/nuestrosescritores.com\/irenealba\/wp-json\/wp\/v2\/pages\/44\/revisions"}],"wp:attachment":[{"href":"https:\/\/nuestrosescritores.com\/irenealba\/wp-json\/wp\/v2\/media?parent=44"}],"curies":[{"name":"wp","href":"https:\/\/api.w.org\/{rel}","templated":true}]}}