{"id":61,"date":"2021-12-26T18:05:42","date_gmt":"2021-12-26T18:05:42","guid":{"rendered":"https:\/\/nuestrosescritores.com\/hasnaemesbahi\/?page_id=61"},"modified":"2021-12-26T23:17:25","modified_gmt":"2021-12-26T23:17:25","slug":"poesia","status":"publish","type":"page","link":"https:\/\/nuestrosescritores.com\/hasnaemesbahi\/poesia\/","title":{"rendered":"Poes\u00eda"},"content":{"rendered":"<div class=\"wpb-content-wrapper\">[vc_row full_width=&#8221;stretch_row_content_no_spaces&#8221; full_height=&#8221;yes&#8221; equal_height=&#8221;yes&#8221;][vc_column extend=&#8221;false&#8221;]<div id=\"rowvcpt-row-settings\" class=\"rowvcpt-row-set RowVcPt-row-setting69e1ad59aad57 \" data-no=\"RowVcPt-row-setting69e1ad59aad57\"><div class=\"columns-bg-wrap columns-bg-anim-colors columns-bg-image  columns_simple_image\" id=\"RowVcPt-image-bg-69e1ad59aad56\"   data-parallax_sense=\"30\" src=\"https:\/\/nuestrosescritores.com\/hasnaemesbahi\/wp-content\/uploads\/sites\/116\/2021\/12\/a17mhd3nntc.jpg\" style=\"background-image: url(https:\/\/nuestrosescritores.com\/hasnaemesbahi\/wp-content\/uploads\/sites\/116\/2021\/12\/a17mhd3nntc.jpg);background-position: center center;background-size: cover;background-attachment: fixed;\"><\/div><\/div>[\/vc_column][\/vc_row][vc_row][vc_column extend=&#8221;false&#8221;][vc_column_text]<a name=\"_Toc90482236\"><\/a><\/p>\n<h1><strong>1. Puericia<\/strong><\/h1>\n<p>&nbsp;<\/p>\n<p>Ciego era el ayer en el que dorm\u00eda,<\/p>\n<p>la luna llena, la barriga medio vac\u00eda.<\/p>\n<p>El reloj marcando las doce de la medianoche,<\/p>\n<p>y en la mesa segu\u00eda el amargo racimo<\/p>\n<p>al que el zorro un d\u00eda no llegaba.<\/p>\n<p>&nbsp;<\/p>\n<p>Eran blancas las s\u00e1banas,<\/p>\n<p>en las que cien a\u00f1os dorm\u00edan,<\/p>\n<p>y en el mismo color de mis trenzas,<\/p>\n<p>la puericia se enredaba.<\/p>\n<p>&nbsp;<\/p>\n<p>Y como un cuadro sobre lienzo vida m\u00eda,<\/p>\n<p>la blancura se adue\u00f1aba,<\/p>\n<p>de la hojarasca de los d\u00edas<\/p>\n<p>que el v\u00edvido oto\u00f1o desechaba.<\/p>\n<p>&nbsp;<\/p>\n<p>A lo lejos del superfluo pensar,<\/p>\n<p>se observaba el aberrante remolino,<\/p>\n<p>viento cautivo de mis resentimientos<\/p>\n<p>y a trav\u00e9s del ventanal de la cellisca,<\/p>\n<p>el viento se desquiciaba.<\/p>\n<p>&nbsp;<\/p>\n<span class='bctt-click-to-tweet'><span class='bctt-ctt-text'><a href='https:\/\/x.com\/intent\/tweet?url=https%3A%2F%2Fnuestrosescritores.com%2Fhasnaemesbahi%2Fpoesia%2F&#038;text=Puericia%20del%20libro%20SECANTES%20ENTRE%20EL%20EXILIO%20Y%20EL%20CONSUELO%20de%20HASNAE%20MESBAHI&#038;via=poesiaerestu&#038;related=poesiaerestu' target='_blank'rel=\"noopener noreferrer\">Puericia del libro SECANTES ENTRE EL EXILIO Y EL CONSUELO de HASNAE MESBAHI <\/a><\/span><a href='https:\/\/x.com\/intent\/tweet?url=https%3A%2F%2Fnuestrosescritores.com%2Fhasnaemesbahi%2Fpoesia%2F&#038;text=Puericia%20del%20libro%20SECANTES%20ENTRE%20EL%20EXILIO%20Y%20EL%20CONSUELO%20de%20HASNAE%20MESBAHI&#038;via=poesiaerestu&#038;related=poesiaerestu' target='_blank' class='bctt-ctt-btn'rel=\"noopener noreferrer\">Compartir en X<\/a><\/span>[\/vc_column_text][\/vc_column][\/vc_row][vc_row full_width=&#8221;stretch_row_content_no_spaces&#8221; full_height=&#8221;yes&#8221; equal_height=&#8221;yes&#8221;][vc_column extend=&#8221;false&#8221;]<div id=\"rowvcpt-row-settings\" class=\"rowvcpt-row-set RowVcPt-row-setting69e1ad59ab1e1 \" data-no=\"RowVcPt-row-setting69e1ad59ab1e1\"><div class=\"columns-bg-wrap columns-bg-anim-colors columns-bg-image  columns_simple_image\" id=\"RowVcPt-image-bg-69e1ad59ab1e0\"   data-parallax_sense=\"30\" src=\"https:\/\/nuestrosescritores.com\/hasnaemesbahi\/wp-content\/uploads\/sites\/116\/2021\/12\/ocqbh6rv_ou.jpg\" style=\"background-image: url(https:\/\/nuestrosescritores.com\/hasnaemesbahi\/wp-content\/uploads\/sites\/116\/2021\/12\/ocqbh6rv_ou.jpg);background-position: center center;background-size: cover;background-attachment: fixed;\"><\/div><\/div>[\/vc_column][\/vc_row][vc_row][vc_column extend=&#8221;false&#8221;][vc_column_text]\n<h1><a name=\"_Toc87812169\"><\/a><\/h1>\n<h1><a name=\"_Toc90482248\"><\/a><strong>XIII. \u00c9l<\/strong><\/h1>\n<p>&nbsp;<\/p>\n<p>\u00c9l es de esas personas<\/p>\n<p>que no acaban de resolver tus dudas,<\/p>\n<p>simplemente es, porque es \u00e9l,<\/p>\n<p>el mismo problema.<\/p>\n<p>&nbsp;<\/p>\n<p>\u00c9l es una caja fuerte<\/p>\n<p>de imposible destruir,<\/p>\n<p>pues no hay c\u00f3digo aceptado<\/p>\n<p>ni alarma de la que poder huir.<\/p>\n<p>&nbsp;<\/p>\n<p>Y es \u00e9l, del ladr\u00f3n<\/p>\n<p>nombre apropiado.<\/p>\n<p>\u00bfQu\u00e9 roba?<\/p>\n<p>Coraz\u00f3n que no es suyo,<\/p>\n<p>coraz\u00f3n que no le es prestado.<\/p>\n<p>&nbsp;<\/p>\n<p>\u00c9l es tan simple<\/p>\n<p>y a la vez tan complicado,<\/p>\n<p>un ni\u00f1o que no llora,<\/p>\n<p>y un hombre que nunca aprende.<\/p>\n<p>&nbsp;<\/p>\n<p>\u00c9l es de esos que,<\/p>\n<p>pasan de no saber contar,<\/p>\n<p>a contar con los dedos<\/p>\n<p>sus propias mentiras.<\/p>\n<p>&nbsp;<\/p>\n<p>Por regla general,<\/p>\n<p>\u00e9l no deber\u00eda importarme,<\/p>\n<p>pasando el no sumando<\/p>\n<p>a la otra parte.<\/p>\n<p>&nbsp;<\/p>\n<p>Pero como el diamante<\/p>\n<p>solo se rasca con el<\/p>\n<p>propio diamante,<\/p>\n<p>\u00bfQui\u00e9n se rinde, el duro<\/p>\n<p>o el valiente?<\/p>\n<p>&nbsp;<\/p>\n<p>\u00c9l es quien se hipoteca<\/p>\n<p>en el este de tu alma,<\/p>\n<p>y enreda todo tipo de nidos<\/p>\n<p>sin ning\u00fan tipo de inter\u00e9s.<\/p>\n<p>&nbsp;<\/p>\n<p>\u00c9l es quien controla<\/p>\n<p>las aspas del reloj,<\/p>\n<p>o para no tener tiempo<\/p>\n<p>o para no tenerte.<\/p>\n<p>&nbsp;<\/p>\n<p>\u00c9l es de los que se van,<\/p>\n<p>aun queriendo quedarse.<\/p>\n<p>Es quien te cuelga una<\/p>\n<p>flor en la oreja,<\/p>\n<p>(viene), con dos verdades en la cara,<\/p>\n<p>un adi\u00f3s, y vuelve a irse.<\/p>\n<p>&nbsp;<\/p>\n<p>\u00c9l es tan abstracto,<\/p>\n<p>tres c\u00edrculos, dos rayas&#8230;<\/p>\n<p>y sobre todo una gran mancha,<\/p>\n<p>que ni el propio pintor<\/p>\n<p>entiende.<\/p>\n<p>&nbsp;<\/p>\n<h1><span style=\"font-size: 16px;\">.<\/span><\/h1>\n<p>&nbsp;<\/p>\n<span class='bctt-click-to-tweet'><span class='bctt-ctt-text'><a href='https:\/\/x.com\/intent\/tweet?url=https%3A%2F%2Fnuestrosescritores.com%2Fhasnaemesbahi%2Fpoesia%2F&#038;text=XIII.%20%C3%89l%C2%A0del%20libro%20SECANTES%20ENTRE%20EL%20EXILIO%20Y%20EL%20CONSUELO%20de%20HASNAE%20MESBAHI&#038;via=poesiaerestu&#038;related=poesiaerestu' target='_blank'rel=\"noopener noreferrer\">XIII. \u00c9l&nbsp;del libro SECANTES ENTRE EL EXILIO Y EL CONSUELO de HASNAE MESBAHI <\/a><\/span><a href='https:\/\/x.com\/intent\/tweet?url=https%3A%2F%2Fnuestrosescritores.com%2Fhasnaemesbahi%2Fpoesia%2F&#038;text=XIII.%20%C3%89l%C2%A0del%20libro%20SECANTES%20ENTRE%20EL%20EXILIO%20Y%20EL%20CONSUELO%20de%20HASNAE%20MESBAHI&#038;via=poesiaerestu&#038;related=poesiaerestu' target='_blank' class='bctt-ctt-btn'rel=\"noopener noreferrer\">Compartir en X<\/a><\/span>\n<p>&nbsp;<\/p>\n<p>&nbsp;[\/vc_column_text][\/vc_column][\/vc_row][vc_row full_height=&#8221;yes&#8221;][vc_column extend=&#8221;false&#8221;]<div id=\"rowvcpt-row-settings\" class=\"rowvcpt-row-set RowVcPt-row-setting69e1ad59ab4c5 \" data-no=\"RowVcPt-row-setting69e1ad59ab4c5\"><div class=\"columns-bg-wrap columns-bg-anim-colors columns-bg-image  columns_simple_image\" id=\"RowVcPt-image-bg-69e1ad59ab4c4\"   data-parallax_sense=\"30\" src=\"https:\/\/nuestrosescritores.com\/hasnaemesbahi\/wp-content\/uploads\/sites\/116\/2021\/12\/qzrjlo9qb7m.jpg\" style=\"background-image: url(https:\/\/nuestrosescritores.com\/hasnaemesbahi\/wp-content\/uploads\/sites\/116\/2021\/12\/qzrjlo9qb7m.jpg);background-position: center top;background-size: cover;background-attachment: fixed;\"><\/div><\/div>[\/vc_column][\/vc_row][vc_row][vc_column extend=&#8221;false&#8221;][vc_column_text]\n<h1><a name=\"_Toc87812179\"><\/a><\/h1>\n<h1><a name=\"_Toc90482272\"><\/a><strong>XXXVII<\/strong><strong>. <\/strong><strong>Miedo cotidiano<\/strong><\/h1>\n<p>&nbsp;<\/p>\n<p>Si pudiera volver a transitar aquellos caminos<\/p>\n<p>en su \u00e9poca tan nuestros<\/p>\n<p>sin temer morir entre tantos recuerdos<\/p>\n<p>y no olvidar que un d\u00eda fuimos y ahora tan solo soy.<\/p>\n<p>&nbsp;<\/p>\n<p>Un ser solo, solitario, callado y dolido,<\/p>\n<p>pues entre tantas dudas busco<\/p>\n<p>de qui\u00e9n es la culpa y de qui\u00e9n es el perd\u00f3n,<\/p>\n<p>m\u00e1s bien de qui\u00e9n es este delirio<\/p>\n<p>que nos tienen atados.<\/p>\n<p>&nbsp;<\/p>\n<p>Le he puesto tanta le\u00f1a a la suerte<\/p>\n<p>para que aquello que nos une nunca se apague.<\/p>\n<p>Mas mi hacer se apellida inconcebible,<\/p>\n<p>pues es un hacer en vano y de locos<\/p>\n<p>el intento de reinventar cenizas.<\/p>\n<p>&nbsp;<\/p>\n<p>Ojal\u00e1 entendieras,<\/p>\n<p>que hay mucho m\u00e1s por hacer<\/p>\n<p>por encima de las copas.<\/p>\n<p>Que no todo es mejor a rienda suelta.<\/p>\n<p>&nbsp;<\/p>\n<p>Que hay mucho m\u00e1s por encima<\/p>\n<p>de vomitar recuerdos<\/p>\n<p>y llorar valles de l\u00e1grimas<\/p>\n<p>en el ba\u00f1o de los bares en los que<\/p>\n<p>olvidas con quien has ido.<\/p>\n<p>&nbsp;<\/p>\n<p>Ojal\u00e1 entendieras, lo que significa<\/p>\n<p>estar tan solo en una casa llena,<\/p>\n<p>en medio del desorden de las emociones,<\/p>\n<p>la confusi\u00f3n en el sentimiento,<\/p>\n<p>el interrogatorio de los curiosos,<\/p>\n<p>y esas tantas cosas que te vuelven loco.<\/p>\n<p>&nbsp;<\/p>\n<p>Con el silencio no se dice nada.<\/p>\n<p>Me dec\u00edas\u2026<\/p>\n<p>Pues desconoces que la mayor verdad<\/p>\n<p>es la que se cobija en la mirada.<\/p>\n<p>&nbsp;<\/p>\n<p>Olv\u00eddate de m\u00ed, aunque no lo quieras(s),<\/p>\n<p>te escribo.<\/p>\n<p>Y a r\u00edo revuelto vuelves\u2026<\/p>\n<p>&nbsp;<\/p>\n<p>Y me preguntas.<\/p>\n<p>\u00bfQu\u00e9 es el exilio? Despu\u00e9s de todo.<\/p>\n<p>&nbsp;<\/p>\n<p>&nbsp;<\/p>\n<p>&nbsp;<\/p>\n<p>Y te digo que&#8230;<\/p>\n<p>El exilio no es m\u00e1s que&#8230;<\/p>\n<p>pesen m\u00e1s los motivos para huir<\/p>\n<p>que para quedarse.<\/p>\n<p>&nbsp;<\/p>\n<p>&nbsp;<\/p>\n<p>&nbsp;<\/p>\n<span class='bctt-click-to-tweet'><span class='bctt-ctt-text'><a href='https:\/\/x.com\/intent\/tweet?url=https%3A%2F%2Fnuestrosescritores.com%2Fhasnaemesbahi%2Fpoesia%2F&#038;text=XXXVII.%20Miedo%20cotidiano%20del%20libro%20SECANTES%20ENTRE%20EL%20EXILIO%20Y%20EL%20CONSUELO%20de%20HASNAE%20MESBAHI&#038;via=poesiaerestu&#038;related=poesiaerestu' target='_blank'rel=\"noopener noreferrer\">XXXVII. Miedo cotidiano del libro SECANTES ENTRE EL EXILIO Y EL CONSUELO de HASNAE MESBAHI <\/a><\/span><a href='https:\/\/x.com\/intent\/tweet?url=https%3A%2F%2Fnuestrosescritores.com%2Fhasnaemesbahi%2Fpoesia%2F&#038;text=XXXVII.%20Miedo%20cotidiano%20del%20libro%20SECANTES%20ENTRE%20EL%20EXILIO%20Y%20EL%20CONSUELO%20de%20HASNAE%20MESBAHI&#038;via=poesiaerestu&#038;related=poesiaerestu' target='_blank' class='bctt-ctt-btn'rel=\"noopener noreferrer\">Compartir en X<\/a><\/span>[\/vc_column_text][\/vc_column][\/vc_row][vc_row full_height=&#8221;yes&#8221; equal_height=&#8221;yes&#8221;][vc_column extend=&#8221;false&#8221;]<div id=\"rowvcpt-row-settings\" class=\"rowvcpt-row-set RowVcPt-row-setting69e1ad59ab7a6 \" data-no=\"RowVcPt-row-setting69e1ad59ab7a6\"><div class=\"columns-bg-wrap columns-bg-anim-colors columns-bg-image  columns_simple_image\" id=\"RowVcPt-image-bg-69e1ad59ab7a5\"   data-parallax_sense=\"30\" src=\"https:\/\/nuestrosescritores.com\/hasnaemesbahi\/wp-content\/uploads\/sites\/116\/2021\/12\/0jqnmtxbz-i.jpg\" style=\"background-image: url(https:\/\/nuestrosescritores.com\/hasnaemesbahi\/wp-content\/uploads\/sites\/116\/2021\/12\/0jqnmtxbz-i.jpg);background-position: center center;background-size: cover;background-attachment: fixed;\"><\/div><\/div>[\/vc_column][\/vc_row][vc_row][vc_column extend=&#8221;false&#8221;][vc_column_text]\n<h1><a name=\"_Toc87812198\"><\/a><\/h1>\n<h1><a name=\"_Toc90482273\"><\/a><strong>XXXVIII. Exilio y consuelo<\/strong><\/h1>\n<p><strong>&nbsp;<\/strong><\/p>\n<p>Y me preguntas,<\/p>\n<p>\u00bfQu\u00e9 somos t\u00fa y yo?<\/p>\n<p>&nbsp;<\/p>\n<p>T\u00fa y yo,<\/p>\n<p>no somos m\u00e1s que dos rectas secantes<\/p>\n<p>entre el exilio y el consuelo.<\/p>\n<p>&nbsp;<\/p>\n<p>&nbsp;<\/p>\n<span class='bctt-click-to-tweet'><span class='bctt-ctt-text'><a href='https:\/\/x.com\/intent\/tweet?url=https%3A%2F%2Fnuestrosescritores.com%2Fhasnaemesbahi%2Fpoesia%2F&#038;text=XXXVIII.%20Exilio%20y%20consuelo%20del%20libro%20SECANTES%20ENTRE%20EL%20EXILIO%20Y%20EL%20CONSUELO%20de%20HASNAE%20MESBAHI&#038;via=poesiaerestu&#038;related=poesiaerestu' target='_blank'rel=\"noopener noreferrer\">XXXVIII. Exilio y consuelo del libro SECANTES ENTRE EL EXILIO Y EL CONSUELO de HASNAE MESBAHI <\/a><\/span><a href='https:\/\/x.com\/intent\/tweet?url=https%3A%2F%2Fnuestrosescritores.com%2Fhasnaemesbahi%2Fpoesia%2F&#038;text=XXXVIII.%20Exilio%20y%20consuelo%20del%20libro%20SECANTES%20ENTRE%20EL%20EXILIO%20Y%20EL%20CONSUELO%20de%20HASNAE%20MESBAHI&#038;via=poesiaerestu&#038;related=poesiaerestu' target='_blank' class='bctt-ctt-btn'rel=\"noopener noreferrer\">Compartir en X<\/a><\/span>[\/vc_column_text][\/vc_column][\/vc_row][vc_row full_height=&#8221;yes&#8221; equal_height=&#8221;yes&#8221;][vc_column extend=&#8221;false&#8221;]<div id=\"rowvcpt-row-settings\" class=\"rowvcpt-row-set RowVcPt-row-setting69e1ad59abadd \" data-no=\"RowVcPt-row-setting69e1ad59abadd\"><div class=\"columns-bg-wrap columns-bg-anim-colors columns-bg-image  columns_simple_image\" id=\"RowVcPt-image-bg-69e1ad59abadc\"   data-parallax_sense=\"30\" src=\"https:\/\/nuestrosescritores.com\/hasnaemesbahi\/wp-content\/uploads\/sites\/116\/2021\/12\/fpux0vqh-qc.jpg\" style=\"background-image: url(https:\/\/nuestrosescritores.com\/hasnaemesbahi\/wp-content\/uploads\/sites\/116\/2021\/12\/fpux0vqh-qc.jpg);background-position: center center;background-size: cover;background-attachment: fixed;\"><\/div><\/div>[\/vc_column][\/vc_row][vc_row][vc_column extend=&#8221;false&#8221;][vc_column_text]\n<h1><a name=\"_Toc87812208\"><\/a><\/h1>\n<h1><a name=\"_Toc90482253\"><\/a>XVIII. At\u00f3nito el yo<\/h1>\n<p>&nbsp;<\/p>\n<p>At\u00f3nito el yo,<\/p>\n<p>por las amarillentas letras<\/p>\n<p>que quedaron en la melancol\u00eda,<\/p>\n<p>de los tiempos del bendito ayer.<\/p>\n<p>Pues es la mism\u00edsima utop\u00eda<\/p>\n<p>la realidad bien vivida.<\/p>\n<p>&nbsp;<\/p>\n<p>At\u00f3nito el yo,<\/p>\n<p>que con un poco de disimulo<\/p>\n<p>busc\u00f3 su reflejo en mi pupila<\/p>\n<p>con la memoria detenida,<\/p>\n<p>en la c\u00faspide de lo eterno.<\/p>\n<p>&nbsp;<\/p>\n<p>At\u00f3nito el yo,<\/p>\n<p>que cay\u00f3 en el calor de la estufa y<\/p>\n<p>en el fr\u00edo del qu\u00e9 hacer.<\/p>\n<p>V\u00edctima de las circunstancias,<\/p>\n<p>error del deber ser.<\/p>\n<p>&nbsp;<\/p>\n<p>At\u00f3nito el yo,<\/p>\n<p>que andaba en busca de una soluci\u00f3n<\/p>\n<p>para su coraz\u00f3n de estilo rayado.<\/p>\n<p>Pues temblaron sus rodillas rendidas,<\/p>\n<p>haci\u00e9ndole caer en este verso.<\/p>\n<p>&nbsp;<\/p>\n<p>Ese yo at\u00f3nito, asombrado,<\/p>\n<p>es el mismo que invadi\u00f3 mi calma,<\/p>\n<p>y con su mano llena de rimas,<\/p>\n<p>me llev\u00f3 a perder la cabeza<\/p>\n<p>en un mundo de inmortal poes\u00eda.<\/p>\n<p>&nbsp;<\/p>\n<p>&nbsp;<\/p>\n<p>&nbsp;<\/p>\n<span class='bctt-click-to-tweet'><span class='bctt-ctt-text'><a href='https:\/\/x.com\/intent\/tweet?url=https%3A%2F%2Fnuestrosescritores.com%2Fhasnaemesbahi%2Fpoesia%2F&#038;text=XVIII.%20At%C3%B3nito%20el%20yo%C2%A0del%20libro%20SECANTES%20ENTRE%20EL%20EXILIO%20Y%20EL%20CONSUELO%20de%20HASNAE%20MESBAHI&#038;via=poesiaerestu&#038;related=poesiaerestu' target='_blank'rel=\"noopener noreferrer\">XVIII. At\u00f3nito el yo&nbsp;del libro SECANTES ENTRE EL EXILIO Y EL CONSUELO de HASNAE MESBAHI <\/a><\/span><a href='https:\/\/x.com\/intent\/tweet?url=https%3A%2F%2Fnuestrosescritores.com%2Fhasnaemesbahi%2Fpoesia%2F&#038;text=XVIII.%20At%C3%B3nito%20el%20yo%C2%A0del%20libro%20SECANTES%20ENTRE%20EL%20EXILIO%20Y%20EL%20CONSUELO%20de%20HASNAE%20MESBAHI&#038;via=poesiaerestu&#038;related=poesiaerestu' target='_blank' class='bctt-ctt-btn'rel=\"noopener noreferrer\">Compartir en X<\/a><\/span>[\/vc_column_text][\/vc_column][\/vc_row][vc_row full_height=&#8221;yes&#8221; equal_height=&#8221;yes&#8221;][vc_column extend=&#8221;false&#8221;]<div id=\"rowvcpt-row-settings\" class=\"rowvcpt-row-set RowVcPt-row-setting69e1ad59abdf8 \" data-no=\"RowVcPt-row-setting69e1ad59abdf8\"><div class=\"columns-bg-wrap columns-bg-anim-colors columns-bg-image  columns_simple_image\" id=\"RowVcPt-image-bg-69e1ad59abdf7\"   data-parallax_sense=\"30\" src=\"https:\/\/nuestrosescritores.com\/hasnaemesbahi\/wp-content\/uploads\/sites\/116\/2021\/12\/AdobeStock_353433503-Mediano.jpeg\" style=\"background-image: url(https:\/\/nuestrosescritores.com\/hasnaemesbahi\/wp-content\/uploads\/sites\/116\/2021\/12\/AdobeStock_353433503-Mediano.jpeg);background-position: center center;background-size: cover;background-attachment: fixed;\"><\/div><\/div><div class=\"ult-spacer spacer-69e1ad59ac0a3\" data-id=\"69e1ad59ac0a3\" data-height=\"150\" data-height-mobile=\"150\" data-height-tab=\"150\" data-height-tab-portrait=\"\" data-height-mobile-landscape=\"\" style=\"clear:both;display:block;\"><\/div>[vc_column_text]\n<p style=\"text-align: center;\"><a class=\"fasc-button fasc-size-xlarge fasc-type-glossy fasc-rounded-medium\" style=\"background-color: #33809e; color: #ffffff;\" href=\"https:\/\/librodepoesia.com\/libro\/secantes-entre-el-exilio-y-el-consuelo-hasnae-mesbahi-mesbahi\/\">Comprar el libro<\/a><\/p>\n[\/vc_column_text][\/vc_column][\/vc_row][vc_row][vc_column][vc_column_text]\n<p><a name=\"_Toc85047636\"><\/a><\/p>\n<p><a name=\"_Toc85385647\"><\/a><\/p>\n<p><a name=\"_Toc83400473\"><\/a>[\/vc_column_text][\/vc_column][\/vc_row]\n<\/div>","protected":false},"excerpt":{"rendered":"<p>[vc_row full_width=&#8221;stretch_row_content_no_spaces&#8221; full_height=&#8221;yes&#8221; equal_height=&#8221;yes&#8221;][vc_column extend=&#8221;false&#8221;][\/vc_column][\/vc_row][vc_row][vc_column extend=&#8221;false&#8221;][vc_column_text] 1. Puericia &nbsp; Ciego era el ayer en el que dorm\u00eda, la luna llena, la barriga medio vac\u00eda. El reloj marcando las doce de la medianoche, y en la mesa segu\u00eda el amargo racimo al que el zorro un d\u00eda no llegaba. &nbsp; Eran blancas las s\u00e1banas, en las [&hellip;]<\/p>\n","protected":false},"author":1,"featured_media":0,"parent":0,"menu_order":0,"comment_status":"closed","ping_status":"closed","template":"","meta":{"_acf_changed":false,"footnotes":""},"class_list":["post-61","page","type-page","status-publish","hentry"],"acf":[],"yoast_head":"<!-- This site is optimized with the Yoast SEO Premium plugin v24.7 (Yoast SEO v27.4) - https:\/\/yoast.com\/product\/yoast-seo-premium-wordpress\/ -->\n<title>Poes\u00eda - Hasnae Mesbahi<\/title>\n<meta name=\"description\" content=\"Poes\u00eda del libro SECANTES ENTRE EL EXILIO Y EL CONSUELO de HASNAE MESBAHI. La escritora acaba de publicar un libro con la Editorial Poes\u00eda eres t\u00fa.\" \/>\n<meta name=\"robots\" content=\"index, follow, max-snippet:-1, max-image-preview:large, max-video-preview:-1\" \/>\n<link rel=\"canonical\" href=\"https:\/\/nuestrosescritores.com\/hasnaemesbahi\/poesia\/\" \/>\n<meta property=\"og:locale\" content=\"es_ES\" \/>\n<meta property=\"og:type\" content=\"article\" \/>\n<meta property=\"og:title\" content=\"Poes\u00eda\" \/>\n<meta property=\"og:description\" content=\"Poes\u00eda del libro SECANTES ENTRE EL EXILIO Y EL CONSUELO de HASNAE MESBAHI. La escritora acaba de publicar un libro con la Editorial Poes\u00eda eres t\u00fa.\" \/>\n<meta property=\"og:url\" content=\"https:\/\/nuestrosescritores.com\/hasnaemesbahi\/poesia\/\" \/>\n<meta property=\"og:site_name\" content=\"Hasnae Mesbahi\" \/>\n<meta property=\"article:modified_time\" content=\"2021-12-26T23:17:25+00:00\" \/>\n<meta name=\"twitter:card\" content=\"summary_large_image\" \/>\n<meta name=\"twitter:label1\" content=\"Tiempo de lectura\" \/>\n\t<meta name=\"twitter:data1\" content=\"5 minutos\" \/>\n<script type=\"application\/ld+json\" class=\"yoast-schema-graph\">{\"@context\":\"https:\\\/\\\/schema.org\",\"@graph\":[{\"@type\":\"WebPage\",\"@id\":\"https:\\\/\\\/nuestrosescritores.com\\\/hasnaemesbahi\\\/poesia\\\/\",\"url\":\"https:\\\/\\\/nuestrosescritores.com\\\/hasnaemesbahi\\\/poesia\\\/\",\"name\":\"Poes\u00eda - Hasnae Mesbahi\",\"isPartOf\":{\"@id\":\"https:\\\/\\\/nuestrosescritores.com\\\/hasnaemesbahi\\\/#website\"},\"datePublished\":\"2021-12-26T18:05:42+00:00\",\"dateModified\":\"2021-12-26T23:17:25+00:00\",\"description\":\"Poes\u00eda del libro SECANTES ENTRE EL EXILIO Y EL CONSUELO de HASNAE MESBAHI. La escritora acaba de publicar un libro con la Editorial Poes\u00eda eres t\u00fa.\",\"breadcrumb\":{\"@id\":\"https:\\\/\\\/nuestrosescritores.com\\\/hasnaemesbahi\\\/poesia\\\/#breadcrumb\"},\"inLanguage\":\"es\",\"potentialAction\":[{\"@type\":\"ReadAction\",\"target\":[\"https:\\\/\\\/nuestrosescritores.com\\\/hasnaemesbahi\\\/poesia\\\/\"]}]},{\"@type\":\"BreadcrumbList\",\"@id\":\"https:\\\/\\\/nuestrosescritores.com\\\/hasnaemesbahi\\\/poesia\\\/#breadcrumb\",\"itemListElement\":[{\"@type\":\"ListItem\",\"position\":1,\"name\":\"Portada\",\"item\":\"https:\\\/\\\/nuestrosescritores.com\\\/hasnaemesbahi\\\/\"},{\"@type\":\"ListItem\",\"position\":2,\"name\":\"Poes\u00eda\"}]},{\"@type\":\"WebSite\",\"@id\":\"https:\\\/\\\/nuestrosescritores.com\\\/hasnaemesbahi\\\/#website\",\"url\":\"https:\\\/\\\/nuestrosescritores.com\\\/hasnaemesbahi\\\/\",\"name\":\"Nuestros escritores\",\"description\":\"Escritora\",\"potentialAction\":[{\"@type\":\"SearchAction\",\"target\":{\"@type\":\"EntryPoint\",\"urlTemplate\":\"https:\\\/\\\/nuestrosescritores.com\\\/hasnaemesbahi\\\/?s={search_term_string}\"},\"query-input\":{\"@type\":\"PropertyValueSpecification\",\"valueRequired\":true,\"valueName\":\"search_term_string\"}}],\"inLanguage\":\"es\"}]}<\/script>\n<!-- \/ Yoast SEO Premium plugin. -->","yoast_head_json":{"title":"Poes\u00eda - Hasnae Mesbahi","description":"Poes\u00eda del libro SECANTES ENTRE EL EXILIO Y EL CONSUELO de HASNAE MESBAHI. La escritora acaba de publicar un libro con la Editorial Poes\u00eda eres t\u00fa.","robots":{"index":"index","follow":"follow","max-snippet":"max-snippet:-1","max-image-preview":"max-image-preview:large","max-video-preview":"max-video-preview:-1"},"canonical":"https:\/\/nuestrosescritores.com\/hasnaemesbahi\/poesia\/","og_locale":"es_ES","og_type":"article","og_title":"Poes\u00eda","og_description":"Poes\u00eda del libro SECANTES ENTRE EL EXILIO Y EL CONSUELO de HASNAE MESBAHI. La escritora acaba de publicar un libro con la Editorial Poes\u00eda eres t\u00fa.","og_url":"https:\/\/nuestrosescritores.com\/hasnaemesbahi\/poesia\/","og_site_name":"Hasnae Mesbahi","article_modified_time":"2021-12-26T23:17:25+00:00","twitter_card":"summary_large_image","twitter_misc":{"Tiempo de lectura":"5 minutos"},"schema":{"@context":"https:\/\/schema.org","@graph":[{"@type":"WebPage","@id":"https:\/\/nuestrosescritores.com\/hasnaemesbahi\/poesia\/","url":"https:\/\/nuestrosescritores.com\/hasnaemesbahi\/poesia\/","name":"Poes\u00eda - Hasnae Mesbahi","isPartOf":{"@id":"https:\/\/nuestrosescritores.com\/hasnaemesbahi\/#website"},"datePublished":"2021-12-26T18:05:42+00:00","dateModified":"2021-12-26T23:17:25+00:00","description":"Poes\u00eda del libro SECANTES ENTRE EL EXILIO Y EL CONSUELO de HASNAE MESBAHI. La escritora acaba de publicar un libro con la Editorial Poes\u00eda eres t\u00fa.","breadcrumb":{"@id":"https:\/\/nuestrosescritores.com\/hasnaemesbahi\/poesia\/#breadcrumb"},"inLanguage":"es","potentialAction":[{"@type":"ReadAction","target":["https:\/\/nuestrosescritores.com\/hasnaemesbahi\/poesia\/"]}]},{"@type":"BreadcrumbList","@id":"https:\/\/nuestrosescritores.com\/hasnaemesbahi\/poesia\/#breadcrumb","itemListElement":[{"@type":"ListItem","position":1,"name":"Portada","item":"https:\/\/nuestrosescritores.com\/hasnaemesbahi\/"},{"@type":"ListItem","position":2,"name":"Poes\u00eda"}]},{"@type":"WebSite","@id":"https:\/\/nuestrosescritores.com\/hasnaemesbahi\/#website","url":"https:\/\/nuestrosescritores.com\/hasnaemesbahi\/","name":"Nuestros escritores","description":"Escritora","potentialAction":[{"@type":"SearchAction","target":{"@type":"EntryPoint","urlTemplate":"https:\/\/nuestrosescritores.com\/hasnaemesbahi\/?s={search_term_string}"},"query-input":{"@type":"PropertyValueSpecification","valueRequired":true,"valueName":"search_term_string"}}],"inLanguage":"es"}]}},"_links":{"self":[{"href":"https:\/\/nuestrosescritores.com\/hasnaemesbahi\/wp-json\/wp\/v2\/pages\/61","targetHints":{"allow":["GET"]}}],"collection":[{"href":"https:\/\/nuestrosescritores.com\/hasnaemesbahi\/wp-json\/wp\/v2\/pages"}],"about":[{"href":"https:\/\/nuestrosescritores.com\/hasnaemesbahi\/wp-json\/wp\/v2\/types\/page"}],"author":[{"embeddable":true,"href":"https:\/\/nuestrosescritores.com\/hasnaemesbahi\/wp-json\/wp\/v2\/users\/1"}],"replies":[{"embeddable":true,"href":"https:\/\/nuestrosescritores.com\/hasnaemesbahi\/wp-json\/wp\/v2\/comments?post=61"}],"version-history":[{"count":0,"href":"https:\/\/nuestrosescritores.com\/hasnaemesbahi\/wp-json\/wp\/v2\/pages\/61\/revisions"}],"wp:attachment":[{"href":"https:\/\/nuestrosescritores.com\/hasnaemesbahi\/wp-json\/wp\/v2\/media?parent=61"}],"curies":[{"name":"wp","href":"https:\/\/api.w.org\/{rel}","templated":true}]}}