{"id":2408,"date":"2019-09-22T23:06:23","date_gmt":"2019-09-22T21:06:23","guid":{"rendered":"https:\/\/nuestrosescritores.com\/guiomaryruben\/?page_id=2408"},"modified":"2019-09-25T11:22:39","modified_gmt":"2019-09-25T09:22:39","slug":"video","status":"publish","type":"page","link":"https:\/\/nuestrosescritores.com\/guiomaryruben\/video\/","title":{"rendered":"Video"},"content":{"rendered":"<p style=\"text-align: center;\"><iframe src=\"https:\/\/www.youtube.com\/embed\/PFZEEA2dq0w\" width=\"1280\" height=\"720\" frameborder=\"0\" allowfullscreen=\"allowfullscreen\"><\/iframe><\/p>\n<p style=\"text-align: center;\"><a class=\"fasc-button fasc-size-xlarge fasc-type-glossy fasc-rounded-medium\" style=\"background-color: #33809e; color: #ffffff;\" href=\"https:\/\/gepa.es\/producto\/abordaje-fisioterapeutico-en-una-paciente-con-disfuncion-temporomandibular-guiomar-banon-olivares-y-ruben-roca-manzano\/\">COMPRAR EL LIBRO<\/a><\/p>\n","protected":false},"excerpt":{"rendered":"<p>COMPRAR EL LIBRO<\/p>\n","protected":false},"author":1,"featured_media":0,"parent":0,"menu_order":3,"comment_status":"closed","ping_status":"closed","template":"","meta":{"_acf_changed":false,"footnotes":""},"class_list":["post-2408","page","type-page","status-publish","hentry"],"acf":[],"yoast_head":"<!-- This site is optimized with the Yoast SEO Premium plugin v24.7 (Yoast SEO v27.4) - https:\/\/yoast.com\/product\/yoast-seo-premium-wordpress\/ -->\n<title>Video - Guiomar Ba\u00f1\u00f3n Olivares y Rub\u00e9n Roca Manzano<\/title>\n<meta name=\"description\" content=\"Booktrailer del libro ABORDAJE FISIOTERAP\u00c9UTICO EN UNA PACIENTE CON DISFUNCI\u00d3N TEMPOROMANDIBULAR (Video promoci\u00f3n)\" \/>\n<meta name=\"robots\" content=\"index, follow, max-snippet:-1, max-image-preview:large, max-video-preview:-1\" \/>\n<link rel=\"canonical\" href=\"https:\/\/nuestrosescritores.com\/guiomaryruben\/video\/\" \/>\n<meta property=\"og:locale\" content=\"es_ES\" \/>\n<meta property=\"og:type\" content=\"article\" \/>\n<meta property=\"og:title\" content=\"Video\" \/>\n<meta property=\"og:description\" content=\"Booktrailer del libro ABORDAJE FISIOTERAP\u00c9UTICO EN UNA PACIENTE CON DISFUNCI\u00d3N TEMPOROMANDIBULAR (Video promoci\u00f3n)\" \/>\n<meta property=\"og:url\" content=\"https:\/\/nuestrosescritores.com\/guiomaryruben\/video\/\" \/>\n<meta property=\"og:site_name\" content=\"Guiomar Ba\u00f1\u00f3n Olivares y Rub\u00e9n Roca Manzano\" \/>\n<meta property=\"article:modified_time\" content=\"2019-09-25T09:22:39+00:00\" \/>\n<meta name=\"twitter:card\" content=\"summary_large_image\" \/>\n<script type=\"application\/ld+json\" class=\"yoast-schema-graph\">{\"@context\":\"https:\\\/\\\/schema.org\",\"@graph\":[{\"@type\":\"WebPage\",\"@id\":\"https:\\\/\\\/nuestrosescritores.com\\\/guiomaryruben\\\/video\\\/\",\"url\":\"https:\\\/\\\/nuestrosescritores.com\\\/guiomaryruben\\\/video\\\/\",\"name\":\"Video - Guiomar Ba\u00f1\u00f3n Olivares y Rub\u00e9n Roca Manzano\",\"isPartOf\":{\"@id\":\"https:\\\/\\\/nuestrosescritores.com\\\/guiomaryruben\\\/#website\"},\"datePublished\":\"2019-09-22T21:06:23+00:00\",\"dateModified\":\"2019-09-25T09:22:39+00:00\",\"description\":\"Booktrailer del libro ABORDAJE FISIOTERAP\u00c9UTICO EN UNA PACIENTE CON DISFUNCI\u00d3N TEMPOROMANDIBULAR (Video promoci\u00f3n)\",\"breadcrumb\":{\"@id\":\"https:\\\/\\\/nuestrosescritores.com\\\/guiomaryruben\\\/video\\\/#breadcrumb\"},\"inLanguage\":\"es\",\"potentialAction\":[{\"@type\":\"ReadAction\",\"target\":[\"https:\\\/\\\/nuestrosescritores.com\\\/guiomaryruben\\\/video\\\/\"]}]},{\"@type\":\"BreadcrumbList\",\"@id\":\"https:\\\/\\\/nuestrosescritores.com\\\/guiomaryruben\\\/video\\\/#breadcrumb\",\"itemListElement\":[{\"@type\":\"ListItem\",\"position\":1,\"name\":\"Portada\",\"item\":\"https:\\\/\\\/nuestrosescritores.com\\\/guiomaryruben\\\/\"},{\"@type\":\"ListItem\",\"position\":2,\"name\":\"Video\"}]},{\"@type\":\"WebSite\",\"@id\":\"https:\\\/\\\/nuestrosescritores.com\\\/guiomaryruben\\\/#website\",\"url\":\"https:\\\/\\\/nuestrosescritores.com\\\/guiomaryruben\\\/\",\"name\":\"Nuestros escritores\",\"description\":\"Otro sitio m\u00e1s de Nuestros escritores\",\"potentialAction\":[{\"@type\":\"SearchAction\",\"target\":{\"@type\":\"EntryPoint\",\"urlTemplate\":\"https:\\\/\\\/nuestrosescritores.com\\\/guiomaryruben\\\/?s={search_term_string}\"},\"query-input\":{\"@type\":\"PropertyValueSpecification\",\"valueRequired\":true,\"valueName\":\"search_term_string\"}}],\"inLanguage\":\"es\"}]}<\/script>\n<!-- \/ Yoast SEO Premium plugin. -->","yoast_head_json":{"title":"Video - Guiomar Ba\u00f1\u00f3n Olivares y Rub\u00e9n Roca Manzano","description":"Booktrailer del libro ABORDAJE FISIOTERAP\u00c9UTICO EN UNA PACIENTE CON DISFUNCI\u00d3N TEMPOROMANDIBULAR (Video promoci\u00f3n)","robots":{"index":"index","follow":"follow","max-snippet":"max-snippet:-1","max-image-preview":"max-image-preview:large","max-video-preview":"max-video-preview:-1"},"canonical":"https:\/\/nuestrosescritores.com\/guiomaryruben\/video\/","og_locale":"es_ES","og_type":"article","og_title":"Video","og_description":"Booktrailer del libro ABORDAJE FISIOTERAP\u00c9UTICO EN UNA PACIENTE CON DISFUNCI\u00d3N TEMPOROMANDIBULAR (Video promoci\u00f3n)","og_url":"https:\/\/nuestrosescritores.com\/guiomaryruben\/video\/","og_site_name":"Guiomar Ba\u00f1\u00f3n Olivares y Rub\u00e9n Roca Manzano","article_modified_time":"2019-09-25T09:22:39+00:00","twitter_card":"summary_large_image","schema":{"@context":"https:\/\/schema.org","@graph":[{"@type":"WebPage","@id":"https:\/\/nuestrosescritores.com\/guiomaryruben\/video\/","url":"https:\/\/nuestrosescritores.com\/guiomaryruben\/video\/","name":"Video - Guiomar Ba\u00f1\u00f3n Olivares y Rub\u00e9n Roca Manzano","isPartOf":{"@id":"https:\/\/nuestrosescritores.com\/guiomaryruben\/#website"},"datePublished":"2019-09-22T21:06:23+00:00","dateModified":"2019-09-25T09:22:39+00:00","description":"Booktrailer del libro ABORDAJE FISIOTERAP\u00c9UTICO EN UNA PACIENTE CON DISFUNCI\u00d3N TEMPOROMANDIBULAR (Video promoci\u00f3n)","breadcrumb":{"@id":"https:\/\/nuestrosescritores.com\/guiomaryruben\/video\/#breadcrumb"},"inLanguage":"es","potentialAction":[{"@type":"ReadAction","target":["https:\/\/nuestrosescritores.com\/guiomaryruben\/video\/"]}]},{"@type":"BreadcrumbList","@id":"https:\/\/nuestrosescritores.com\/guiomaryruben\/video\/#breadcrumb","itemListElement":[{"@type":"ListItem","position":1,"name":"Portada","item":"https:\/\/nuestrosescritores.com\/guiomaryruben\/"},{"@type":"ListItem","position":2,"name":"Video"}]},{"@type":"WebSite","@id":"https:\/\/nuestrosescritores.com\/guiomaryruben\/#website","url":"https:\/\/nuestrosescritores.com\/guiomaryruben\/","name":"Nuestros escritores","description":"Otro sitio m\u00e1s de Nuestros escritores","potentialAction":[{"@type":"SearchAction","target":{"@type":"EntryPoint","urlTemplate":"https:\/\/nuestrosescritores.com\/guiomaryruben\/?s={search_term_string}"},"query-input":{"@type":"PropertyValueSpecification","valueRequired":true,"valueName":"search_term_string"}}],"inLanguage":"es"}]}},"_links":{"self":[{"href":"https:\/\/nuestrosescritores.com\/guiomaryruben\/wp-json\/wp\/v2\/pages\/2408","targetHints":{"allow":["GET"]}}],"collection":[{"href":"https:\/\/nuestrosescritores.com\/guiomaryruben\/wp-json\/wp\/v2\/pages"}],"about":[{"href":"https:\/\/nuestrosescritores.com\/guiomaryruben\/wp-json\/wp\/v2\/types\/page"}],"author":[{"embeddable":true,"href":"https:\/\/nuestrosescritores.com\/guiomaryruben\/wp-json\/wp\/v2\/users\/1"}],"replies":[{"embeddable":true,"href":"https:\/\/nuestrosescritores.com\/guiomaryruben\/wp-json\/wp\/v2\/comments?post=2408"}],"version-history":[{"count":0,"href":"https:\/\/nuestrosescritores.com\/guiomaryruben\/wp-json\/wp\/v2\/pages\/2408\/revisions"}],"wp:attachment":[{"href":"https:\/\/nuestrosescritores.com\/guiomaryruben\/wp-json\/wp\/v2\/media?parent=2408"}],"curies":[{"name":"wp","href":"https:\/\/api.w.org\/{rel}","templated":true}]}}