{"id":121,"date":"2025-04-06T08:06:35","date_gmt":"2025-04-06T06:06:35","guid":{"rendered":"https:\/\/nuestrosescritores.com\/guilem-rojo-i-gallego\/?page_id=121"},"modified":"2025-04-06T08:50:15","modified_gmt":"2025-04-06T06:50:15","slug":"poesia","status":"publish","type":"page","link":"https:\/\/nuestrosescritores.com\/guilem-rojo-i-gallego\/poesia\/","title":{"rendered":"POES\u00cdA"},"content":{"rendered":"<div class=\"wpb-content-wrapper\">[vc_row full_width=&#8221;stretch_row_content_no_spaces&#8221;][vc_column extend=&#8221;false&#8221;]<div class='gambit_parallax_row' data-bg-align='' data-direction='fixed' data-opacity='100' data-velocity='-0.3' data-mobile-enabled='' data-bg-height='2048' data-bg-width='2048' data-bg-image='https:\/\/nuestrosescritores.com\/guilem-rojo-i-gallego\/wp-content\/uploads\/sites\/198\/2025\/04\/Gemini_Generated_Image_1wag291wag291wag.webp' data-bg-repeat='false' data-id='' style='display: none'><\/div><div class=\"gambit_fullheight_row\" data-content-location=\"center\" style=\"display: none\"><\/div>[\/vc_column][\/vc_row][vc_row][vc_column extend=&#8221;false&#8221;][vc_column_text css=&#8221;&#8221;]\n<h1><a name=\"_Toc192088827\"><\/a><strong>G\u00e9nesis<\/strong><\/h1>\n<p>&nbsp;<\/p>\n<p>El cielo y la luz&#8230;<\/p>\n<p>Un destello que va rebosando vida a trav\u00e9s del azul c\u00f3smico,<\/p>\n<p>un ba\u00f1o fugaz de efem\u00e9rides, que danzan,<\/p>\n<p>viajan y surcan un sendero estelar.<\/p>\n<p>&nbsp;<\/p>\n<p>Febril arom\u00e1tico cosmos, la totalidad de esp\u00edritu y materia,<\/p>\n<p>esp\u00edritu y viento, cuerpos de barro que,<\/p>\n<p>se entrelazan, mientras los gajos de una media naranja,<\/p>\n<p>vuelven convertidos, en calor humano,<\/p>\n<p>en c\u00edtricos repletos de la fantas\u00eda y su refugio,<\/p>\n<p>viaje de la utop\u00eda, hacia la tierra.<\/p>\n<p>&nbsp;<\/p>\n<p>El alma de la mente,<\/p>\n<p>la mente latente de la naturaleza&#8230;<\/p>\n<p>&nbsp;<\/p>\n<p>Deja que sienta esa vibraci\u00f3n, desde tus ra\u00edces,<\/p>\n<p>que llama a <em>Selene<\/em> cada noche,<\/p>\n<p>para un goce et\u00e9reo en el origen de la caricia.<\/p>\n<p>&nbsp;<\/p>\n<p>Llama a la puerta del deseo<\/p>\n<p>un haz de luz dorado,<\/p>\n<p>y surca los mares de la vida y el amor<\/p>\n<p>a lomos del placer hed\u00f3nico.<\/p>\n<p>&nbsp;<\/p>\n<p>Perseidas luminosas,<\/p>\n<p>que engendran cultivos de arcilla.<\/p>\n<p>Gametos celestes que buscan su germen sideral,<\/p>\n<p>origen de la vida, fulgor creciente en el vientre de la tierra,<\/p>\n<p>criaturas de la madre naturaleza.<\/p>\n<p>&nbsp;<\/p>\n<p>Aire, viento y brisa&#8230;<\/p>\n<p>Respira, \u00e9ter de la existencia.<\/p>\n<p>&nbsp;<\/p>\n<p>&nbsp;<\/p>\n<span class='bctt-click-to-tweet'><span class='bctt-ctt-text'><a href='https:\/\/x.com\/intent\/tweet?url=https%3A%2F%2Fnuestrosescritores.com%2Fguilem-rojo-i-gallego%2Fpoesia%2F&#038;text=G%C3%A9nesis%C2%A0del%20libro%20EL%20JARD%C3%8DN%20DE%20LAS%20HESP%C3%89RIDES%20de%20GUILLEM%20ROJO%20I%20GALLEGO&#038;via=poesiaerestu&#038;related=poesiaerestu' target='_blank'rel=\"noopener noreferrer\">G\u00e9nesis&nbsp;del libro EL JARD\u00cdN DE LAS HESP\u00c9RIDES de GUILLEM ROJO I GALLEGO <\/a><\/span><a href='https:\/\/x.com\/intent\/tweet?url=https%3A%2F%2Fnuestrosescritores.com%2Fguilem-rojo-i-gallego%2Fpoesia%2F&#038;text=G%C3%A9nesis%C2%A0del%20libro%20EL%20JARD%C3%8DN%20DE%20LAS%20HESP%C3%89RIDES%20de%20GUILLEM%20ROJO%20I%20GALLEGO&#038;via=poesiaerestu&#038;related=poesiaerestu' target='_blank' class='bctt-ctt-btn'rel=\"noopener noreferrer\">Compartir en X<\/a><\/span>\n<p>&nbsp;[\/vc_column_text][\/vc_column][\/vc_row][vc_row full_width=&#8221;stretch_row_content_no_spaces&#8221;][vc_column extend=&#8221;false&#8221;]<div class='gambit_parallax_row' data-bg-align='' data-direction='fixed' data-opacity='100' data-velocity='-0.3' data-mobile-enabled='' data-bg-height='2048' data-bg-width='2048' data-bg-image='https:\/\/nuestrosescritores.com\/guilem-rojo-i-gallego\/wp-content\/uploads\/sites\/198\/2025\/04\/Gemini_Generated_Image_696qzu696qzu696q.webp' data-bg-repeat='false' data-id='' style='display: none'><\/div><div class=\"gambit_fullheight_row\" data-content-location=\"center\" style=\"display: none\"><\/div>[\/vc_column][\/vc_row][vc_row][vc_column extend=&#8221;false&#8221;][vc_column_text css=&#8221;&#8221;]\n<h1><a name=\"_Toc192088841\"><\/a><strong>Brisa aguamarina<\/strong><\/h1>\n<p>&nbsp;<\/p>\n<p>Cantar al amor, al son del eco del agua,<\/p>\n<p>agua en ondas radiales,<\/p>\n<p>cuerdas vibrantes de tu coraz\u00f3n, amor,<\/p>\n<p>que conduce, arrastra y llena de \u00e9xtasis,<\/p>\n<p>el aire de mi alma viviente,<\/p>\n<p>sempiterno ensue\u00f1o de fortuna estelar,<\/p>\n<p>producto de tus suspiros de pasi\u00f3n.<\/p>\n<p>&nbsp;<\/p>\n<p>Al nacer Selene, en el azul oscuro,<\/p>\n<p>se convierte en bermello vivaz de mis respuestas,<\/p>\n<p>hacia la utop\u00eda real de mi reflejo,<\/p>\n<p>reflejo de mi ser, tus ojos,<\/p>\n<p>que son mis ojos de viento,<\/p>\n<p>brisa aguamarina del universo,<\/p>\n<p>nuestro m\u00e1s puro firmamento.<\/p>\n<p>&nbsp;<\/p>\n<span class='bctt-click-to-tweet'><span class='bctt-ctt-text'><a href='https:\/\/x.com\/intent\/tweet?url=https%3A%2F%2Fnuestrosescritores.com%2Fguilem-rojo-i-gallego%2Fpoesia%2F&#038;text=Brisa%20aguamarina%20del%20libro%20EL%20JARD%C3%8DN%20DE%20LAS%20HESP%C3%89RIDES%20de%20GUILLEM%20ROJO%20I%20GALLEGO&#038;via=poesiaerestu&#038;related=poesiaerestu' target='_blank'rel=\"noopener noreferrer\">Brisa aguamarina del libro EL JARD\u00cdN DE LAS HESP\u00c9RIDES de GUILLEM ROJO I GALLEGO <\/a><\/span><a href='https:\/\/x.com\/intent\/tweet?url=https%3A%2F%2Fnuestrosescritores.com%2Fguilem-rojo-i-gallego%2Fpoesia%2F&#038;text=Brisa%20aguamarina%20del%20libro%20EL%20JARD%C3%8DN%20DE%20LAS%20HESP%C3%89RIDES%20de%20GUILLEM%20ROJO%20I%20GALLEGO&#038;via=poesiaerestu&#038;related=poesiaerestu' target='_blank' class='bctt-ctt-btn'rel=\"noopener noreferrer\">Compartir en X<\/a><\/span>\n<p>&nbsp;<\/p>\n<p>&nbsp;[\/vc_column_text][\/vc_column][\/vc_row][vc_row][vc_column extend=&#8221;false&#8221;]<div class='gambit_parallax_row' data-bg-align='' data-direction='fixed' data-opacity='100' data-velocity='-0.3' data-mobile-enabled='' data-bg-height='2048' data-bg-width='2048' data-bg-image='https:\/\/nuestrosescritores.com\/guilem-rojo-i-gallego\/wp-content\/uploads\/sites\/198\/2025\/04\/Gemini_Generated_Image_zcrwigzcrwigzcrw.webp' data-bg-repeat='false' data-id='' style='display: none'><\/div><div class=\"gambit_fullheight_row\" data-content-location=\"center\" style=\"display: none\"><\/div>[\/vc_column][\/vc_row][vc_row][vc_column extend=&#8221;false&#8221;][vc_column_text css=&#8221;&#8221;]\n<h1><a name=\"_Toc192088857\"><\/a><strong><em>Mattianum<\/em><\/strong><\/h1>\n<p>&nbsp;<\/p>\n<p>Origen del bocado,<\/p>\n<p>garganta seductora<\/p>\n<p>cascada y ca\u00f1\u00f3n de eco extasiado,<\/p>\n<p>permanece en mi cuello.<\/p>\n<p>&nbsp;<\/p>\n<p>Una errata llev\u00f3 a la palabra<\/p>\n<p>al denominado fruto prohibido,<\/p>\n<p>sujeto de imagen lasciva,<\/p>\n<p>de significado pecaminoso.<\/p>\n<p>&nbsp;<\/p>\n<p>Realidad de tu esencia,<\/p>\n<p>sin discordia frutal,<\/p>\n<p>disfrute carmes\u00ed y dorado en el labio,<\/p>\n<p>o c\u00edtrico galopado de jugo,<\/p>\n<p>que atraviesa el canal<\/p>\n<p>que retumba en el son de tu voz.<\/p>\n<p>&nbsp;<\/p>\n<p>&nbsp;<\/p>\n<p>&nbsp;<\/p>\n<p>&nbsp;<\/p>\n<p>&nbsp;<\/p>\n<span class='bctt-click-to-tweet'><span class='bctt-ctt-text'><a href='https:\/\/x.com\/intent\/tweet?url=https%3A%2F%2Fnuestrosescritores.com%2Fguilem-rojo-i-gallego%2Fpoesia%2F&#038;text=Mattianum%20del%20libro%20EL%20JARD%C3%8DN%20DE%20LAS%20HESP%C3%89RIDES%20de%20GUILLEM%20ROJO%20I%20GALLEGO&#038;via=poesiaerestu&#038;related=poesiaerestu' target='_blank'rel=\"noopener noreferrer\">Mattianum del libro EL JARD\u00cdN DE LAS HESP\u00c9RIDES de GUILLEM ROJO I GALLEGO <\/a><\/span><a href='https:\/\/x.com\/intent\/tweet?url=https%3A%2F%2Fnuestrosescritores.com%2Fguilem-rojo-i-gallego%2Fpoesia%2F&#038;text=Mattianum%20del%20libro%20EL%20JARD%C3%8DN%20DE%20LAS%20HESP%C3%89RIDES%20de%20GUILLEM%20ROJO%20I%20GALLEGO&#038;via=poesiaerestu&#038;related=poesiaerestu' target='_blank' class='bctt-ctt-btn'rel=\"noopener noreferrer\">Compartir en X<\/a><\/span>[\/vc_column_text][\/vc_column][\/vc_row][vc_row][vc_column extend=&#8221;false&#8221;]<div class='gambit_parallax_row' data-bg-align='' data-direction='fixed' data-opacity='100' data-velocity='-0.3' data-mobile-enabled='' data-bg-height='2048' data-bg-width='2048' data-bg-image='https:\/\/nuestrosescritores.com\/guilem-rojo-i-gallego\/wp-content\/uploads\/sites\/198\/2025\/04\/Gemini_Generated_Image_9khhnw9khhnw9khh.webp' data-bg-repeat='false' data-id='' style='display: none'><\/div><div class=\"gambit_fullheight_row\" data-content-location=\"center\" style=\"display: none\"><\/div>[\/vc_column][\/vc_row][vc_row][vc_column extend=&#8221;false&#8221;][vc_column_text css=&#8221;&#8221;]\n<h1><a name=\"_Toc192088867\"><\/a><strong>Redenci\u00f3n<\/strong><\/h1>\n<p>&nbsp;<\/p>\n<p>La tierra te va comiendo,<\/p>\n<p>suavemente y sin que te des cuenta,<\/p>\n<p>los d\u00edas transcurren evaporando los recuerdos inminentes,<\/p>\n<p>y la asfixia te llega antes de que puedas evitarla.<\/p>\n<p>&nbsp;<\/p>\n<p>Al acecho de la opresi\u00f3n,<\/p>\n<p>que crece de ma\u00f1ana y descansa de noche,<\/p>\n<p>la m\u00e1scara de <em>Agamen\u00f3n<\/em> es tu mejor faz,<\/p>\n<p>habiendo dispuesto a uno al combate rotativo<\/p>\n<p>de un mero hecho cotidiano.<\/p>\n<p>Veo las siguientes fechas y siempre es lo mismo<\/p>\n<p>adrenalina estresada por jornadas interminables,<\/p>\n<p>polvo de ilusiones esparci\u00e9ndose en el aire,<\/p>\n<p>oreando una pizca de esperanza en mi vientre.<\/p>\n<p>&nbsp;<\/p>\n<p>&nbsp;<\/p>\n<p>Aun as\u00ed, la cosecha de esta absorbente vida,<\/p>\n<p>la cautivadora greda, se hace presente<\/p>\n<p>y te recuerda a instantes el brote yacente,<\/p>\n<p>por min\u00fasculo que sea, de que el auriga,<\/p>\n<p>volador del recuerdo de la tierra,<\/p>\n<p>trae calor a tu lecho de lluvia sobre corteza,<\/p>\n<p>y dulzura al poderoso cuerpo que nace del erotismo.<\/p>\n<p>&nbsp;<\/p>\n<p>S\u00fabete a lomos de su caballo alado,<\/p>\n<p>y viaja, viaja lejos,<\/p>\n<p>vive, vive intensamente,<\/p>\n<p>descubre que, <em>Pegaso<\/em>,<\/p>\n<p>est\u00e1 en tu coraz\u00f3n constantemente,<\/p>\n<p>incluso cuando el barro recorre tu piel,<\/p>\n<p>siempre quedar\u00e1 un resquicio para respirar.<\/p>\n<p>&nbsp;<\/p>\n<span class='bctt-click-to-tweet'><span class='bctt-ctt-text'><a href='https:\/\/x.com\/intent\/tweet?url=https%3A%2F%2Fnuestrosescritores.com%2Fguilem-rojo-i-gallego%2Fpoesia%2F&#038;text=Redenci%C3%B3n%20del%20libro%20EL%20JARD%C3%8DN%20DE%20LAS%20HESP%C3%89RIDES%20de%20GUILLEM%20ROJO%20I%20GALLEGO&#038;via=poesiaerestu&#038;related=poesiaerestu' target='_blank'rel=\"noopener noreferrer\">Redenci\u00f3n del libro EL JARD\u00cdN DE LAS HESP\u00c9RIDES de GUILLEM ROJO I GALLEGO <\/a><\/span><a href='https:\/\/x.com\/intent\/tweet?url=https%3A%2F%2Fnuestrosescritores.com%2Fguilem-rojo-i-gallego%2Fpoesia%2F&#038;text=Redenci%C3%B3n%20del%20libro%20EL%20JARD%C3%8DN%20DE%20LAS%20HESP%C3%89RIDES%20de%20GUILLEM%20ROJO%20I%20GALLEGO&#038;via=poesiaerestu&#038;related=poesiaerestu' target='_blank' class='bctt-ctt-btn'rel=\"noopener noreferrer\">Compartir en X<\/a><\/span>[\/vc_column_text][\/vc_column][\/vc_row][vc_row][vc_column extend=&#8221;false&#8221;]<div class='gambit_parallax_row' data-bg-align='' data-direction='fixed' data-opacity='100' data-velocity='-0.3' data-mobile-enabled='' data-bg-height='2048' data-bg-width='2048' data-bg-image='https:\/\/nuestrosescritores.com\/guilem-rojo-i-gallego\/wp-content\/uploads\/sites\/198\/2025\/04\/Gemini_Generated_Image_kf1yvlkf1yvlkf1y.webp' data-bg-repeat='false' data-id='' style='display: none'><\/div><div class=\"gambit_fullheight_row\" data-content-location=\"center\" style=\"display: none\"><\/div>[\/vc_column][\/vc_row][vc_row][vc_column extend=&#8221;false&#8221;][vc_column_text css=&#8221;&#8221;]\n<h1><a name=\"_Toc192088909\"><\/a><strong>Siempreviva<\/strong><\/h1>\n<p>&nbsp;<\/p>\n<p>De entre los \u00e1rboles, nacen las ra\u00edces del estremecimiento,<\/p>\n<p>del jolgorio y el goce,<\/p>\n<p>de la supervivencia del placer y el \u00e9xtasis.<\/p>\n<p>&nbsp;<\/p>\n<p>Quiero que entierren mi cuerpo en esta tierra c\u00e1lida del bosque,<\/p>\n<p>que en mi lengua depositen la semilla del renacer,<\/p>\n<p>y crezca un frondoso paisaje sobre nuestros cuerpos,<\/p>\n<p>polvo de \u00e1ngeles alados,<\/p>\n<p>descubriendo tu respuesta f\u00edsica una y otra vez,<\/p>\n<p>descendiendo al mundo de los recuerdos,<\/p>\n<p>panor\u00e1mica de niebla celeste,<\/p>\n<p>en cicatrices bellas en la piel,<\/p>\n<p>trazando un mapa de evocaci\u00f3n al jard\u00edn de las <em>Hesp\u00e9rides<\/em>,<\/p>\n<p>teniendo el mismo sue\u00f1o cada noche,<\/p>\n<p>y descubrir el sabor de la felicidad.<\/p>\n<p>&nbsp;<\/p>\n<p>&nbsp;<\/p>\n<p>&nbsp;<\/p>\n<p>&nbsp;<\/p>\n<p>&nbsp;<\/p>\n<p>&nbsp;<\/p>\n<span class='bctt-click-to-tweet'><span class='bctt-ctt-text'><a href='https:\/\/x.com\/intent\/tweet?url=https%3A%2F%2Fnuestrosescritores.com%2Fguilem-rojo-i-gallego%2Fpoesia%2F&#038;text=Siempreviva%20del%20libro%20EL%20JARD%C3%8DN%20DE%20LAS%20HESP%C3%89RIDES%20de%20GUILLEM%20ROJO%20I%20GALLEGO&#038;via=poesiaerestu&#038;related=poesiaerestu' target='_blank'rel=\"noopener noreferrer\">Siempreviva del libro EL JARD\u00cdN DE LAS HESP\u00c9RIDES de GUILLEM ROJO I GALLEGO <\/a><\/span><a href='https:\/\/x.com\/intent\/tweet?url=https%3A%2F%2Fnuestrosescritores.com%2Fguilem-rojo-i-gallego%2Fpoesia%2F&#038;text=Siempreviva%20del%20libro%20EL%20JARD%C3%8DN%20DE%20LAS%20HESP%C3%89RIDES%20de%20GUILLEM%20ROJO%20I%20GALLEGO&#038;via=poesiaerestu&#038;related=poesiaerestu' target='_blank' class='bctt-ctt-btn'rel=\"noopener noreferrer\">Compartir en X<\/a><\/span>[\/vc_column_text][\/vc_column][\/vc_row][vc_row][vc_column extend=&#8221;false&#8221;]<div class='gambit_parallax_row' data-bg-align='' data-direction='fixed' data-opacity='100' data-velocity='-0.3' data-mobile-enabled='' data-bg-height='2048' data-bg-width='2048' data-bg-image='https:\/\/nuestrosescritores.com\/guilem-rojo-i-gallego\/wp-content\/uploads\/sites\/198\/2025\/04\/Gemini_Generated_Image_yssv2byssv2byssv.webp' data-bg-repeat='false' data-id='' style='display: none'><\/div><div class=\"gambit_fullheight_row\" data-content-location=\"center\" style=\"display: none\"><\/div>[vc_column_text css=&#8221;&#8221;]\n<p style=\"text-align: center;\"><a class=\"fasc-button fasc-size-xlarge fasc-type-glossy fasc-rounded-medium\" style=\"background-color: #33809e; color: #ffffff;\" href=\"https:\/\/librodepoesia.com\/libro\/el-jardin-de-las-hesperides-guillem-rojo-i-gallego\/\">Comprar el libro<\/a><\/p>\n[\/vc_column_text][\/vc_column][\/vc_row]\n<\/div>","protected":false},"excerpt":{"rendered":"<p>[vc_row full_width=&#8221;stretch_row_content_no_spaces&#8221;][vc_column extend=&#8221;false&#8221;][\/vc_column][\/vc_row][vc_row][vc_column extend=&#8221;false&#8221;][vc_column_text css=&#8221;&#8221;] G\u00e9nesis &nbsp; El cielo y la luz&#8230; Un destello que va rebosando vida a trav\u00e9s del azul c\u00f3smico, un ba\u00f1o fugaz de efem\u00e9rides, que danzan, viajan y surcan un sendero estelar. &nbsp; Febril arom\u00e1tico cosmos, la totalidad de esp\u00edritu y materia, esp\u00edritu y viento, cuerpos de barro que, se entrelazan, [&hellip;]<\/p>\n","protected":false},"author":1,"featured_media":0,"parent":0,"menu_order":0,"comment_status":"closed","ping_status":"closed","template":"","meta":{"_acf_changed":false,"footnotes":""},"class_list":["post-121","page","type-page","status-publish","hentry"],"acf":[],"yoast_head":"<!-- This site is optimized with the Yoast SEO Premium plugin v24.7 (Yoast SEO v27.5) - https:\/\/yoast.com\/product\/yoast-seo-premium-wordpress\/ -->\n<title>POES\u00cdA - Guillem Rojo I Gallego<\/title>\n<meta name=\"description\" content=\"Poes\u00eda del libro EL JARD\u00cdN DE LAS HESP\u00c9RIDES de GUILLEM ROJO I GALLEGO. El autor nos da una muestra tras publicar un libro de poes\u00eda con la Editorial Poes\u00eda eres t\u00fa.\" \/>\n<meta name=\"robots\" content=\"index, follow, max-snippet:-1, max-image-preview:large, max-video-preview:-1\" \/>\n<link rel=\"canonical\" href=\"https:\/\/nuestrosescritores.com\/guilem-rojo-i-gallego\/poesia\/\" \/>\n<meta property=\"og:locale\" content=\"es_ES\" \/>\n<meta property=\"og:type\" content=\"article\" \/>\n<meta property=\"og:title\" content=\"POES\u00cdA\" \/>\n<meta property=\"og:description\" content=\"Poes\u00eda del libro EL JARD\u00cdN DE LAS HESP\u00c9RIDES de GUILLEM ROJO I GALLEGO. El autor nos da una muestra tras publicar un libro de poes\u00eda con la Editorial Poes\u00eda eres t\u00fa.\" \/>\n<meta property=\"og:url\" content=\"https:\/\/nuestrosescritores.com\/guilem-rojo-i-gallego\/poesia\/\" \/>\n<meta property=\"og:site_name\" content=\"Guillem Rojo I Gallego\" \/>\n<meta property=\"article:modified_time\" content=\"2025-04-06T06:50:15+00:00\" \/>\n<meta name=\"twitter:card\" content=\"summary_large_image\" \/>\n<meta name=\"twitter:label1\" content=\"Tiempo de lectura\" \/>\n\t<meta name=\"twitter:data1\" content=\"4 minutos\" \/>\n<script type=\"application\/ld+json\" class=\"yoast-schema-graph\">{\"@context\":\"https:\\\/\\\/schema.org\",\"@graph\":[{\"@type\":\"WebPage\",\"@id\":\"https:\\\/\\\/nuestrosescritores.com\\\/guilem-rojo-i-gallego\\\/poesia\\\/\",\"url\":\"https:\\\/\\\/nuestrosescritores.com\\\/guilem-rojo-i-gallego\\\/poesia\\\/\",\"name\":\"POES\u00cdA - Guillem Rojo I Gallego\",\"isPartOf\":{\"@id\":\"https:\\\/\\\/nuestrosescritores.com\\\/guilem-rojo-i-gallego\\\/#website\"},\"datePublished\":\"2025-04-06T06:06:35+00:00\",\"dateModified\":\"2025-04-06T06:50:15+00:00\",\"description\":\"Poes\u00eda del libro EL JARD\u00cdN DE LAS HESP\u00c9RIDES de GUILLEM ROJO I GALLEGO. El autor nos da una muestra tras publicar un libro de poes\u00eda con la Editorial Poes\u00eda eres t\u00fa.\",\"breadcrumb\":{\"@id\":\"https:\\\/\\\/nuestrosescritores.com\\\/guilem-rojo-i-gallego\\\/poesia\\\/#breadcrumb\"},\"inLanguage\":\"es\",\"potentialAction\":[{\"@type\":\"ReadAction\",\"target\":[\"https:\\\/\\\/nuestrosescritores.com\\\/guilem-rojo-i-gallego\\\/poesia\\\/\"]}]},{\"@type\":\"BreadcrumbList\",\"@id\":\"https:\\\/\\\/nuestrosescritores.com\\\/guilem-rojo-i-gallego\\\/poesia\\\/#breadcrumb\",\"itemListElement\":[{\"@type\":\"ListItem\",\"position\":1,\"name\":\"Portada\",\"item\":\"https:\\\/\\\/nuestrosescritores.com\\\/guilem-rojo-i-gallego\\\/\"},{\"@type\":\"ListItem\",\"position\":2,\"name\":\"POES\u00cdA\"}]},{\"@type\":\"WebSite\",\"@id\":\"https:\\\/\\\/nuestrosescritores.com\\\/guilem-rojo-i-gallego\\\/#website\",\"url\":\"https:\\\/\\\/nuestrosescritores.com\\\/guilem-rojo-i-gallego\\\/\",\"name\":\"Nuestros escritores\",\"description\":\"Escritor\",\"potentialAction\":[{\"@type\":\"SearchAction\",\"target\":{\"@type\":\"EntryPoint\",\"urlTemplate\":\"https:\\\/\\\/nuestrosescritores.com\\\/guilem-rojo-i-gallego\\\/?s={search_term_string}\"},\"query-input\":{\"@type\":\"PropertyValueSpecification\",\"valueRequired\":true,\"valueName\":\"search_term_string\"}}],\"inLanguage\":\"es\"}]}<\/script>\n<!-- \/ Yoast SEO Premium plugin. -->","yoast_head_json":{"title":"POES\u00cdA - Guillem Rojo I Gallego","description":"Poes\u00eda del libro EL JARD\u00cdN DE LAS HESP\u00c9RIDES de GUILLEM ROJO I GALLEGO. El autor nos da una muestra tras publicar un libro de poes\u00eda con la Editorial Poes\u00eda eres t\u00fa.","robots":{"index":"index","follow":"follow","max-snippet":"max-snippet:-1","max-image-preview":"max-image-preview:large","max-video-preview":"max-video-preview:-1"},"canonical":"https:\/\/nuestrosescritores.com\/guilem-rojo-i-gallego\/poesia\/","og_locale":"es_ES","og_type":"article","og_title":"POES\u00cdA","og_description":"Poes\u00eda del libro EL JARD\u00cdN DE LAS HESP\u00c9RIDES de GUILLEM ROJO I GALLEGO. El autor nos da una muestra tras publicar un libro de poes\u00eda con la Editorial Poes\u00eda eres t\u00fa.","og_url":"https:\/\/nuestrosescritores.com\/guilem-rojo-i-gallego\/poesia\/","og_site_name":"Guillem Rojo I Gallego","article_modified_time":"2025-04-06T06:50:15+00:00","twitter_card":"summary_large_image","twitter_misc":{"Tiempo de lectura":"4 minutos"},"schema":{"@context":"https:\/\/schema.org","@graph":[{"@type":"WebPage","@id":"https:\/\/nuestrosescritores.com\/guilem-rojo-i-gallego\/poesia\/","url":"https:\/\/nuestrosescritores.com\/guilem-rojo-i-gallego\/poesia\/","name":"POES\u00cdA - Guillem Rojo I Gallego","isPartOf":{"@id":"https:\/\/nuestrosescritores.com\/guilem-rojo-i-gallego\/#website"},"datePublished":"2025-04-06T06:06:35+00:00","dateModified":"2025-04-06T06:50:15+00:00","description":"Poes\u00eda del libro EL JARD\u00cdN DE LAS HESP\u00c9RIDES de GUILLEM ROJO I GALLEGO. El autor nos da una muestra tras publicar un libro de poes\u00eda con la Editorial Poes\u00eda eres t\u00fa.","breadcrumb":{"@id":"https:\/\/nuestrosescritores.com\/guilem-rojo-i-gallego\/poesia\/#breadcrumb"},"inLanguage":"es","potentialAction":[{"@type":"ReadAction","target":["https:\/\/nuestrosescritores.com\/guilem-rojo-i-gallego\/poesia\/"]}]},{"@type":"BreadcrumbList","@id":"https:\/\/nuestrosescritores.com\/guilem-rojo-i-gallego\/poesia\/#breadcrumb","itemListElement":[{"@type":"ListItem","position":1,"name":"Portada","item":"https:\/\/nuestrosescritores.com\/guilem-rojo-i-gallego\/"},{"@type":"ListItem","position":2,"name":"POES\u00cdA"}]},{"@type":"WebSite","@id":"https:\/\/nuestrosescritores.com\/guilem-rojo-i-gallego\/#website","url":"https:\/\/nuestrosescritores.com\/guilem-rojo-i-gallego\/","name":"Nuestros escritores","description":"Escritor","potentialAction":[{"@type":"SearchAction","target":{"@type":"EntryPoint","urlTemplate":"https:\/\/nuestrosescritores.com\/guilem-rojo-i-gallego\/?s={search_term_string}"},"query-input":{"@type":"PropertyValueSpecification","valueRequired":true,"valueName":"search_term_string"}}],"inLanguage":"es"}]}},"_links":{"self":[{"href":"https:\/\/nuestrosescritores.com\/guilem-rojo-i-gallego\/wp-json\/wp\/v2\/pages\/121","targetHints":{"allow":["GET"]}}],"collection":[{"href":"https:\/\/nuestrosescritores.com\/guilem-rojo-i-gallego\/wp-json\/wp\/v2\/pages"}],"about":[{"href":"https:\/\/nuestrosescritores.com\/guilem-rojo-i-gallego\/wp-json\/wp\/v2\/types\/page"}],"author":[{"embeddable":true,"href":"https:\/\/nuestrosescritores.com\/guilem-rojo-i-gallego\/wp-json\/wp\/v2\/users\/1"}],"replies":[{"embeddable":true,"href":"https:\/\/nuestrosescritores.com\/guilem-rojo-i-gallego\/wp-json\/wp\/v2\/comments?post=121"}],"version-history":[{"count":0,"href":"https:\/\/nuestrosescritores.com\/guilem-rojo-i-gallego\/wp-json\/wp\/v2\/pages\/121\/revisions"}],"wp:attachment":[{"href":"https:\/\/nuestrosescritores.com\/guilem-rojo-i-gallego\/wp-json\/wp\/v2\/media?parent=121"}],"curies":[{"name":"wp","href":"https:\/\/api.w.org\/{rel}","templated":true}]}}