{"id":270,"date":"2025-12-14T10:18:50","date_gmt":"2025-12-14T09:18:50","guid":{"rendered":"https:\/\/nuestrosescritores.com\/franciscomunozmartin\/?page_id=270"},"modified":"2025-12-14T10:18:50","modified_gmt":"2025-12-14T09:18:50","slug":"poesias-el-hilo-iberico","status":"publish","type":"page","link":"https:\/\/nuestrosescritores.com\/franciscomunozmartin\/poesias-el-hilo-iberico\/","title":{"rendered":"POES\u00cdAS EL HILO IB\u00c9RICO"},"content":{"rendered":"<div class=\"wpb-content-wrapper\">[vc_row full_width=&#8221;stretch_row_content_no_spaces&#8221;][vc_column extend=&#8221;false&#8221;]<div class='gambit_parallax_row' data-bg-align='' data-direction='fixed' data-opacity='100' data-velocity='-0.3' data-mobile-enabled='' data-bg-height='2560' data-bg-width='1463' data-bg-image='https:\/\/nuestrosescritores.com\/franciscomunozmartin\/wp-content\/uploads\/sites\/208\/2025\/12\/freepik_assistant_1759051354529-scaled.webp' data-bg-repeat='false' data-id='' style='display: none'><\/div><div class=\"gambit_fullheight_row\" data-content-location=\"center\" style=\"display: none\"><\/div>[\/vc_column][\/vc_row][vc_row][vc_column extend=&#8221;false&#8221;][vc_column_text]\n<h2>Andaluc\u00eda, ra\u00edz de la luz<\/h2>\n<p>&nbsp;<\/p>\n<p>Poema que abre el recorrido y fija el tono del libro: mestizaje, memoria tricultural, flamenco como latido, pueblos blancos, aceituneros y cal encendida. Es la puerta luminosa del tapiz, el sur que germina y reverdece, la met\u00e1fora de una Espa\u00f1a que \u201cse pronuncia con el alma\u201d.<\/p>\n<p>&nbsp;<\/p>\n<p>Muestra:<\/p>\n<p>\u00abAndaluc\u00eda germina<br \/>\ny reverdece.<br \/>\nEs el sur que alborea<br \/>\ndesde el coraz\u00f3n de la tierra.<br \/>\nBajo el alminar duermen canciones<br \/>\nque el flamenco despierta<br \/>\ncomo rel\u00e1mpagos de voces \u00bb<\/p>\n<p>&nbsp;<\/p>\n<p>&nbsp;<\/p>\n<span class='bctt-click-to-tweet'><span class='bctt-ctt-text'><a href='https:\/\/x.com\/intent\/tweet?url=https%3A%2F%2Fnuestrosescritores.com%2Ffranciscomunozmartin%2Fpoesias-el-hilo-iberico%2F&#038;text=Andaluc%C3%ADa%2C%20ra%C3%ADz%20de%20la%20luz%C2%A0del%20libro%20EL%20HILO%20IB%C3%89RICO%20de%20FRANCISCO%20MU%C3%91OZ%20MART%C3%8DN&#038;via=poesiaerestu&#038;related=poesiaerestu' target='_blank'rel=\"noopener noreferrer\">Andaluc\u00eda, ra\u00edz de la luz&nbsp;del libro EL HILO IB\u00c9RICO de FRANCISCO MU\u00d1OZ MART\u00cdN <\/a><\/span><a href='https:\/\/x.com\/intent\/tweet?url=https%3A%2F%2Fnuestrosescritores.com%2Ffranciscomunozmartin%2Fpoesias-el-hilo-iberico%2F&#038;text=Andaluc%C3%ADa%2C%20ra%C3%ADz%20de%20la%20luz%C2%A0del%20libro%20EL%20HILO%20IB%C3%89RICO%20de%20FRANCISCO%20MU%C3%91OZ%20MART%C3%8DN&#038;via=poesiaerestu&#038;related=poesiaerestu' target='_blank' class='bctt-ctt-btn'rel=\"noopener noreferrer\">Compartir en X<\/a><\/span>\n<p>&nbsp;[\/vc_column_text][\/vc_column][\/vc_row][vc_row full_width=&#8221;stretch_row_content_no_spaces&#8221;][vc_column extend=&#8221;false&#8221;]<div class='gambit_parallax_row' data-bg-align='' data-direction='fixed' data-opacity='100' data-velocity='-0.3' data-mobile-enabled='' data-bg-height='2560' data-bg-width='1463' data-bg-image='https:\/\/nuestrosescritores.com\/franciscomunozmartin\/wp-content\/uploads\/sites\/208\/2025\/12\/freepik_assistant_1759051423496-scaled.webp' data-bg-repeat='false' data-id='' style='display: none'><\/div><div class=\"gambit_fullheight_row\" data-content-location=\"center\" style=\"display: none\"><\/div>[\/vc_column][\/vc_row][vc_row][vc_column extend=&#8221;false&#8221;][vc_column_text]\n<h1><a name=\"_Toc50565515\"><\/a><\/h1>\n<h2>Arag\u00f3n, piedra que canta<\/h2>\n<p>Texto de una contundencia serena. La tierra de pactos, castillos y cierzo se levanta \u201ccomo una torre\u201d. Aqu\u00ed la piedra tiene voz, el Ebro firma con tinta l\u00edquida y la jota golpea el suelo. Representa la dimensi\u00f3n hist\u00f3rica y foral del libro: dignidad, memoria y viento antiguo que no se doblega.<\/p>\n<p>Muestra:<\/p>\n<p>\u00abArag\u00f3n no se arrodilla:<br \/>\nse alza como una torre<br \/>\nentre monta\u00f1as que recuerdan<br \/>\nel pulso del agua tallando la historia.<br \/>\nAll\u00ed, el viento es antiguo,<br \/>\nhabla con lengua rom\u00e1nica<br \/>\ny lleva en la boca<br \/>\nla s\u00edlaba ronca del cierzo \u00bb<\/p>\n<p>&nbsp;<\/p>\n<span class='bctt-click-to-tweet'><span class='bctt-ctt-text'><a href='https:\/\/x.com\/intent\/tweet?url=https%3A%2F%2Fnuestrosescritores.com%2Ffranciscomunozmartin%2Fpoesias-el-hilo-iberico%2F&#038;text=Arag%C3%B3n%2C%20piedra%20que%20canta%20del%20libro%20EL%20HILO%20IB%C3%89RICO%20de%20FRANCISCO%20MU%C3%91OZ%20MART%C3%8DN&#038;via=poesiaerestu&#038;related=poesiaerestu' target='_blank'rel=\"noopener noreferrer\">Arag\u00f3n, piedra que canta del libro EL HILO IB\u00c9RICO de FRANCISCO MU\u00d1OZ MART\u00cdN <\/a><\/span><a href='https:\/\/x.com\/intent\/tweet?url=https%3A%2F%2Fnuestrosescritores.com%2Ffranciscomunozmartin%2Fpoesias-el-hilo-iberico%2F&#038;text=Arag%C3%B3n%2C%20piedra%20que%20canta%20del%20libro%20EL%20HILO%20IB%C3%89RICO%20de%20FRANCISCO%20MU%C3%91OZ%20MART%C3%8DN&#038;via=poesiaerestu&#038;related=poesiaerestu' target='_blank' class='bctt-ctt-btn'rel=\"noopener noreferrer\">Compartir en X<\/a><\/span>\n<p>&nbsp;<\/p>\n<p>&nbsp;[\/vc_column_text][\/vc_column][\/vc_row][vc_row][vc_column extend=&#8221;false&#8221;]<div class='gambit_parallax_row' data-bg-align='' data-direction='fixed' data-opacity='100' data-velocity='-0.3' data-mobile-enabled='' data-bg-height='2560' data-bg-width='1463' data-bg-image='https:\/\/nuestrosescritores.com\/franciscomunozmartin\/wp-content\/uploads\/sites\/208\/2025\/12\/freepik__tapiz-antiguo-tejido-a-mano-representando-las-dife__94727-scaled.webp' data-bg-repeat='false' data-id='' style='display: none'><\/div><div class=\"gambit_fullheight_row\" data-content-location=\"center\" style=\"display: none\"><\/div>[\/vc_column][\/vc_row][vc_row][vc_column extend=&#8221;false&#8221;][vc_column_text]\n<h1><a name=\"_Toc50565520\"><\/a><\/h1>\n<h2>Galicia, tierra donde el viento reza<\/h2>\n<p>El poema m\u00e1s brumoso y melanc\u00f3lico. La lluvia que no cae, bautiza; el gallego que no se dice, se canta; las r\u00edas que esconden cartas escritas al misterio. Encapsula la po\u00e9tica de la duda, la saudade y el silencio que peregrina. Es la voz de las identidades que no se afirman, se presienten.<\/p>\n<p>Muestra:<\/p>\n<p>\u00abGalicia se observa<br \/>\ny se presiente.<br \/>\nEs bruma que abraza el d\u00eda<br \/>\ny piedra que reza sin altar.<br \/>\nAqu\u00ed la lluvia no moja:<\/p>\n<p>El gallego no se dice:<br \/>\nse canta con nostalgia aldeana \u00bb<\/p>\n<p>&nbsp;<\/p>\n<p>&nbsp;<\/p>\n<p>&nbsp;<\/p>\n<p>&nbsp;<\/p>\n<p>&nbsp;<\/p>\n<span class='bctt-click-to-tweet'><span class='bctt-ctt-text'><a href='https:\/\/x.com\/intent\/tweet?url=https%3A%2F%2Fnuestrosescritores.com%2Ffranciscomunozmartin%2Fpoesias-el-hilo-iberico%2F&#038;text=Galicia%2C%20tierra%20donde%20el%20viento%20reza%20del%20libro%20EL%20HILO%20IB%C3%89RICO%20de%20FRANCISCO%20MU%C3%91OZ%20MART%C3%8DN&#038;via=poesiaerestu&#038;related=poesiaerestu' target='_blank'rel=\"noopener noreferrer\">Galicia, tierra donde el viento reza del libro EL HILO IB\u00c9RICO de FRANCISCO MU\u00d1OZ MART\u00cdN <\/a><\/span><a href='https:\/\/x.com\/intent\/tweet?url=https%3A%2F%2Fnuestrosescritores.com%2Ffranciscomunozmartin%2Fpoesias-el-hilo-iberico%2F&#038;text=Galicia%2C%20tierra%20donde%20el%20viento%20reza%20del%20libro%20EL%20HILO%20IB%C3%89RICO%20de%20FRANCISCO%20MU%C3%91OZ%20MART%C3%8DN&#038;via=poesiaerestu&#038;related=poesiaerestu' target='_blank' class='bctt-ctt-btn'rel=\"noopener noreferrer\">Compartir en X<\/a><\/span>[\/vc_column_text][\/vc_column][\/vc_row][vc_row][vc_column extend=&#8221;false&#8221;]<div class='gambit_parallax_row' data-bg-align='' data-direction='fixed' data-opacity='100' data-velocity='-0.3' data-mobile-enabled='' data-bg-height='2560' data-bg-width='1463' data-bg-image='https:\/\/nuestrosescritores.com\/franciscomunozmartin\/wp-content\/uploads\/sites\/208\/2025\/12\/freepik_assistant_1759053904793-scaled.webp' data-bg-repeat='false' data-id='' style='display: none'><\/div><div class=\"gambit_fullheight_row\" data-content-location=\"center\" style=\"display: none\"><\/div>[\/vc_column][\/vc_row][vc_row][vc_column extend=&#8221;false&#8221;][vc_column_text]\n<h1><a name=\"_Toc50565535\"><\/a><\/h1>\n<h2>Madrid, latido que no duerme<\/h2>\n<p>El coraz\u00f3n urbano del poemario. Madrid no pertenece, acoge; es palacio y pancarta, Prado y Vallecas, tablao y paraninfo. Aqu\u00ed el autor muestra la Espa\u00f1a mestiza contempor\u00e1nea que respira en todos los idiomas. El poema equilibra tradici\u00f3n e inclusi\u00f3n, caos y hospitalidad, convirtiendo a la capital en s\u00edmbolo de refugio m\u00e1s que de dominio.<\/p>\n<p>Muestra:<\/p>\n<p>\u00abMadrid no pertenece a nadie:<br \/>\nacoge refugiados.<br \/>\nEs un centro sin fronteras,<br \/>\nuna plaza que respira<br \/>\nen todos los idiomas del mundo.<br \/>\nAqu\u00ed las horas no pasan:<br \/>\nlaten como un coraz\u00f3n eterno \u00bb<\/p>\n<p>&nbsp;<\/p>\n<span class='bctt-click-to-tweet'><span class='bctt-ctt-text'><a href='https:\/\/x.com\/intent\/tweet?url=https%3A%2F%2Fnuestrosescritores.com%2Ffranciscomunozmartin%2Fpoesias-el-hilo-iberico%2F&#038;text=Madrid%2C%20latido%20que%20no%20duerme%20del%20libro%20EL%20HILO%20IB%C3%89RICO%20de%20FRANCISCO%20MU%C3%91OZ%20MART%C3%8DN&#038;via=poesiaerestu&#038;related=poesiaerestu' target='_blank'rel=\"noopener noreferrer\">Madrid, latido que no duerme del libro EL HILO IB\u00c9RICO de FRANCISCO MU\u00d1OZ MART\u00cdN <\/a><\/span><a href='https:\/\/x.com\/intent\/tweet?url=https%3A%2F%2Fnuestrosescritores.com%2Ffranciscomunozmartin%2Fpoesias-el-hilo-iberico%2F&#038;text=Madrid%2C%20latido%20que%20no%20duerme%20del%20libro%20EL%20HILO%20IB%C3%89RICO%20de%20FRANCISCO%20MU%C3%91OZ%20MART%C3%8DN&#038;via=poesiaerestu&#038;related=poesiaerestu' target='_blank' class='bctt-ctt-btn'rel=\"noopener noreferrer\">Compartir en X<\/a><\/span>[\/vc_column_text][\/vc_column][\/vc_row][vc_row][vc_column extend=&#8221;false&#8221;]<div class='gambit_parallax_row' data-bg-align='' data-direction='fixed' data-opacity='100' data-velocity='-0.3' data-mobile-enabled='' data-bg-height='2560' data-bg-width='1463' data-bg-image='https:\/\/nuestrosescritores.com\/franciscomunozmartin\/wp-content\/uploads\/sites\/208\/2025\/12\/freepik_assistant_1759053848941-scaled.webp' data-bg-repeat='false' data-id='' style='display: none'><\/div><div class=\"gambit_fullheight_row\" data-content-location=\"center\" style=\"display: none\"><\/div>[\/vc_column][\/vc_row][vc_row][vc_column extend=&#8221;false&#8221;][vc_column_text]\n<h1><a name=\"_Toc29236770\"><\/a><\/h1>\n<h1><a name=\"_Toc50565544\"><\/a><\/h1>\n<h2>Ceuta y Melilla, umbrales de cruz y media luna<\/h2>\n<p>Cierre simb\u00f3lico del recorrido peninsular. Dos ciudades que no son orillas ni m\u00e1rgenes, sino vest\u00edbulos y faros, mosaicos de credos donde el espa\u00f1ol dialoga con el magreb\u00ed. Este poema encarna la apuesta m\u00e1s arriesgada del libro: pensar Espa\u00f1a no solo como pen\u00ednsula, sino como cruce de mundos, como umbral entre Europa y \u00c1frica.<\/p>\n<p>Muestra:<\/p>\n<p>\u00abCeuta no es una orilla:<br \/>\nes un vest\u00edbulo.<br \/>\nUna mirada como perdida y trasojada<br \/>\nque abraza dos mares<br \/>\ny no se desarticula<br \/>\nMelilla no es un margen:<br \/>\nes un faro.<br \/>\nUna voz que emerge andalus\u00ed<br \/>\ny canta sin fronteras \u00bb<\/p>\n<p>&nbsp;<\/p>\n<p>&nbsp;<\/p>\n<p>&nbsp;<\/p>\n<p>&nbsp;<\/p>\n<p>&nbsp;<\/p>\n<p>&nbsp;<\/p>\n<span class='bctt-click-to-tweet'><span class='bctt-ctt-text'><a href='https:\/\/x.com\/intent\/tweet?url=https%3A%2F%2Fnuestrosescritores.com%2Ffranciscomunozmartin%2Fpoesias-el-hilo-iberico%2F&#038;text=Ceuta%20y%20Melilla%2C%20umbrales%20de%20cruz%20y%20media%20luna%20del%20libro%20EL%20HILO%20IB%C3%89RICO%20de%20FRANCISCO%20MU%C3%91OZ%20MART%C3%8DN&#038;via=poesiaerestu&#038;related=poesiaerestu' target='_blank'rel=\"noopener noreferrer\">Ceuta y Melilla, umbrales de cruz y media luna del libro EL HILO IB\u00c9RICO de FRANCISCO MU\u00d1OZ MART\u00cdN <\/a><\/span><a href='https:\/\/x.com\/intent\/tweet?url=https%3A%2F%2Fnuestrosescritores.com%2Ffranciscomunozmartin%2Fpoesias-el-hilo-iberico%2F&#038;text=Ceuta%20y%20Melilla%2C%20umbrales%20de%20cruz%20y%20media%20luna%20del%20libro%20EL%20HILO%20IB%C3%89RICO%20de%20FRANCISCO%20MU%C3%91OZ%20MART%C3%8DN&#038;via=poesiaerestu&#038;related=poesiaerestu' target='_blank' class='bctt-ctt-btn'rel=\"noopener noreferrer\">Compartir en X<\/a><\/span>[\/vc_column_text][\/vc_column][\/vc_row][vc_row][vc_column extend=&#8221;false&#8221;]<div class='gambit_parallax_row' data-bg-align='' data-direction='fixed' data-opacity='100' data-velocity='-0.3' data-mobile-enabled='' data-bg-height='794' data-bg-width='559' data-bg-image='https:\/\/nuestrosescritores.com\/franciscomunozmartin\/wp-content\/uploads\/sites\/208\/2025\/12\/0_Portada_ElhiloIberico.webp' data-bg-repeat='false' data-id='' style='display: none'><\/div><div class=\"gambit_fullheight_row\" data-content-location=\"center\" style=\"display: none\"><\/div>[vc_column_text css=&#8221;&#8221;]\n<p style=\"text-align: center;\"><a class=\"fasc-button fasc-size-xlarge fasc-type-glossy fasc-rounded-medium\" style=\"background-color: #33809e; color: #ffffff;\" href=\"https:\/\/gepa.es\/producto\/el-hilo-iberico-tapiz-de-culturas-francisco-munoz-martin\/\">Comprar el libro<\/a><\/p>\n[\/vc_column_text][\/vc_column][\/vc_row]\n<\/div>","protected":false},"excerpt":{"rendered":"<p>[vc_row full_width=&#8221;stretch_row_content_no_spaces&#8221;][vc_column extend=&#8221;false&#8221;][\/vc_column][\/vc_row][vc_row][vc_column extend=&#8221;false&#8221;][vc_column_text] Andaluc\u00eda, ra\u00edz de la luz &nbsp; Poema que abre el recorrido y fija el tono del libro: mestizaje, memoria tricultural, flamenco como latido, pueblos blancos, aceituneros y cal encendida. Es la puerta luminosa del tapiz, el sur que germina y reverdece, la met\u00e1fora de una Espa\u00f1a que \u201cse pronuncia con el [&hellip;]<\/p>\n","protected":false},"author":1,"featured_media":205,"parent":0,"menu_order":0,"comment_status":"closed","ping_status":"closed","template":"","meta":{"_acf_changed":false,"footnotes":""},"class_list":["post-270","page","type-page","status-publish","has-post-thumbnail","hentry"],"acf":[],"yoast_head":"<!-- This site is optimized with the Yoast SEO Premium plugin v24.7 (Yoast SEO v27.5) - https:\/\/yoast.com\/product\/yoast-seo-premium-wordpress\/ -->\n<title>POES\u00cdAS EL HILO IB\u00c9RICO - Francisco Mu\u00f1oz-Mart\u00edn<\/title>\n<meta name=\"description\" content=\"Poemario l\u00edrico que recorre las voces regionales de Espa\u00f1a, tejiendo un tapiz po\u00e9tico de identidad compartida y diversidad cultural.\" \/>\n<meta name=\"robots\" content=\"index, follow, max-snippet:-1, max-image-preview:large, max-video-preview:-1\" \/>\n<link rel=\"canonical\" href=\"https:\/\/nuestrosescritores.com\/franciscomunozmartin\/poesias-el-hilo-iberico\/\" \/>\n<meta property=\"og:locale\" content=\"es_ES\" \/>\n<meta property=\"og:type\" content=\"article\" \/>\n<meta property=\"og:title\" content=\"POES\u00cdAS EL HILO IB\u00c9RICO\" \/>\n<meta property=\"og:description\" content=\"Poemario l\u00edrico que recorre las voces regionales de Espa\u00f1a, tejiendo un tapiz po\u00e9tico de identidad compartida y diversidad cultural.\" \/>\n<meta property=\"og:url\" content=\"https:\/\/nuestrosescritores.com\/franciscomunozmartin\/poesias-el-hilo-iberico\/\" \/>\n<meta property=\"og:site_name\" content=\"Francisco Mu\u00f1oz-Mart\u00edn\" \/>\n<meta property=\"og:image\" content=\"http:\/\/nuestrosescritores.com\/franciscomunozmartin\/wp-content\/uploads\/sites\/208\/2025\/12\/book2.png\" \/>\n\t<meta property=\"og:image:width\" content=\"839\" \/>\n\t<meta property=\"og:image:height\" content=\"794\" \/>\n\t<meta property=\"og:image:type\" content=\"image\/png\" \/>\n<meta name=\"twitter:card\" content=\"summary_large_image\" \/>\n<meta name=\"twitter:label1\" content=\"Tiempo de lectura\" \/>\n\t<meta name=\"twitter:data1\" content=\"5 minutos\" \/>\n<script type=\"application\/ld+json\" class=\"yoast-schema-graph\">{\"@context\":\"https:\\\/\\\/schema.org\",\"@graph\":[{\"@type\":\"WebPage\",\"@id\":\"https:\\\/\\\/nuestrosescritores.com\\\/franciscomunozmartin\\\/poesias-el-hilo-iberico\\\/\",\"url\":\"https:\\\/\\\/nuestrosescritores.com\\\/franciscomunozmartin\\\/poesias-el-hilo-iberico\\\/\",\"name\":\"POES\u00cdAS EL HILO IB\u00c9RICO - Francisco Mu\u00f1oz-Mart\u00edn\",\"isPartOf\":{\"@id\":\"https:\\\/\\\/nuestrosescritores.com\\\/franciscomunozmartin\\\/#website\"},\"primaryImageOfPage\":{\"@id\":\"https:\\\/\\\/nuestrosescritores.com\\\/franciscomunozmartin\\\/poesias-el-hilo-iberico\\\/#primaryimage\"},\"image\":{\"@id\":\"https:\\\/\\\/nuestrosescritores.com\\\/franciscomunozmartin\\\/poesias-el-hilo-iberico\\\/#primaryimage\"},\"thumbnailUrl\":\"https:\\\/\\\/nuestrosescritores.com\\\/franciscomunozmartin\\\/wp-content\\\/uploads\\\/sites\\\/208\\\/2025\\\/12\\\/book2.png\",\"datePublished\":\"2025-12-14T09:18:50+00:00\",\"description\":\"Poemario l\u00edrico que recorre las voces regionales de Espa\u00f1a, tejiendo un tapiz po\u00e9tico de identidad compartida y diversidad cultural.\",\"breadcrumb\":{\"@id\":\"https:\\\/\\\/nuestrosescritores.com\\\/franciscomunozmartin\\\/poesias-el-hilo-iberico\\\/#breadcrumb\"},\"inLanguage\":\"es\",\"potentialAction\":[{\"@type\":\"ReadAction\",\"target\":[\"https:\\\/\\\/nuestrosescritores.com\\\/franciscomunozmartin\\\/poesias-el-hilo-iberico\\\/\"]}]},{\"@type\":\"ImageObject\",\"inLanguage\":\"es\",\"@id\":\"https:\\\/\\\/nuestrosescritores.com\\\/franciscomunozmartin\\\/poesias-el-hilo-iberico\\\/#primaryimage\",\"url\":\"https:\\\/\\\/nuestrosescritores.com\\\/franciscomunozmartin\\\/wp-content\\\/uploads\\\/sites\\\/208\\\/2025\\\/12\\\/book2.png\",\"contentUrl\":\"https:\\\/\\\/nuestrosescritores.com\\\/franciscomunozmartin\\\/wp-content\\\/uploads\\\/sites\\\/208\\\/2025\\\/12\\\/book2.png\",\"width\":839,\"height\":794},{\"@type\":\"BreadcrumbList\",\"@id\":\"https:\\\/\\\/nuestrosescritores.com\\\/franciscomunozmartin\\\/poesias-el-hilo-iberico\\\/#breadcrumb\",\"itemListElement\":[{\"@type\":\"ListItem\",\"position\":1,\"name\":\"Portada\",\"item\":\"https:\\\/\\\/nuestrosescritores.com\\\/franciscomunozmartin\\\/\"},{\"@type\":\"ListItem\",\"position\":2,\"name\":\"POES\u00cdAS EL HILO IB\u00c9RICO\"}]},{\"@type\":\"WebSite\",\"@id\":\"https:\\\/\\\/nuestrosescritores.com\\\/franciscomunozmartin\\\/#website\",\"url\":\"https:\\\/\\\/nuestrosescritores.com\\\/franciscomunozmartin\\\/\",\"name\":\"Nuestros escritores\",\"description\":\"\",\"potentialAction\":[{\"@type\":\"SearchAction\",\"target\":{\"@type\":\"EntryPoint\",\"urlTemplate\":\"https:\\\/\\\/nuestrosescritores.com\\\/franciscomunozmartin\\\/?s={search_term_string}\"},\"query-input\":{\"@type\":\"PropertyValueSpecification\",\"valueRequired\":true,\"valueName\":\"search_term_string\"}}],\"inLanguage\":\"es\"}]}<\/script>\n<!-- \/ Yoast SEO Premium plugin. -->","yoast_head_json":{"title":"POES\u00cdAS EL HILO IB\u00c9RICO - Francisco Mu\u00f1oz-Mart\u00edn","description":"Poemario l\u00edrico que recorre las voces regionales de Espa\u00f1a, tejiendo un tapiz po\u00e9tico de identidad compartida y diversidad cultural.","robots":{"index":"index","follow":"follow","max-snippet":"max-snippet:-1","max-image-preview":"max-image-preview:large","max-video-preview":"max-video-preview:-1"},"canonical":"https:\/\/nuestrosescritores.com\/franciscomunozmartin\/poesias-el-hilo-iberico\/","og_locale":"es_ES","og_type":"article","og_title":"POES\u00cdAS EL HILO IB\u00c9RICO","og_description":"Poemario l\u00edrico que recorre las voces regionales de Espa\u00f1a, tejiendo un tapiz po\u00e9tico de identidad compartida y diversidad cultural.","og_url":"https:\/\/nuestrosescritores.com\/franciscomunozmartin\/poesias-el-hilo-iberico\/","og_site_name":"Francisco Mu\u00f1oz-Mart\u00edn","og_image":[{"width":839,"height":794,"url":"http:\/\/nuestrosescritores.com\/franciscomunozmartin\/wp-content\/uploads\/sites\/208\/2025\/12\/book2.png","type":"image\/png"}],"twitter_card":"summary_large_image","twitter_misc":{"Tiempo de lectura":"5 minutos"},"schema":{"@context":"https:\/\/schema.org","@graph":[{"@type":"WebPage","@id":"https:\/\/nuestrosescritores.com\/franciscomunozmartin\/poesias-el-hilo-iberico\/","url":"https:\/\/nuestrosescritores.com\/franciscomunozmartin\/poesias-el-hilo-iberico\/","name":"POES\u00cdAS EL HILO IB\u00c9RICO - Francisco Mu\u00f1oz-Mart\u00edn","isPartOf":{"@id":"https:\/\/nuestrosescritores.com\/franciscomunozmartin\/#website"},"primaryImageOfPage":{"@id":"https:\/\/nuestrosescritores.com\/franciscomunozmartin\/poesias-el-hilo-iberico\/#primaryimage"},"image":{"@id":"https:\/\/nuestrosescritores.com\/franciscomunozmartin\/poesias-el-hilo-iberico\/#primaryimage"},"thumbnailUrl":"https:\/\/nuestrosescritores.com\/franciscomunozmartin\/wp-content\/uploads\/sites\/208\/2025\/12\/book2.png","datePublished":"2025-12-14T09:18:50+00:00","description":"Poemario l\u00edrico que recorre las voces regionales de Espa\u00f1a, tejiendo un tapiz po\u00e9tico de identidad compartida y diversidad cultural.","breadcrumb":{"@id":"https:\/\/nuestrosescritores.com\/franciscomunozmartin\/poesias-el-hilo-iberico\/#breadcrumb"},"inLanguage":"es","potentialAction":[{"@type":"ReadAction","target":["https:\/\/nuestrosescritores.com\/franciscomunozmartin\/poesias-el-hilo-iberico\/"]}]},{"@type":"ImageObject","inLanguage":"es","@id":"https:\/\/nuestrosescritores.com\/franciscomunozmartin\/poesias-el-hilo-iberico\/#primaryimage","url":"https:\/\/nuestrosescritores.com\/franciscomunozmartin\/wp-content\/uploads\/sites\/208\/2025\/12\/book2.png","contentUrl":"https:\/\/nuestrosescritores.com\/franciscomunozmartin\/wp-content\/uploads\/sites\/208\/2025\/12\/book2.png","width":839,"height":794},{"@type":"BreadcrumbList","@id":"https:\/\/nuestrosescritores.com\/franciscomunozmartin\/poesias-el-hilo-iberico\/#breadcrumb","itemListElement":[{"@type":"ListItem","position":1,"name":"Portada","item":"https:\/\/nuestrosescritores.com\/franciscomunozmartin\/"},{"@type":"ListItem","position":2,"name":"POES\u00cdAS EL HILO IB\u00c9RICO"}]},{"@type":"WebSite","@id":"https:\/\/nuestrosescritores.com\/franciscomunozmartin\/#website","url":"https:\/\/nuestrosescritores.com\/franciscomunozmartin\/","name":"Nuestros escritores","description":"","potentialAction":[{"@type":"SearchAction","target":{"@type":"EntryPoint","urlTemplate":"https:\/\/nuestrosescritores.com\/franciscomunozmartin\/?s={search_term_string}"},"query-input":{"@type":"PropertyValueSpecification","valueRequired":true,"valueName":"search_term_string"}}],"inLanguage":"es"}]}},"_links":{"self":[{"href":"https:\/\/nuestrosescritores.com\/franciscomunozmartin\/wp-json\/wp\/v2\/pages\/270","targetHints":{"allow":["GET"]}}],"collection":[{"href":"https:\/\/nuestrosescritores.com\/franciscomunozmartin\/wp-json\/wp\/v2\/pages"}],"about":[{"href":"https:\/\/nuestrosescritores.com\/franciscomunozmartin\/wp-json\/wp\/v2\/types\/page"}],"author":[{"embeddable":true,"href":"https:\/\/nuestrosescritores.com\/franciscomunozmartin\/wp-json\/wp\/v2\/users\/1"}],"replies":[{"embeddable":true,"href":"https:\/\/nuestrosescritores.com\/franciscomunozmartin\/wp-json\/wp\/v2\/comments?post=270"}],"version-history":[{"count":0,"href":"https:\/\/nuestrosescritores.com\/franciscomunozmartin\/wp-json\/wp\/v2\/pages\/270\/revisions"}],"wp:featuredmedia":[{"embeddable":true,"href":"https:\/\/nuestrosescritores.com\/franciscomunozmartin\/wp-json\/wp\/v2\/media\/205"}],"wp:attachment":[{"href":"https:\/\/nuestrosescritores.com\/franciscomunozmartin\/wp-json\/wp\/v2\/media?parent=270"}],"curies":[{"name":"wp","href":"https:\/\/api.w.org\/{rel}","templated":true}]}}