{"id":166,"date":"2025-08-02T21:16:30","date_gmt":"2025-08-02T19:16:30","guid":{"rendered":"https:\/\/nuestrosescritores.com\/franciscomunozmartin\/?page_id=166"},"modified":"2025-08-02T21:20:11","modified_gmt":"2025-08-02T19:20:11","slug":"poesia","status":"publish","type":"page","link":"https:\/\/nuestrosescritores.com\/franciscomunozmartin\/poesia\/","title":{"rendered":"POES\u00cdA"},"content":{"rendered":"<div class=\"wpb-content-wrapper\">[vc_row full_width=&#8221;stretch_row_content_no_spaces&#8221;][vc_column extend=&#8221;false&#8221;]<div class='gambit_parallax_row' data-bg-align='' data-direction='fixed' data-opacity='100' data-velocity='-0.3' data-mobile-enabled='' data-bg-height='2560' data-bg-width='1396' data-bg-image='https:\/\/nuestrosescritores.com\/franciscomunozmartin\/wp-content\/uploads\/sites\/208\/2025\/08\/Gemini_Generated_Image_vgd6zovgd6zovgd6-scaled.jpg' data-bg-repeat='false' data-id='' style='display: none'><\/div><div class=\"gambit_fullheight_row\" data-content-location=\"center\" style=\"display: none\"><\/div>[\/vc_column][\/vc_row][vc_row][vc_column extend=&#8221;false&#8221;][vc_column_text css=&#8221;&#8221;]\n<h1><a name=\"_Toc199327232\"><\/a><a name=\"_Toc199948537\"><\/a><strong>El hilo azul<\/strong><\/h1>\n<p>&nbsp;<\/p>\n<p>Une los pliegues de una historia rota,<br \/>\nzurce la herida de mapas antiguos<br \/>\ncon puntadas de paz y acuerdos invisibles.<\/p>\n<p>&nbsp;<\/p>\n<p>Fue lino en el manto de Atenea,<br \/>\nlanza templada en Roma,<br \/>\nviento celeste en las velas flamencas,<br \/>\ny en el humo de miles de trenes,<br \/>\ntambi\u00e9n fue ceniza.<\/p>\n<p>&nbsp;<\/p>\n<p>Pero no se cort\u00f3.<br \/>\nSalt\u00f3 de ruinas a tratados,<br \/>\nde orillas sangrantes a puentes de idiomas.<br \/>\nHoy teje en lo hondo<br \/>\nuna tela de voces,<br \/>\ncostura de pueblos<br \/>\nque a\u00fan se descubren<br \/>\nbajo las mismas estrellas.<\/p>\n<p>&nbsp;<\/p>\n<p>Un hilo azul<br \/>\nque no encadena,<br \/>\nsino que abraza.<\/p>\n<p>&nbsp;<\/p>\n<span class='bctt-click-to-tweet'><span class='bctt-ctt-text'><a href='https:\/\/x.com\/intent\/tweet?url=https%3A%2F%2Fnuestrosescritores.com%2Ffranciscomunozmartin%2Fpoesia%2F&#038;text=El%20hilo%20azul%C2%A0del%20libro%20EL%20HILO%20AZUL%20de%20FRANCISCO%20MU%C3%91OZ%20MART%C3%8DN&#038;via=poesiaerestu&#038;related=poesiaerestu' target='_blank'rel=\"noopener noreferrer\">El hilo azul&nbsp;del libro EL HILO AZUL de FRANCISCO MU\u00d1OZ MART\u00cdN <\/a><\/span><a href='https:\/\/x.com\/intent\/tweet?url=https%3A%2F%2Fnuestrosescritores.com%2Ffranciscomunozmartin%2Fpoesia%2F&#038;text=El%20hilo%20azul%C2%A0del%20libro%20EL%20HILO%20AZUL%20de%20FRANCISCO%20MU%C3%91OZ%20MART%C3%8DN&#038;via=poesiaerestu&#038;related=poesiaerestu' target='_blank' class='bctt-ctt-btn'rel=\"noopener noreferrer\">Compartir en X<\/a><\/span>\n<p>&nbsp;[\/vc_column_text][\/vc_column][\/vc_row][vc_row full_width=&#8221;stretch_row_content_no_spaces&#8221;][vc_column extend=&#8221;false&#8221;]<div class='gambit_parallax_row' data-bg-align='' data-direction='fixed' data-opacity='100' data-velocity='-0.3' data-mobile-enabled='' data-bg-height='1312' data-bg-width='736' data-bg-image='https:\/\/nuestrosescritores.com\/franciscomunozmartin\/wp-content\/uploads\/sites\/208\/2025\/08\/freepik__a-highangle-shot-of-an-eu-flag-laid-on-cracked-asp__89267.png' data-bg-repeat='false' data-id='' style='display: none'><\/div><div class=\"gambit_fullheight_row\" data-content-location=\"center\" style=\"display: none\"><\/div>[\/vc_column][\/vc_row][vc_row][vc_column extend=&#8221;false&#8221;][vc_column_text]\n<h1><a name=\"_Toc50565515\"><\/a><\/h1>\n<h1><a name=\"_Toc199327239\"><\/a><a name=\"_Toc199948544\"><\/a><strong>Dinamarca (Entre bruma n\u00f3rdica y claridad interior)<\/strong><\/h1>\n<p>&nbsp;<\/p>\n<p>La niebla no pesa en Dinamarca,<br \/>\nes parte del paisaje del alma.<\/p>\n<p>&nbsp;<\/p>\n<p>Aqu\u00ed, las casas murmuran bajito<br \/>\ny el dise\u00f1o sue\u00f1a con l\u00edneas puras.<br \/>\nEl viento del B\u00e1ltico<br \/>\nno enfr\u00eda las manos<br \/>\nque tejen el futuro con calma.<\/p>\n<p>&nbsp;<\/p>\n<p>Copenhague respira en bicicleta,<br \/>\ny los parques leen<br \/>\ncon ni\u00f1os en los \u00e1rboles.<\/p>\n<p>&nbsp;<\/p>\n<p>En las noches largas,<br \/>\nuna vela encendida<br \/>\nes promesa y compa\u00f1\u00eda.<br \/>\nEl hygge: su intimidad.<br \/>\nEsa forma de estar<br \/>\nsin ruido,<br \/>\ncon todo.<\/p>\n<p>&nbsp;<\/p>\n<p>Dinamarca,<br \/>\npa\u00eds de cuentos<br \/>\nque a\u00fan sabe escuchar<br \/>\nla voz del silencio.<\/p>\n<p>&nbsp;<\/p>\n<span class='bctt-click-to-tweet'><span class='bctt-ctt-text'><a href='https:\/\/x.com\/intent\/tweet?url=https%3A%2F%2Fnuestrosescritores.com%2Ffranciscomunozmartin%2Fpoesia%2F&#038;text=Dinamarca%20%28Entre%20bruma%20n%C3%B3rdica%20y%20claridad%20interior%29%20del%20libro%20EL%20HILO%20AZUL%20de%20FRANCISCO%20MU%C3%91OZ%20MART%C3%8DN&#038;via=poesiaerestu&#038;related=poesiaerestu' target='_blank'rel=\"noopener noreferrer\">Dinamarca (Entre bruma n\u00f3rdica y claridad interior) del libro EL HILO AZUL de FRANCISCO MU\u00d1OZ MART\u00cdN <\/a><\/span><a href='https:\/\/x.com\/intent\/tweet?url=https%3A%2F%2Fnuestrosescritores.com%2Ffranciscomunozmartin%2Fpoesia%2F&#038;text=Dinamarca%20%28Entre%20bruma%20n%C3%B3rdica%20y%20claridad%20interior%29%20del%20libro%20EL%20HILO%20AZUL%20de%20FRANCISCO%20MU%C3%91OZ%20MART%C3%8DN&#038;via=poesiaerestu&#038;related=poesiaerestu' target='_blank' class='bctt-ctt-btn'rel=\"noopener noreferrer\">Compartir en X<\/a><\/span>\n<p>&nbsp;<\/p>\n<p>&nbsp;[\/vc_column_text][\/vc_column][\/vc_row][vc_row][vc_column extend=&#8221;false&#8221;]<div class='gambit_parallax_row' data-bg-align='' data-direction='fixed' data-opacity='100' data-velocity='-0.3' data-mobile-enabled='' data-bg-height='2560' data-bg-width='1396' data-bg-image='https:\/\/nuestrosescritores.com\/franciscomunozmartin\/wp-content\/uploads\/sites\/208\/2025\/08\/Gemini_Generated_Image_yo6zphyo6zphyo6z-scaled.jpg' data-bg-repeat='false' data-id='' style='display: none'><\/div><div class=\"gambit_fullheight_row\" data-content-location=\"center\" style=\"display: none\"><\/div>[\/vc_column][\/vc_row][vc_row][vc_column extend=&#8221;false&#8221;][vc_column_text]\n<h1><a name=\"_Toc199327252\"><\/a><a name=\"_Toc199948557\"><\/a><strong>Luxemburgo (Discreto pero esencial, un puente entre lenguas y voluntades)<\/strong><\/h1>\n<p>&nbsp;<\/p>\n<p>Luxemburgo habla<br \/>\nen varias lenguas<br \/>\ny en todas escucha.<\/p>\n<p>&nbsp;<\/p>\n<p>Peque\u00f1o en mapa,<br \/>\ngrande en costuras:<br \/>\naqu\u00ed se cruzan<br \/>\nr\u00edos, trenes<br \/>\ny tratados.<\/p>\n<p>&nbsp;<\/p>\n<p>Entre bosques y bancos<br \/>\nlate un coraz\u00f3n<br \/>\nque sabe de equilibrio,<br \/>\nde historia compartida<br \/>\ny pasos calculados.<\/p>\n<p>&nbsp;<\/p>\n<p>No necesita alzar la voz:<br \/>\nLuxemburgo construye<br \/>\ndesde la confianza,<br \/>\ncon la paciencia<br \/>\nde quien sabe<br \/>\nque el centro<br \/>\nno siempre hace ruido.<\/p>\n<p>&nbsp;<\/p>\n<p>Una joya discreta<br \/>\nen la corona europea,<br \/>\nque une sin imponer<br \/>\ny pesa sin aplastar.<\/p>\n<p>&nbsp;<\/p>\n<p>&nbsp;<\/p>\n<p>&nbsp;<\/p>\n<p>&nbsp;<\/p>\n<p>&nbsp;<\/p>\n<p>&nbsp;<\/p>\n<span class='bctt-click-to-tweet'><span class='bctt-ctt-text'><a href='https:\/\/x.com\/intent\/tweet?url=https%3A%2F%2Fnuestrosescritores.com%2Ffranciscomunozmartin%2Fpoesia%2F&#038;text=Luxemburgo%20%28Discreto%20pero%20esencial%2C%20un%20puente%20entre%20lenguas%20y%20voluntades%29%20del%20libro%20EL%20HILO%20AZUL%20de%20FRANCISCO%20MU%C3%91OZ%20MART%C3%8DN&#038;via=poesiaerestu&#038;related=poesiaerestu' target='_blank'rel=\"noopener noreferrer\">Luxemburgo (Discreto pero esencial, un puente entre lenguas y voluntades) del libro EL HILO AZUL de FRANCISCO MU\u00d1OZ MART\u00cdN <\/a><\/span><a href='https:\/\/x.com\/intent\/tweet?url=https%3A%2F%2Fnuestrosescritores.com%2Ffranciscomunozmartin%2Fpoesia%2F&#038;text=Luxemburgo%20%28Discreto%20pero%20esencial%2C%20un%20puente%20entre%20lenguas%20y%20voluntades%29%20del%20libro%20EL%20HILO%20AZUL%20de%20FRANCISCO%20MU%C3%91OZ%20MART%C3%8DN&#038;via=poesiaerestu&#038;related=poesiaerestu' target='_blank' class='bctt-ctt-btn'rel=\"noopener noreferrer\">Compartir en X<\/a><\/span>[\/vc_column_text][\/vc_column][\/vc_row][vc_row][vc_column extend=&#8221;false&#8221;]<div class='gambit_parallax_row' data-bg-align='' data-direction='fixed' data-opacity='100' data-velocity='-0.3' data-mobile-enabled='' data-bg-height='2560' data-bg-width='1396' data-bg-image='https:\/\/nuestrosescritores.com\/franciscomunozmartin\/wp-content\/uploads\/sites\/208\/2025\/08\/Gemini_Generated_Image_e4yso2e4yso2e4ys-scaled.jpg' data-bg-repeat='false' data-id='' style='display: none'><\/div><div class=\"gambit_fullheight_row\" data-content-location=\"center\" style=\"display: none\"><\/div>[\/vc_column][\/vc_row][vc_row][vc_column extend=&#8221;false&#8221;][vc_column_text]\n<h1><a name=\"_Toc50565535\"><\/a><\/h1>\n<h1><a name=\"_Toc199948566\"><\/a><strong>\u00bfUnos Estados Unidos de Europa?<\/strong><\/h1>\n<p>&nbsp;<\/p>\n<p>Y si un d\u00eda Europa<br \/>\ndejara de ser conjunci\u00f3n<br \/>\npara volverse sustancia:<br \/>\n\u00bfqui\u00e9nes ser\u00edamos?&#8230;<\/p>\n<p>&nbsp;<\/p>\n<p>No una fusi\u00f3n uniforme,<br \/>\nsino una sinfon\u00eda afinada<br \/>\ndonde cada naci\u00f3n<br \/>\nsostuviera su nota<br \/>\nsin desafinar al conjunto.<\/p>\n<p>&nbsp;<\/p>\n<p>Unos Estados Unidos de Europa<br \/>\nno como copia de imperios pasados,<br \/>\nsino como invento novedoso:<br \/>\nsolidaridad sin diluir la diferencia,<br \/>\nciudadan\u00eda sin renunciar a sus ra\u00edces.<\/p>\n<p>&nbsp;<\/p>\n<p>Una Europa<br \/>\nque no se limite a cooperar,<br \/>\nsino que se atreva a compartir<br \/>\ndestino, defensa, justicia,<br \/>\nmemoria y horizontes futuros.<\/p>\n<p>&nbsp;<\/p>\n<p>\u00bfUtop\u00eda?<br \/>\nTal vez.<br \/>\nPero Europa naci\u00f3<br \/>\nde las ruinas que so\u00f1aron paz.<br \/>\nY sigue viva<br \/>\nporque se atreve<br \/>\na imaginarse entera<br \/>\nsin dejar de ser plural.<\/p>\n<p>&nbsp;<\/p>\n<span class='bctt-click-to-tweet'><span class='bctt-ctt-text'><a href='https:\/\/x.com\/intent\/tweet?url=https%3A%2F%2Fnuestrosescritores.com%2Ffranciscomunozmartin%2Fpoesia%2F&#038;text=%C2%BFUnos%20Estados%20Unidos%20de%20Europa%3F%20del%20libro%20EL%20HILO%20AZUL%20de%20FRANCISCO%20MU%C3%91OZ%20MART%C3%8DN&#038;via=poesiaerestu&#038;related=poesiaerestu' target='_blank'rel=\"noopener noreferrer\">\u00bfUnos Estados Unidos de Europa? del libro EL HILO AZUL de FRANCISCO MU\u00d1OZ MART\u00cdN <\/a><\/span><a href='https:\/\/x.com\/intent\/tweet?url=https%3A%2F%2Fnuestrosescritores.com%2Ffranciscomunozmartin%2Fpoesia%2F&#038;text=%C2%BFUnos%20Estados%20Unidos%20de%20Europa%3F%20del%20libro%20EL%20HILO%20AZUL%20de%20FRANCISCO%20MU%C3%91OZ%20MART%C3%8DN&#038;via=poesiaerestu&#038;related=poesiaerestu' target='_blank' class='bctt-ctt-btn'rel=\"noopener noreferrer\">Compartir en X<\/a><\/span>[\/vc_column_text][\/vc_column][\/vc_row][vc_row][vc_column extend=&#8221;false&#8221;]<div class='gambit_parallax_row' data-bg-align='' data-direction='fixed' data-opacity='100' data-velocity='-0.3' data-mobile-enabled='' data-bg-height='2560' data-bg-width='1396' data-bg-image='https:\/\/nuestrosescritores.com\/franciscomunozmartin\/wp-content\/uploads\/sites\/208\/2025\/08\/Gemini_Generated_Image_otnlabotnlabotnl-scaled.jpg' data-bg-repeat='false' data-id='' style='display: none'><\/div><div class=\"gambit_fullheight_row\" data-content-location=\"center\" style=\"display: none\"><\/div>[vc_column_text css=&#8221;&#8221;]\n<p style=\"text-align: center;\"><a class=\"fasc-button fasc-size-xlarge fasc-type-glossy fasc-rounded-medium\" style=\"background-color: #33809e; color: #ffffff;\" href=\"https:\/\/librodepoesia.com\/libro\/el-hilo-azul-francisco-munoz-martin\/\">Comprar el libro<\/a><\/p>\n[\/vc_column_text][\/vc_column][\/vc_row]\n<\/div>","protected":false},"excerpt":{"rendered":"<p>[vc_row full_width=&#8221;stretch_row_content_no_spaces&#8221;][vc_column extend=&#8221;false&#8221;][\/vc_column][\/vc_row][vc_row][vc_column extend=&#8221;false&#8221;][vc_column_text css=&#8221;&#8221;] El hilo azul &nbsp; Une los pliegues de una historia rota, zurce la herida de mapas antiguos con puntadas de paz y acuerdos invisibles. &nbsp; Fue lino en el manto de Atenea, lanza templada en Roma, viento celeste en las velas flamencas, y en el humo de miles de trenes, [&hellip;]<\/p>\n","protected":false},"author":1,"featured_media":0,"parent":0,"menu_order":0,"comment_status":"closed","ping_status":"closed","template":"","meta":{"_acf_changed":false,"footnotes":""},"class_list":["post-166","page","type-page","status-publish","hentry"],"acf":[],"yoast_head":"<!-- This site is optimized with the Yoast SEO Premium plugin v24.7 (Yoast SEO v27.5) - https:\/\/yoast.com\/product\/yoast-seo-premium-wordpress\/ -->\n<title>POES\u00cdA - Francisco Mu\u00f1oz-Mart\u00edn<\/title>\n<meta name=\"description\" content=\"Poes\u00eda del libro EL HILO AZUL. EUROPA EN VERSO. El escritor nos da una muestra tras publicar un libro con la Editorial Poes\u00eda eres t\u00fa.\" \/>\n<meta name=\"robots\" content=\"index, follow, max-snippet:-1, max-image-preview:large, max-video-preview:-1\" \/>\n<link rel=\"canonical\" href=\"https:\/\/nuestrosescritores.com\/franciscomunozmartin\/poesia\/\" \/>\n<meta property=\"og:locale\" content=\"es_ES\" \/>\n<meta property=\"og:type\" content=\"article\" \/>\n<meta property=\"og:title\" content=\"POES\u00cdA\" \/>\n<meta property=\"og:description\" content=\"Poes\u00eda del libro EL HILO AZUL. EUROPA EN VERSO. El escritor nos da una muestra tras publicar un libro con la Editorial Poes\u00eda eres t\u00fa.\" \/>\n<meta property=\"og:url\" content=\"https:\/\/nuestrosescritores.com\/franciscomunozmartin\/poesia\/\" \/>\n<meta property=\"og:site_name\" content=\"Francisco Mu\u00f1oz-Mart\u00edn\" \/>\n<meta property=\"article:modified_time\" content=\"2025-08-02T19:20:11+00:00\" \/>\n<meta name=\"twitter:card\" content=\"summary_large_image\" \/>\n<meta name=\"twitter:label1\" content=\"Tiempo de lectura\" \/>\n\t<meta name=\"twitter:data1\" content=\"4 minutos\" \/>\n<script type=\"application\/ld+json\" class=\"yoast-schema-graph\">{\"@context\":\"https:\\\/\\\/schema.org\",\"@graph\":[{\"@type\":\"WebPage\",\"@id\":\"https:\\\/\\\/nuestrosescritores.com\\\/franciscomunozmartin\\\/poesia\\\/\",\"url\":\"https:\\\/\\\/nuestrosescritores.com\\\/franciscomunozmartin\\\/poesia\\\/\",\"name\":\"POES\u00cdA - Francisco Mu\u00f1oz-Mart\u00edn\",\"isPartOf\":{\"@id\":\"https:\\\/\\\/nuestrosescritores.com\\\/franciscomunozmartin\\\/#website\"},\"datePublished\":\"2025-08-02T19:16:30+00:00\",\"dateModified\":\"2025-08-02T19:20:11+00:00\",\"description\":\"Poes\u00eda del libro EL HILO AZUL. EUROPA EN VERSO. El escritor nos da una muestra tras publicar un libro con la Editorial Poes\u00eda eres t\u00fa.\",\"breadcrumb\":{\"@id\":\"https:\\\/\\\/nuestrosescritores.com\\\/franciscomunozmartin\\\/poesia\\\/#breadcrumb\"},\"inLanguage\":\"es\",\"potentialAction\":[{\"@type\":\"ReadAction\",\"target\":[\"https:\\\/\\\/nuestrosescritores.com\\\/franciscomunozmartin\\\/poesia\\\/\"]}]},{\"@type\":\"BreadcrumbList\",\"@id\":\"https:\\\/\\\/nuestrosescritores.com\\\/franciscomunozmartin\\\/poesia\\\/#breadcrumb\",\"itemListElement\":[{\"@type\":\"ListItem\",\"position\":1,\"name\":\"Portada\",\"item\":\"https:\\\/\\\/nuestrosescritores.com\\\/franciscomunozmartin\\\/\"},{\"@type\":\"ListItem\",\"position\":2,\"name\":\"POES\u00cdA\"}]},{\"@type\":\"WebSite\",\"@id\":\"https:\\\/\\\/nuestrosescritores.com\\\/franciscomunozmartin\\\/#website\",\"url\":\"https:\\\/\\\/nuestrosescritores.com\\\/franciscomunozmartin\\\/\",\"name\":\"Nuestros escritores\",\"description\":\"\",\"potentialAction\":[{\"@type\":\"SearchAction\",\"target\":{\"@type\":\"EntryPoint\",\"urlTemplate\":\"https:\\\/\\\/nuestrosescritores.com\\\/franciscomunozmartin\\\/?s={search_term_string}\"},\"query-input\":{\"@type\":\"PropertyValueSpecification\",\"valueRequired\":true,\"valueName\":\"search_term_string\"}}],\"inLanguage\":\"es\"}]}<\/script>\n<!-- \/ Yoast SEO Premium plugin. -->","yoast_head_json":{"title":"POES\u00cdA - Francisco Mu\u00f1oz-Mart\u00edn","description":"Poes\u00eda del libro EL HILO AZUL. EUROPA EN VERSO. El escritor nos da una muestra tras publicar un libro con la Editorial Poes\u00eda eres t\u00fa.","robots":{"index":"index","follow":"follow","max-snippet":"max-snippet:-1","max-image-preview":"max-image-preview:large","max-video-preview":"max-video-preview:-1"},"canonical":"https:\/\/nuestrosescritores.com\/franciscomunozmartin\/poesia\/","og_locale":"es_ES","og_type":"article","og_title":"POES\u00cdA","og_description":"Poes\u00eda del libro EL HILO AZUL. EUROPA EN VERSO. El escritor nos da una muestra tras publicar un libro con la Editorial Poes\u00eda eres t\u00fa.","og_url":"https:\/\/nuestrosescritores.com\/franciscomunozmartin\/poesia\/","og_site_name":"Francisco Mu\u00f1oz-Mart\u00edn","article_modified_time":"2025-08-02T19:20:11+00:00","twitter_card":"summary_large_image","twitter_misc":{"Tiempo de lectura":"4 minutos"},"schema":{"@context":"https:\/\/schema.org","@graph":[{"@type":"WebPage","@id":"https:\/\/nuestrosescritores.com\/franciscomunozmartin\/poesia\/","url":"https:\/\/nuestrosescritores.com\/franciscomunozmartin\/poesia\/","name":"POES\u00cdA - Francisco Mu\u00f1oz-Mart\u00edn","isPartOf":{"@id":"https:\/\/nuestrosescritores.com\/franciscomunozmartin\/#website"},"datePublished":"2025-08-02T19:16:30+00:00","dateModified":"2025-08-02T19:20:11+00:00","description":"Poes\u00eda del libro EL HILO AZUL. EUROPA EN VERSO. El escritor nos da una muestra tras publicar un libro con la Editorial Poes\u00eda eres t\u00fa.","breadcrumb":{"@id":"https:\/\/nuestrosescritores.com\/franciscomunozmartin\/poesia\/#breadcrumb"},"inLanguage":"es","potentialAction":[{"@type":"ReadAction","target":["https:\/\/nuestrosescritores.com\/franciscomunozmartin\/poesia\/"]}]},{"@type":"BreadcrumbList","@id":"https:\/\/nuestrosescritores.com\/franciscomunozmartin\/poesia\/#breadcrumb","itemListElement":[{"@type":"ListItem","position":1,"name":"Portada","item":"https:\/\/nuestrosescritores.com\/franciscomunozmartin\/"},{"@type":"ListItem","position":2,"name":"POES\u00cdA"}]},{"@type":"WebSite","@id":"https:\/\/nuestrosescritores.com\/franciscomunozmartin\/#website","url":"https:\/\/nuestrosescritores.com\/franciscomunozmartin\/","name":"Nuestros escritores","description":"","potentialAction":[{"@type":"SearchAction","target":{"@type":"EntryPoint","urlTemplate":"https:\/\/nuestrosescritores.com\/franciscomunozmartin\/?s={search_term_string}"},"query-input":{"@type":"PropertyValueSpecification","valueRequired":true,"valueName":"search_term_string"}}],"inLanguage":"es"}]}},"_links":{"self":[{"href":"https:\/\/nuestrosescritores.com\/franciscomunozmartin\/wp-json\/wp\/v2\/pages\/166","targetHints":{"allow":["GET"]}}],"collection":[{"href":"https:\/\/nuestrosescritores.com\/franciscomunozmartin\/wp-json\/wp\/v2\/pages"}],"about":[{"href":"https:\/\/nuestrosescritores.com\/franciscomunozmartin\/wp-json\/wp\/v2\/types\/page"}],"author":[{"embeddable":true,"href":"https:\/\/nuestrosescritores.com\/franciscomunozmartin\/wp-json\/wp\/v2\/users\/1"}],"replies":[{"embeddable":true,"href":"https:\/\/nuestrosescritores.com\/franciscomunozmartin\/wp-json\/wp\/v2\/comments?post=166"}],"version-history":[{"count":0,"href":"https:\/\/nuestrosescritores.com\/franciscomunozmartin\/wp-json\/wp\/v2\/pages\/166\/revisions"}],"wp:attachment":[{"href":"https:\/\/nuestrosescritores.com\/franciscomunozmartin\/wp-json\/wp\/v2\/media?parent=166"}],"curies":[{"name":"wp","href":"https:\/\/api.w.org\/{rel}","templated":true}]}}