{"id":175,"date":"2026-02-22T10:39:16","date_gmt":"2026-02-22T09:39:16","guid":{"rendered":"https:\/\/nuestrosescritores.com\/fernandobarberocarrasco\/?page_id=175"},"modified":"2026-02-22T10:45:40","modified_gmt":"2026-02-22T09:45:40","slug":"poesias","status":"publish","type":"page","link":"https:\/\/nuestrosescritores.com\/fernandobarberocarrasco\/poesias\/","title":{"rendered":"POESIAS"},"content":{"rendered":"<div class=\"wpb-content-wrapper\">[vc_row full_width=&#8221;stretch_row_content_no_spaces&#8221;][vc_column extend=&#8221;false&#8221;]<div class='gambit_parallax_row' data-bg-align='' data-direction='fixed' data-opacity='100' data-velocity='-0.3' data-mobile-enabled='' data-bg-height='2304' data-bg-width='1792' data-bg-image='https:\/\/nuestrosescritores.com\/fernandobarberocarrasco\/wp-content\/uploads\/sites\/231\/2026\/02\/Firefly_Raices-de-arbol-expuestas-aferrandose-a-tierra-agrietada-penetrando-profundamente-en-586850-1_resultado.webp' data-bg-repeat='false' data-id='' style='display: none'><\/div><div class=\"gambit_fullheight_row\" data-content-location=\"center\" style=\"display: none\"><\/div>[\/vc_column][\/vc_row][vc_row][vc_column extend=&#8221;false&#8221;][vc_column_text css=&#8221;.vc_custom_1771753397222{padding-top: 5% !important;padding-right: 5% !important;padding-bottom: 5% !important;padding-left: 5% !important;}&#8221;]&nbsp;<\/p>\n<h1><strong>UNA BIBLIOTECA!<\/strong><\/h1>\n<p>&nbsp;<\/p>\n<p>Al entrar en aquella estancia<\/p>\n<p>mi vida cambi\u00f3<\/p>\n<p>Aquella ma\u00f1ana me vine<\/p>\n<p>un poco antes desde el r\u00edo<\/p>\n<p>&nbsp;<\/p>\n<p>Dej\u00e9 de observar una culebra<\/p>\n<p>que ondeaba su cuerpo<\/p>\n<p>sobre la superficie del agua<\/p>\n<p>y camin\u00e9 resueltamente hacia la plaza<\/p>\n<p>&nbsp;<\/p>\n<p>La luz inundaba la habitaci\u00f3n<\/p>\n<p>Al entrar, un mostrador me esperaba<\/p>\n<p>Detr\u00e1s de \u00e9l, una mujer joven<\/p>\n<p>me mir\u00f3 con severidad<\/p>\n<p>&nbsp;<\/p>\n<p>Y me dict\u00f3 las normas<\/p>\n<p>Pero yo ya no escuchaba<\/p>\n<p>Miraba con asombro los cientos de libros<\/p>\n<p>que se apretujaban en los anaqueles<\/p>\n<p>&nbsp;<\/p>\n<p>&nbsp;<\/p>\n<p>&nbsp;<\/p>\n<p>Y en mi cabeza comenz\u00f3<\/p>\n<p>el desfile de nombres y t\u00edtulos<\/p>\n<p>Julio Verne, Jack London, Mark Twain\u2026<\/p>\n<p>\u00a1Un capit\u00e1n de quince a\u00f1os!<\/p>\n<h1><span style=\"font-size: 16px;\"><span class='bctt-click-to-tweet'><span class='bctt-ctt-text'><a href='https:\/\/x.com\/intent\/tweet?url=https%3A%2F%2Fnuestrosescritores.com%2Ffernandobarberocarrasco%2Fpoesias%2F&#038;text=POESIAS&#038;via=poesiaerestu&#038;related=poesiaerestu' target='_blank'rel=\"noopener noreferrer\">POESIAS <\/a><\/span><a href='https:\/\/x.com\/intent\/tweet?url=https%3A%2F%2Fnuestrosescritores.com%2Ffernandobarberocarrasco%2Fpoesias%2F&#038;text=POESIAS&#038;via=poesiaerestu&#038;related=poesiaerestu' target='_blank' class='bctt-ctt-btn'rel=\"noopener noreferrer\">Compartir en X<\/a><\/span><\/span><\/h1>\n<p>&nbsp;[\/vc_column_text][\/vc_column][\/vc_row][vc_row full_width=&#8221;stretch_row_content_no_spaces&#8221;][vc_column extend=&#8221;false&#8221;]<div class='gambit_parallax_row' data-bg-align='' data-direction='fixed' data-opacity='100' data-velocity='-0.3' data-mobile-enabled='' data-bg-height='2304' data-bg-width='1792' data-bg-image='https:\/\/nuestrosescritores.com\/fernandobarberocarrasco\/wp-content\/uploads\/sites\/231\/2026\/02\/Firefly_Roca-volcanica-negra-vertical-emergiendo-de-arena-oscura-cubierta-parcialmente-de-mu-399586-2_resultado.webp' data-bg-repeat='false' data-id='' style='display: none'><\/div><div class=\"gambit_fullheight_row\" data-content-location=\"center\" style=\"display: none\"><\/div>[\/vc_column][\/vc_row][vc_row][vc_column extend=&#8221;false&#8221;][vc_column_text css=&#8221;.vc_custom_1768760837310{padding: 5% !important;}&#8221;]\n<h1><a name=\"_Toc50565515\"><\/a><\/h1>\n<h1><strong>\u00bfBUENOS D\u00cdAS?<\/strong><\/h1>\n<p>&nbsp;<\/p>\n<p>Te veo a veces entre la vigilia y el sue\u00f1o<\/p>\n<p>en los inseguros momentos del amanecer<\/p>\n<p>cuando se comienzan a distinguir los muebles<\/p>\n<p>al introducirse la luz del sol en la habitaci\u00f3n<\/p>\n<p>&nbsp;<\/p>\n<p>Te veo y no s\u00e9 si est\u00e1s all\u00ed<\/p>\n<p>No me miras y jam\u00e1s sonr\u00edes<\/p>\n<p>\u00bfT\u00fa sabes d\u00f3nde est\u00e1s?, \u00bfme conoces?<\/p>\n<p>\u00bfQuieres hablarme? Prefiero que no lo hagas<\/p>\n<p>&nbsp;<\/p>\n<p>Aunque pens\u00e1ndolo bien, pod\u00edamos conversar<\/p>\n<p>Quiz\u00e1 sepas cosas que yo ignoro: \u00a1seguro!<\/p>\n<p>Nos sentar\u00edamos y charlar\u00edamos<\/p>\n<p>Pero me das un poco de miedo<\/p>\n<p>&nbsp;<\/p>\n<span class='bctt-click-to-tweet'><span class='bctt-ctt-text'><a href='https:\/\/x.com\/intent\/tweet?url=https%3A%2F%2Fnuestrosescritores.com%2Ffernandobarberocarrasco%2Fpoesias%2F&#038;text=%C2%BFBUENOS%20D%C3%8DAS%3F%20del%20libro%20LA%20MUERTE%20SIEMPRE%20NOS%20DEJA%20CON%20ALGO%20POR%20HACER%20de%20FERNANDO%20BARBERO%20CARRASCO&#038;via=poesiaerestu&#038;related=poesiaerestu' target='_blank'rel=\"noopener noreferrer\">\u00bfBUENOS D\u00cdAS? del libro LA MUERTE SIEMPRE NOS DEJA CON ALGO POR HACER de FERNANDO BARBERO CARRASCO <\/a><\/span><a href='https:\/\/x.com\/intent\/tweet?url=https%3A%2F%2Fnuestrosescritores.com%2Ffernandobarberocarrasco%2Fpoesias%2F&#038;text=%C2%BFBUENOS%20D%C3%8DAS%3F%20del%20libro%20LA%20MUERTE%20SIEMPRE%20NOS%20DEJA%20CON%20ALGO%20POR%20HACER%20de%20FERNANDO%20BARBERO%20CARRASCO&#038;via=poesiaerestu&#038;related=poesiaerestu' target='_blank' class='bctt-ctt-btn'rel=\"noopener noreferrer\">Compartir en X<\/a><\/span>\n<p>&nbsp;<\/p>\n<p>&nbsp;[\/vc_column_text][\/vc_column][\/vc_row][vc_row][vc_column extend=&#8221;false&#8221;]<div class='gambit_parallax_row' data-bg-align='' data-direction='fixed' data-opacity='100' data-velocity='-0.3' data-mobile-enabled='' data-bg-height='2304' data-bg-width='1792' data-bg-image='https:\/\/nuestrosescritores.com\/fernandobarberocarrasco\/wp-content\/uploads\/sites\/231\/2026\/02\/Firefly_Primer-plano-de-manos-envejecidas-de-trabajador-manual-sosteniendo-un-lapiz-sobre-un-66349-2_resultado.webp' data-bg-repeat='false' data-id='' style='display: none'><\/div><div class=\"gambit_fullheight_row\" data-content-location=\"center\" style=\"display: none\"><\/div>[\/vc_column][\/vc_row][vc_row][vc_column extend=&#8221;false&#8221;][vc_column_text css=&#8221;.vc_custom_1768760849085{padding: 5% !important;}&#8221;]\n<h1><a name=\"_Toc50565520\"><\/a><\/h1>\n<h1><a name=\"_Toc219393087\"><\/a><strong>LLUEVE EN EL DESIERTO<\/strong><\/h1>\n<p>&nbsp;<\/p>\n<p>Nuestro vecino se queja<\/p>\n<p>muy quedo<\/p>\n<p>La lluvia le asusta<\/p>\n<p>&nbsp;<\/p>\n<p>La lona de la jaima<\/p>\n<p>escurre el agua<\/p>\n<p>hasta el suelo arenoso<\/p>\n<p>&nbsp;<\/p>\n<p>Tenemos miedo<\/p>\n<p>Nuestro vecino es muy bello<\/p>\n<p>Nos muestra su dentadura<\/p>\n<p>&nbsp;<\/p>\n<p>Desde su altura y su historia<\/p>\n<p>nos mira con benevolencia<\/p>\n<p>Es historia de El S\u00e1hara<\/p>\n<p>&nbsp;<\/p>\n<p>Historia de todos<\/p>\n<p>y cada uno de los desiertos<\/p>\n<p>de sus abuelos y de sus padres<\/p>\n<p>&nbsp;<\/p>\n<p>Han transportado en caravanas<\/p>\n<p>desde el Mar Rojo al Atl\u00e1ntico<\/p>\n<p>desde el Nilo hasta el Atlas<\/p>\n<p>&nbsp;<\/p>\n<p>Nuestro vecino est\u00e1 en el corral<\/p>\n<p>y sue\u00f1a con caminar por la arena<\/p>\n<p>mientras se moja y se queja<\/p>\n<p>&nbsp;<\/p>\n<span class='bctt-click-to-tweet'><span class='bctt-ctt-text'><a href='https:\/\/x.com\/intent\/tweet?url=https%3A%2F%2Fnuestrosescritores.com%2Ffernandobarberocarrasco%2Fpoesias%2F&#038;text=LLUEVE%20EN%20EL%20DESIERTO%20del%20libro%20LA%20MUERTE%20SIEMPRE%20NOS%20DEJA%20CON%20ALGO%20POR%20HACER%20de%20FERNANDO%20BARBERO%20CARRASCO&#038;via=poesiaerestu&#038;related=poesiaerestu' target='_blank'rel=\"noopener noreferrer\">LLUEVE EN EL DESIERTO del libro LA MUERTE SIEMPRE NOS DEJA CON ALGO POR HACER de FERNANDO BARBERO CARRASCO <\/a><\/span><a href='https:\/\/x.com\/intent\/tweet?url=https%3A%2F%2Fnuestrosescritores.com%2Ffernandobarberocarrasco%2Fpoesias%2F&#038;text=LLUEVE%20EN%20EL%20DESIERTO%20del%20libro%20LA%20MUERTE%20SIEMPRE%20NOS%20DEJA%20CON%20ALGO%20POR%20HACER%20de%20FERNANDO%20BARBERO%20CARRASCO&#038;via=poesiaerestu&#038;related=poesiaerestu' target='_blank' class='bctt-ctt-btn'rel=\"noopener noreferrer\">Compartir en X<\/a><\/span>[\/vc_column_text][\/vc_column][\/vc_row][vc_row][vc_column extend=&#8221;false&#8221;]<div class='gambit_parallax_row' data-bg-align='' data-direction='fixed' data-opacity='100' data-velocity='-0.3' data-mobile-enabled='' data-bg-height='2304' data-bg-width='1792' data-bg-image='https:\/\/nuestrosescritores.com\/fernandobarberocarrasco\/wp-content\/uploads\/sites\/231\/2026\/02\/Firefly_Luz-vespertina-atravesando-una-ventana-oscura-iluminando-parcialmente-una-mesa-con-p-909826-1_resultado.webp' data-bg-repeat='false' data-id='' style='display: none'><\/div><div class=\"gambit_fullheight_row\" data-content-location=\"center\" style=\"display: none\"><\/div>[\/vc_column][\/vc_row][vc_row][vc_column extend=&#8221;false&#8221;][vc_column_text css=&#8221;.vc_custom_1768760861033{padding: 5% !important;}&#8221;]\n<h1><a name=\"_Toc50565535\"><\/a><\/h1>\n<h1><a name=\"_Toc219393113\"><\/a><strong>OBEDIENCIA<\/strong><\/h1>\n<p>&nbsp;<\/p>\n<p>La obediencia tiene buena prensa<\/p>\n<p>El jerarca militar, policial o religioso manda<\/p>\n<p>y el subordinado obedece<\/p>\n<p>No le est\u00e1 permitido hacerse preguntas<\/p>\n<p>&nbsp;<\/p>\n<p>La consecuencia del interrogante<\/p>\n<p>ser\u00eda el planteamiento del porqu\u00e9<\/p>\n<p>y el fruto, la desobediencia<\/p>\n<p>con todo lo que conllevar\u00eda<\/p>\n<p>&nbsp;<\/p>\n<p>Es incomparablemente mejor<\/p>\n<p>el seguimiento perruno,<\/p>\n<p>la adhesi\u00f3n inquebrantable,<\/p>\n<p>la acci\u00f3n u omisi\u00f3n requeridas<\/p>\n<p>&nbsp;<\/p>\n<span class='bctt-click-to-tweet'><span class='bctt-ctt-text'><a href='https:\/\/x.com\/intent\/tweet?url=https%3A%2F%2Fnuestrosescritores.com%2Ffernandobarberocarrasco%2Fpoesias%2F&#038;text=OBEDIENCIA%20del%20libro%20LA%20MUERTE%20SIEMPRE%20NOS%20DEJA%20CON%20ALGO%20POR%20HACER%20de%20FERNANDO%20BARBERO%20CARRASCO&#038;via=poesiaerestu&#038;related=poesiaerestu' target='_blank'rel=\"noopener noreferrer\">OBEDIENCIA del libro LA MUERTE SIEMPRE NOS DEJA CON ALGO POR HACER de FERNANDO BARBERO CARRASCO <\/a><\/span><a href='https:\/\/x.com\/intent\/tweet?url=https%3A%2F%2Fnuestrosescritores.com%2Ffernandobarberocarrasco%2Fpoesias%2F&#038;text=OBEDIENCIA%20del%20libro%20LA%20MUERTE%20SIEMPRE%20NOS%20DEJA%20CON%20ALGO%20POR%20HACER%20de%20FERNANDO%20BARBERO%20CARRASCO&#038;via=poesiaerestu&#038;related=poesiaerestu' target='_blank' class='bctt-ctt-btn'rel=\"noopener noreferrer\">Compartir en X<\/a><\/span>[\/vc_column_text][\/vc_column][\/vc_row][vc_row][vc_column extend=&#8221;false&#8221;]<div class='gambit_parallax_row' data-bg-align='' data-direction='fixed' data-opacity='100' data-velocity='-0.3' data-mobile-enabled='' data-bg-height='2304' data-bg-width='1792' data-bg-image='https:\/\/nuestrosescritores.com\/fernandobarberocarrasco\/wp-content\/uploads\/sites\/231\/2026\/02\/Firefly_Luz-vespertina-atravesando-una-ventana-oscura-iluminando-parcialmente-una-mesa-con-p-909826_resultado.webp' data-bg-repeat='false' data-id='' style='display: none'><\/div><div class=\"gambit_fullheight_row\" data-content-location=\"center\" style=\"display: none\"><\/div>[\/vc_column][\/vc_row][vc_row][vc_column extend=&#8221;false&#8221;][vc_column_text css=&#8221;.vc_custom_1768760875725{padding: 5% !important;}&#8221;]\n<h1><a name=\"_Toc29236770\"><\/a><\/h1>\n<h1><a name=\"_Toc219393135\"><\/a><strong>HOMBRE LIBRE QUE MIRA A UN HOMBRE O A UNA MUJER PRESOS<\/strong><\/h1>\n<p>&nbsp;<\/p>\n<p>Desde hace horas el estupor te envuelve<\/p>\n<p>al verte aqu\u00ed, en la c\u00e1rcel<\/p>\n<p>Crees que el mundo se ha terminado<\/p>\n<p>pero no es as\u00ed<\/p>\n<p>Ahora necesitar\u00e1s paciencia<\/p>\n<p>y tendr\u00e1s que desarrollar una faceta<\/p>\n<p>muy humana: la simulaci\u00f3n<\/p>\n<p>y cr\u00e9eme, hermano, hermana<\/p>\n<p>Todo ir\u00e1 bien<\/p>\n<p>&nbsp;<\/p>\n<p>&nbsp;<\/p>\n<p>&nbsp;<\/p>\n<p>&nbsp;<\/p>\n<p>&nbsp;<\/p>\n<span class='bctt-click-to-tweet'><span class='bctt-ctt-text'><a href='https:\/\/x.com\/intent\/tweet?url=https%3A%2F%2Fnuestrosescritores.com%2Ffernandobarberocarrasco%2Fpoesias%2F&#038;text=HOMBRE%20LIBRE%20QUE%20MIRA%20A%20UN%20HOMBRE%20O%20A%20UNA%20MUJER%20PRESOS%20del%20libro%20LA%20MUERTE%20SIEMPRE%20NOS%20DEJA%20CON%20ALGO%20POR%20HACER%20de%20FERNANDO%20BARBERO%20CARRASCO&#038;via=poesiaerestu&#038;related=poesiaerestu' target='_blank'rel=\"noopener noreferrer\">HOMBRE LIBRE QUE MIRA A UN HOMBRE O A UNA MUJER PRESOS del libro LA MUERTE SIEMPRE NOS DEJA CON ALGO POR HACER de FERNANDO BARBERO CARRASCO <\/a><\/span><a href='https:\/\/x.com\/intent\/tweet?url=https%3A%2F%2Fnuestrosescritores.com%2Ffernandobarberocarrasco%2Fpoesias%2F&#038;text=HOMBRE%20LIBRE%20QUE%20MIRA%20A%20UN%20HOMBRE%20O%20A%20UNA%20MUJER%20PRESOS%20del%20libro%20LA%20MUERTE%20SIEMPRE%20NOS%20DEJA%20CON%20ALGO%20POR%20HACER%20de%20FERNANDO%20BARBERO%20CARRASCO&#038;via=poesiaerestu&#038;related=poesiaerestu' target='_blank' class='bctt-ctt-btn'rel=\"noopener noreferrer\">Compartir en X<\/a><\/span>[\/vc_column_text][\/vc_column][\/vc_row][vc_row][vc_column extend=&#8221;false&#8221;]<div class='gambit_parallax_row' data-bg-align='' data-direction='fixed' data-opacity='100' data-velocity='-0.3' data-mobile-enabled='' data-bg-height='2304' data-bg-width='1792' data-bg-image='https:\/\/nuestrosescritores.com\/fernandobarberocarrasco\/wp-content\/uploads\/sites\/231\/2026\/02\/Firefly_Luz-vespertina-atravesando-una-ventana-oscura-iluminando-parcialmente-una-mesa-con-p-539203-1_resultado.webp' data-bg-repeat='false' data-id='' style='display: none'><\/div><div class=\"gambit_fullheight_row\" data-content-location=\"center\" style=\"display: none\"><\/div>[vc_column_text]\n<p style=\"text-align: center;\"><a class=\"fasc-button fasc-size-xlarge fasc-type-glossy fasc-rounded-medium\" style=\"background-color: #33809e; color: #ffffff;\" href=\"https:\/\/gepa.es\/producto\/la-muerte-siempre-nos-deja-con-algo-por-hacer-fernando-barbero-carrasco\/\">Comprar el libro<\/a><\/p>\n[\/vc_column_text][\/vc_column][\/vc_row]\n<\/div>","protected":false},"excerpt":{"rendered":"<p>[vc_row full_width=&#8221;stretch_row_content_no_spaces&#8221;][vc_column extend=&#8221;false&#8221;][\/vc_column][\/vc_row][vc_row][vc_column extend=&#8221;false&#8221;][vc_column_text css=&#8221;.vc_custom_1771753397222{padding-top: 5% !important;padding-right: 5% !important;padding-bottom: 5% !important;padding-left: 5% !important;}&#8221;]&nbsp; UNA BIBLIOTECA! &nbsp; Al entrar en aquella estancia mi vida cambi\u00f3 Aquella ma\u00f1ana me vine un poco antes desde el r\u00edo &nbsp; Dej\u00e9 de observar una culebra que ondeaba su cuerpo sobre la superficie del agua y camin\u00e9 resueltamente hacia la plaza [&hellip;]<\/p>\n","protected":false},"author":1,"featured_media":18,"parent":0,"menu_order":0,"comment_status":"closed","ping_status":"closed","template":"","meta":{"_acf_changed":false,"footnotes":""},"class_list":["post-175","page","type-page","status-publish","has-post-thumbnail","hentry"],"acf":[],"yoast_head":"<!-- This site is optimized with the Yoast SEO Premium plugin v24.7 (Yoast SEO v27.3) - https:\/\/yoast.com\/product\/yoast-seo-premium-wordpress\/ -->\n<title>POESIAS - Fernando Barbero Carrasco<\/title>\n<meta name=\"robots\" content=\"index, follow, max-snippet:-1, max-image-preview:large, max-video-preview:-1\" \/>\n<link rel=\"canonical\" href=\"https:\/\/nuestrosescritores.com\/fernandobarberocarrasco\/poesias\/\" \/>\n<meta property=\"og:locale\" content=\"es_ES\" \/>\n<meta property=\"og:type\" content=\"article\" \/>\n<meta property=\"og:title\" content=\"POESIAS\" \/>\n<meta property=\"og:description\" content=\"[vc_row full_width=&#8221;stretch_row_content_no_spaces&#8221;][vc_column extend=&#8221;false&#8221;][\/vc_column][\/vc_row][vc_row][vc_column extend=&#8221;false&#8221;][vc_column_text css=&#8221;.vc_custom_1771753397222{padding-top: 5% !important;padding-right: 5% !important;padding-bottom: 5% !important;padding-left: 5% !important;}&#8221;]&nbsp; UNA BIBLIOTECA! &nbsp; Al entrar en aquella estancia mi vida cambi\u00f3 Aquella ma\u00f1ana me vine un poco antes desde el r\u00edo &nbsp; Dej\u00e9 de observar una culebra que ondeaba su cuerpo sobre la superficie del agua y camin\u00e9 resueltamente hacia la plaza [&hellip;]\" \/>\n<meta property=\"og:url\" content=\"https:\/\/nuestrosescritores.com\/fernandobarberocarrasco\/poesias\/\" \/>\n<meta property=\"og:site_name\" content=\"Fernando Barbero Carrasco\" \/>\n<meta property=\"article:modified_time\" content=\"2026-02-22T09:45:40+00:00\" \/>\n<meta property=\"og:image\" content=\"http:\/\/nuestrosescritores.com\/fernandobarberocarrasco\/wp-content\/uploads\/sites\/231\/2026\/02\/book1.png\" \/>\n\t<meta property=\"og:image:width\" content=\"839\" \/>\n\t<meta property=\"og:image:height\" content=\"794\" \/>\n\t<meta property=\"og:image:type\" content=\"image\/png\" \/>\n<meta name=\"twitter:card\" content=\"summary_large_image\" \/>\n<meta name=\"twitter:label1\" content=\"Tiempo de lectura\" \/>\n\t<meta name=\"twitter:data1\" content=\"3 minutos\" \/>\n<script type=\"application\/ld+json\" class=\"yoast-schema-graph\">{\"@context\":\"https:\\\/\\\/schema.org\",\"@graph\":[{\"@type\":\"WebPage\",\"@id\":\"https:\\\/\\\/nuestrosescritores.com\\\/fernandobarberocarrasco\\\/poesias\\\/\",\"url\":\"https:\\\/\\\/nuestrosescritores.com\\\/fernandobarberocarrasco\\\/poesias\\\/\",\"name\":\"POESIAS - Fernando Barbero Carrasco\",\"isPartOf\":{\"@id\":\"https:\\\/\\\/nuestrosescritores.com\\\/fernandobarberocarrasco\\\/#website\"},\"primaryImageOfPage\":{\"@id\":\"https:\\\/\\\/nuestrosescritores.com\\\/fernandobarberocarrasco\\\/poesias\\\/#primaryimage\"},\"image\":{\"@id\":\"https:\\\/\\\/nuestrosescritores.com\\\/fernandobarberocarrasco\\\/poesias\\\/#primaryimage\"},\"thumbnailUrl\":\"https:\\\/\\\/nuestrosescritores.com\\\/fernandobarberocarrasco\\\/wp-content\\\/uploads\\\/sites\\\/231\\\/2026\\\/02\\\/book1.png\",\"datePublished\":\"2026-02-22T09:39:16+00:00\",\"dateModified\":\"2026-02-22T09:45:40+00:00\",\"breadcrumb\":{\"@id\":\"https:\\\/\\\/nuestrosescritores.com\\\/fernandobarberocarrasco\\\/poesias\\\/#breadcrumb\"},\"inLanguage\":\"es\",\"potentialAction\":[{\"@type\":\"ReadAction\",\"target\":[\"https:\\\/\\\/nuestrosescritores.com\\\/fernandobarberocarrasco\\\/poesias\\\/\"]}]},{\"@type\":\"ImageObject\",\"inLanguage\":\"es\",\"@id\":\"https:\\\/\\\/nuestrosescritores.com\\\/fernandobarberocarrasco\\\/poesias\\\/#primaryimage\",\"url\":\"https:\\\/\\\/nuestrosescritores.com\\\/fernandobarberocarrasco\\\/wp-content\\\/uploads\\\/sites\\\/231\\\/2026\\\/02\\\/book1.png\",\"contentUrl\":\"https:\\\/\\\/nuestrosescritores.com\\\/fernandobarberocarrasco\\\/wp-content\\\/uploads\\\/sites\\\/231\\\/2026\\\/02\\\/book1.png\",\"width\":839,\"height\":794},{\"@type\":\"BreadcrumbList\",\"@id\":\"https:\\\/\\\/nuestrosescritores.com\\\/fernandobarberocarrasco\\\/poesias\\\/#breadcrumb\",\"itemListElement\":[{\"@type\":\"ListItem\",\"position\":1,\"name\":\"Portada\",\"item\":\"https:\\\/\\\/nuestrosescritores.com\\\/fernandobarberocarrasco\\\/\"},{\"@type\":\"ListItem\",\"position\":2,\"name\":\"POESIAS\"}]},{\"@type\":\"WebSite\",\"@id\":\"https:\\\/\\\/nuestrosescritores.com\\\/fernandobarberocarrasco\\\/#website\",\"url\":\"https:\\\/\\\/nuestrosescritores.com\\\/fernandobarberocarrasco\\\/\",\"name\":\"Nuestros escritores\",\"description\":\"Escritor\",\"potentialAction\":[{\"@type\":\"SearchAction\",\"target\":{\"@type\":\"EntryPoint\",\"urlTemplate\":\"https:\\\/\\\/nuestrosescritores.com\\\/fernandobarberocarrasco\\\/?s={search_term_string}\"},\"query-input\":{\"@type\":\"PropertyValueSpecification\",\"valueRequired\":true,\"valueName\":\"search_term_string\"}}],\"inLanguage\":\"es\"}]}<\/script>\n<!-- \/ Yoast SEO Premium plugin. -->","yoast_head_json":{"title":"POESIAS - Fernando Barbero Carrasco","robots":{"index":"index","follow":"follow","max-snippet":"max-snippet:-1","max-image-preview":"max-image-preview:large","max-video-preview":"max-video-preview:-1"},"canonical":"https:\/\/nuestrosescritores.com\/fernandobarberocarrasco\/poesias\/","og_locale":"es_ES","og_type":"article","og_title":"POESIAS","og_description":"[vc_row full_width=&#8221;stretch_row_content_no_spaces&#8221;][vc_column extend=&#8221;false&#8221;][\/vc_column][\/vc_row][vc_row][vc_column extend=&#8221;false&#8221;][vc_column_text css=&#8221;.vc_custom_1771753397222{padding-top: 5% !important;padding-right: 5% !important;padding-bottom: 5% !important;padding-left: 5% !important;}&#8221;]&nbsp; UNA BIBLIOTECA! &nbsp; Al entrar en aquella estancia mi vida cambi\u00f3 Aquella ma\u00f1ana me vine un poco antes desde el r\u00edo &nbsp; Dej\u00e9 de observar una culebra que ondeaba su cuerpo sobre la superficie del agua y camin\u00e9 resueltamente hacia la plaza [&hellip;]","og_url":"https:\/\/nuestrosescritores.com\/fernandobarberocarrasco\/poesias\/","og_site_name":"Fernando Barbero Carrasco","article_modified_time":"2026-02-22T09:45:40+00:00","og_image":[{"width":839,"height":794,"url":"http:\/\/nuestrosescritores.com\/fernandobarberocarrasco\/wp-content\/uploads\/sites\/231\/2026\/02\/book1.png","type":"image\/png"}],"twitter_card":"summary_large_image","twitter_misc":{"Tiempo de lectura":"3 minutos"},"schema":{"@context":"https:\/\/schema.org","@graph":[{"@type":"WebPage","@id":"https:\/\/nuestrosescritores.com\/fernandobarberocarrasco\/poesias\/","url":"https:\/\/nuestrosescritores.com\/fernandobarberocarrasco\/poesias\/","name":"POESIAS - Fernando Barbero Carrasco","isPartOf":{"@id":"https:\/\/nuestrosescritores.com\/fernandobarberocarrasco\/#website"},"primaryImageOfPage":{"@id":"https:\/\/nuestrosescritores.com\/fernandobarberocarrasco\/poesias\/#primaryimage"},"image":{"@id":"https:\/\/nuestrosescritores.com\/fernandobarberocarrasco\/poesias\/#primaryimage"},"thumbnailUrl":"https:\/\/nuestrosescritores.com\/fernandobarberocarrasco\/wp-content\/uploads\/sites\/231\/2026\/02\/book1.png","datePublished":"2026-02-22T09:39:16+00:00","dateModified":"2026-02-22T09:45:40+00:00","breadcrumb":{"@id":"https:\/\/nuestrosescritores.com\/fernandobarberocarrasco\/poesias\/#breadcrumb"},"inLanguage":"es","potentialAction":[{"@type":"ReadAction","target":["https:\/\/nuestrosescritores.com\/fernandobarberocarrasco\/poesias\/"]}]},{"@type":"ImageObject","inLanguage":"es","@id":"https:\/\/nuestrosescritores.com\/fernandobarberocarrasco\/poesias\/#primaryimage","url":"https:\/\/nuestrosescritores.com\/fernandobarberocarrasco\/wp-content\/uploads\/sites\/231\/2026\/02\/book1.png","contentUrl":"https:\/\/nuestrosescritores.com\/fernandobarberocarrasco\/wp-content\/uploads\/sites\/231\/2026\/02\/book1.png","width":839,"height":794},{"@type":"BreadcrumbList","@id":"https:\/\/nuestrosescritores.com\/fernandobarberocarrasco\/poesias\/#breadcrumb","itemListElement":[{"@type":"ListItem","position":1,"name":"Portada","item":"https:\/\/nuestrosescritores.com\/fernandobarberocarrasco\/"},{"@type":"ListItem","position":2,"name":"POESIAS"}]},{"@type":"WebSite","@id":"https:\/\/nuestrosescritores.com\/fernandobarberocarrasco\/#website","url":"https:\/\/nuestrosescritores.com\/fernandobarberocarrasco\/","name":"Nuestros escritores","description":"Escritor","potentialAction":[{"@type":"SearchAction","target":{"@type":"EntryPoint","urlTemplate":"https:\/\/nuestrosescritores.com\/fernandobarberocarrasco\/?s={search_term_string}"},"query-input":{"@type":"PropertyValueSpecification","valueRequired":true,"valueName":"search_term_string"}}],"inLanguage":"es"}]}},"_links":{"self":[{"href":"https:\/\/nuestrosescritores.com\/fernandobarberocarrasco\/wp-json\/wp\/v2\/pages\/175","targetHints":{"allow":["GET"]}}],"collection":[{"href":"https:\/\/nuestrosescritores.com\/fernandobarberocarrasco\/wp-json\/wp\/v2\/pages"}],"about":[{"href":"https:\/\/nuestrosescritores.com\/fernandobarberocarrasco\/wp-json\/wp\/v2\/types\/page"}],"author":[{"embeddable":true,"href":"https:\/\/nuestrosescritores.com\/fernandobarberocarrasco\/wp-json\/wp\/v2\/users\/1"}],"replies":[{"embeddable":true,"href":"https:\/\/nuestrosescritores.com\/fernandobarberocarrasco\/wp-json\/wp\/v2\/comments?post=175"}],"version-history":[{"count":0,"href":"https:\/\/nuestrosescritores.com\/fernandobarberocarrasco\/wp-json\/wp\/v2\/pages\/175\/revisions"}],"wp:featuredmedia":[{"embeddable":true,"href":"https:\/\/nuestrosescritores.com\/fernandobarberocarrasco\/wp-json\/wp\/v2\/media\/18"}],"wp:attachment":[{"href":"https:\/\/nuestrosescritores.com\/fernandobarberocarrasco\/wp-json\/wp\/v2\/media?parent=175"}],"curies":[{"name":"wp","href":"https:\/\/api.w.org\/{rel}","templated":true}]}}