{"id":83,"date":"2020-12-20T11:20:05","date_gmt":"2020-12-20T11:20:05","guid":{"rendered":"https:\/\/nuestrosescritores.com\/astridsteinhaus\/?page_id=83"},"modified":"2020-12-22T16:25:29","modified_gmt":"2020-12-22T16:25:29","slug":"poesia","status":"publish","type":"page","link":"https:\/\/nuestrosescritores.com\/astridsteinhaus\/poesia\/","title":{"rendered":"Poes\u00eda"},"content":{"rendered":"<div class=\"wpb-content-wrapper\">[vc_row full_width=&#8221;stretch_row_content_no_spaces&#8221;][vc_column extend=&#8221;false&#8221;]<div class='gambit_parallax_row' data-bg-align='' data-direction='fixed' data-opacity='100' data-velocity='-0.3' data-mobile-enabled='' data-bg-height='1707' data-bg-width='2560' data-bg-image='https:\/\/nuestrosescritores.com\/astridsteinhaus\/wp-content\/uploads\/sites\/69\/2020\/12\/1uvctvsn-2o-scaled.jpg' data-bg-repeat='false' data-id='' style='display: none'><\/div><div class=\"gambit_fullheight_row\" data-content-location=\"center\" style=\"display: none\"><\/div>[\/vc_column][\/vc_row][vc_row][vc_column extend=&#8221;false&#8221;][vc_column_text]\n<h1><a name=\"_Toc45386951\"><\/a><\/h1>\n<h1><a name=\"_Toc56187758\"><\/a><\/h1>\n<h1><a name=\"_Toc57140918\"><\/a><a name=\"_Toc57488266\"><\/a><strong>MA\u00d1ANA DEJO DE FUMAR<\/strong><\/h1>\n<p>&nbsp;<\/p>\n<p>Mejor ma\u00f1ana<br \/>\nque hoy no me atrevo.<br \/>\nHoy necesito un poquito m\u00e1s.<br \/>\nEs demasiado pronto<br \/>\npara apagar la \u00faltima colilla<br \/>\ny con ella<br \/>\ntodos tus recuerdos.<\/p>\n<p>&nbsp;<\/p>\n<p>Pero ma\u00f1ana es otro d\u00eda,<br \/>\nlo dejo seguro.<br \/>\nY con las \u00faltimas caladas expirar\u00e9<br \/>\ntus sonrisas;<br \/>\nnuestras risas.<br \/>\nTus miradas;<br \/>\nlas que yo quer\u00eda.<br \/>\nTus quiz\u00e1;<br \/>\npara m\u00ed un jam\u00e1s.<br \/>\nY acabar con el vicio<br \/>\nque me provoca<br \/>\nel no verte<br \/>\ny la ansiedad que me produce<br \/>\nel no tenerte.<br \/>\nQue la \u00faltima dosis de nicotina<br \/>\nno sean tus besos<br \/>\ninyectados en sangre<br \/>\ny que el humo en mis pulmones<br \/>\nya no me da\u00f1e,<br \/>\ncomo t\u00fa.<\/p>\n<p>Por eso s\u00ed, ma\u00f1ana dejo de fumar.<br \/>\nEsta vez s\u00ed.<\/p>\n<p>&nbsp;<\/p>\n<p>&nbsp;<\/p>\n<p>&nbsp;<\/p>\n<span class='bctt-click-to-tweet'><span class='bctt-ctt-text'><a href='https:\/\/x.com\/intent\/tweet?url=https%3A%2F%2Fnuestrosescritores.com%2Fastridsteinhaus%2Fpoesia%2F&#038;text=MA%C3%91ANA%20DEJO%20DE%20FUMAR%20del%20libro%20MA%C3%91ANA%20DEJO%20DE%20FUMAR%20de%20ASTRID%20STEINHAUS&#038;via=poesiaerestu&#038;related=poesiaerestu' target='_blank'rel=\"noopener noreferrer\">MA\u00d1ANA DEJO DE FUMAR del libro MA\u00d1ANA DEJO DE FUMAR de ASTRID STEINHAUS <\/a><\/span><a href='https:\/\/x.com\/intent\/tweet?url=https%3A%2F%2Fnuestrosescritores.com%2Fastridsteinhaus%2Fpoesia%2F&#038;text=MA%C3%91ANA%20DEJO%20DE%20FUMAR%20del%20libro%20MA%C3%91ANA%20DEJO%20DE%20FUMAR%20de%20ASTRID%20STEINHAUS&#038;via=poesiaerestu&#038;related=poesiaerestu' target='_blank' class='bctt-ctt-btn'rel=\"noopener noreferrer\">Compartir en X<\/a><\/span>[\/vc_column_text][\/vc_column][\/vc_row][vc_row full_width=&#8221;stretch_row_content_no_spaces&#8221;][vc_column extend=&#8221;false&#8221;]<div class='gambit_parallax_row' data-bg-align='' data-direction='fixed' data-opacity='100' data-velocity='-0.3' data-mobile-enabled='' data-bg-height='1707' data-bg-width='2560' data-bg-image='https:\/\/nuestrosescritores.com\/astridsteinhaus\/wp-content\/uploads\/sites\/69\/2020\/12\/s5x2tsla7oe-scaled.jpg' data-bg-repeat='false' data-id='' style='display: none'><\/div><div class=\"gambit_fullheight_row\" data-content-location=\"center\" style=\"display: none\"><\/div>[\/vc_column][\/vc_row][vc_row][vc_column extend=&#8221;false&#8221;][vc_column_text]\n<h1><a name=\"_Toc56187764\"><\/a><\/h1>\n<p><a name=\"_Toc57140921\"><\/a><a name=\"_Toc57488271\"><\/a><strong>HORA<\/strong><\/p>\n<p>&nbsp;<\/p>\n<p>D\u00e9jame olvidarte,<\/p>\n<p>tan r\u00e1pido como se olvida<\/p>\n<p>cuando miramos la hora en el m\u00f3vil<\/p>\n<p>para volver a sacarlo<\/p>\n<p>cinco segundos despu\u00e9s.<\/p>\n<span class='bctt-click-to-tweet'><span class='bctt-ctt-text'><a href='https:\/\/x.com\/intent\/tweet?url=https%3A%2F%2Fnuestrosescritores.com%2Fastridsteinhaus%2Fpoesia%2F&#038;text=CANCI%C3%93N%20DE%20CUNA%C2%A0del%20libro%20MA%C3%91ANA%20DEJO%20DE%20FUMAR%20de%20ASTRID%20STEINHAUS&#038;via=poesiaerestu&#038;related=poesiaerestu' target='_blank'rel=\"noopener noreferrer\">CANCI\u00d3N DE CUNA&nbsp;del libro MA\u00d1ANA DEJO DE FUMAR de ASTRID STEINHAUS <\/a><\/span><a href='https:\/\/x.com\/intent\/tweet?url=https%3A%2F%2Fnuestrosescritores.com%2Fastridsteinhaus%2Fpoesia%2F&#038;text=CANCI%C3%93N%20DE%20CUNA%C2%A0del%20libro%20MA%C3%91ANA%20DEJO%20DE%20FUMAR%20de%20ASTRID%20STEINHAUS&#038;via=poesiaerestu&#038;related=poesiaerestu' target='_blank' class='bctt-ctt-btn'rel=\"noopener noreferrer\">Compartir en X<\/a><\/span>\n<p>&nbsp;<\/p>\n<p>&nbsp;[\/vc_column_text][\/vc_column][\/vc_row][vc_row][vc_column extend=&#8221;false&#8221;]<div class='gambit_parallax_row' data-bg-align='' data-direction='fixed' data-opacity='100' data-velocity='-0.3' data-mobile-enabled='' data-bg-height='1379' data-bg-width='2560' data-bg-image='https:\/\/nuestrosescritores.com\/astridsteinhaus\/wp-content\/uploads\/sites\/69\/2020\/12\/sp9a8dhk7ls-scaled.jpg' data-bg-repeat='false' data-id='' style='display: none'><\/div><div class=\"gambit_fullheight_row\" data-content-location=\"center\" style=\"display: none\"><\/div>[\/vc_column][\/vc_row][vc_row][vc_column extend=&#8221;false&#8221;][vc_column_text]\n<h1>&nbsp;<\/h1>\n<h1><a name=\"_Toc57140943\"><\/a><a name=\"_Toc57488295\"><\/a><strong>EL LADO DE LA REJA<\/strong><\/h1>\n<p>&nbsp;<\/p>\n<p>Desde que miro al otro lado<br \/>\nlos d\u00edas son m\u00e1s grises que nunca.<br \/>\nEl canto de los p\u00e1jaros mudo<br \/>\ny mis orejas sordas.<\/p>\n<p>El nudo en mi garganta<br \/>\nsube y baja,<br \/>\ncomo una monta\u00f1a rusa<br \/>\nmientras intento soltarme<br \/>\npero el miedo me nubla.<\/p>\n<p>La reja distorsiona<br \/>\ny entorpece,<br \/>\nordenadamente<br \/>\ny de forma geom\u00e9trica<br \/>\ncada uno de tus recuerdos<br \/>\ncircunferidos,<br \/>\ntan grandes<br \/>\ncomo el mundo<br \/>\ny tan peque\u00f1os<br \/>\ncomo yo.<\/p>\n<p>Que en esta celda de pensamientos<br \/>\nme ahogo<br \/>\nentre mis propios miedos<br \/>\ny querellas.<br \/>\nSin embargo,<br \/>\nun d\u00eda sent\u00ed un fr\u00edo viento<br \/>\nsusurr\u00e1ndome al o\u00eddo.<\/p>\n<p>Me dec\u00eda<br \/>\nque me soltase el cabello<br \/>\ny moviese la cabeza<br \/>\nondul\u00e1ndolo hacia el sol.<\/p>\n<p>Me dec\u00eda<br \/>\nque yo,<br \/>\nera hermosa<br \/>\nporque de mi mente<br \/>\nbrotaban<br \/>\nideas maravillosas.<\/p>\n<p>Me dec\u00eda<br \/>\nque dejase de mirar<br \/>\na trav\u00e9s de la reja<br \/>\ny que observase<br \/>\ntodo a mi alrededor.<\/p>\n<p>Cuando alc\u00e9 la vista<br \/>\nno pod\u00eda contar las estrellas,<br \/>\npues la galaxia que contemplaba<br \/>\nera tan grande<br \/>\ny hermosa<br \/>\nque ni el resto de mis siete vidas<br \/>\nser\u00eda suficiente para contemplarlas.<br \/>\nQue eran hermosas<br \/>\nporque eran ellas,<br \/>\nbrillando a lo alto del cielo.<br \/>\nY ya no hab\u00eda reja<br \/>\nsino,<br \/>\nsolo una sombra<br \/>\nde tu recuerdo.<\/p>\n<p>&nbsp;<\/p>\n<p>&nbsp;<\/p>\n<span class='bctt-click-to-tweet'><span class='bctt-ctt-text'><a href='https:\/\/x.com\/intent\/tweet?url=https%3A%2F%2Fnuestrosescritores.com%2Fastridsteinhaus%2Fpoesia%2F&#038;text=EL%20LADO%20DE%20LA%20REJA%C2%A0del%20libro%20MA%C3%91ANA%20DEJO%20DE%20FUMAR%20de%20ASTRID%20STEINHAUS&#038;via=poesiaerestu&#038;related=poesiaerestu' target='_blank'rel=\"noopener noreferrer\">EL LADO DE LA REJA&nbsp;del libro MA\u00d1ANA DEJO DE FUMAR de ASTRID STEINHAUS <\/a><\/span><a href='https:\/\/x.com\/intent\/tweet?url=https%3A%2F%2Fnuestrosescritores.com%2Fastridsteinhaus%2Fpoesia%2F&#038;text=EL%20LADO%20DE%20LA%20REJA%C2%A0del%20libro%20MA%C3%91ANA%20DEJO%20DE%20FUMAR%20de%20ASTRID%20STEINHAUS&#038;via=poesiaerestu&#038;related=poesiaerestu' target='_blank' class='bctt-ctt-btn'rel=\"noopener noreferrer\">Compartir en X<\/a><\/span>[\/vc_column_text][\/vc_column][\/vc_row][vc_row][vc_column extend=&#8221;false&#8221;]<div class='gambit_parallax_row' data-bg-align='' data-direction='fixed' data-opacity='100' data-velocity='-0.3' data-mobile-enabled='' data-bg-height='2560' data-bg-width='1707' data-bg-image='https:\/\/nuestrosescritores.com\/astridsteinhaus\/wp-content\/uploads\/sites\/69\/2020\/12\/bpm5dmsop8a-scaled.jpg' data-bg-repeat='false' data-id='' style='display: none'><\/div><div class=\"gambit_fullheight_row\" data-content-location=\"center\" style=\"display: none\"><\/div>[\/vc_column][\/vc_row][vc_row][vc_column extend=&#8221;false&#8221;][vc_column_text]\n<h1><a name=\"_Toc56187785\"><\/a><\/h1>\n<h1><a name=\"_Toc57140933\"><\/a><a name=\"_Toc57488285\"><\/a><strong>PornoGR\u00c1FICO<\/strong><\/h1>\n<p>&nbsp;<\/p>\n<p>Ac\u00e9rcate.<br \/>\nSus\u00farrame al o\u00eddo<br \/>\ntus secretos m\u00e1s ocultos.<\/p>\n<p>Desliza tu lengua<br \/>\npor el lienzo de mi cuello.<\/p>\n<p>Pinta c\u00edrculos hasta llegar a mi pecho<br \/>\ndonde escuchas sobresaltado,<br \/>\nmi agitado coraz\u00f3n.<\/p>\n<p>Resp\u00edrame<br \/>\ne insp\u00edrame<br \/>\nhasta que se confunda en una<br \/>\nnuestra respiraci\u00f3n.<\/p>\n<p>Esnifa el perfume<br \/>\nde nuestro sudor,<br \/>\ndesnuda sin miedo<br \/>\nlos tab\u00faes de mi cuerpo<br \/>\nmientras mis piernas tiemblan,<br \/>\ntus ojos se tornan blancos.<\/p>\n<p>Que tus dedos empapados<br \/>\nsean solo el principio<br \/>\nde esta inundaci\u00f3n.<br \/>\nEntra,<br \/>\ny mientras abres la puerta,<br \/>\nno te molestes en cerrarla,<br \/>\npuedes dejar las llaves fuera.<br \/>\nColgadas.<br \/>\nQue tocar el piano en tu espalda<br \/>\ny morderte la boca,<br \/>\nsea igual de salvaje<br \/>\nque cuando montas<br \/>\nen tu caballo indomable.<\/p>\n<p>&nbsp;<\/p>\n<p>&nbsp;<\/p>\n<p>Que mientras nuestro sudor se evapora<br \/>\ny la temperatura sube,<br \/>\nsujeta fuerte mi mano,<br \/>\ncierra los ojos<br \/>\ny cuenta las estrellas<br \/>\ny cuando terminemos de verlas,<br \/>\nsuspira,<br \/>\ny despu\u00e9s,<br \/>\nfumemos.<\/p>\n<p>&nbsp;<\/p>\n<p>&nbsp;<\/p>\n<span class='bctt-click-to-tweet'><span class='bctt-ctt-text'><a href='https:\/\/x.com\/intent\/tweet?url=https%3A%2F%2Fnuestrosescritores.com%2Fastridsteinhaus%2Fpoesia%2F&#038;text=PornoGR%C3%81FICO%20del%20libro%20MA%C3%91ANA%20DEJO%20DE%20FUMAR%20de%20ASTRID%20STEINHAUS&#038;via=poesiaerestu&#038;related=poesiaerestu' target='_blank'rel=\"noopener noreferrer\">PornoGR\u00c1FICO del libro MA\u00d1ANA DEJO DE FUMAR de ASTRID STEINHAUS <\/a><\/span><a href='https:\/\/x.com\/intent\/tweet?url=https%3A%2F%2Fnuestrosescritores.com%2Fastridsteinhaus%2Fpoesia%2F&#038;text=PornoGR%C3%81FICO%20del%20libro%20MA%C3%91ANA%20DEJO%20DE%20FUMAR%20de%20ASTRID%20STEINHAUS&#038;via=poesiaerestu&#038;related=poesiaerestu' target='_blank' class='bctt-ctt-btn'rel=\"noopener noreferrer\">Compartir en X<\/a><\/span>[\/vc_column_text][\/vc_column][\/vc_row][vc_row][vc_column extend=&#8221;false&#8221;]<div class='gambit_parallax_row' data-bg-align='' data-direction='fixed' data-opacity='100' data-velocity='-0.3' data-mobile-enabled='' data-bg-height='541' data-bg-width='1366' data-bg-image='https:\/\/nuestrosescritores.com\/astridsteinhaus\/wp-content\/uploads\/sites\/69\/2020\/12\/IMG_8152-SSquare_Alargado-Medium.jpg' data-bg-repeat='false' data-id='' style='display: none'><\/div><div class=\"gambit_fullheight_row\" data-content-location=\"center\" style=\"display: none\"><\/div>[vc_column_text]\n<p style=\"text-align: center;\"><a class=\"fasc-button fasc-size-xlarge fasc-type-glossy fasc-rounded-medium\" style=\"background-color: #33809e; color: #ffffff;\" href=\"https:\/\/librodepoesia.com\/producto\/manana-dejo-de-fumar-astrid-steinhaus\/\">Comprar el libro<\/a><\/p>\n[\/vc_column_text][\/vc_column][\/vc_row]\n<\/div>","protected":false},"excerpt":{"rendered":"<p>[vc_row full_width=&#8221;stretch_row_content_no_spaces&#8221;][vc_column extend=&#8221;false&#8221;][\/vc_column][\/vc_row][vc_row][vc_column extend=&#8221;false&#8221;][vc_column_text] MA\u00d1ANA DEJO DE FUMAR &nbsp; Mejor ma\u00f1ana que hoy no me atrevo. Hoy necesito un poquito m\u00e1s. Es demasiado pronto para apagar la \u00faltima colilla y con ella todos tus recuerdos. &nbsp; Pero ma\u00f1ana es otro d\u00eda, lo dejo seguro. Y con las \u00faltimas caladas expirar\u00e9 tus sonrisas; nuestras risas. Tus [&hellip;]<\/p>\n","protected":false},"author":1,"featured_media":0,"parent":0,"menu_order":0,"comment_status":"closed","ping_status":"closed","template":"","meta":{"_acf_changed":false,"footnotes":""},"class_list":["post-83","page","type-page","status-publish","hentry"],"acf":[],"yoast_head":"<!-- This site is optimized with the Yoast SEO Premium plugin v24.7 (Yoast SEO v27.4) - https:\/\/yoast.com\/product\/yoast-seo-premium-wordpress\/ -->\n<title>Poes\u00eda - Astrid Steinhaus<\/title>\n<meta name=\"description\" content=\"Poes\u00eda del libro MA\u00d1ANA DEJO DE FUMAR de ASTRID STEINHAUS la autora nos da una muestra tras publicar un libro con la Editorial Poes\u00eda eres t\u00fa\" \/>\n<meta name=\"robots\" content=\"index, follow, max-snippet:-1, max-image-preview:large, max-video-preview:-1\" \/>\n<link rel=\"canonical\" href=\"https:\/\/nuestrosescritores.com\/astridsteinhaus\/poesia\/\" \/>\n<meta property=\"og:locale\" content=\"es_ES\" \/>\n<meta property=\"og:type\" content=\"article\" \/>\n<meta property=\"og:title\" content=\"Poes\u00eda\" \/>\n<meta property=\"og:description\" content=\"Poes\u00eda del libro MA\u00d1ANA DEJO DE FUMAR de ASTRID STEINHAUS la autora nos da una muestra tras publicar un libro con la Editorial Poes\u00eda eres t\u00fa\" \/>\n<meta property=\"og:url\" content=\"https:\/\/nuestrosescritores.com\/astridsteinhaus\/poesia\/\" \/>\n<meta property=\"og:site_name\" content=\"Astrid Steinhaus\" \/>\n<meta property=\"article:modified_time\" content=\"2020-12-22T16:25:29+00:00\" \/>\n<meta name=\"twitter:card\" content=\"summary_large_image\" \/>\n<meta name=\"twitter:label1\" content=\"Tiempo de lectura\" \/>\n\t<meta name=\"twitter:data1\" content=\"4 minutos\" \/>\n<script type=\"application\/ld+json\" class=\"yoast-schema-graph\">{\"@context\":\"https:\\\/\\\/schema.org\",\"@graph\":[{\"@type\":\"WebPage\",\"@id\":\"https:\\\/\\\/nuestrosescritores.com\\\/astridsteinhaus\\\/poesia\\\/\",\"url\":\"https:\\\/\\\/nuestrosescritores.com\\\/astridsteinhaus\\\/poesia\\\/\",\"name\":\"Poes\u00eda - Astrid Steinhaus\",\"isPartOf\":{\"@id\":\"https:\\\/\\\/nuestrosescritores.com\\\/astridsteinhaus\\\/#website\"},\"datePublished\":\"2020-12-20T11:20:05+00:00\",\"dateModified\":\"2020-12-22T16:25:29+00:00\",\"description\":\"Poes\u00eda del libro MA\u00d1ANA DEJO DE FUMAR de ASTRID STEINHAUS la autora nos da una muestra tras publicar un libro con la Editorial Poes\u00eda eres t\u00fa\",\"breadcrumb\":{\"@id\":\"https:\\\/\\\/nuestrosescritores.com\\\/astridsteinhaus\\\/poesia\\\/#breadcrumb\"},\"inLanguage\":\"es\",\"potentialAction\":[{\"@type\":\"ReadAction\",\"target\":[\"https:\\\/\\\/nuestrosescritores.com\\\/astridsteinhaus\\\/poesia\\\/\"]}]},{\"@type\":\"BreadcrumbList\",\"@id\":\"https:\\\/\\\/nuestrosescritores.com\\\/astridsteinhaus\\\/poesia\\\/#breadcrumb\",\"itemListElement\":[{\"@type\":\"ListItem\",\"position\":1,\"name\":\"Portada\",\"item\":\"https:\\\/\\\/nuestrosescritores.com\\\/astridsteinhaus\\\/\"},{\"@type\":\"ListItem\",\"position\":2,\"name\":\"Poes\u00eda\"}]},{\"@type\":\"WebSite\",\"@id\":\"https:\\\/\\\/nuestrosescritores.com\\\/astridsteinhaus\\\/#website\",\"url\":\"https:\\\/\\\/nuestrosescritores.com\\\/astridsteinhaus\\\/\",\"name\":\"Nuestros escritores\",\"description\":\"Escritora\",\"potentialAction\":[{\"@type\":\"SearchAction\",\"target\":{\"@type\":\"EntryPoint\",\"urlTemplate\":\"https:\\\/\\\/nuestrosescritores.com\\\/astridsteinhaus\\\/?s={search_term_string}\"},\"query-input\":{\"@type\":\"PropertyValueSpecification\",\"valueRequired\":true,\"valueName\":\"search_term_string\"}}],\"inLanguage\":\"es\"}]}<\/script>\n<!-- \/ Yoast SEO Premium plugin. -->","yoast_head_json":{"title":"Poes\u00eda - Astrid Steinhaus","description":"Poes\u00eda del libro MA\u00d1ANA DEJO DE FUMAR de ASTRID STEINHAUS la autora nos da una muestra tras publicar un libro con la Editorial Poes\u00eda eres t\u00fa","robots":{"index":"index","follow":"follow","max-snippet":"max-snippet:-1","max-image-preview":"max-image-preview:large","max-video-preview":"max-video-preview:-1"},"canonical":"https:\/\/nuestrosescritores.com\/astridsteinhaus\/poesia\/","og_locale":"es_ES","og_type":"article","og_title":"Poes\u00eda","og_description":"Poes\u00eda del libro MA\u00d1ANA DEJO DE FUMAR de ASTRID STEINHAUS la autora nos da una muestra tras publicar un libro con la Editorial Poes\u00eda eres t\u00fa","og_url":"https:\/\/nuestrosescritores.com\/astridsteinhaus\/poesia\/","og_site_name":"Astrid Steinhaus","article_modified_time":"2020-12-22T16:25:29+00:00","twitter_card":"summary_large_image","twitter_misc":{"Tiempo de lectura":"4 minutos"},"schema":{"@context":"https:\/\/schema.org","@graph":[{"@type":"WebPage","@id":"https:\/\/nuestrosescritores.com\/astridsteinhaus\/poesia\/","url":"https:\/\/nuestrosescritores.com\/astridsteinhaus\/poesia\/","name":"Poes\u00eda - Astrid Steinhaus","isPartOf":{"@id":"https:\/\/nuestrosescritores.com\/astridsteinhaus\/#website"},"datePublished":"2020-12-20T11:20:05+00:00","dateModified":"2020-12-22T16:25:29+00:00","description":"Poes\u00eda del libro MA\u00d1ANA DEJO DE FUMAR de ASTRID STEINHAUS la autora nos da una muestra tras publicar un libro con la Editorial Poes\u00eda eres t\u00fa","breadcrumb":{"@id":"https:\/\/nuestrosescritores.com\/astridsteinhaus\/poesia\/#breadcrumb"},"inLanguage":"es","potentialAction":[{"@type":"ReadAction","target":["https:\/\/nuestrosescritores.com\/astridsteinhaus\/poesia\/"]}]},{"@type":"BreadcrumbList","@id":"https:\/\/nuestrosescritores.com\/astridsteinhaus\/poesia\/#breadcrumb","itemListElement":[{"@type":"ListItem","position":1,"name":"Portada","item":"https:\/\/nuestrosescritores.com\/astridsteinhaus\/"},{"@type":"ListItem","position":2,"name":"Poes\u00eda"}]},{"@type":"WebSite","@id":"https:\/\/nuestrosescritores.com\/astridsteinhaus\/#website","url":"https:\/\/nuestrosescritores.com\/astridsteinhaus\/","name":"Nuestros escritores","description":"Escritora","potentialAction":[{"@type":"SearchAction","target":{"@type":"EntryPoint","urlTemplate":"https:\/\/nuestrosescritores.com\/astridsteinhaus\/?s={search_term_string}"},"query-input":{"@type":"PropertyValueSpecification","valueRequired":true,"valueName":"search_term_string"}}],"inLanguage":"es"}]}},"_links":{"self":[{"href":"https:\/\/nuestrosescritores.com\/astridsteinhaus\/wp-json\/wp\/v2\/pages\/83","targetHints":{"allow":["GET"]}}],"collection":[{"href":"https:\/\/nuestrosescritores.com\/astridsteinhaus\/wp-json\/wp\/v2\/pages"}],"about":[{"href":"https:\/\/nuestrosescritores.com\/astridsteinhaus\/wp-json\/wp\/v2\/types\/page"}],"author":[{"embeddable":true,"href":"https:\/\/nuestrosescritores.com\/astridsteinhaus\/wp-json\/wp\/v2\/users\/1"}],"replies":[{"embeddable":true,"href":"https:\/\/nuestrosescritores.com\/astridsteinhaus\/wp-json\/wp\/v2\/comments?post=83"}],"version-history":[{"count":0,"href":"https:\/\/nuestrosescritores.com\/astridsteinhaus\/wp-json\/wp\/v2\/pages\/83\/revisions"}],"wp:attachment":[{"href":"https:\/\/nuestrosescritores.com\/astridsteinhaus\/wp-json\/wp\/v2\/media?parent=83"}],"curies":[{"name":"wp","href":"https:\/\/api.w.org\/{rel}","templated":true}]}}