{"id":153,"date":"2024-11-04T11:17:49","date_gmt":"2024-11-04T10:17:49","guid":{"rendered":"https:\/\/nuestrosescritores.com\/anamariatomas\/?page_id=153"},"modified":"2025-06-02T20:49:28","modified_gmt":"2025-06-02T18:49:28","slug":"noticias","status":"publish","type":"page","link":"https:\/\/nuestrosescritores.com\/anamariatomas\/noticias\/","title":{"rendered":"NOTICIAS"},"content":{"rendered":"<div class=\"wpb-content-wrapper\">[vc_row][vc_column][vc_basic_grid post_type=&#8221;post&#8221; max_items=&#8221;10&#8243; css=&#8221;&#8221; grid_id=&#8221;vc_gid:1730715368096-b61fa6a2-e89b-7&#8243; taxonomies=&#8221;6&#8243;][\/vc_column][\/vc_row]\n<\/div>","protected":false},"excerpt":{"rendered":"<p>[vc_row][vc_column][vc_basic_grid post_type=&#8221;post&#8221; max_items=&#8221;10&#8243; css=&#8221;&#8221; grid_id=&#8221;vc_gid:1730715368096-b61fa6a2-e89b-7&#8243; taxonomies=&#8221;6&#8243;][\/vc_column][\/vc_row]<\/p>\n","protected":false},"author":1,"featured_media":0,"parent":0,"menu_order":0,"comment_status":"closed","ping_status":"closed","template":"","meta":{"_acf_changed":false,"footnotes":""},"class_list":["post-153","page","type-page","status-publish","hentry"],"acf":[],"yoast_head":"<!-- This site is optimized with the Yoast SEO Premium plugin v24.7 (Yoast SEO v27.3) - https:\/\/yoast.com\/product\/yoast-seo-premium-wordpress\/ -->\n<title>NOTICIAS - Ana Mar\u00eda Tom\u00e1s<\/title>\n<meta name=\"description\" content=\"Noticias del libro LOS HILOS DEL MIEDO de la Editorial Ediciones Rilke. Escritora Ana Mar\u00eda Tom\u00e1s.\" \/>\n<meta name=\"robots\" content=\"index, follow, max-snippet:-1, max-image-preview:large, max-video-preview:-1\" \/>\n<link rel=\"canonical\" href=\"https:\/\/nuestrosescritores.com\/anamariatomas\/noticias\/\" \/>\n<meta property=\"og:locale\" content=\"es_ES\" \/>\n<meta property=\"og:type\" content=\"article\" \/>\n<meta property=\"og:title\" content=\"NOTICIAS\" \/>\n<meta property=\"og:description\" content=\"Noticias del libro LOS HILOS DEL MIEDO de la Editorial Ediciones Rilke. Escritora Ana Mar\u00eda Tom\u00e1s.\" \/>\n<meta property=\"og:url\" content=\"https:\/\/nuestrosescritores.com\/anamariatomas\/noticias\/\" \/>\n<meta property=\"og:site_name\" content=\"Ana Mar\u00eda Tom\u00e1s\" \/>\n<meta property=\"article:publisher\" content=\"https:\/\/www.facebook.com\/anamaria.tomas.96343\" \/>\n<meta property=\"article:modified_time\" content=\"2025-06-02T18:49:28+00:00\" \/>\n<meta property=\"og:image\" content=\"https:\/\/nuestrosescritores.com\/anamariatomas\/wp-content\/uploads\/sites\/184\/2024\/11\/cropped-AnaMariaTomasAVATAR-Mediano.png\" \/>\n\t<meta property=\"og:image:width\" content=\"512\" \/>\n\t<meta property=\"og:image:height\" content=\"512\" \/>\n\t<meta property=\"og:image:type\" content=\"image\/png\" \/>\n<meta name=\"twitter:card\" content=\"summary_large_image\" \/>\n<meta name=\"twitter:label1\" content=\"Tiempo de lectura\" \/>\n\t<meta name=\"twitter:data1\" content=\"1 minuto\" \/>\n<script type=\"application\/ld+json\" class=\"yoast-schema-graph\">{\"@context\":\"https:\\\/\\\/schema.org\",\"@graph\":[{\"@type\":\"WebPage\",\"@id\":\"https:\\\/\\\/nuestrosescritores.com\\\/anamariatomas\\\/noticias\\\/\",\"url\":\"https:\\\/\\\/nuestrosescritores.com\\\/anamariatomas\\\/noticias\\\/\",\"name\":\"NOTICIAS - Ana Mar\u00eda Tom\u00e1s\",\"isPartOf\":{\"@id\":\"https:\\\/\\\/nuestrosescritores.com\\\/anamariatomas\\\/#website\"},\"datePublished\":\"2024-11-04T10:17:49+00:00\",\"dateModified\":\"2025-06-02T18:49:28+00:00\",\"description\":\"Noticias del libro LOS HILOS DEL MIEDO de la Editorial Ediciones Rilke. Escritora Ana Mar\u00eda Tom\u00e1s.\",\"breadcrumb\":{\"@id\":\"https:\\\/\\\/nuestrosescritores.com\\\/anamariatomas\\\/noticias\\\/#breadcrumb\"},\"inLanguage\":\"es\",\"potentialAction\":[{\"@type\":\"ReadAction\",\"target\":[\"https:\\\/\\\/nuestrosescritores.com\\\/anamariatomas\\\/noticias\\\/\"]}]},{\"@type\":\"BreadcrumbList\",\"@id\":\"https:\\\/\\\/nuestrosescritores.com\\\/anamariatomas\\\/noticias\\\/#breadcrumb\",\"itemListElement\":[{\"@type\":\"ListItem\",\"position\":1,\"name\":\"Portada\",\"item\":\"https:\\\/\\\/nuestrosescritores.com\\\/anamariatomas\\\/\"},{\"@type\":\"ListItem\",\"position\":2,\"name\":\"NOTICIAS\"}]},{\"@type\":\"WebSite\",\"@id\":\"https:\\\/\\\/nuestrosescritores.com\\\/anamariatomas\\\/#website\",\"url\":\"https:\\\/\\\/nuestrosescritores.com\\\/anamariatomas\\\/\",\"name\":\"Ana Mar\u00eda Tom\u00e1s en Nuestros escritores\",\"description\":\"Escritora\",\"publisher\":{\"@id\":\"https:\\\/\\\/nuestrosescritores.com\\\/anamariatomas\\\/#organization\"},\"alternateName\":\"Ana Mar\u00eda Tom\u00e1s. Escritora.\",\"potentialAction\":[{\"@type\":\"SearchAction\",\"target\":{\"@type\":\"EntryPoint\",\"urlTemplate\":\"https:\\\/\\\/nuestrosescritores.com\\\/anamariatomas\\\/?s={search_term_string}\"},\"query-input\":{\"@type\":\"PropertyValueSpecification\",\"valueRequired\":true,\"valueName\":\"search_term_string\"}}],\"inLanguage\":\"es\"},{\"@type\":\"Organization\",\"@id\":\"https:\\\/\\\/nuestrosescritores.com\\\/anamariatomas\\\/#organization\",\"name\":\"Ana Mar\u00eda Tom\u00e1s en Nuestros escritores\",\"alternateName\":\"Ana Mar\u00eda Tom\u00e1s. Escritora\",\"url\":\"https:\\\/\\\/nuestrosescritores.com\\\/anamariatomas\\\/\",\"logo\":{\"@type\":\"ImageObject\",\"inLanguage\":\"es\",\"@id\":\"https:\\\/\\\/nuestrosescritores.com\\\/anamariatomas\\\/#\\\/schema\\\/logo\\\/image\\\/\",\"url\":\"https:\\\/\\\/nuestrosescritores.com\\\/anamariatomas\\\/wp-content\\\/uploads\\\/sites\\\/184\\\/2024\\\/11\\\/cropped-AnaMariaTomasAVATAR-Mediano.png\",\"contentUrl\":\"https:\\\/\\\/nuestrosescritores.com\\\/anamariatomas\\\/wp-content\\\/uploads\\\/sites\\\/184\\\/2024\\\/11\\\/cropped-AnaMariaTomasAVATAR-Mediano.png\",\"width\":512,\"height\":512,\"caption\":\"Ana Mar\u00eda Tom\u00e1s en Nuestros escritores\"},\"image\":{\"@id\":\"https:\\\/\\\/nuestrosescritores.com\\\/anamariatomas\\\/#\\\/schema\\\/logo\\\/image\\\/\"},\"sameAs\":[\"https:\\\/\\\/www.facebook.com\\\/anamaria.tomas.96343\"]}]}<\/script>\n<!-- \/ Yoast SEO Premium plugin. -->","yoast_head_json":{"title":"NOTICIAS - Ana Mar\u00eda Tom\u00e1s","description":"Noticias del libro LOS HILOS DEL MIEDO de la Editorial Ediciones Rilke. Escritora Ana Mar\u00eda Tom\u00e1s.","robots":{"index":"index","follow":"follow","max-snippet":"max-snippet:-1","max-image-preview":"max-image-preview:large","max-video-preview":"max-video-preview:-1"},"canonical":"https:\/\/nuestrosescritores.com\/anamariatomas\/noticias\/","og_locale":"es_ES","og_type":"article","og_title":"NOTICIAS","og_description":"Noticias del libro LOS HILOS DEL MIEDO de la Editorial Ediciones Rilke. Escritora Ana Mar\u00eda Tom\u00e1s.","og_url":"https:\/\/nuestrosescritores.com\/anamariatomas\/noticias\/","og_site_name":"Ana Mar\u00eda Tom\u00e1s","article_publisher":"https:\/\/www.facebook.com\/anamaria.tomas.96343","article_modified_time":"2025-06-02T18:49:28+00:00","og_image":[{"width":512,"height":512,"url":"https:\/\/nuestrosescritores.com\/anamariatomas\/wp-content\/uploads\/sites\/184\/2024\/11\/cropped-AnaMariaTomasAVATAR-Mediano.png","type":"image\/png"}],"twitter_card":"summary_large_image","twitter_misc":{"Tiempo de lectura":"1 minuto"},"schema":{"@context":"https:\/\/schema.org","@graph":[{"@type":"WebPage","@id":"https:\/\/nuestrosescritores.com\/anamariatomas\/noticias\/","url":"https:\/\/nuestrosescritores.com\/anamariatomas\/noticias\/","name":"NOTICIAS - Ana Mar\u00eda Tom\u00e1s","isPartOf":{"@id":"https:\/\/nuestrosescritores.com\/anamariatomas\/#website"},"datePublished":"2024-11-04T10:17:49+00:00","dateModified":"2025-06-02T18:49:28+00:00","description":"Noticias del libro LOS HILOS DEL MIEDO de la Editorial Ediciones Rilke. Escritora Ana Mar\u00eda Tom\u00e1s.","breadcrumb":{"@id":"https:\/\/nuestrosescritores.com\/anamariatomas\/noticias\/#breadcrumb"},"inLanguage":"es","potentialAction":[{"@type":"ReadAction","target":["https:\/\/nuestrosescritores.com\/anamariatomas\/noticias\/"]}]},{"@type":"BreadcrumbList","@id":"https:\/\/nuestrosescritores.com\/anamariatomas\/noticias\/#breadcrumb","itemListElement":[{"@type":"ListItem","position":1,"name":"Portada","item":"https:\/\/nuestrosescritores.com\/anamariatomas\/"},{"@type":"ListItem","position":2,"name":"NOTICIAS"}]},{"@type":"WebSite","@id":"https:\/\/nuestrosescritores.com\/anamariatomas\/#website","url":"https:\/\/nuestrosescritores.com\/anamariatomas\/","name":"Ana Mar\u00eda Tom\u00e1s en Nuestros escritores","description":"Escritora","publisher":{"@id":"https:\/\/nuestrosescritores.com\/anamariatomas\/#organization"},"alternateName":"Ana Mar\u00eda Tom\u00e1s. Escritora.","potentialAction":[{"@type":"SearchAction","target":{"@type":"EntryPoint","urlTemplate":"https:\/\/nuestrosescritores.com\/anamariatomas\/?s={search_term_string}"},"query-input":{"@type":"PropertyValueSpecification","valueRequired":true,"valueName":"search_term_string"}}],"inLanguage":"es"},{"@type":"Organization","@id":"https:\/\/nuestrosescritores.com\/anamariatomas\/#organization","name":"Ana Mar\u00eda Tom\u00e1s en Nuestros escritores","alternateName":"Ana Mar\u00eda Tom\u00e1s. Escritora","url":"https:\/\/nuestrosescritores.com\/anamariatomas\/","logo":{"@type":"ImageObject","inLanguage":"es","@id":"https:\/\/nuestrosescritores.com\/anamariatomas\/#\/schema\/logo\/image\/","url":"https:\/\/nuestrosescritores.com\/anamariatomas\/wp-content\/uploads\/sites\/184\/2024\/11\/cropped-AnaMariaTomasAVATAR-Mediano.png","contentUrl":"https:\/\/nuestrosescritores.com\/anamariatomas\/wp-content\/uploads\/sites\/184\/2024\/11\/cropped-AnaMariaTomasAVATAR-Mediano.png","width":512,"height":512,"caption":"Ana Mar\u00eda Tom\u00e1s en Nuestros escritores"},"image":{"@id":"https:\/\/nuestrosescritores.com\/anamariatomas\/#\/schema\/logo\/image\/"},"sameAs":["https:\/\/www.facebook.com\/anamaria.tomas.96343"]}]}},"_links":{"self":[{"href":"https:\/\/nuestrosescritores.com\/anamariatomas\/wp-json\/wp\/v2\/pages\/153","targetHints":{"allow":["GET"]}}],"collection":[{"href":"https:\/\/nuestrosescritores.com\/anamariatomas\/wp-json\/wp\/v2\/pages"}],"about":[{"href":"https:\/\/nuestrosescritores.com\/anamariatomas\/wp-json\/wp\/v2\/types\/page"}],"author":[{"embeddable":true,"href":"https:\/\/nuestrosescritores.com\/anamariatomas\/wp-json\/wp\/v2\/users\/1"}],"replies":[{"embeddable":true,"href":"https:\/\/nuestrosescritores.com\/anamariatomas\/wp-json\/wp\/v2\/comments?post=153"}],"version-history":[{"count":0,"href":"https:\/\/nuestrosescritores.com\/anamariatomas\/wp-json\/wp\/v2\/pages\/153\/revisions"}],"wp:attachment":[{"href":"https:\/\/nuestrosescritores.com\/anamariatomas\/wp-json\/wp\/v2\/media?parent=153"}],"curies":[{"name":"wp","href":"https:\/\/api.w.org\/{rel}","templated":true}]}}