{"id":88,"date":"2024-05-31T12:20:57","date_gmt":"2024-05-31T10:20:57","guid":{"rendered":"https:\/\/nuestrosescritores.com\/albertomartinmendez\/?page_id=88"},"modified":"2024-05-31T12:34:22","modified_gmt":"2024-05-31T10:34:22","slug":"poesia","status":"publish","type":"page","link":"https:\/\/nuestrosescritores.com\/albertomartinmendez\/poesia\/","title":{"rendered":"POES\u00cdA"},"content":{"rendered":"\t\t<div data-elementor-type=\"wp-page\" data-elementor-id=\"88\" class=\"elementor elementor-88\">\n\t\t\t\t\t\t<section class=\"elementor-section elementor-top-section elementor-element elementor-element-62939bbb elementor-section-full_width elementor-section-height-full elementor-section-content-middle back elementor-section-height-default elementor-section-items-middle\" data-id=\"62939bbb\" data-element_type=\"section\" data-e-type=\"section\">\n\t\t\t\t\t\t\t<div class=\"elementor-background-overlay\"><\/div>\n\t\t\t\t\t\t\t<div class=\"elementor-container elementor-column-gap-no\">\n\t\t\t\t\t<div class=\"aux-parallax-section elementor-column elementor-col-100 elementor-top-column elementor-element elementor-element-4318fd40\" data-id=\"4318fd40\" data-element_type=\"column\" data-e-type=\"column\">\n\t\t\t<div class=\"elementor-widget-wrap\">\n\t\t\t\t\t\t\t<\/div>\n\t\t<\/div>\n\t\t\t\t\t<\/div>\n\t\t<\/section>\n\t\t\t\t<section class=\"elementor-section elementor-top-section elementor-element elementor-element-31771ca6 elementor-section-boxed elementor-section-height-default elementor-section-height-default\" data-id=\"31771ca6\" data-element_type=\"section\" data-e-type=\"section\">\n\t\t\t\t\t\t<div class=\"elementor-container elementor-column-gap-default\">\n\t\t\t\t\t<div class=\"aux-parallax-section elementor-column elementor-col-100 elementor-top-column elementor-element elementor-element-7a64382\" data-id=\"7a64382\" data-element_type=\"column\" data-e-type=\"column\">\n\t\t\t<div class=\"elementor-widget-wrap elementor-element-populated\">\n\t\t\t\t\t\t<div class=\"elementor-element elementor-element-5a518040 elementor-widget elementor-widget-text-editor\" data-id=\"5a518040\" data-element_type=\"widget\" data-e-type=\"widget\" data-widget_type=\"text-editor.default\">\n\t\t\t\t<div class=\"elementor-widget-container\">\n\t\t\t\t\t\t\t\t\t<h1><a name=\"_Toc166523433\"><\/a>00<\/h1><p>preparaos humanos<\/p><p>velad vuestras armas con dedicaci\u00f3n plena<\/p><p>invocad a las musas que custodian vuestros cofres<\/p><p>para que no desatiendan vuestras s\u00faplicas<\/p><p>preparaos ojos<\/p><p>que el cristalino act\u00fae como un caleidoscopio<\/p><p>donde se asilen con demencia todos los paisajes<\/p><p>prep\u00e1rate ternura<\/p><p>extiende la inocencia<\/p><p>y todo el equipaje necesario<\/p><p>luce tu veste m\u00e1s dulce de violines<\/p><p>porque vamos a hablar de la muerte<\/p><p><span class='bctt-click-to-tweet'><span class='bctt-ctt-text'><a href='https:\/\/x.com\/intent\/tweet?url=https%3A%2F%2Fnuestrosescritores.com%2Falbertomartinmendez%2Fpoesia%2F&#038;text=00%20del%20libro%20EL%20ARCO%20IRIS%20DE%20M%C3%81S%20DE%20OCHO%20COLORES%20de%20ALBERTO%20MART%C3%8DN%20M%C3%89NDEZ.&#038;related' target='_blank'rel=\"noopener noreferrer\">00 del libro EL ARCO IRIS DE M\u00c1S DE OCHO COLORES de ALBERTO MART\u00cdN M\u00c9NDEZ. <\/a><\/span><a href='https:\/\/x.com\/intent\/tweet?url=https%3A%2F%2Fnuestrosescritores.com%2Falbertomartinmendez%2Fpoesia%2F&#038;text=00%20del%20libro%20EL%20ARCO%20IRIS%20DE%20M%C3%81S%20DE%20OCHO%20COLORES%20de%20ALBERTO%20MART%C3%8DN%20M%C3%89NDEZ.&#038;related' target='_blank' class='bctt-ctt-btn'rel=\"noopener noreferrer\">Compartir en X<\/a><\/span><\/p>\t\t\t\t\t\t\t\t<\/div>\n\t\t\t\t<\/div>\n\t\t\t\t\t<\/div>\n\t\t<\/div>\n\t\t\t\t\t<\/div>\n\t\t<\/section>\n\t\t\t\t<section class=\"elementor-section elementor-top-section elementor-element elementor-element-5616dcb7 elementor-section-height-full elementor-section-content-middle back elementor-section-boxed elementor-section-height-default elementor-section-items-middle\" data-id=\"5616dcb7\" data-element_type=\"section\" data-e-type=\"section\">\n\t\t\t\t\t\t\t<div class=\"elementor-background-overlay\"><\/div>\n\t\t\t\t\t\t\t<div class=\"elementor-container elementor-column-gap-no\">\n\t\t\t\t\t<div class=\"aux-parallax-section elementor-column elementor-col-100 elementor-top-column elementor-element elementor-element-61a2877b\" data-id=\"61a2877b\" data-element_type=\"column\" data-e-type=\"column\">\n\t\t\t<div class=\"elementor-widget-wrap\">\n\t\t\t\t\t\t\t<\/div>\n\t\t<\/div>\n\t\t\t\t\t<\/div>\n\t\t<\/section>\n\t\t\t\t<section class=\"elementor-section elementor-top-section elementor-element elementor-element-204cb66e elementor-section-full_width elementor-section-height-full elementor-section-height-default elementor-section-items-middle\" data-id=\"204cb66e\" data-element_type=\"section\" data-e-type=\"section\">\n\t\t\t\t\t\t<div class=\"elementor-container elementor-column-gap-default\">\n\t\t\t\t\t<div class=\"aux-parallax-section elementor-column elementor-col-100 elementor-top-column elementor-element elementor-element-76a12201\" data-id=\"76a12201\" data-element_type=\"column\" data-e-type=\"column\">\n\t\t\t<div class=\"elementor-widget-wrap elementor-element-populated\">\n\t\t\t\t\t\t<div class=\"elementor-element elementor-element-79a388c7 elementor-widget elementor-widget-text-editor\" data-id=\"79a388c7\" data-element_type=\"widget\" data-e-type=\"widget\" data-widget_type=\"text-editor.default\">\n\t\t\t\t<div class=\"elementor-widget-container\">\n\t\t\t\t\t\t\t\t\t<h1><a name=\"_Toc132999983\"><\/a><\/h1><h1><a name=\"_Toc166523436\"><\/a>02<\/h1><p>un lugar en la ma\u00f1ana vieja<\/p><p>desde el que proyect\u00e1bamos deseos e incertezas<\/p><p>el recorrido h\u00famedo, carnal, inmaculado<\/p><p>flotando entre la brisa vigilante<\/p><p>existir era entonces un verbo transitivo<\/p><p>y los cirros ba\u00f1aban de p\u00farpura los ojos<\/p><p>lo absoluto era limpio<\/p><p>lo eterno era instant\u00e1neo<\/p><p>el universo cab\u00eda en un susurro<\/p><p>lo infinito era verde<\/p><p>y las alas se llevaban lejos la amargura<\/p><p><span class='bctt-click-to-tweet'><span class='bctt-ctt-text'><a href='https:\/\/x.com\/intent\/tweet?url=https%3A%2F%2Fnuestrosescritores.com%2Falbertomartinmendez%2Fpoesia%2F&#038;text=02%20del%20libro%20EL%20ARCO%20IRIS%20DE%20M%C3%81S%20DE%20OCHO%20COLORES%20de%20ALBERTO%20MART%C3%8DN%20M%C3%89NDEZ.&#038;related' target='_blank'rel=\"noopener noreferrer\">02 del libro EL ARCO IRIS DE M\u00c1S DE OCHO COLORES de ALBERTO MART\u00cdN M\u00c9NDEZ. <\/a><\/span><a href='https:\/\/x.com\/intent\/tweet?url=https%3A%2F%2Fnuestrosescritores.com%2Falbertomartinmendez%2Fpoesia%2F&#038;text=02%20del%20libro%20EL%20ARCO%20IRIS%20DE%20M%C3%81S%20DE%20OCHO%20COLORES%20de%20ALBERTO%20MART%C3%8DN%20M%C3%89NDEZ.&#038;related' target='_blank' class='bctt-ctt-btn'rel=\"noopener noreferrer\">Compartir en X<\/a><\/span><\/p>\t\t\t\t\t\t\t\t<\/div>\n\t\t\t\t<\/div>\n\t\t\t\t\t<\/div>\n\t\t<\/div>\n\t\t\t\t\t<\/div>\n\t\t<\/section>\n\t\t\t\t<section class=\"elementor-section elementor-top-section elementor-element elementor-element-47e34927 elementor-section-full_width elementor-section-height-full elementor-section-content-middle back elementor-section-height-default elementor-section-items-middle\" data-id=\"47e34927\" data-element_type=\"section\" data-e-type=\"section\">\n\t\t\t\t\t\t\t<div class=\"elementor-background-overlay\"><\/div>\n\t\t\t\t\t\t\t<div class=\"elementor-container elementor-column-gap-no\">\n\t\t\t\t\t<div class=\"aux-parallax-section elementor-column elementor-col-100 elementor-top-column elementor-element elementor-element-3aeadc8a\" data-id=\"3aeadc8a\" data-element_type=\"column\" data-e-type=\"column\">\n\t\t\t<div class=\"elementor-widget-wrap\">\n\t\t\t\t\t\t\t<\/div>\n\t\t<\/div>\n\t\t\t\t\t<\/div>\n\t\t<\/section>\n\t\t\t\t<section class=\"elementor-section elementor-top-section elementor-element elementor-element-44c226bf elementor-section-boxed elementor-section-height-default elementor-section-height-default\" data-id=\"44c226bf\" data-element_type=\"section\" data-e-type=\"section\">\n\t\t\t\t\t\t<div class=\"elementor-container elementor-column-gap-default\">\n\t\t\t\t\t<div class=\"aux-parallax-section elementor-column elementor-col-100 elementor-top-column elementor-element elementor-element-5998e960\" data-id=\"5998e960\" data-element_type=\"column\" data-e-type=\"column\">\n\t\t\t<div class=\"elementor-widget-wrap elementor-element-populated\">\n\t\t\t\t\t\t<div class=\"elementor-element elementor-element-b51cad4 elementor-widget elementor-widget-text-editor\" data-id=\"b51cad4\" data-element_type=\"widget\" data-e-type=\"widget\" data-widget_type=\"text-editor.default\">\n\t\t\t\t<div class=\"elementor-widget-container\">\n\t\t\t\t\t\t\t\t\t<h1><a name=\"_Toc132999983\"><\/a><\/h1><h1><a name=\"_Toc132999987\"><\/a><\/h1><h1><a name=\"_Toc133000005\"><\/a><\/h1><h1><a name=\"_Toc166523441\"><\/a>07<\/h1><p>vest\u00eda el labrador largas polainas<\/p><p>sentado en un fragmento de muralla<\/p><p>ataba en semic\u00edrculo con hilos invisibles<\/p><p>a una escuadra de alientos infantiles<\/p><p>contaba historias de una guerra reciente<\/p><p>con sonidos de disparos y de huidas<\/p><p>enfatizando las palabras m\u00e1s tenues<\/p><p>vert\u00eda cuentos que parec\u00edan salir<\/p><p>de detr\u00e1s del bolsillo de su vieja camisa<\/p><p>embelesando las peque\u00f1as bocas entreabiertas<\/p><p>con el humo del cigarrillo deten\u00eda el instante<\/p><p>que hipnotizaba los abiertos ojos circulares<\/p><p>narraba con la voz y con las manos<\/p><p>y nos \u00edbamos de all\u00ed pidiendo siempre un bis<\/p><p>nunca hubo aplausos<\/p><p><span class='bctt-click-to-tweet'><span class='bctt-ctt-text'><a href='https:\/\/x.com\/intent\/tweet?url=https%3A%2F%2Fnuestrosescritores.com%2Falbertomartinmendez%2Fpoesia%2F&#038;text=07%20del%20libro%20EL%20ARCO%20IRIS%20DE%20M%C3%81S%20DE%20OCHO%20COLORES%20de%20ALBERTO%20MART%C3%8DN%20M%C3%89NDEZ.&#038;related' target='_blank'rel=\"noopener noreferrer\">07 del libro EL ARCO IRIS DE M\u00c1S DE OCHO COLORES de ALBERTO MART\u00cdN M\u00c9NDEZ. <\/a><\/span><a href='https:\/\/x.com\/intent\/tweet?url=https%3A%2F%2Fnuestrosescritores.com%2Falbertomartinmendez%2Fpoesia%2F&#038;text=07%20del%20libro%20EL%20ARCO%20IRIS%20DE%20M%C3%81S%20DE%20OCHO%20COLORES%20de%20ALBERTO%20MART%C3%8DN%20M%C3%89NDEZ.&#038;related' target='_blank' class='bctt-ctt-btn'rel=\"noopener noreferrer\">Compartir en X<\/a><\/span><\/p>\t\t\t\t\t\t\t\t<\/div>\n\t\t\t\t<\/div>\n\t\t\t\t\t<\/div>\n\t\t<\/div>\n\t\t\t\t\t<\/div>\n\t\t<\/section>\n\t\t\t\t<section class=\"elementor-section elementor-top-section elementor-element elementor-element-7273c0dd elementor-section-full_width elementor-section-height-full elementor-section-content-middle back elementor-section-height-default elementor-section-items-middle\" data-id=\"7273c0dd\" data-element_type=\"section\" data-e-type=\"section\">\n\t\t\t\t\t\t\t<div class=\"elementor-background-overlay\"><\/div>\n\t\t\t\t\t\t\t<div class=\"elementor-container elementor-column-gap-no\">\n\t\t\t\t\t<div class=\"aux-parallax-section elementor-column elementor-col-100 elementor-top-column elementor-element elementor-element-4047261a\" data-id=\"4047261a\" data-element_type=\"column\" data-e-type=\"column\">\n\t\t\t<div class=\"elementor-widget-wrap\">\n\t\t\t\t\t\t\t<\/div>\n\t\t<\/div>\n\t\t\t\t\t<\/div>\n\t\t<\/section>\n\t\t\t\t<section class=\"elementor-section elementor-top-section elementor-element elementor-element-2a841059 elementor-section-boxed elementor-section-height-default elementor-section-height-default\" data-id=\"2a841059\" data-element_type=\"section\" data-e-type=\"section\">\n\t\t\t\t\t\t<div class=\"elementor-container elementor-column-gap-default\">\n\t\t\t\t\t<div class=\"aux-parallax-section elementor-column elementor-col-100 elementor-top-column elementor-element elementor-element-7dde3390\" data-id=\"7dde3390\" data-element_type=\"column\" data-e-type=\"column\">\n\t\t\t<div class=\"elementor-widget-wrap elementor-element-populated\">\n\t\t\t\t\t\t<div class=\"elementor-element elementor-element-1d9a74b1 elementor-widget elementor-widget-text-editor\" data-id=\"1d9a74b1\" data-element_type=\"widget\" data-e-type=\"widget\" data-widget_type=\"text-editor.default\">\n\t\t\t\t<div class=\"elementor-widget-container\">\n\t\t\t\t\t\t\t\t\t<h1><a name=\"_Toc133000005\"><\/a><\/h1><h1><a name=\"_Toc133000014\"><\/a><\/h1><h1><a name=\"_Toc166523452\"><\/a>17<\/h1><p>no volver a escribirte ni a disecar tu brisa silenciosa<\/p><p>ni a residir de nuevo en tu soplo de armon\u00eda<\/p><p>ni a ojear otra vez tu cat\u00e1logo de p\u00e9talos<\/p><p>no poder evanescerte ni entreverte<\/p><p>ni esbozarte como un boceto difuminado a carboncillo<\/p><p>no tener ya la oportunidad de reparar di\u00e1logos imp\u00edos<\/p><p>conversaciones que nacieron quebradas<\/p><p>ni de borrar las tildes que se hincaban en los nervios desnudos<\/p><p>no reposar de nuevo en tu viaje de paloma mensajera<\/p><p>no re\u00edr con el vapor de tu palabra<\/p><p>no habr\u00e1 recetas ni asperezas ni rutinas<\/p><p>ni<\/p><p>trasgos que remachen el paso del tiempo<\/p><p>se apagar\u00e1<\/p><p>el candelabro que a\u00fan est\u00e1 encendido<\/p><p>contemplar\u00e9, o no contemplar\u00e9,<\/p><p>lo que hay dentro de ti<\/p><p>quiz\u00e1 palancas quiz\u00e1 plebiscitos<\/p><p>quiz\u00e1 met\u00e1foras, sencilleces o refranes<\/p><p><span class='bctt-click-to-tweet'><span class='bctt-ctt-text'><a href='https:\/\/x.com\/intent\/tweet?url=https%3A%2F%2Fnuestrosescritores.com%2Falbertomartinmendez%2Fpoesia%2F&#038;text=17%20del%20libro%20EL%20ARCO%20IRIS%20DE%20M%C3%81S%20DE%20OCHO%20COLORES%20de%20ALBERTO%20MART%C3%8DN%20M%C3%89NDEZ.&#038;related' target='_blank'rel=\"noopener noreferrer\">17 del libro EL ARCO IRIS DE M\u00c1S DE OCHO COLORES de ALBERTO MART\u00cdN M\u00c9NDEZ. <\/a><\/span><a href='https:\/\/x.com\/intent\/tweet?url=https%3A%2F%2Fnuestrosescritores.com%2Falbertomartinmendez%2Fpoesia%2F&#038;text=17%20del%20libro%20EL%20ARCO%20IRIS%20DE%20M%C3%81S%20DE%20OCHO%20COLORES%20de%20ALBERTO%20MART%C3%8DN%20M%C3%89NDEZ.&#038;related' target='_blank' class='bctt-ctt-btn'rel=\"noopener noreferrer\">Compartir en X<\/a><\/span><\/p>\t\t\t\t\t\t\t\t<\/div>\n\t\t\t\t<\/div>\n\t\t\t\t\t<\/div>\n\t\t<\/div>\n\t\t\t\t\t<\/div>\n\t\t<\/section>\n\t\t\t\t<section class=\"elementor-section elementor-top-section elementor-element elementor-element-3b749bd3 elementor-section-full_width elementor-section-height-full elementor-section-content-middle back elementor-section-height-default elementor-section-items-middle\" data-id=\"3b749bd3\" data-element_type=\"section\" data-e-type=\"section\">\n\t\t\t\t\t\t\t<div class=\"elementor-background-overlay\"><\/div>\n\t\t\t\t\t\t\t<div class=\"elementor-container elementor-column-gap-no\">\n\t\t\t\t\t<div class=\"aux-parallax-section elementor-column elementor-col-100 elementor-top-column elementor-element elementor-element-45e26c71\" data-id=\"45e26c71\" data-element_type=\"column\" data-e-type=\"column\">\n\t\t\t<div class=\"elementor-widget-wrap\">\n\t\t\t\t\t\t\t<\/div>\n\t\t<\/div>\n\t\t\t\t\t<\/div>\n\t\t<\/section>\n\t\t\t\t<section class=\"elementor-section elementor-top-section elementor-element elementor-element-5a4f2c7 elementor-section-boxed elementor-section-height-default elementor-section-height-default\" data-id=\"5a4f2c7\" data-element_type=\"section\" data-e-type=\"section\">\n\t\t\t\t\t\t<div class=\"elementor-container elementor-column-gap-default\">\n\t\t\t\t\t<div class=\"aux-parallax-section elementor-column elementor-col-100 elementor-top-column elementor-element elementor-element-418105cc\" data-id=\"418105cc\" data-element_type=\"column\" data-e-type=\"column\">\n\t\t\t<div class=\"elementor-widget-wrap elementor-element-populated\">\n\t\t\t\t\t\t<div class=\"elementor-element elementor-element-50fcbbc9 elementor-widget elementor-widget-text-editor\" data-id=\"50fcbbc9\" data-element_type=\"widget\" data-e-type=\"widget\" data-widget_type=\"text-editor.default\">\n\t\t\t\t<div class=\"elementor-widget-container\">\n\t\t\t\t\t\t\t\t\t<h1><a name=\"_Toc133000005\"><\/a><\/h1><h1><a name=\"_Toc133000031\"><\/a><\/h1><h1><a name=\"_Toc166523467\"><\/a>31<\/h1><p>\u00a0<\/p><p>extra\u00f1ar\u00e9 la hojarasca<\/p><p>el espacio profundo entre cada par de estrellas<\/p><p>y los adverbios de lugar<\/p><p>me disfrazar\u00e9 con rincones insondables<\/p><p>volver\u00e9 la cabeza para no hallar nombre alguno<\/p><p>el \u00faltimo juguete se habr\u00e1 roto<\/p><p>y hallaremos al fin<\/p><p>un silencio sin ruido<\/p><p><span class='bctt-click-to-tweet'><span class='bctt-ctt-text'><a href='https:\/\/x.com\/intent\/tweet?url=https%3A%2F%2Fnuestrosescritores.com%2Falbertomartinmendez%2Fpoesia%2F&#038;text=31%20del%20libro%20EL%20ARCO%20IRIS%20DE%20M%C3%81S%20DE%20OCHO%20COLORES%20de%20ALBERTO%20MART%C3%8DN%20M%C3%89NDEZ.&#038;related' target='_blank'rel=\"noopener noreferrer\">31 del libro EL ARCO IRIS DE M\u00c1S DE OCHO COLORES de ALBERTO MART\u00cdN M\u00c9NDEZ. <\/a><\/span><a href='https:\/\/x.com\/intent\/tweet?url=https%3A%2F%2Fnuestrosescritores.com%2Falbertomartinmendez%2Fpoesia%2F&#038;text=31%20del%20libro%20EL%20ARCO%20IRIS%20DE%20M%C3%81S%20DE%20OCHO%20COLORES%20de%20ALBERTO%20MART%C3%8DN%20M%C3%89NDEZ.&#038;related' target='_blank' class='bctt-ctt-btn'rel=\"noopener noreferrer\">Compartir en X<\/a><\/span><\/p>\t\t\t\t\t\t\t\t<\/div>\n\t\t\t\t<\/div>\n\t\t\t\t\t<\/div>\n\t\t<\/div>\n\t\t\t\t\t<\/div>\n\t\t<\/section>\n\t\t\t\t<section class=\"elementor-section elementor-top-section elementor-element elementor-element-72e7a4cd elementor-section-full_width elementor-section-height-full elementor-section-content-middle back elementor-section-height-default elementor-section-items-middle\" data-id=\"72e7a4cd\" data-element_type=\"section\" data-e-type=\"section\">\n\t\t\t\t\t\t\t<div class=\"elementor-background-overlay\"><\/div>\n\t\t\t\t\t\t\t<div class=\"elementor-container elementor-column-gap-no\">\n\t\t\t\t\t<div class=\"aux-parallax-section elementor-column elementor-col-100 elementor-top-column elementor-element elementor-element-27bc8025\" data-id=\"27bc8025\" data-element_type=\"column\" data-e-type=\"column\">\n\t\t\t<div class=\"elementor-widget-wrap elementor-element-populated\">\n\t\t\t\t\t\t<div class=\"elementor-element elementor-element-26c6ef3e elementor-button-success elementor-align-center elementor-widget elementor-widget-button\" data-id=\"26c6ef3e\" data-element_type=\"widget\" data-e-type=\"widget\" data-widget_type=\"button.default\">\n\t\t\t\t<div class=\"elementor-widget-container\">\n\t\t\t\t\t\t\t\t\t<div class=\"elementor-button-wrapper\">\n\t\t\t\t\t<a class=\"elementor-button elementor-button-link elementor-size-xl\" href=\"https:\/\/librodepoesia.com\/libro\/el-arco-iris-de-mas-de-ocho-colores-alberto-martin-mendez\/\">\n\t\t\t\t\t\t<span class=\"elementor-button-content-wrapper\">\n\t\t\t\t\t\t\t\t\t<span class=\"elementor-button-text\">COMPRAR EL LIBRO<\/span>\n\t\t\t\t\t<\/span>\n\t\t\t\t\t<\/a>\n\t\t\t\t<\/div>\n\t\t\t\t\t\t\t\t<\/div>\n\t\t\t\t<\/div>\n\t\t\t\t\t<\/div>\n\t\t<\/div>\n\t\t\t\t\t<\/div>\n\t\t<\/section>\n\t\t\t\t<\/div>\n\t\t","protected":false},"excerpt":{"rendered":"<p>00 preparaos humanos velad vuestras armas con dedicaci\u00f3n plena invocad a las musas que custodian vuestros cofres para que no desatiendan vuestras s\u00faplicas preparaos ojos que el cristalino act\u00fae como un caleidoscopio donde se asilen con demencia todos los paisajes prep\u00e1rate ternura extiende la inocencia y todo el equipaje necesario luce tu veste m\u00e1s dulce [&hellip;]<\/p>\n","protected":false},"author":1,"featured_media":0,"parent":0,"menu_order":0,"comment_status":"closed","ping_status":"closed","template":"","meta":{"_acf_changed":false,"footnotes":""},"class_list":["post-88","page","type-page","status-publish","hentry"],"acf":[],"yoast_head":"<!-- This site is optimized with the Yoast SEO Premium plugin v24.7 (Yoast SEO v27.4) - https:\/\/yoast.com\/product\/yoast-seo-premium-wordpress\/ -->\n<title>POES\u00cdA - Alberto Mart\u00edn M\u00e9ndez<\/title>\n<meta name=\"description\" content=\"Poes\u00eda del libro EL ARCO IRIS DE M\u00c1S DE OCHO COLORES de ALBERTO MART\u00cdN M\u00c9NDEZ, el escritor nos da una muestra tras publicar un libro de poes\u00eda con Ediciones Rilke.\" \/>\n<meta name=\"robots\" content=\"index, follow, max-snippet:-1, max-image-preview:large, max-video-preview:-1\" \/>\n<link rel=\"canonical\" href=\"https:\/\/nuestrosescritores.com\/albertomartinmendez\/poesia\/\" \/>\n<meta property=\"og:locale\" content=\"es_ES\" \/>\n<meta property=\"og:type\" content=\"article\" \/>\n<meta property=\"og:title\" content=\"POES\u00cdA\" \/>\n<meta property=\"og:description\" content=\"Poes\u00eda del libro EL ARCO IRIS DE M\u00c1S DE OCHO COLORES de ALBERTO MART\u00cdN M\u00c9NDEZ, el escritor nos da una muestra tras publicar un libro de poes\u00eda con Ediciones Rilke.\" \/>\n<meta property=\"og:url\" content=\"https:\/\/nuestrosescritores.com\/albertomartinmendez\/poesia\/\" \/>\n<meta property=\"og:site_name\" content=\"Alberto Mart\u00edn M\u00e9ndez\" \/>\n<meta property=\"article:modified_time\" content=\"2024-05-31T10:34:22+00:00\" \/>\n<meta name=\"twitter:card\" content=\"summary_large_image\" \/>\n<meta name=\"twitter:label1\" content=\"Tiempo de lectura\" \/>\n\t<meta name=\"twitter:data1\" content=\"3 minutos\" \/>\n<script type=\"application\/ld+json\" class=\"yoast-schema-graph\">{\"@context\":\"https:\\\/\\\/schema.org\",\"@graph\":[{\"@type\":\"WebPage\",\"@id\":\"https:\\\/\\\/nuestrosescritores.com\\\/albertomartinmendez\\\/poesia\\\/\",\"url\":\"https:\\\/\\\/nuestrosescritores.com\\\/albertomartinmendez\\\/poesia\\\/\",\"name\":\"POES\u00cdA - Alberto Mart\u00edn M\u00e9ndez\",\"isPartOf\":{\"@id\":\"https:\\\/\\\/nuestrosescritores.com\\\/albertomartinmendez\\\/#website\"},\"datePublished\":\"2024-05-31T10:20:57+00:00\",\"dateModified\":\"2024-05-31T10:34:22+00:00\",\"description\":\"Poes\u00eda del libro EL ARCO IRIS DE M\u00c1S DE OCHO COLORES de ALBERTO MART\u00cdN M\u00c9NDEZ, el escritor nos da una muestra tras publicar un libro de poes\u00eda con Ediciones Rilke.\",\"breadcrumb\":{\"@id\":\"https:\\\/\\\/nuestrosescritores.com\\\/albertomartinmendez\\\/poesia\\\/#breadcrumb\"},\"inLanguage\":\"es\",\"potentialAction\":[{\"@type\":\"ReadAction\",\"target\":[\"https:\\\/\\\/nuestrosescritores.com\\\/albertomartinmendez\\\/poesia\\\/\"]}]},{\"@type\":\"BreadcrumbList\",\"@id\":\"https:\\\/\\\/nuestrosescritores.com\\\/albertomartinmendez\\\/poesia\\\/#breadcrumb\",\"itemListElement\":[{\"@type\":\"ListItem\",\"position\":1,\"name\":\"Portada\",\"item\":\"https:\\\/\\\/nuestrosescritores.com\\\/albertomartinmendez\\\/\"},{\"@type\":\"ListItem\",\"position\":2,\"name\":\"POES\u00cdA\"}]},{\"@type\":\"WebSite\",\"@id\":\"https:\\\/\\\/nuestrosescritores.com\\\/albertomartinmendez\\\/#website\",\"url\":\"https:\\\/\\\/nuestrosescritores.com\\\/albertomartinmendez\\\/\",\"name\":\"Nuestros escritores\",\"description\":\"Escritor\",\"potentialAction\":[{\"@type\":\"SearchAction\",\"target\":{\"@type\":\"EntryPoint\",\"urlTemplate\":\"https:\\\/\\\/nuestrosescritores.com\\\/albertomartinmendez\\\/?s={search_term_string}\"},\"query-input\":{\"@type\":\"PropertyValueSpecification\",\"valueRequired\":true,\"valueName\":\"search_term_string\"}}],\"inLanguage\":\"es\"}]}<\/script>\n<!-- \/ Yoast SEO Premium plugin. -->","yoast_head_json":{"title":"POES\u00cdA - Alberto Mart\u00edn M\u00e9ndez","description":"Poes\u00eda del libro EL ARCO IRIS DE M\u00c1S DE OCHO COLORES de ALBERTO MART\u00cdN M\u00c9NDEZ, el escritor nos da una muestra tras publicar un libro de poes\u00eda con Ediciones Rilke.","robots":{"index":"index","follow":"follow","max-snippet":"max-snippet:-1","max-image-preview":"max-image-preview:large","max-video-preview":"max-video-preview:-1"},"canonical":"https:\/\/nuestrosescritores.com\/albertomartinmendez\/poesia\/","og_locale":"es_ES","og_type":"article","og_title":"POES\u00cdA","og_description":"Poes\u00eda del libro EL ARCO IRIS DE M\u00c1S DE OCHO COLORES de ALBERTO MART\u00cdN M\u00c9NDEZ, el escritor nos da una muestra tras publicar un libro de poes\u00eda con Ediciones Rilke.","og_url":"https:\/\/nuestrosescritores.com\/albertomartinmendez\/poesia\/","og_site_name":"Alberto Mart\u00edn M\u00e9ndez","article_modified_time":"2024-05-31T10:34:22+00:00","twitter_card":"summary_large_image","twitter_misc":{"Tiempo de lectura":"3 minutos"},"schema":{"@context":"https:\/\/schema.org","@graph":[{"@type":"WebPage","@id":"https:\/\/nuestrosescritores.com\/albertomartinmendez\/poesia\/","url":"https:\/\/nuestrosescritores.com\/albertomartinmendez\/poesia\/","name":"POES\u00cdA - Alberto Mart\u00edn M\u00e9ndez","isPartOf":{"@id":"https:\/\/nuestrosescritores.com\/albertomartinmendez\/#website"},"datePublished":"2024-05-31T10:20:57+00:00","dateModified":"2024-05-31T10:34:22+00:00","description":"Poes\u00eda del libro EL ARCO IRIS DE M\u00c1S DE OCHO COLORES de ALBERTO MART\u00cdN M\u00c9NDEZ, el escritor nos da una muestra tras publicar un libro de poes\u00eda con Ediciones Rilke.","breadcrumb":{"@id":"https:\/\/nuestrosescritores.com\/albertomartinmendez\/poesia\/#breadcrumb"},"inLanguage":"es","potentialAction":[{"@type":"ReadAction","target":["https:\/\/nuestrosescritores.com\/albertomartinmendez\/poesia\/"]}]},{"@type":"BreadcrumbList","@id":"https:\/\/nuestrosescritores.com\/albertomartinmendez\/poesia\/#breadcrumb","itemListElement":[{"@type":"ListItem","position":1,"name":"Portada","item":"https:\/\/nuestrosescritores.com\/albertomartinmendez\/"},{"@type":"ListItem","position":2,"name":"POES\u00cdA"}]},{"@type":"WebSite","@id":"https:\/\/nuestrosescritores.com\/albertomartinmendez\/#website","url":"https:\/\/nuestrosescritores.com\/albertomartinmendez\/","name":"Nuestros escritores","description":"Escritor","potentialAction":[{"@type":"SearchAction","target":{"@type":"EntryPoint","urlTemplate":"https:\/\/nuestrosescritores.com\/albertomartinmendez\/?s={search_term_string}"},"query-input":{"@type":"PropertyValueSpecification","valueRequired":true,"valueName":"search_term_string"}}],"inLanguage":"es"}]}},"_links":{"self":[{"href":"https:\/\/nuestrosescritores.com\/albertomartinmendez\/wp-json\/wp\/v2\/pages\/88","targetHints":{"allow":["GET"]}}],"collection":[{"href":"https:\/\/nuestrosescritores.com\/albertomartinmendez\/wp-json\/wp\/v2\/pages"}],"about":[{"href":"https:\/\/nuestrosescritores.com\/albertomartinmendez\/wp-json\/wp\/v2\/types\/page"}],"author":[{"embeddable":true,"href":"https:\/\/nuestrosescritores.com\/albertomartinmendez\/wp-json\/wp\/v2\/users\/1"}],"replies":[{"embeddable":true,"href":"https:\/\/nuestrosescritores.com\/albertomartinmendez\/wp-json\/wp\/v2\/comments?post=88"}],"version-history":[{"count":0,"href":"https:\/\/nuestrosescritores.com\/albertomartinmendez\/wp-json\/wp\/v2\/pages\/88\/revisions"}],"wp:attachment":[{"href":"https:\/\/nuestrosescritores.com\/albertomartinmendez\/wp-json\/wp\/v2\/media?parent=88"}],"curies":[{"name":"wp","href":"https:\/\/api.w.org\/{rel}","templated":true}]}}