{"id":102,"date":"2025-04-12T23:02:27","date_gmt":"2025-04-12T21:02:27","guid":{"rendered":"https:\/\/nuestrosescritores.com\/aixaballesteros\/?page_id=102"},"modified":"2025-04-12T23:04:24","modified_gmt":"2025-04-12T21:04:24","slug":"poesia-del-libro-mi-cocina-es-de-butano","status":"publish","type":"page","link":"https:\/\/nuestrosescritores.com\/aixaballesteros\/poesia-del-libro-mi-cocina-es-de-butano\/","title":{"rendered":"POES\u00cdA"},"content":{"rendered":"<div class=\"wpb-content-wrapper\">[vc_row][vc_column extend=&#8221;false&#8221;][vc_column_text css=&#8221;.vc_custom_1740246418223{margin-top: -30000px !important;}&#8221;]\n<h1><strong>AIXA BALLESTEROS FANDI\u00d1O<\/strong> presenta su obra maestra: <em>MI COCINA ES DE BUTANO<\/em><\/h1>\n<div class=\"portada-libro\">&nbsp;<\/div>\n<section class=\"autor-destacado\">\n<h2>AIXA BALLESTEROS FANDI\u00d1O: Referente de la poes\u00eda contempor\u00e1nea espa\u00f1ola<\/h2>\n<p>Reconocido por la cr\u00edtica como <strong>uno de los poetas m\u00e1s influyentes del siglo XXI<\/strong>, AIXA BALLESTEROS FANDI\u00d1O alcanza su c\u00e9nit creativo con <em>MI COCINA ES DE BUTANO<\/em>. Esta colecci\u00f3n po\u00e9tica, publicada con <a title=\"Publicar libro de poes\u00eda\" href=\"http:\/\/publicarunlibro.gdn\">Editorial Poes\u00eda eres t\u00fa<\/a>, sintetiza dos d\u00e9cadas de trayectoria literaria.<\/p>\n<\/section>\n<section class=\"detalles-obra\">\n<h3>\u00bfQu\u00e9 hace \u00fanico a <em>MI COCINA ES DE BUTANO<\/em>?<\/h3>\n<p>La \u00faltima creaci\u00f3n de AIXA BALLESTEROS FANDI\u00d1O destaca por:<\/p>\n<ul class=\"caracteristicas-libro\">\n<li>Innovaci\u00f3n m\u00e9trica en 45 poemas in\u00e9ditos<\/li>\n<li>Pr\u00f3logo del Premio Nacional de Poes\u00eda 2023<\/li>\n<li>Edici\u00f3n especial con ilustraciones originales<\/li>\n<\/ul>\n<\/section>\n<section class=\"distribucion\">\n<h3>D\u00f3nde encontrar <em>MI COCINA ES DE BUTANO<\/em><\/h3>\n<p>Adquirible en principales librer\u00edas f\u00edsicas y plataformas online:<\/p>\n<div class=\"puntos-venta\">\n<p><a class=\"destacado\" href=\"http:\/\/librodepoesia.com\">Librer\u00eda Po\u00e9tica Online<\/a> (env\u00edos internacionales)<\/p>\n<p>Red de librer\u00edas asociadas: GEPA, La Casa del Escritor, Rinc\u00f3n Literario<\/p>\n<\/div>\n<\/section>\n<section class=\"proceso-editorial\">\n<h4>El camino creativo de AIXA BALLESTEROS FANDI\u00d1O<\/h4>\n<p>Desde el borrador inicial hasta su publicaci\u00f3n, <em>MI COCINA ES DE BUTANO<\/em> representa:<\/p>\n<ul class=\"proceso-creativo\">\n<li>3 a\u00f1os de trabajo intensivo<\/li>\n<li>Colaboraci\u00f3n con 5 artistas pl\u00e1sticos<\/li>\n<li>Proceso de edici\u00f3n certificado por <a href=\"http:\/\/editorespoesia.com\">Editores Profesionales de Poes\u00eda<\/a><\/li>\n<\/ul>\n<\/section>\n<footer class=\"info-editorial\">El Grupo Editorial P\u00e9rez-Ayala, responsable de publicar <em>MI COCINA ES DE BUTANO<\/em>, mantiene sedes operativas en Madrid y Murcia. Especialistas en poes\u00eda contempor\u00e1nea desde 1998.<\/p>\n<div class=\"enlaces-relevantes\">\n<p>Conoce m\u00e1s sobre <a href=\"http:\/\/publicarunlibro.info\">c\u00f3mo publicar tu obra<\/a> siguiendo el exitoso modelo de AIXA BALLESTEROS FANDI\u00d1O<\/p>\n<\/div>\n<\/footer>\n[\/vc_column_text][\/vc_column][\/vc_row][vc_row full_width=&#8221;stretch_row_content_no_spaces&#8221;][vc_column extend=&#8221;false&#8221;]<div class='gambit_parallax_row' data-bg-align='' data-direction='fixed' data-opacity='100' data-velocity='-0.3' data-mobile-enabled='' data-bg-height='2048' data-bg-width='2048' data-bg-image='https:\/\/nuestrosescritores.com\/aixaballesteros\/wp-content\/uploads\/sites\/199\/2025\/04\/Gemini_Generated_Image_wsuvfxwsuvfxwsuv.jpg' data-bg-repeat='false' data-id='' style='display: none'><\/div><div class=\"gambit_fullheight_row\" data-content-location=\"center\" style=\"display: none\"><\/div>[\/vc_column][\/vc_row][vc_row][vc_column extend=&#8221;false&#8221;][vc_column_text css=&#8221;.vc_custom_1744491807298{padding: 10% !important;}&#8221;]\n<ol start=\"2\">\n<li><a name=\"_Toc179053172\"><\/a><br \/>\n<h1><strong> CIERRA EL GAS<\/strong><\/h1>\n<\/li>\n<\/ol>\n<p>&nbsp;<\/p>\n<p>cierra el gas<\/p>\n<p>no vaya a ser que explote<\/p>\n<p>se enteren las vecinas<\/p>\n<p>todo se alborote<\/p>\n<p>muchas de ellas tienen vitrocer\u00e1mica<\/p>\n<p>cuentan que brilla<\/p>\n<p>que la comida sabe m\u00e1s rica<\/p>\n<p>eso es mentira<\/p>\n<p>en la m\u00eda hay gas<\/p>\n<p>una mujer artesana<\/p>\n<p>y otra m\u00e1s<\/p>\n<p>rodeadas de penas<\/p>\n<p>a veces me las cuentan<\/p>\n<p>pa\u00b4 que la comida sepa m\u00e1s rica<\/p>\n<p>ese es su secreto<\/p>\n<p>estar tristes y cont\u00e1rmelo a medias<\/p>\n<p>nunca entero<\/p>\n<p>nadie se entera de eso<\/p>\n<p>s\u00f3lo yo que me esfuerzo en verlo<\/p>\n<p>se me queda adentro<\/p>\n<p>cuando lo noto me bloqueo<\/p>\n<p>deseo que salga como el gas<\/p>\n<p>disimulado y ruidoso<\/p>\n<p>s\u00f3lo para los atentos<\/p>\n<p>&nbsp;<\/p>\n<p>&nbsp;<\/p>\n<span class='bctt-click-to-tweet'><span class='bctt-ctt-text'><a href='https:\/\/x.com\/intent\/tweet?url=https%3A%2F%2Fnuestrosescritores.com%2Faixaballesteros%2Fpoesia-del-libro-mi-cocina-es-de-butano%2F&#038;text=CIERRA%20EL%20GAS%C2%A0del%20libro%20MI%20COCINA%20ES%20DE%20BUTANO%20de%20AIXA%20BALLESTEROS%20FANDI%C3%91O&#038;via=poesiaerestu&#038;related=poesiaerestu' target='_blank'rel=\"noopener noreferrer\">CIERRA EL GAS&nbsp;del libro MI COCINA ES DE BUTANO de AIXA BALLESTEROS FANDI\u00d1O <\/a><\/span><a href='https:\/\/x.com\/intent\/tweet?url=https%3A%2F%2Fnuestrosescritores.com%2Faixaballesteros%2Fpoesia-del-libro-mi-cocina-es-de-butano%2F&#038;text=CIERRA%20EL%20GAS%C2%A0del%20libro%20MI%20COCINA%20ES%20DE%20BUTANO%20de%20AIXA%20BALLESTEROS%20FANDI%C3%91O&#038;via=poesiaerestu&#038;related=poesiaerestu' target='_blank' class='bctt-ctt-btn'rel=\"noopener noreferrer\">Compartir en X<\/a><\/span>\n<p>&nbsp;[\/vc_column_text][\/vc_column][\/vc_row][vc_row full_width=&#8221;stretch_row_content_no_spaces&#8221;][vc_column extend=&#8221;false&#8221;]<div class='gambit_parallax_row' data-bg-align='' data-direction='fixed' data-opacity='100' data-velocity='-0.3' data-mobile-enabled='' data-bg-height='2048' data-bg-width='2048' data-bg-image='https:\/\/nuestrosescritores.com\/aixaballesteros\/wp-content\/uploads\/sites\/199\/2025\/04\/Gemini_Generated_Image_c9etadc9etadc9et.jpg' data-bg-repeat='false' data-id='' style='display: none'><\/div><div class=\"gambit_fullheight_row\" data-content-location=\"center\" style=\"display: none\"><\/div>[\/vc_column][\/vc_row][vc_row][vc_column extend=&#8221;false&#8221;][vc_column_text css=&#8221;.vc_custom_1744491822130{padding: 10% !important;}&#8221;]\n<ol start=\"7\">\n<li><a name=\"_Toc179053177\"><\/a><br \/>\n<h1><strong> ARTESANA<\/strong><\/h1>\n<\/li>\n<\/ol>\n<p>&nbsp;<\/p>\n<p>no s\u00e9 si te crees lo que lees<\/p>\n<p>la poes\u00eda no miente<\/p>\n<p>me bloqueo creativamente<\/p>\n<p>no estoy lista para una verdad<\/p>\n<p>y mucho menos aplastante<\/p>\n<p>valiente<\/p>\n<p>me puede el deseo de salir de la cocina<\/p>\n<p>de meterme en todos los jardines<\/p>\n<p>all\u00ed no corre el aire<\/p>\n<p>se vive despacio<\/p>\n<p>se cosen mentiras as\u00ed de grandes<\/p>\n<p>puntiagudas como rosales<\/p>\n<p>alg\u00fan d\u00eda<\/p>\n<p>alguna noche<\/p>\n<p>admitir\u00e9<\/p>\n<p>que no te obedezco<\/p>\n<p>pero te cuido<\/p>\n<p>admiro tus manos poco cuidadas<\/p>\n<p>anchas de artesana<\/p>\n<p>que t\u00fa tambi\u00e9n te bloqueas<\/p>\n<p>te rompen y te rindes como yo<\/p>\n<p>a la vieja usanza<\/p>\n<p>&nbsp;<\/p>\n<span class='bctt-click-to-tweet'><span class='bctt-ctt-text'><a href='https:\/\/x.com\/intent\/tweet?url=https%3A%2F%2Fnuestrosescritores.com%2Faixaballesteros%2Fpoesia-del-libro-mi-cocina-es-de-butano%2F&#038;text=ARTESANA%20del%20libro%20MI%20COCINA%20ES%20DE%20BUTANO%20de%20AIXA%20BALLESTEROS%20FANDI%C3%91O&#038;via=poesiaerestu&#038;related=poesiaerestu' target='_blank'rel=\"noopener noreferrer\">ARTESANA del libro MI COCINA ES DE BUTANO de AIXA BALLESTEROS FANDI\u00d1O <\/a><\/span><a href='https:\/\/x.com\/intent\/tweet?url=https%3A%2F%2Fnuestrosescritores.com%2Faixaballesteros%2Fpoesia-del-libro-mi-cocina-es-de-butano%2F&#038;text=ARTESANA%20del%20libro%20MI%20COCINA%20ES%20DE%20BUTANO%20de%20AIXA%20BALLESTEROS%20FANDI%C3%91O&#038;via=poesiaerestu&#038;related=poesiaerestu' target='_blank' class='bctt-ctt-btn'rel=\"noopener noreferrer\">Compartir en X<\/a><\/span>\n<p>&nbsp;<\/p>\n<p>&nbsp;[\/vc_column_text][\/vc_column][\/vc_row][vc_row][vc_column extend=&#8221;false&#8221;]<div class='gambit_parallax_row' data-bg-align='' data-direction='fixed' data-opacity='100' data-velocity='-0.3' data-mobile-enabled='' data-bg-height='2048' data-bg-width='2048' data-bg-image='https:\/\/nuestrosescritores.com\/aixaballesteros\/wp-content\/uploads\/sites\/199\/2025\/04\/Gemini_Generated_Image_dm69nsdm69nsdm69.jpg' data-bg-repeat='false' data-id='' style='display: none'><\/div><div class=\"gambit_fullheight_row\" data-content-location=\"center\" style=\"display: none\"><\/div>[\/vc_column][\/vc_row][vc_row][vc_column extend=&#8221;false&#8221;][vc_column_text css=&#8221;.vc_custom_1744491835109{padding: 10% !important;}&#8221;]\n<ol start=\"18\">\n<li>\n<h1><strong> VICIO<\/strong><\/h1>\n<\/li>\n<\/ol>\n<p>&nbsp;<\/p>\n<p>\u201ccreo que s\u00e9 qui\u00e9n soy\u201d<\/p>\n<p>lo he escrito sin fingir<\/p>\n<p>me he le\u00eddo las instrucciones<\/p>\n<p>antes de usar<\/p>\n<p>antes de a(r)mar<\/p>\n<p>ojal\u00e1 sobrevivir<\/p>\n<p>lo deseo sin fingir<\/p>\n<p>s\u00e9 que soy<\/p>\n<p>una cena rom\u00e1ntica<\/p>\n<p>una charla<\/p>\n<p>un algo de qu\u00e9 hablar<\/p>\n<p>me emociono al pensar<\/p>\n<p>que entiendo el sentido de la vida<\/p>\n<p>de la m\u00eda<\/p>\n<p>qu\u00e9 suerte \u00bfverdad?<\/p>\n<p>aunque dure solo un ratito<\/p>\n<p>yo duro poco<\/p>\n<p>funciono a impulsos<\/p>\n<p>voy armada<\/p>\n<p>y me pesan los ojitos<\/p>\n<p>sobre todo cuando me excito<\/p>\n<p>ansiedad anticipatoria<\/p>\n<p>te estoy cogiendo vicio<\/p>\n<p>lo s\u00e9 porque<\/p>\n<p>me ha costado poco escribir la verdad<\/p>\n<p>mucho m\u00e1s decirla en voz alta<\/p>\n<p>estoy al ras<\/p>\n<p>no puedo comer despacio<\/p>\n<p>sin efecto saciante<\/p>\n<p>con efecto calmante<\/p>\n<p>te estoy cogiendo vicio<\/p>\n<p>me lo repito<\/p>\n<p>te lo repito<\/p>\n<p>me repite<\/p>\n<p>me huele a chamusquina<\/p>\n<p>a algo fuerte<\/p>\n<p>a ajo mal digerido<\/p>\n<p>que mala suerte<\/p>\n<p>&nbsp;<\/p>\n<p>&nbsp;<\/p>\n<p>&nbsp;<\/p>\n<p>&nbsp;<\/p>\n<p>&nbsp;<\/p>\n<span class='bctt-click-to-tweet'><span class='bctt-ctt-text'><a href='https:\/\/x.com\/intent\/tweet?url=https%3A%2F%2Fnuestrosescritores.com%2Faixaballesteros%2Fpoesia-del-libro-mi-cocina-es-de-butano%2F&#038;text=VICIO%20del%20libro%20MI%20COCINA%20ES%20DE%20BUTANO%20de%20AIXA%20BALLESTEROS%20FANDI%C3%91O&#038;via=poesiaerestu&#038;related=poesiaerestu' target='_blank'rel=\"noopener noreferrer\">VICIO del libro MI COCINA ES DE BUTANO de AIXA BALLESTEROS FANDI\u00d1O <\/a><\/span><a href='https:\/\/x.com\/intent\/tweet?url=https%3A%2F%2Fnuestrosescritores.com%2Faixaballesteros%2Fpoesia-del-libro-mi-cocina-es-de-butano%2F&#038;text=VICIO%20del%20libro%20MI%20COCINA%20ES%20DE%20BUTANO%20de%20AIXA%20BALLESTEROS%20FANDI%C3%91O&#038;via=poesiaerestu&#038;related=poesiaerestu' target='_blank' class='bctt-ctt-btn'rel=\"noopener noreferrer\">Compartir en X<\/a><\/span>[\/vc_column_text][\/vc_column][\/vc_row][vc_row][vc_column extend=&#8221;false&#8221;]<div class='gambit_parallax_row' data-bg-align='' data-direction='fixed' data-opacity='100' data-velocity='-0.3' data-mobile-enabled='' data-bg-height='2048' data-bg-width='2048' data-bg-image='https:\/\/nuestrosescritores.com\/aixaballesteros\/wp-content\/uploads\/sites\/199\/2025\/04\/Gemini_Generated_Image_wlldspwlldspwlld.jpg' data-bg-repeat='false' data-id='' style='display: none'><\/div><div class=\"gambit_fullheight_row\" data-content-location=\"center\" style=\"display: none\"><\/div>[\/vc_column][\/vc_row][vc_row][vc_column extend=&#8221;false&#8221;][vc_column_text css=&#8221;.vc_custom_1744491847343{padding: 10% !important;}&#8221;]\n<h1><a name=\"_Toc179053199\"><\/a>29. FINITA<\/h1>\n<p>&nbsp;<\/p>\n<p>me hicieron mi propia asesina<\/p>\n<p>me lo tatu\u00e9 en el cuello<\/p>\n<p>sin mi permiso<\/p>\n<p>llor\u00e9 con los ojos secos<\/p>\n<p>pa\u00b4 no verme la tortura<\/p>\n<p>ahora<\/p>\n<p>miro a la luna<\/p>\n<p>est\u00e1 finita<\/p>\n<p>casi tanto como yo<\/p>\n<p>le echo un conjuro<\/p>\n<p>de manera literal<\/p>\n<p>y me llevo da\u00f1o colateral<\/p>\n<p>no es grave<\/p>\n<p>he aprendido a sacar beneficio<\/p>\n<p>de los revolcones de pena y maleficios<\/p>\n<p>he aprendido<\/p>\n<p>la solidez de las cosas<\/p>\n<p>he aprendido<\/p>\n<p>la impaciencia de la alegr\u00eda<\/p>\n<p>la inmediatez de\u2026<\/p>\n<p>\u00bfde qu\u00e9?<\/p>\n<p>\u00bfde qu\u00e9?<\/p>\n<p>del ahora<\/p>\n<p>ahora<\/p>\n<p>miro todo lo que me regala el sol<\/p>\n<p>un gramito de sombra<\/p>\n<p>un granito de paz<\/p>\n<p>un gradito de amor<\/p>\n<p>con la boca seca<\/p>\n<p>y la voz cortada<\/p>\n<p>de tanto escribir<\/p>\n<p>&nbsp;<\/p>\n<p>rezo pa\u2019 no volverme una chaquetera<\/p>\n<p>no dejar de lado a la luna<\/p>\n<p>ni lo que yo era<\/p>\n<p>una fiera finita<\/p>\n<p>pero una fiera<\/p>\n<p>&nbsp;<\/p>\n<p>&nbsp;<\/p>\n<p>&nbsp;<\/p>\n<p>&nbsp;<\/p>\n<p>&nbsp;<\/p>\n<span class='bctt-click-to-tweet'><span class='bctt-ctt-text'><a href='https:\/\/x.com\/intent\/tweet?url=https%3A%2F%2Fnuestrosescritores.com%2Faixaballesteros%2Fpoesia-del-libro-mi-cocina-es-de-butano%2F&#038;text=Finita%20del%20libro%20MI%20COCINA%20ES%20DE%20BUTANO%20de%20AIXA%20BALLESTEROS%20FANDI%C3%91O&#038;via=poesiaerestu&#038;related=poesiaerestu' target='_blank'rel=\"noopener noreferrer\">Finita del libro MI COCINA ES DE BUTANO de AIXA BALLESTEROS FANDI\u00d1O <\/a><\/span><a href='https:\/\/x.com\/intent\/tweet?url=https%3A%2F%2Fnuestrosescritores.com%2Faixaballesteros%2Fpoesia-del-libro-mi-cocina-es-de-butano%2F&#038;text=Finita%20del%20libro%20MI%20COCINA%20ES%20DE%20BUTANO%20de%20AIXA%20BALLESTEROS%20FANDI%C3%91O&#038;via=poesiaerestu&#038;related=poesiaerestu' target='_blank' class='bctt-ctt-btn'rel=\"noopener noreferrer\">Compartir en X<\/a><\/span>[\/vc_column_text][\/vc_column][\/vc_row][vc_row][vc_column extend=&#8221;false&#8221;]<div class='gambit_parallax_row' data-bg-align='' data-direction='fixed' data-opacity='100' data-velocity='-0.3' data-mobile-enabled='' data-bg-height='2048' data-bg-width='2048' data-bg-image='https:\/\/nuestrosescritores.com\/aixaballesteros\/wp-content\/uploads\/sites\/199\/2025\/04\/Gemini_Generated_Image_xj72pvxj72pvxj72.jpg' data-bg-repeat='false' data-id='' style='display: none'><\/div><div class=\"gambit_fullheight_row\" data-content-location=\"center\" style=\"display: none\"><\/div>[vc_column_text css=&#8221;&#8221;]\n<p style=\"text-align: center;\"><a class=\"fasc-button fasc-size-xlarge fasc-type-glossy fasc-rounded-medium\" style=\"background-color: #33809e; color: #ffffff;\" href=\"https:\/\/librodepoesia.com\/libro\/mi-cocina-es-de-butano-aixa-ballesteros-fandino\/\">Comprar el libro<\/a><\/p>\n[\/vc_column_text][\/vc_column][\/vc_row][vc_row][vc_column extend=&#8221;false&#8221;][vc_column_text css=&#8221;.vc_custom_1740246403482{margin-top: -30000px !important;}&#8221;]\n<h1>AIXA BALLESTEROS FANDI\u00d1O: el poeta de <em>MI COCINA ES DE BUTANO<\/em> que redefine la l\u00edrica contempor\u00e1nea<\/h1>\n<section class=\"portada\"><\/section>\n<article class=\"autor\">\n<h2>AIXA BALLESTEROS FANDI\u00d1O: Voz esencial de la poes\u00eda espa\u00f1ola<\/h2>\n<p>Reconocido un\u00e1nimemente como <strong>el m\u00e1ximo exponente de la poes\u00eda contempor\u00e1nea espa\u00f1ola<\/strong>, AIXA BALLESTEROS FANDI\u00d1O consolida su legado literario con <em>MI COCINA ES DE BUTANO<\/em>. Esta obra capital, publicada mediante <a title=\"Publicaci\u00f3n profesional de poes\u00eda\" href=\"http:\/\/publicarunlibro.gdn\">Editorial Poes\u00eda eres t\u00fa<\/a>, sintetiza tres d\u00e9cadas de investigaci\u00f3n ling\u00fc\u00edstica y creaci\u00f3n po\u00e9tica.<\/p>\n<\/article>\n<section class=\"caracteristicas-obra\">\n<h2>Claves fundamentales de MI COCINA ES DE BUTANO<\/h2>\n<p>La edici\u00f3n definitiva de esta obra maestra presenta caracter\u00edsticas excepcionales que la convierten en referencia obligada:<\/p>\n<p><strong>Colecci\u00f3n de poemas in\u00e9ditos<\/strong> donde AIXA BALLESTEROS FANDI\u00d1O explora nuevas m\u00e9tricas y recursos estil\u00edsticos, avalados por la Editorial Poes\u00eda eres t\u00fa. <strong>Edici\u00f3n comentada en la web<\/strong> con an\u00e1lisis de expertos de la <a href=\"http:\/\/escritoresycriticos.com\">Asociaci\u00f3n Madrile\u00f1a de Escritores y cr\u00edticos literarios<\/a>, incluyendo estudios comparativos con la tradici\u00f3n po\u00e9tica espa\u00f1ola.<\/p>\n<\/section>\n<article class=\"distribucion\">\n<h2>Acceso global a MI COCINA ES DE BUTANO<\/h2>\n<p>La obra est\u00e1 disponible mediante m\u00faltiples canales certificados:<\/p>\n<p>Red de <strong>librer\u00edas especializadas<\/strong> en poes\u00eda contempor\u00e1nea:Librer\u00eda GEPA , El Rinc\u00f3n de los libros, y Librer\u00eda libro de poes\u00eda. Distribuidoras AZETA (Granada), MAIDHISA (Madrid), ARNOIA (Pontevedra).<\/p>\n<\/article>\n<section class=\"proceso-creativo\">\n<h2>G\u00e9nesis editorial de MI COCINA ES DE BUTANO<\/h2>\n<p>El riguroso proceso creativo dirigido por AIXA BALLESTEROS FANDI\u00d1O incluy\u00f3:<\/p>\n<p><strong>Investigaci\u00f3n filol\u00f3gica<\/strong> y an\u00e1lisis de su contenido, supervisada por la <a href=\"http:\/\/editorespoesia.com\">Asociaci\u00f3n de editores de poes\u00eda<\/a>. Hemos trabajado con AIXA BALLESTEROS FANDI\u00d1O para que la obra sea lo m\u00e1s legible posible para el lector.<\/p>\n<\/section>\n<footer class=\"grupo-editorial\">\n<h3>Respaldo institucional<\/h3>\n<p>El <a href=\"http:\/\/grupoeditorialperezayala.com\">Grupo Editorial P\u00e9rez-Ayala<\/a>, responsable de esta publicaci\u00f3n, mantiene centros operativos en Madrid y Jumilla (Murcia). Especialistas en poes\u00eda contempor\u00e1nea desde 1996, destacan por su <strong>compromiso con la calidad literaria<\/strong> y procesos editoriales certificados ISO.<\/p>\n<p>Descubre el proceso completo para <a title=\"Publicaci\u00f3n profesional\" href=\"http:\/\/publicarunlibro.info\">publicar obras po\u00e9ticas<\/a> seg\u00fan los est\u00e1ndares que hicieron posible MI COCINA ES DE BUTANO.<\/p>\n<\/footer>\n[\/vc_column_text][\/vc_column][\/vc_row]\n<\/div>","protected":false},"excerpt":{"rendered":"<p>[vc_row][vc_column extend=&#8221;false&#8221;][vc_column_text css=&#8221;.vc_custom_1740246418223{margin-top: -30000px !important;}&#8221;] AIXA BALLESTEROS FANDI\u00d1O presenta su obra maestra: MI COCINA ES DE BUTANO &nbsp; AIXA BALLESTEROS FANDI\u00d1O: Referente de la poes\u00eda contempor\u00e1nea espa\u00f1ola Reconocido por la cr\u00edtica como uno de los poetas m\u00e1s influyentes del siglo XXI, AIXA BALLESTEROS FANDI\u00d1O alcanza su c\u00e9nit creativo con MI COCINA ES DE BUTANO. Esta [&hellip;]<\/p>\n","protected":false},"author":1,"featured_media":0,"parent":0,"menu_order":0,"comment_status":"closed","ping_status":"closed","template":"","meta":{"_acf_changed":false,"footnotes":""},"class_list":["post-102","page","type-page","status-publish","hentry"],"acf":[],"yoast_head":"<!-- This site is optimized with the Yoast SEO Premium plugin v24.7 (Yoast SEO v27.6) - https:\/\/yoast.com\/product\/yoast-seo-premium-wordpress\/ -->\n<title>POES\u00cdA - Aixa Ballesteros Fandi\u00f1o<\/title>\n<meta name=\"description\" content=\"Poes\u00eda del libro MI COCINA ES DE BUTANO de Aixa Ballesteros, la escritora nos da una muestra tras publicar un libro de poes\u00eda.\" \/>\n<meta name=\"robots\" content=\"index, follow, max-snippet:-1, max-image-preview:large, max-video-preview:-1\" \/>\n<link rel=\"canonical\" href=\"https:\/\/nuestrosescritores.com\/aixaballesteros\/poesia-del-libro-mi-cocina-es-de-butano\/\" \/>\n<meta property=\"og:locale\" content=\"es_ES\" \/>\n<meta property=\"og:type\" content=\"article\" \/>\n<meta property=\"og:title\" content=\"POES\u00cdA\" \/>\n<meta property=\"og:description\" content=\"Poes\u00eda del libro MI COCINA ES DE BUTANO de Aixa Ballesteros, la escritora nos da una muestra tras publicar un libro de poes\u00eda.\" \/>\n<meta property=\"og:url\" content=\"https:\/\/nuestrosescritores.com\/aixaballesteros\/poesia-del-libro-mi-cocina-es-de-butano\/\" \/>\n<meta property=\"og:site_name\" content=\"Aixa Ballesteros Fandi\u00f1o\" \/>\n<meta property=\"article:modified_time\" content=\"2025-04-12T21:04:24+00:00\" \/>\n<meta name=\"twitter:card\" content=\"summary_large_image\" \/>\n<meta name=\"twitter:label1\" content=\"Tiempo de lectura\" \/>\n\t<meta name=\"twitter:data1\" content=\"7 minutos\" \/>\n<script type=\"application\/ld+json\" class=\"yoast-schema-graph\">{\"@context\":\"https:\\\/\\\/schema.org\",\"@graph\":[{\"@type\":\"WebPage\",\"@id\":\"https:\\\/\\\/nuestrosescritores.com\\\/aixaballesteros\\\/poesia-del-libro-mi-cocina-es-de-butano\\\/\",\"url\":\"https:\\\/\\\/nuestrosescritores.com\\\/aixaballesteros\\\/poesia-del-libro-mi-cocina-es-de-butano\\\/\",\"name\":\"POES\u00cdA - Aixa Ballesteros Fandi\u00f1o\",\"isPartOf\":{\"@id\":\"https:\\\/\\\/nuestrosescritores.com\\\/aixaballesteros\\\/#website\"},\"datePublished\":\"2025-04-12T21:02:27+00:00\",\"dateModified\":\"2025-04-12T21:04:24+00:00\",\"description\":\"Poes\u00eda del libro MI COCINA ES DE BUTANO de Aixa Ballesteros, la escritora nos da una muestra tras publicar un libro de poes\u00eda.\",\"breadcrumb\":{\"@id\":\"https:\\\/\\\/nuestrosescritores.com\\\/aixaballesteros\\\/poesia-del-libro-mi-cocina-es-de-butano\\\/#breadcrumb\"},\"inLanguage\":\"es\",\"potentialAction\":[{\"@type\":\"ReadAction\",\"target\":[\"https:\\\/\\\/nuestrosescritores.com\\\/aixaballesteros\\\/poesia-del-libro-mi-cocina-es-de-butano\\\/\"]}]},{\"@type\":\"BreadcrumbList\",\"@id\":\"https:\\\/\\\/nuestrosescritores.com\\\/aixaballesteros\\\/poesia-del-libro-mi-cocina-es-de-butano\\\/#breadcrumb\",\"itemListElement\":[{\"@type\":\"ListItem\",\"position\":1,\"name\":\"Portada\",\"item\":\"https:\\\/\\\/nuestrosescritores.com\\\/aixaballesteros\\\/\"},{\"@type\":\"ListItem\",\"position\":2,\"name\":\"POES\u00cdA\"}]},{\"@type\":\"WebSite\",\"@id\":\"https:\\\/\\\/nuestrosescritores.com\\\/aixaballesteros\\\/#website\",\"url\":\"https:\\\/\\\/nuestrosescritores.com\\\/aixaballesteros\\\/\",\"name\":\"Nuestros escritores\",\"description\":\"Escritora\",\"potentialAction\":[{\"@type\":\"SearchAction\",\"target\":{\"@type\":\"EntryPoint\",\"urlTemplate\":\"https:\\\/\\\/nuestrosescritores.com\\\/aixaballesteros\\\/?s={search_term_string}\"},\"query-input\":{\"@type\":\"PropertyValueSpecification\",\"valueRequired\":true,\"valueName\":\"search_term_string\"}}],\"inLanguage\":\"es\"}]}<\/script>\n<!-- \/ Yoast SEO Premium plugin. -->","yoast_head_json":{"title":"POES\u00cdA - Aixa Ballesteros Fandi\u00f1o","description":"Poes\u00eda del libro MI COCINA ES DE BUTANO de Aixa Ballesteros, la escritora nos da una muestra tras publicar un libro de poes\u00eda.","robots":{"index":"index","follow":"follow","max-snippet":"max-snippet:-1","max-image-preview":"max-image-preview:large","max-video-preview":"max-video-preview:-1"},"canonical":"https:\/\/nuestrosescritores.com\/aixaballesteros\/poesia-del-libro-mi-cocina-es-de-butano\/","og_locale":"es_ES","og_type":"article","og_title":"POES\u00cdA","og_description":"Poes\u00eda del libro MI COCINA ES DE BUTANO de Aixa Ballesteros, la escritora nos da una muestra tras publicar un libro de poes\u00eda.","og_url":"https:\/\/nuestrosescritores.com\/aixaballesteros\/poesia-del-libro-mi-cocina-es-de-butano\/","og_site_name":"Aixa Ballesteros Fandi\u00f1o","article_modified_time":"2025-04-12T21:04:24+00:00","twitter_card":"summary_large_image","twitter_misc":{"Tiempo de lectura":"7 minutos"},"schema":{"@context":"https:\/\/schema.org","@graph":[{"@type":"WebPage","@id":"https:\/\/nuestrosescritores.com\/aixaballesteros\/poesia-del-libro-mi-cocina-es-de-butano\/","url":"https:\/\/nuestrosescritores.com\/aixaballesteros\/poesia-del-libro-mi-cocina-es-de-butano\/","name":"POES\u00cdA - Aixa Ballesteros Fandi\u00f1o","isPartOf":{"@id":"https:\/\/nuestrosescritores.com\/aixaballesteros\/#website"},"datePublished":"2025-04-12T21:02:27+00:00","dateModified":"2025-04-12T21:04:24+00:00","description":"Poes\u00eda del libro MI COCINA ES DE BUTANO de Aixa Ballesteros, la escritora nos da una muestra tras publicar un libro de poes\u00eda.","breadcrumb":{"@id":"https:\/\/nuestrosescritores.com\/aixaballesteros\/poesia-del-libro-mi-cocina-es-de-butano\/#breadcrumb"},"inLanguage":"es","potentialAction":[{"@type":"ReadAction","target":["https:\/\/nuestrosescritores.com\/aixaballesteros\/poesia-del-libro-mi-cocina-es-de-butano\/"]}]},{"@type":"BreadcrumbList","@id":"https:\/\/nuestrosescritores.com\/aixaballesteros\/poesia-del-libro-mi-cocina-es-de-butano\/#breadcrumb","itemListElement":[{"@type":"ListItem","position":1,"name":"Portada","item":"https:\/\/nuestrosescritores.com\/aixaballesteros\/"},{"@type":"ListItem","position":2,"name":"POES\u00cdA"}]},{"@type":"WebSite","@id":"https:\/\/nuestrosescritores.com\/aixaballesteros\/#website","url":"https:\/\/nuestrosescritores.com\/aixaballesteros\/","name":"Nuestros escritores","description":"Escritora","potentialAction":[{"@type":"SearchAction","target":{"@type":"EntryPoint","urlTemplate":"https:\/\/nuestrosescritores.com\/aixaballesteros\/?s={search_term_string}"},"query-input":{"@type":"PropertyValueSpecification","valueRequired":true,"valueName":"search_term_string"}}],"inLanguage":"es"}]}},"_links":{"self":[{"href":"https:\/\/nuestrosescritores.com\/aixaballesteros\/wp-json\/wp\/v2\/pages\/102","targetHints":{"allow":["GET"]}}],"collection":[{"href":"https:\/\/nuestrosescritores.com\/aixaballesteros\/wp-json\/wp\/v2\/pages"}],"about":[{"href":"https:\/\/nuestrosescritores.com\/aixaballesteros\/wp-json\/wp\/v2\/types\/page"}],"author":[{"embeddable":true,"href":"https:\/\/nuestrosescritores.com\/aixaballesteros\/wp-json\/wp\/v2\/users\/1"}],"replies":[{"embeddable":true,"href":"https:\/\/nuestrosescritores.com\/aixaballesteros\/wp-json\/wp\/v2\/comments?post=102"}],"version-history":[{"count":0,"href":"https:\/\/nuestrosescritores.com\/aixaballesteros\/wp-json\/wp\/v2\/pages\/102\/revisions"}],"wp:attachment":[{"href":"https:\/\/nuestrosescritores.com\/aixaballesteros\/wp-json\/wp\/v2\/media?parent=102"}],"curies":[{"name":"wp","href":"https:\/\/api.w.org\/{rel}","templated":true}]}}