{"id":98,"date":"2021-01-03T18:57:08","date_gmt":"2021-01-03T18:57:08","guid":{"rendered":"https:\/\/nuestrosescritores.com\/ainaragarciarey\/?page_id=98"},"modified":"2021-01-11T10:21:04","modified_gmt":"2021-01-11T10:21:04","slug":"poesia","status":"publish","type":"page","link":"https:\/\/nuestrosescritores.com\/ainaragarciarey\/poesia\/","title":{"rendered":"Poes\u00eda"},"content":{"rendered":"<div class=\"wpb-content-wrapper\">[vc_row full_width=&#8221;stretch_row_content_no_spaces&#8221;][vc_column extend=&#8221;false&#8221;]<div class='gambit_parallax_row' data-bg-align='' data-direction='fixed' data-opacity='100' data-velocity='-0.3' data-mobile-enabled='' data-bg-height='2560' data-bg-width='1707' data-bg-image='https:\/\/nuestrosescritores.com\/ainaragarciarey\/wp-content\/uploads\/sites\/71\/2021\/01\/yc5emkmeplu-scaled.jpg' data-bg-repeat='false' data-id='' style='display: none'><\/div><div class=\"gambit_fullheight_row\" data-content-location=\"center\" style=\"display: none\"><\/div>[\/vc_column][\/vc_row][vc_row][vc_column extend=&#8221;false&#8221;][vc_column_text]\n<h1><a name=\"_Toc45386951\"><\/a><\/h1>\n<h1><a name=\"_Toc56187758\"><\/a><\/h1>\n<h1><a name=\"_Toc57140918\"><\/a><a name=\"_Toc57488266\"><\/a><\/h1>\n<h1><a name=\"_Toc54549903\"><\/a><strong>CITA N\u00daMERO 1<\/strong><\/h1>\n<p>&nbsp;<\/p>\n<p>Voy a ponerme mis zapatos de tac\u00f3n, aquellos que me machacan el pie.<\/p>\n<p>Voy a cubrir mi cuerpo con ese vestido que estiliza mis formas m\u00e1s precarias.<\/p>\n<p>Voy a maquillar mis ojeras de cansancio matinal y a dibujar en mi rostro un lienzo nuevo.<\/p>\n<p>Voy a coger el peine y desenredar los tropiezos que la desgana ha hecho en m\u00ed.<\/p>\n<p>Voy a intentar no romper las medias que se pegan en mis piernas reci\u00e9n depiladas, su suavidad me recuerda que tengo permiso para desnudarme.<\/p>\n<p>Voy a mirar de nuevo la hora del encuentro y la pantalla del m\u00f3vil para aprovisionar los minutos para verle.<\/p>\n<p>Voy a mirarme al espejo veinte veces m\u00e1s y desde distintos \u00e1ngulos por si me susurra alg\u00fan consejo de \u00faltima hora.<\/p>\n<p>Cierro puerta, cojo aire, ya entrar\u00e9 cuando vuelva conmigo misma.<\/p>\n<p>&nbsp;<\/p>\n<p>&nbsp;<\/p>\n<p>&nbsp;<\/p>\n<span class='bctt-click-to-tweet'><span class='bctt-ctt-text'><a href='https:\/\/x.com\/intent\/tweet?url=https%3A%2F%2Fnuestrosescritores.com%2Fainaragarciarey%2Fpoesia%2F&#038;text=CITA%20N%C3%9AMERO%201%C2%A0del%20libro%20EL%20AMOR%20Y%20SUS%20APLICACIONES%20de%20AINARA%20GARC%C3%8DA%20REY&#038;via=poesiaerestu&#038;related=poesiaerestu' target='_blank'rel=\"noopener noreferrer\">CITA N\u00daMERO 1&nbsp;del libro EL AMOR Y SUS APLICACIONES de AINARA GARC\u00cdA REY <\/a><\/span><a href='https:\/\/x.com\/intent\/tweet?url=https%3A%2F%2Fnuestrosescritores.com%2Fainaragarciarey%2Fpoesia%2F&#038;text=CITA%20N%C3%9AMERO%201%C2%A0del%20libro%20EL%20AMOR%20Y%20SUS%20APLICACIONES%20de%20AINARA%20GARC%C3%8DA%20REY&#038;via=poesiaerestu&#038;related=poesiaerestu' target='_blank' class='bctt-ctt-btn'rel=\"noopener noreferrer\">Compartir en X<\/a><\/span>[\/vc_column_text][\/vc_column][\/vc_row][vc_row full_width=&#8221;stretch_row_content_no_spaces&#8221;][vc_column extend=&#8221;false&#8221;]<div class='gambit_parallax_row' data-bg-align='' data-direction='fixed' data-opacity='100' data-velocity='-0.3' data-mobile-enabled='' data-bg-height='2257' data-bg-width='2560' data-bg-image='https:\/\/nuestrosescritores.com\/ainaragarciarey\/wp-content\/uploads\/sites\/71\/2021\/01\/4u8qhvn_e14-scaled.jpg' data-bg-repeat='false' data-id='' style='display: none'><\/div><div class=\"gambit_fullheight_row\" data-content-location=\"center\" style=\"display: none\"><\/div>[\/vc_column][\/vc_row][vc_row][vc_column extend=&#8221;false&#8221;][vc_column_text]\n<h1><a name=\"_Toc56187764\"><\/a><\/h1>\n<p><a name=\"_Toc57140921\"><\/a><a name=\"_Toc57488271\"><\/a><\/p>\n<h1>VERMUT<\/h1>\n<p>Tomo Bitter Kas a las doce.<br \/>\nMe gusta lo que declaro errores.<br \/>\nMe pone la m\u00fasica mala, no la que ensordece.<br \/>\nBebo Coca Cola a la tarde, con di\u00e1logos sordos.<br \/>\nEspanto a los hombres bajo la lluvia, de vez en cuando lo soporto.<br \/>\nTe abrazo y me aburro, te beso y hay silencio.<br \/>\nTe miento y te lo crees, lo aceptas y me divierte.<br \/>\nTe extra\u00f1o y te sopeso, te paro y te molesto.<br \/>\nMiras a otras y no soy celosa, es agua pasada.<br \/>\nTomo Bitter Kas a las doce y no quema nada.<\/p>\n<p>&nbsp;<\/p>\n<span class='bctt-click-to-tweet'><span class='bctt-ctt-text'><a href='https:\/\/x.com\/intent\/tweet?url=https%3A%2F%2Fnuestrosescritores.com%2Fainaragarciarey%2Fpoesia%2F&#038;text=VERMUT%C2%A0del%20libro%20EL%20AMOR%20Y%20SUS%20APLICACIONES%20de%20AINARA%20GARC%C3%8DA%20REY&#038;via=poesiaerestu&#038;related=poesiaerestu' target='_blank'rel=\"noopener noreferrer\">VERMUT&nbsp;del libro EL AMOR Y SUS APLICACIONES de AINARA GARC\u00cdA REY <\/a><\/span><a href='https:\/\/x.com\/intent\/tweet?url=https%3A%2F%2Fnuestrosescritores.com%2Fainaragarciarey%2Fpoesia%2F&#038;text=VERMUT%C2%A0del%20libro%20EL%20AMOR%20Y%20SUS%20APLICACIONES%20de%20AINARA%20GARC%C3%8DA%20REY&#038;via=poesiaerestu&#038;related=poesiaerestu' target='_blank' class='bctt-ctt-btn'rel=\"noopener noreferrer\">Compartir en X<\/a><\/span>\n<p>&nbsp;<\/p>\n<p>&nbsp;[\/vc_column_text][\/vc_column][\/vc_row][vc_row][vc_column extend=&#8221;false&#8221;]<div class='gambit_parallax_row' data-bg-align='' data-direction='fixed' data-opacity='100' data-velocity='-0.3' data-mobile-enabled='' data-bg-height='2560' data-bg-width='1707' data-bg-image='https:\/\/nuestrosescritores.com\/ainaragarciarey\/wp-content\/uploads\/sites\/71\/2021\/01\/62nbaafeq0e-scaled.jpg' data-bg-repeat='false' data-id='' style='display: none'><\/div><div class=\"gambit_fullheight_row\" data-content-location=\"center\" style=\"display: none\"><\/div>[\/vc_column][\/vc_row][vc_row][vc_column extend=&#8221;false&#8221;][vc_column_text]\n<h1>&nbsp;<\/h1>\n<h1><a name=\"_Toc57140943\"><\/a><a name=\"_Toc57488295\"><\/a><\/h1>\n<h1><a name=\"_Toc54549908\"><\/a><strong>TE QUIERO<\/strong><\/h1>\n<p>&nbsp;<\/p>\n<p>Hay muchos Te quiero<\/p>\n<p><em>Te quiero a secas<\/em>. Aquel que lo dices por rutina.<\/p>\n<p><em>Te quiero nocturno<\/em>. A veces se junta con las luces de la discoteca y prospera con el alcohol.<\/p>\n<p><em>Te quiero lejos.<\/em> Es una despedida, pero de las bordes.<\/p>\n<p><em>Te quiero y no hay respuesta<\/em>. Es el que duele porque el silencio encuentra su lugar.<\/p>\n<p><em>Te quiero aqu\u00ed<\/em>. El de desesperaci\u00f3n pero a veces te engancha.<\/p>\n<p><em>Te quiero con locura.<\/em> Es una manera de darnos cuenta que a pesar de querer ser racionales, es la respuesta menos l\u00f3gica.<\/p>\n<p><em>Te quiero para siempre<\/em>. Como si fu\u00e9ramos un adivino con su bola de cristal.<\/p>\n<p><em>Te quiero despu\u00e9s del sexo<\/em>. Normalmente son las hormonas o es una mirada secreta.<\/p>\n<p><em>Te quiero en mi vida.<\/em> Y se lo imploras, como si te fuera a devolver el aliento.<\/p>\n<p><em>&nbsp;<\/em><\/p>\n<p><em>Te quiero mucho<\/em>. Porque no te enga\u00f1es, hay niveles.<\/p>\n<p>Y el <em>Te quiero subliminal<\/em>. Es el que sin tener que decirlo, est\u00e1 ah\u00ed.<\/p>\n<p>&nbsp;<\/p>\n<p>&nbsp;<\/p>\n<span class='bctt-click-to-tweet'><span class='bctt-ctt-text'><a href='https:\/\/x.com\/intent\/tweet?url=https%3A%2F%2Fnuestrosescritores.com%2Fainaragarciarey%2Fpoesia%2F&#038;text=TE%20QUIERO%C2%A0del%20libro%20EL%20AMOR%20Y%20SUS%20APLICACIONES%20de%20AINARA%20GARC%C3%8DA%20REY&#038;via=poesiaerestu&#038;related=poesiaerestu' target='_blank'rel=\"noopener noreferrer\">TE QUIERO&nbsp;del libro EL AMOR Y SUS APLICACIONES de AINARA GARC\u00cdA REY <\/a><\/span><a href='https:\/\/x.com\/intent\/tweet?url=https%3A%2F%2Fnuestrosescritores.com%2Fainaragarciarey%2Fpoesia%2F&#038;text=TE%20QUIERO%C2%A0del%20libro%20EL%20AMOR%20Y%20SUS%20APLICACIONES%20de%20AINARA%20GARC%C3%8DA%20REY&#038;via=poesiaerestu&#038;related=poesiaerestu' target='_blank' class='bctt-ctt-btn'rel=\"noopener noreferrer\">Compartir en X<\/a><\/span>[\/vc_column_text][\/vc_column][\/vc_row][vc_row][vc_column extend=&#8221;false&#8221;]<div class='gambit_parallax_row' data-bg-align='' data-direction='fixed' data-opacity='100' data-velocity='-0.3' data-mobile-enabled='' data-bg-height='2560' data-bg-width='1922' data-bg-image='https:\/\/nuestrosescritores.com\/ainaragarciarey\/wp-content\/uploads\/sites\/71\/2021\/01\/uywa3qvhmnk-scaled.jpg' data-bg-repeat='false' data-id='' style='display: none'><\/div><div class=\"gambit_fullheight_row\" data-content-location=\"center\" style=\"display: none\"><\/div>[\/vc_column][\/vc_row][vc_row][vc_column extend=&#8221;false&#8221;][vc_column_text]\n<h1><a name=\"_Toc56187785\"><\/a><\/h1>\n<h1><a name=\"_Toc57140933\"><\/a><a name=\"_Toc57488285\"><\/a><\/h1>\n<h1><a name=\"_Toc54549917\"><\/a><strong>MUSA<\/strong><\/h1>\n<p>&nbsp;<\/p>\n<p>Soy tu musa, la que formas con tu mirada, me tocas, me exprimes y me provocas.<\/p>\n<p>Soy tu musa, y no lo escondes, me rozas, me dibujas y me evocas.<\/p>\n<p>Soy tu musa, pero refuerzo las palabras de otros, no obstante, formo parte de tu poes\u00eda diaria.<\/p>\n<p>Soy tu musa, pero el tiempo lo reparto entre otras manos, entre otras piernas.<\/p>\n<p>Soy tu musa, pero te a\u00f1ado a mi agenda, en mi repertorio de amores a ciegas.<\/p>\n<p>Soy tu musa de piedra.<\/p>\n<p>&nbsp;<\/p>\n<p>&nbsp;<\/p>\n<span class='bctt-click-to-tweet'><span class='bctt-ctt-text'><a href='https:\/\/x.com\/intent\/tweet?url=https%3A%2F%2Fnuestrosescritores.com%2Fainaragarciarey%2Fpoesia%2F&#038;text=PornoGR%C3%81FICO%20del%20libro%20EL%20AMOR%20Y%20SUS%20APLICACIONES%20de%20AINARA%20GARC%C3%8DA%20REY&#038;via=poesiaerestu&#038;related=poesiaerestu' target='_blank'rel=\"noopener noreferrer\">PornoGR\u00c1FICO del libro EL AMOR Y SUS APLICACIONES de AINARA GARC\u00cdA REY <\/a><\/span><a href='https:\/\/x.com\/intent\/tweet?url=https%3A%2F%2Fnuestrosescritores.com%2Fainaragarciarey%2Fpoesia%2F&#038;text=PornoGR%C3%81FICO%20del%20libro%20EL%20AMOR%20Y%20SUS%20APLICACIONES%20de%20AINARA%20GARC%C3%8DA%20REY&#038;via=poesiaerestu&#038;related=poesiaerestu' target='_blank' class='bctt-ctt-btn'rel=\"noopener noreferrer\">Compartir en X<\/a><\/span>[\/vc_column_text][\/vc_column][\/vc_row][vc_row][vc_column extend=&#8221;false&#8221;]<div class='gambit_parallax_row' data-bg-align='' data-direction='fixed' data-opacity='100' data-velocity='-0.3' data-mobile-enabled='' data-bg-height='527' data-bg-width='1366' data-bg-image='https:\/\/nuestrosescritores.com\/ainaragarciarey\/wp-content\/uploads\/sites\/71\/2021\/01\/IMG_20201016_132235-SSquare_Alargado-Medium.jpg' data-bg-repeat='false' data-id='' style='display: none'><\/div><div class=\"gambit_fullheight_row\" data-content-location=\"center\" style=\"display: none\"><\/div>[vc_column_text]\n<p style=\"text-align: center;\"><a class=\"fasc-button fasc-size-xlarge fasc-type-glossy fasc-rounded-medium\" style=\"background-color: #33809e; color: #ffffff;\" href=\"https:\/\/librodepoesia.com\/producto\/el-amor-y-sus-aplicaciones-ainara-garcia-rey\/\">Comprar el libro<\/a><\/p>\n[\/vc_column_text][\/vc_column][\/vc_row]\n<\/div>","protected":false},"excerpt":{"rendered":"<p>[vc_row full_width=&#8221;stretch_row_content_no_spaces&#8221;][vc_column extend=&#8221;false&#8221;][\/vc_column][\/vc_row][vc_row][vc_column extend=&#8221;false&#8221;][vc_column_text] CITA N\u00daMERO 1 &nbsp; Voy a ponerme mis zapatos de tac\u00f3n, aquellos que me machacan el pie. Voy a cubrir mi cuerpo con ese vestido que estiliza mis formas m\u00e1s precarias. Voy a maquillar mis ojeras de cansancio matinal y a dibujar en mi rostro un lienzo nuevo. Voy a coger [&hellip;]<\/p>\n","protected":false},"author":1,"featured_media":0,"parent":0,"menu_order":0,"comment_status":"closed","ping_status":"closed","template":"","meta":{"_acf_changed":false,"footnotes":""},"class_list":["post-98","page","type-page","status-publish","hentry"],"acf":[],"yoast_head":"<!-- This site is optimized with the Yoast SEO Premium plugin v24.7 (Yoast SEO v27.5) - https:\/\/yoast.com\/product\/yoast-seo-premium-wordpress\/ -->\n<title>Poes\u00eda - Ainara Garc\u00eda Rey<\/title>\n<meta name=\"description\" content=\"Poes\u00eda del libro EL AMOR Y SUS APLICACIONES de Ainara Harc\u00eda Rey. La autora nos da una muestra tras publicar un libro de poes\u00eda con la Editorial Poes\u00eda eres t\u00fa.\" \/>\n<meta name=\"robots\" content=\"index, follow, max-snippet:-1, max-image-preview:large, max-video-preview:-1\" \/>\n<link rel=\"canonical\" href=\"https:\/\/nuestrosescritores.com\/ainaragarciarey\/poesia\/\" \/>\n<meta property=\"og:locale\" content=\"es_ES\" \/>\n<meta property=\"og:type\" content=\"article\" \/>\n<meta property=\"og:title\" content=\"Poes\u00eda\" \/>\n<meta property=\"og:description\" content=\"Poes\u00eda del libro EL AMOR Y SUS APLICACIONES de Ainara Harc\u00eda Rey. La autora nos da una muestra tras publicar un libro de poes\u00eda con la Editorial Poes\u00eda eres t\u00fa.\" \/>\n<meta property=\"og:url\" content=\"https:\/\/nuestrosescritores.com\/ainaragarciarey\/poesia\/\" \/>\n<meta property=\"og:site_name\" content=\"Ainara Garc\u00eda Rey\" \/>\n<meta property=\"article:modified_time\" content=\"2021-01-11T10:21:04+00:00\" \/>\n<meta name=\"twitter:card\" content=\"summary_large_image\" \/>\n<meta name=\"twitter:label1\" content=\"Tiempo de lectura\" \/>\n\t<meta name=\"twitter:data1\" content=\"4 minutos\" \/>\n<script type=\"application\/ld+json\" class=\"yoast-schema-graph\">{\"@context\":\"https:\\\/\\\/schema.org\",\"@graph\":[{\"@type\":\"WebPage\",\"@id\":\"https:\\\/\\\/nuestrosescritores.com\\\/ainaragarciarey\\\/poesia\\\/\",\"url\":\"https:\\\/\\\/nuestrosescritores.com\\\/ainaragarciarey\\\/poesia\\\/\",\"name\":\"Poes\u00eda - Ainara Garc\u00eda Rey\",\"isPartOf\":{\"@id\":\"https:\\\/\\\/nuestrosescritores.com\\\/ainaragarciarey\\\/#website\"},\"datePublished\":\"2021-01-03T18:57:08+00:00\",\"dateModified\":\"2021-01-11T10:21:04+00:00\",\"description\":\"Poes\u00eda del libro EL AMOR Y SUS APLICACIONES de Ainara Harc\u00eda Rey. La autora nos da una muestra tras publicar un libro de poes\u00eda con la Editorial Poes\u00eda eres t\u00fa.\",\"breadcrumb\":{\"@id\":\"https:\\\/\\\/nuestrosescritores.com\\\/ainaragarciarey\\\/poesia\\\/#breadcrumb\"},\"inLanguage\":\"es\",\"potentialAction\":[{\"@type\":\"ReadAction\",\"target\":[\"https:\\\/\\\/nuestrosescritores.com\\\/ainaragarciarey\\\/poesia\\\/\"]}]},{\"@type\":\"BreadcrumbList\",\"@id\":\"https:\\\/\\\/nuestrosescritores.com\\\/ainaragarciarey\\\/poesia\\\/#breadcrumb\",\"itemListElement\":[{\"@type\":\"ListItem\",\"position\":1,\"name\":\"Portada\",\"item\":\"https:\\\/\\\/nuestrosescritores.com\\\/ainaragarciarey\\\/\"},{\"@type\":\"ListItem\",\"position\":2,\"name\":\"Poes\u00eda\"}]},{\"@type\":\"WebSite\",\"@id\":\"https:\\\/\\\/nuestrosescritores.com\\\/ainaragarciarey\\\/#website\",\"url\":\"https:\\\/\\\/nuestrosescritores.com\\\/ainaragarciarey\\\/\",\"name\":\"Nuestros escritores\",\"description\":\"Escritora\",\"potentialAction\":[{\"@type\":\"SearchAction\",\"target\":{\"@type\":\"EntryPoint\",\"urlTemplate\":\"https:\\\/\\\/nuestrosescritores.com\\\/ainaragarciarey\\\/?s={search_term_string}\"},\"query-input\":{\"@type\":\"PropertyValueSpecification\",\"valueRequired\":true,\"valueName\":\"search_term_string\"}}],\"inLanguage\":\"es\"}]}<\/script>\n<!-- \/ Yoast SEO Premium plugin. -->","yoast_head_json":{"title":"Poes\u00eda - Ainara Garc\u00eda Rey","description":"Poes\u00eda del libro EL AMOR Y SUS APLICACIONES de Ainara Harc\u00eda Rey. La autora nos da una muestra tras publicar un libro de poes\u00eda con la Editorial Poes\u00eda eres t\u00fa.","robots":{"index":"index","follow":"follow","max-snippet":"max-snippet:-1","max-image-preview":"max-image-preview:large","max-video-preview":"max-video-preview:-1"},"canonical":"https:\/\/nuestrosescritores.com\/ainaragarciarey\/poesia\/","og_locale":"es_ES","og_type":"article","og_title":"Poes\u00eda","og_description":"Poes\u00eda del libro EL AMOR Y SUS APLICACIONES de Ainara Harc\u00eda Rey. La autora nos da una muestra tras publicar un libro de poes\u00eda con la Editorial Poes\u00eda eres t\u00fa.","og_url":"https:\/\/nuestrosescritores.com\/ainaragarciarey\/poesia\/","og_site_name":"Ainara Garc\u00eda Rey","article_modified_time":"2021-01-11T10:21:04+00:00","twitter_card":"summary_large_image","twitter_misc":{"Tiempo de lectura":"4 minutos"},"schema":{"@context":"https:\/\/schema.org","@graph":[{"@type":"WebPage","@id":"https:\/\/nuestrosescritores.com\/ainaragarciarey\/poesia\/","url":"https:\/\/nuestrosescritores.com\/ainaragarciarey\/poesia\/","name":"Poes\u00eda - Ainara Garc\u00eda Rey","isPartOf":{"@id":"https:\/\/nuestrosescritores.com\/ainaragarciarey\/#website"},"datePublished":"2021-01-03T18:57:08+00:00","dateModified":"2021-01-11T10:21:04+00:00","description":"Poes\u00eda del libro EL AMOR Y SUS APLICACIONES de Ainara Harc\u00eda Rey. La autora nos da una muestra tras publicar un libro de poes\u00eda con la Editorial Poes\u00eda eres t\u00fa.","breadcrumb":{"@id":"https:\/\/nuestrosescritores.com\/ainaragarciarey\/poesia\/#breadcrumb"},"inLanguage":"es","potentialAction":[{"@type":"ReadAction","target":["https:\/\/nuestrosescritores.com\/ainaragarciarey\/poesia\/"]}]},{"@type":"BreadcrumbList","@id":"https:\/\/nuestrosescritores.com\/ainaragarciarey\/poesia\/#breadcrumb","itemListElement":[{"@type":"ListItem","position":1,"name":"Portada","item":"https:\/\/nuestrosescritores.com\/ainaragarciarey\/"},{"@type":"ListItem","position":2,"name":"Poes\u00eda"}]},{"@type":"WebSite","@id":"https:\/\/nuestrosescritores.com\/ainaragarciarey\/#website","url":"https:\/\/nuestrosescritores.com\/ainaragarciarey\/","name":"Nuestros escritores","description":"Escritora","potentialAction":[{"@type":"SearchAction","target":{"@type":"EntryPoint","urlTemplate":"https:\/\/nuestrosescritores.com\/ainaragarciarey\/?s={search_term_string}"},"query-input":{"@type":"PropertyValueSpecification","valueRequired":true,"valueName":"search_term_string"}}],"inLanguage":"es"}]}},"_links":{"self":[{"href":"https:\/\/nuestrosescritores.com\/ainaragarciarey\/wp-json\/wp\/v2\/pages\/98","targetHints":{"allow":["GET"]}}],"collection":[{"href":"https:\/\/nuestrosescritores.com\/ainaragarciarey\/wp-json\/wp\/v2\/pages"}],"about":[{"href":"https:\/\/nuestrosescritores.com\/ainaragarciarey\/wp-json\/wp\/v2\/types\/page"}],"author":[{"embeddable":true,"href":"https:\/\/nuestrosescritores.com\/ainaragarciarey\/wp-json\/wp\/v2\/users\/1"}],"replies":[{"embeddable":true,"href":"https:\/\/nuestrosescritores.com\/ainaragarciarey\/wp-json\/wp\/v2\/comments?post=98"}],"version-history":[{"count":0,"href":"https:\/\/nuestrosescritores.com\/ainaragarciarey\/wp-json\/wp\/v2\/pages\/98\/revisions"}],"wp:attachment":[{"href":"https:\/\/nuestrosescritores.com\/ainaragarciarey\/wp-json\/wp\/v2\/media?parent=98"}],"curies":[{"name":"wp","href":"https:\/\/api.w.org\/{rel}","templated":true}]}}