{"id":116,"date":"2023-04-16T09:03:14","date_gmt":"2023-04-16T09:03:14","guid":{"rendered":"https:\/\/nuestrosescritores.com\/adrianlargomonteagudo\/?page_id=116"},"modified":"2023-04-16T09:05:28","modified_gmt":"2023-04-16T09:05:28","slug":"poesia","status":"publish","type":"page","link":"https:\/\/nuestrosescritores.com\/adrianlargomonteagudo\/poesia\/","title":{"rendered":"POES\u00cdA"},"content":{"rendered":"<div class=\"wpb-content-wrapper\">[vc_row full_width=&#8221;stretch_row_content_no_spaces&#8221;][vc_column extend=&#8221;false&#8221;]<div class='gambit_parallax_row' data-bg-align='' data-direction='fixed' data-opacity='100' data-velocity='-0.3' data-mobile-enabled='' data-bg-height='1200' data-bg-width='960' data-bg-image='https:\/\/nuestrosescritores.com\/adrianlargomonteagudo\/wp-content\/uploads\/sites\/146\/2023\/04\/losa128njg8.jpg' data-bg-repeat='false' data-id='' style='display: none'><\/div><div class=\"gambit_fullheight_row\" data-content-location=\"center\" style=\"display: none\"><\/div>[\/vc_column][\/vc_row][vc_row][vc_column extend=&#8221;false&#8221;][vc_column_text]\n<h1><a name=\"_Toc129103858\"><\/a><strong>CINTA 1. CARA A<\/strong><\/h1>\n<p>&nbsp;<\/p>\n<p>A la luz de la luna pensativa,<\/p>\n<p>iba pensando qu\u00e9 habr\u00e1 sido de ella,<\/p>\n<p>hace mucho que no la veo<\/p>\n<p>brillando en el cielo como una estrella.<\/p>\n<p>&nbsp;<\/p>\n<p>Y qu\u00e9 habr\u00e1 sido de \u00e9l,<\/p>\n<p>ese gordo y barbudo rufi\u00e1n,<\/p>\n<p>el que huye del ser gal\u00e1n,<\/p>\n<p>al cual deseo un futuro fatal.<\/p>\n<p>&nbsp;<\/p>\n<p>No poco tiempo me reconcomi\u00f3<\/p>\n<p>la duda que ten\u00eda el destino para los dos,<\/p>\n<p>tal vez pecaste y te trajeron carb\u00f3n,<\/p>\n<p>tal vez fui bueno y me trajeron a vos.<\/p>\n<p>&nbsp;<\/p>\n<p>Pagar\u00e1n justos por pecadores siempre,<\/p>\n<p>pag\u00f3 ella por culpa de ese lastre,<\/p>\n<p>o quiz\u00e1 por culpa de su padre,<\/p>\n<p>quien la oblig\u00f3 a casarse.<\/p>\n<p>&nbsp;<\/p>\n<p>\u201cEl m\u00e1s rico del pueblo\u201d,<\/p>\n<p>\u201cel m\u00e1s rico del condado\u201d,<\/p>\n<p>sin embargo, qui\u00e9n es m\u00e1s rico aqu\u00ed,<\/p>\n<p>quien tiene amor o quien es amado.<\/p>\n<p>&nbsp;<\/p>\n<p>Raz\u00f3n he de darle<\/p>\n<p>ya que de lujos se han lustrado,<\/p>\n<p>ya que a\u00fan no tengo amor,<\/p>\n<p>ya que a\u00fan no soy amado.<\/p>\n<p>&nbsp;<\/p>\n<p>&nbsp;<\/p>\n<p>Pues eso cambiar\u00eda pronto,<\/p>\n<p>cuando ella me encontrara,<\/p>\n<p>cuando a hablarla me atreviera,<\/p>\n<p>porque nunca me atrev\u00ed.<\/p>\n<p>&nbsp;<\/p>\n<p>Pero eso cambiar\u00eda pronto,<\/p>\n<p>cuando a la luz del alba,<\/p>\n<p>cuando este poema le diera,<\/p>\n<p>porque nunca se lo di.<\/p>\n<p>&nbsp;<\/p>\n<p>El vestido blanco ahora se oscurece,<\/p>\n<p>el rojo del zapato se apaga,<\/p>\n<p>una se\u00f1ora triste en un lujo,<\/p>\n<p>un se\u00f1or que la felicidad paga.<\/p>\n<p>&nbsp;<\/p>\n<p>Cuando el lobo derrumbe la tercera casa<\/p>\n<p>o la manzana sea mortal,<\/p>\n<p>la historia de amor que tienen ellos<\/p>\n<p>solo en ese entonces funcionar\u00e1.<\/p>\n<p>&nbsp;<\/p>\n<p>Mientras tanto llega un carruaje,<\/p>\n<p>desde la casa de verano vino,<\/p>\n<p>vine con entre los brazos un vino,<\/p>\n<p>vino que termin\u00e9 por beber.<\/p>\n<p>&nbsp;<\/p>\n<p>Sali\u00f3 un tonel con patas<\/p>\n<p>con una hermosa doncella,<\/p>\n<p>ella estaba enferma,<\/p>\n<p>y as\u00ed comenc\u00e9 a saber.<\/p>\n<p>&nbsp;<\/p>\n<p>\u00c9l la quer\u00eda de verdad,<\/p>\n<p>la cuidaba cuanto \u00e9l pod\u00eda,<\/p>\n<p>pero a la vez que la quer\u00eda,<\/p>\n<p>ella aprendi\u00f3 a no querer.<\/p>\n<p>Pues \u00e9l es borde y desgraciado,<\/p>\n<p>sin gracia ninguna,<\/p>\n<p>con pico de mala madera,<\/p>\n<p>con miedo a perder.<\/p>\n<p>&nbsp;<\/p>\n<p>Y el miedo a perder,<\/p>\n<p>qui\u00e9n es el rey sin su dama,<\/p>\n<p>qui\u00e9n es la dama sin su rey,<\/p>\n<p>el juego del ajedrez.<\/p>\n<p>&nbsp;<\/p>\n<p>Y como en el tablero,<\/p>\n<p>caben de dos colores dos reyes,<\/p>\n<p>mas solo cabe un ganador,<\/p>\n<p>si no quebrantas las leyes.<\/p>\n<p>&nbsp;<\/p>\n<p>\u00bfDe qu\u00e9 estar\u00eda enferma?<\/p>\n<p>Tal vez sea envenenada,<\/p>\n<p>tal vez sea un resfriado,<\/p>\n<p>tal vez sea mal de amores.<\/p>\n<p>&nbsp;<\/p>\n<p>Fui r\u00e1pido al palacio suyo,<\/p>\n<p>preguntando por la princesa,<\/p>\n<p>en la torre se encontraba presa,<\/p>\n<p>como pez de un pescador.<\/p>\n<p>&nbsp;<\/p>\n<p>Mirando mis zapatos marrones,<\/p>\n<p>pisando suelo blanco,<\/p>\n<p>volviendo a mi gris hogar con razones,<\/p>\n<p>para no volver a ver un color.<\/p>\n<p>&nbsp;<\/p>\n<p>Para no volver a tener una idea,<\/p>\n<p>para no volver a escribir al amor,<\/p>\n<p>para no volver a vivir una vida,<\/p>\n<p>para no volver a o\u00edr un ruise\u00f1or.<\/p>\n<p>\u201cSe\u00f1or, perd\u00f3neme usted,<\/p>\n<p>tiene alg\u00fan dinero que darme,<\/p>\n<p>no tengo padre, no tengo madre,<\/p>\n<p>no se escribir, no se leer\u201d.<\/p>\n<p>&nbsp;<\/p>\n<p>Una muchacha pareciendo tuerta,<\/p>\n<p>de nueve o diez se calza,<\/p>\n<p>con parche negro, pirata,<\/p>\n<p>como una fiera mansa.<\/p>\n<p>&nbsp;<\/p>\n<p>\u201cNo tengo yo dinero que darle,<\/p>\n<p>no tengo yo compa\u00f1ero que me acompa\u00f1e,<\/p>\n<p>no tengo yo a qui\u00e9n cuidar y amarle,<\/p>\n<p>\u00bfquiere ser usted mi amiga o ayudante?\u201d<\/p>\n<p>&nbsp;<\/p>\n<p>Afirmo con la cabeza,<\/p>\n<p>me quit\u00f3 la soledad,<\/p>\n<p>venga ella a mi casa,<\/p>\n<p>ll\u00e9neme esta de paz.<\/p>\n<p>&nbsp;<\/p>\n<p>No supe yo anterior,<\/p>\n<p>c\u00f3mo se sent\u00eda el m\u00edo ser,<\/p>\n<p>quien soy nunca existi\u00f3,<\/p>\n<p>sentimiento de ninguna vida tener.<\/p>\n<p>&nbsp;<\/p>\n<p>\u201cNo soy como t\u00fa crees,<\/p>\n<p>no debo llevar esta cosa\u201d,<\/p>\n<p>se quit\u00f3 el parche negro<\/p>\n<p>y prescindi\u00f3 de su gorro rosa.<\/p>\n<p>&nbsp;<\/p>\n<p>Dos joyas ten\u00eda,<\/p>\n<p>dos chocolates entre pesta\u00f1as,<\/p>\n<p>uno con moho en una parte,<\/p>\n<p>no se ha de descartar que sea esmeralda.<\/p>\n<p>Seg\u00fan lleg\u00f3 a mi morada<\/p>\n<p>se puso morada de pan,<\/p>\n<p>seg\u00fan yo, estaba hambrienta,<\/p>\n<p>y hambrienta de felicidad.<\/p>\n<p>&nbsp;<\/p>\n<p>Dormilona, feliz y t\u00edmida un d\u00eda,<\/p>\n<p>al otro muda, gru\u00f1ona y sabia,<\/p>\n<p>de vez en cuando mocosa,<\/p>\n<p>\u00bfqu\u00e9 enanito ser\u00eda?<\/p>\n<p>&nbsp;<\/p>\n<p>&nbsp;<\/p>\n<p>Y en un de repente,<\/p>\n<p>all\u00ed me encontr\u00e9 yo,<\/p>\n<p>con ganas de amar y sin amor,<\/p>\n<p>con una hija que no es m\u00eda.<\/p>\n<p>&nbsp;<\/p>\n<span class='bctt-click-to-tweet'><span class='bctt-ctt-text'><a href='https:\/\/x.com\/intent\/tweet?url=https%3A%2F%2Fnuestrosescritores.com%2Fadrianlargomonteagudo%2Fpoesia%2F&#038;text=CINTA%201.%20CARA%20A%20del%20libro%20UNA%20CANCI%C3%93N%20de%20ADRI%C3%81N%20LARGO%20MONTEAGUDO&#038;via=poesiaerestu&#038;related=poesiaerestu' target='_blank'rel=\"noopener noreferrer\">CINTA 1. CARA A del libro UNA CANCI\u00d3N de ADRI\u00c1N LARGO MONTEAGUDO <\/a><\/span><a href='https:\/\/x.com\/intent\/tweet?url=https%3A%2F%2Fnuestrosescritores.com%2Fadrianlargomonteagudo%2Fpoesia%2F&#038;text=CINTA%201.%20CARA%20A%20del%20libro%20UNA%20CANCI%C3%93N%20de%20ADRI%C3%81N%20LARGO%20MONTEAGUDO&#038;via=poesiaerestu&#038;related=poesiaerestu' target='_blank' class='bctt-ctt-btn'rel=\"noopener noreferrer\">Compartir en X<\/a><\/span>\n<p>&nbsp;<\/p>\n<p>&nbsp;[\/vc_column_text][\/vc_column][\/vc_row][vc_row][vc_column extend=&#8221;false&#8221;]<div class='gambit_parallax_row' data-bg-align='' data-direction='fixed' data-opacity='100' data-velocity='-0.3' data-mobile-enabled='' data-bg-height='1280' data-bg-width='853' data-bg-image='https:\/\/nuestrosescritores.com\/adrianlargomonteagudo\/wp-content\/uploads\/sites\/146\/2023\/04\/7915031.jpg' data-bg-repeat='false' data-id='' style='display: none'><\/div><div class=\"gambit_fullheight_row\" data-content-location=\"center\" style=\"display: none\"><\/div>[\/vc_column][\/vc_row][vc_row][vc_column extend=&#8221;false&#8221;][vc_column_text]\n<h1><a name=\"_Toc50565520\"><\/a><\/h1>\n<h1><a name=\"_Toc129103865\"><\/a><strong>CINTA 4. CARA B<\/strong><\/h1>\n<p>&nbsp;<\/p>\n<p>El arruinado<\/p>\n<p>busc\u00f3 la ruina<\/p>\n<p>a la joven<\/p>\n<p>que promet\u00eda.<\/p>\n<p>&nbsp;<\/p>\n<p>En todo lo que hac\u00eda<\/p>\n<p>ella era buena,<\/p>\n<p>pues de ella se enamoraban,<\/p>\n<p>una pena.<\/p>\n<p>&nbsp;<\/p>\n<p>Por fuera parec\u00eda cuidada<\/p>\n<p>al pueblo la ense\u00f1aba tranquila,<\/p>\n<p>mas tuvo que tomarse una tila<\/p>\n<p>para pretender parecer amada.<\/p>\n<p>&nbsp;<\/p>\n<p>El lobo con piel de cordero,<\/p>\n<p>cero grados hac\u00eda entonces,<\/p>\n<p>la supuesta reina de nieve<\/p>\n<p>era prisionera del hielo.<\/p>\n<p>&nbsp;<\/p>\n<p>Fr\u00edo que el lobo soplaba,<\/p>\n<p>sin derribar la casa de palacio,<\/p>\n<p>sab\u00eda que le pertenecer\u00eda<\/p>\n<p>en un futuro lejano.<\/p>\n<p>&nbsp;<\/p>\n<p>Lleg\u00f3 de nuevo con heridas,<\/p>\n<p>curase yo, sanadas,<\/p>\n<p>hadas de las mentiras<\/p>\n<p>de las que no puedes sacar nada.<\/p>\n<p>&nbsp;<\/p>\n<p>&nbsp;<\/p>\n<p>Era una velada<\/p>\n<p>de luna llena<\/p>\n<p>redonda,<\/p>\n<p>brillante como una estrella.<\/p>\n<p>&nbsp;<\/p>\n<p>Comenz\u00f3 a tocar la ni\u00f1a,<\/p>\n<p>comenz\u00f3 a sonar canci\u00f3n,<\/p>\n<p>canci\u00f3n que tristeza interpretaba<\/p>\n<p>en la cara de mi bello amor.<\/p>\n<p>&nbsp;<\/p>\n<p>Sonrisas necesitaba,<\/p>\n<p>pasarlo bien no, mejor,<\/p>\n<p>pues hace tiempo no lo hac\u00eda<\/p>\n<p>pues eso yo supon\u00eda.<\/p>\n<p>&nbsp;<\/p>\n<p>Mov\u00ed un pie, dos,<\/p>\n<p>mov\u00ed un brazo, dos,<\/p>\n<p>disfrut\u00e9 un segundo, dos,<\/p>\n<p>solo a una invit\u00e9 a bailar.<\/p>\n<p>&nbsp;<\/p>\n<p>Bailamos al comp\u00e1s de la noche,<\/p>\n<p>nuestros cuerpos fundidos en un abrazo,<\/p>\n<p>nuestras sonrisas en el aire<\/p>\n<p>y nuestros corazones latiendo al un\u00edsono.<\/p>\n<p>&nbsp;<\/p>\n<p>Las luces c\u00e1lidas de la vela<\/p>\n<p>y el canto de los grillos<\/p>\n<p>nos pierden en esta escena.<\/p>\n<p>&nbsp;<\/p>\n<p>T\u00fa cerca, junto a m\u00ed,<\/p>\n<p>tus manos entrelazadas con las m\u00edas<\/p>\n<p>mi amor, el amor de tu vida<\/p>\n<p>y yo aqu\u00ed, la vida del tuyo.<\/p>\n<p>&nbsp;<\/p>\n<p>Se hizo tarde,<\/p>\n<p>ya no pod\u00eda volver,<\/p>\n<p>no permitiera yo<\/p>\n<p>que el lobo la volviese a morder.<\/p>\n<p>&nbsp;<\/p>\n<p>La ofrec\u00ed mi cama,<\/p>\n<p>yo a la de la ni\u00f1a ir\u00eda,<\/p>\n<p>pero esta ni\u00f1a otros planes ten\u00eda.<\/p>\n<p>&nbsp;<\/p>\n<p>\u201cQu\u00e9dese conmigo\u201d,<\/p>\n<p>insisti\u00f3 ella en un momento,<\/p>\n<p>\u201cduerma en mi habitaci\u00f3n,<\/p>\n<p>all\u00ed no sopla viento\u201d.<\/p>\n<p>&nbsp;<\/p>\n<p>Accedi\u00f3 a ello,<\/p>\n<p>yo contento aun solo en mi rinc\u00f3n,<\/p>\n<p>un rinc\u00f3n sin fr\u00edo y caluroso,<\/p>\n<p>un rinc\u00f3n como soy yo.<\/p>\n<p>&nbsp;<\/p>\n<p>Amanec\u00ed temprano<\/p>\n<p>y el desayuno pens\u00e9 hacer,<\/p>\n<p>hacer hice uno,<\/p>\n<p>digno de palacete.<\/p>\n<p>&nbsp;<\/p>\n<p>Para compartir entre tres,<\/p>\n<p>para que se levanten dos,<\/p>\n<p>para que la haga uno.<\/p>\n<p>&nbsp;<\/p>\n<p>Se fue preocupada,<\/p>\n<p>por la ira ir\u00e1 a su hogar,<\/p>\n<p>a Thor y su martillo<\/p>\n<p>ella no pod\u00eda parar.<\/p>\n<p>&nbsp;<\/p>\n<p>&nbsp;<\/p>\n<p>&nbsp;<\/p>\n<p>&nbsp;<\/p>\n<span class='bctt-click-to-tweet'><span class='bctt-ctt-text'><a href='https:\/\/x.com\/intent\/tweet?url=https%3A%2F%2Fnuestrosescritores.com%2Fadrianlargomonteagudo%2Fpoesia%2F&#038;text=CINTA%204.%20CARA%20B%20del%20libro%20UNA%20CANCI%C3%93N%20de%20ADRI%C3%81N%20LARGO%20MONTEAGUDO&#038;via=poesiaerestu&#038;related=poesiaerestu' target='_blank'rel=\"noopener noreferrer\">CINTA 4. CARA B del libro UNA CANCI\u00d3N de ADRI\u00c1N LARGO MONTEAGUDO <\/a><\/span><a href='https:\/\/x.com\/intent\/tweet?url=https%3A%2F%2Fnuestrosescritores.com%2Fadrianlargomonteagudo%2Fpoesia%2F&#038;text=CINTA%204.%20CARA%20B%20del%20libro%20UNA%20CANCI%C3%93N%20de%20ADRI%C3%81N%20LARGO%20MONTEAGUDO&#038;via=poesiaerestu&#038;related=poesiaerestu' target='_blank' class='bctt-ctt-btn'rel=\"noopener noreferrer\">Compartir en X<\/a><\/span>[\/vc_column_text][\/vc_column][\/vc_row][vc_row][vc_column extend=&#8221;false&#8221;]<div class='gambit_parallax_row' data-bg-align='' data-direction='fixed' data-opacity='100' data-velocity='-0.3' data-mobile-enabled='' data-bg-height='0' data-bg-width='0' data-bg-image='https:\/\/nuestrosescritores.com\/adrianlargomonteagudo\/wp-content\/uploads\/sites\/146\/2023\/04\/AdianLargoMonteagudo_SSquareAlaragado.jpg' data-bg-repeat='false' data-id='' style='display: none'><\/div><div class=\"gambit_fullheight_row\" data-content-location=\"center\" style=\"display: none\"><\/div>[vc_column_text]\n<p style=\"text-align: center;\"><a class=\"fasc-button fasc-size-xlarge fasc-type-glossy fasc-rounded-medium\" style=\"background-color: #33809e; color: #ffffff;\" href=\"https:\/\/librodepoesia.com\/libro\/una-cancion-largo-monteagudo\/\">Comprar el libro<\/a><\/p>\n[\/vc_column_text][\/vc_column][\/vc_row]\n<\/div>","protected":false},"excerpt":{"rendered":"<p>[vc_row full_width=&#8221;stretch_row_content_no_spaces&#8221;][vc_column extend=&#8221;false&#8221;][\/vc_column][\/vc_row][vc_row][vc_column extend=&#8221;false&#8221;][vc_column_text] CINTA 1. CARA A &nbsp; A la luz de la luna pensativa, iba pensando qu\u00e9 habr\u00e1 sido de ella, hace mucho que no la veo brillando en el cielo como una estrella. &nbsp; Y qu\u00e9 habr\u00e1 sido de \u00e9l, ese gordo y barbudo rufi\u00e1n, el que huye del ser gal\u00e1n, al [&hellip;]<\/p>\n","protected":false},"author":1,"featured_media":0,"parent":0,"menu_order":0,"comment_status":"closed","ping_status":"closed","template":"","meta":{"_acf_changed":false,"footnotes":""},"class_list":["post-116","page","type-page","status-publish","hentry"],"acf":[],"yoast_head":"<!-- This site is optimized with the Yoast SEO Premium plugin v24.7 (Yoast SEO v27.5) - https:\/\/yoast.com\/product\/yoast-seo-premium-wordpress\/ -->\n<title>POES\u00cdA - Adri\u00e1n Largo Monteagudo<\/title>\n<meta name=\"description\" content=\"Poes\u00eda del libro UNA CANCI\u00d3N de Adri\u00e1n LARGO MONTEAGUDO, el escritor nos da una muestra tras publicar un libro de poes\u00eda.\" \/>\n<meta name=\"robots\" content=\"index, follow, max-snippet:-1, max-image-preview:large, max-video-preview:-1\" \/>\n<link rel=\"canonical\" href=\"https:\/\/nuestrosescritores.com\/adrianlargomonteagudo\/poesia\/\" \/>\n<meta property=\"og:locale\" content=\"es_ES\" \/>\n<meta property=\"og:type\" content=\"article\" \/>\n<meta property=\"og:title\" content=\"POES\u00cdA\" \/>\n<meta property=\"og:description\" content=\"Poes\u00eda del libro UNA CANCI\u00d3N de Adri\u00e1n LARGO MONTEAGUDO, el escritor nos da una muestra tras publicar un libro de poes\u00eda.\" \/>\n<meta property=\"og:url\" content=\"https:\/\/nuestrosescritores.com\/adrianlargomonteagudo\/poesia\/\" \/>\n<meta property=\"og:site_name\" content=\"Adri\u00e1n Largo Monteagudo\" \/>\n<meta property=\"article:modified_time\" content=\"2023-04-16T09:05:28+00:00\" \/>\n<meta name=\"twitter:card\" content=\"summary_large_image\" \/>\n<meta name=\"twitter:label1\" content=\"Tiempo de lectura\" \/>\n\t<meta name=\"twitter:data1\" content=\"5 minutos\" \/>\n<script type=\"application\/ld+json\" class=\"yoast-schema-graph\">{\"@context\":\"https:\\\/\\\/schema.org\",\"@graph\":[{\"@type\":\"WebPage\",\"@id\":\"https:\\\/\\\/nuestrosescritores.com\\\/adrianlargomonteagudo\\\/poesia\\\/\",\"url\":\"https:\\\/\\\/nuestrosescritores.com\\\/adrianlargomonteagudo\\\/poesia\\\/\",\"name\":\"POES\u00cdA - Adri\u00e1n Largo Monteagudo\",\"isPartOf\":{\"@id\":\"https:\\\/\\\/nuestrosescritores.com\\\/adrianlargomonteagudo\\\/#website\"},\"datePublished\":\"2023-04-16T09:03:14+00:00\",\"dateModified\":\"2023-04-16T09:05:28+00:00\",\"description\":\"Poes\u00eda del libro UNA CANCI\u00d3N de Adri\u00e1n LARGO MONTEAGUDO, el escritor nos da una muestra tras publicar un libro de poes\u00eda.\",\"breadcrumb\":{\"@id\":\"https:\\\/\\\/nuestrosescritores.com\\\/adrianlargomonteagudo\\\/poesia\\\/#breadcrumb\"},\"inLanguage\":\"es\",\"potentialAction\":[{\"@type\":\"ReadAction\",\"target\":[\"https:\\\/\\\/nuestrosescritores.com\\\/adrianlargomonteagudo\\\/poesia\\\/\"]}]},{\"@type\":\"BreadcrumbList\",\"@id\":\"https:\\\/\\\/nuestrosescritores.com\\\/adrianlargomonteagudo\\\/poesia\\\/#breadcrumb\",\"itemListElement\":[{\"@type\":\"ListItem\",\"position\":1,\"name\":\"Portada\",\"item\":\"https:\\\/\\\/nuestrosescritores.com\\\/adrianlargomonteagudo\\\/\"},{\"@type\":\"ListItem\",\"position\":2,\"name\":\"POES\u00cdA\"}]},{\"@type\":\"WebSite\",\"@id\":\"https:\\\/\\\/nuestrosescritores.com\\\/adrianlargomonteagudo\\\/#website\",\"url\":\"https:\\\/\\\/nuestrosescritores.com\\\/adrianlargomonteagudo\\\/\",\"name\":\"Nuestros escritores\",\"description\":\"\",\"potentialAction\":[{\"@type\":\"SearchAction\",\"target\":{\"@type\":\"EntryPoint\",\"urlTemplate\":\"https:\\\/\\\/nuestrosescritores.com\\\/adrianlargomonteagudo\\\/?s={search_term_string}\"},\"query-input\":{\"@type\":\"PropertyValueSpecification\",\"valueRequired\":true,\"valueName\":\"search_term_string\"}}],\"inLanguage\":\"es\"}]}<\/script>\n<!-- \/ Yoast SEO Premium plugin. -->","yoast_head_json":{"title":"POES\u00cdA - Adri\u00e1n Largo Monteagudo","description":"Poes\u00eda del libro UNA CANCI\u00d3N de Adri\u00e1n LARGO MONTEAGUDO, el escritor nos da una muestra tras publicar un libro de poes\u00eda.","robots":{"index":"index","follow":"follow","max-snippet":"max-snippet:-1","max-image-preview":"max-image-preview:large","max-video-preview":"max-video-preview:-1"},"canonical":"https:\/\/nuestrosescritores.com\/adrianlargomonteagudo\/poesia\/","og_locale":"es_ES","og_type":"article","og_title":"POES\u00cdA","og_description":"Poes\u00eda del libro UNA CANCI\u00d3N de Adri\u00e1n LARGO MONTEAGUDO, el escritor nos da una muestra tras publicar un libro de poes\u00eda.","og_url":"https:\/\/nuestrosescritores.com\/adrianlargomonteagudo\/poesia\/","og_site_name":"Adri\u00e1n Largo Monteagudo","article_modified_time":"2023-04-16T09:05:28+00:00","twitter_card":"summary_large_image","twitter_misc":{"Tiempo de lectura":"5 minutos"},"schema":{"@context":"https:\/\/schema.org","@graph":[{"@type":"WebPage","@id":"https:\/\/nuestrosescritores.com\/adrianlargomonteagudo\/poesia\/","url":"https:\/\/nuestrosescritores.com\/adrianlargomonteagudo\/poesia\/","name":"POES\u00cdA - Adri\u00e1n Largo Monteagudo","isPartOf":{"@id":"https:\/\/nuestrosescritores.com\/adrianlargomonteagudo\/#website"},"datePublished":"2023-04-16T09:03:14+00:00","dateModified":"2023-04-16T09:05:28+00:00","description":"Poes\u00eda del libro UNA CANCI\u00d3N de Adri\u00e1n LARGO MONTEAGUDO, el escritor nos da una muestra tras publicar un libro de poes\u00eda.","breadcrumb":{"@id":"https:\/\/nuestrosescritores.com\/adrianlargomonteagudo\/poesia\/#breadcrumb"},"inLanguage":"es","potentialAction":[{"@type":"ReadAction","target":["https:\/\/nuestrosescritores.com\/adrianlargomonteagudo\/poesia\/"]}]},{"@type":"BreadcrumbList","@id":"https:\/\/nuestrosescritores.com\/adrianlargomonteagudo\/poesia\/#breadcrumb","itemListElement":[{"@type":"ListItem","position":1,"name":"Portada","item":"https:\/\/nuestrosescritores.com\/adrianlargomonteagudo\/"},{"@type":"ListItem","position":2,"name":"POES\u00cdA"}]},{"@type":"WebSite","@id":"https:\/\/nuestrosescritores.com\/adrianlargomonteagudo\/#website","url":"https:\/\/nuestrosescritores.com\/adrianlargomonteagudo\/","name":"Nuestros escritores","description":"","potentialAction":[{"@type":"SearchAction","target":{"@type":"EntryPoint","urlTemplate":"https:\/\/nuestrosescritores.com\/adrianlargomonteagudo\/?s={search_term_string}"},"query-input":{"@type":"PropertyValueSpecification","valueRequired":true,"valueName":"search_term_string"}}],"inLanguage":"es"}]}},"_links":{"self":[{"href":"https:\/\/nuestrosescritores.com\/adrianlargomonteagudo\/wp-json\/wp\/v2\/pages\/116","targetHints":{"allow":["GET"]}}],"collection":[{"href":"https:\/\/nuestrosescritores.com\/adrianlargomonteagudo\/wp-json\/wp\/v2\/pages"}],"about":[{"href":"https:\/\/nuestrosescritores.com\/adrianlargomonteagudo\/wp-json\/wp\/v2\/types\/page"}],"author":[{"embeddable":true,"href":"https:\/\/nuestrosescritores.com\/adrianlargomonteagudo\/wp-json\/wp\/v2\/users\/1"}],"replies":[{"embeddable":true,"href":"https:\/\/nuestrosescritores.com\/adrianlargomonteagudo\/wp-json\/wp\/v2\/comments?post=116"}],"version-history":[{"count":0,"href":"https:\/\/nuestrosescritores.com\/adrianlargomonteagudo\/wp-json\/wp\/v2\/pages\/116\/revisions"}],"wp:attachment":[{"href":"https:\/\/nuestrosescritores.com\/adrianlargomonteagudo\/wp-json\/wp\/v2\/media?parent=116"}],"curies":[{"name":"wp","href":"https:\/\/api.w.org\/{rel}","templated":true}]}}